000
CDUS43 KABR 270908
CLIATY


CLIMATE REPORT
NATIONAL WEATHER SERVICE ABERDEEN SD
407 AM CDT SAT MAY 27 2017


...................................

...THE WATERTOWN SD CLIMATE SUMMARY FOR MAY 26 2017...

CLIMATE NORMAL PERIOD 1981 TO 2010
CLIMATE RECORD PERIOD 1898 TO 2017


WEATHER ITEM   OBSERVED TIME   RECORD YEAR NORMAL DEPARTURE LAST
                VALUE   (LST)  VALUE       VALUE  FROM      YEAR
                                                  NORMAL
..................................................................
TEMPERATURE (F)
 YESTERDAY
  MAXIMUM         71    335 PM  91    1911  70      1       76
  MINIMUM         47    256 AM  30    1961  48     -1       55
                                      1971
  AVERAGE         59                        59      0       66

PRECIPITATION (IN)
  YESTERDAY        0.00          0.98 1939   0.09  -0.09     0.00
  MONTH TO DATE    2.08                      2.16  -0.08     1.28
  SINCE MAR 1      4.15                      5.29  -1.14     3.80
  SINCE JAN 1      4.93                      6.37  -1.44     4.83

DEGREE DAYS
 HEATING
  YESTERDAY        6                         7     -1        0
  MONTH TO DATE  272                       265      7      209
  SINCE MAR 1   1979                      2005    -26     1560
  SINCE JUL 1   7580                      8416   -836     6879

 COOLING
  YESTERDAY        0                         1     -1        1
  MONTH TO DATE   11                        15     -4       20
  SINCE MAR 1     11                        17     -6       20
  SINCE JAN 1     11                        17     -6       20
..................................................................


WIND (MPH)
  HIGHEST WIND SPEED    22   HIGHEST WIND DIRECTION     W (270)
  HIGHEST GUST SPEED    28   HIGHEST GUST DIRECTION     W (280)
  AVERAGE WIND SPEED     9.3


SKY COVER
  POSSIBLE SUNSHINE  MM
  AVERAGE SKY COVER 0.0


WEATHER CONDITIONS
 THE FOLLOWING WEATHER WAS RECORDED YESTERDAY.
  FOG


RELATIVE HUMIDITY (PERCENT)
 HIGHEST    93          1200 AM
 LOWEST     33           500 PM
 AVERAGE    63

..........................................................


THE WATERTOWN SD CLIMATE NORMALS FOR TODAY
                         NORMAL    RECORD    YEAR
 MAXIMUM TEMPERATURE (F)   71        93      1900
 MINIMUM TEMPERATURE (F)   49        28      1928


SUNRISE AND SUNSET
MAY 27 2017...........SUNRISE   548 AM CDT   SUNSET   904 PM CDT
MAY 28 2017...........SUNRISE   548 AM CDT   SUNSET   905 PM CDT


-  INDICATES NEGATIVE NUMBERS.
R  INDICATES RECORD WAS SET OR TIED.
MM INDICATES DATA IS MISSING.
T  INDICATES TRACE AMOUNT.




$$
