000
CDUS43 KABR 061043
CLIATY


CLIMATE REPORT
NATIONAL WEATHER SERVICE ABERDEEN SD
442 AM CST FRI MAR 6 2015


...................................

...THE WATERTOWN SD CLIMATE SUMMARY FOR MARCH 5 2015...

CLIMATE NORMAL PERIOD 1981 TO 2010
CLIMATE RECORD PERIOD 1898 TO 2015


WEATHER ITEM   OBSERVED TIME   RECORD YEAR NORMAL DEPARTURE LAST
                VALUE   (LST)  VALUE       VALUE  FROM      YEAR
                                                  NORMAL
..................................................................
TEMPERATURE (F)
 YESTERDAY
  MAXIMUM         23    535 PM  71    2000  34    -11       18
  MINIMUM        -18    451 AM -21    1960  15    -33        8
  AVERAGE          3                        25    -22       13

PRECIPITATION (IN)
  YESTERDAY        0.00          0.37 1973   0.03  -0.03      T
  MONTH TO DATE    0.19                      0.14   0.05     0.19
  SINCE MAR 1      0.19                      0.14   0.05     0.19
  SINCE JAN 1      0.84                      1.22  -0.38     0.62

SNOWFALL (IN)
  YESTERDAY        0.0
  MONTH TO DATE    3.8
  SINCE OCT 1     24.7
  SINCE JUL 1     24.7
  SNOW DEPTH       5

DEGREE DAYS
 HEATING
  YESTERDAY       62                        40     22       52
  MONTH TO DATE  288                       206     82      313
  SINCE MAR 1    288                       206     82      313
  SINCE JUL 1   6680                      6617     63     7279

 COOLING
  YESTERDAY        0                         0      0        0
  MONTH TO DATE    0                         0      0        0
  SINCE MAR 1      0                         0      0        0
  SINCE JAN 1      0                         0      0        0
..................................................................


WIND (MPH)
  HIGHEST WIND SPEED    21   HIGHEST WIND DIRECTION     S (200)
  HIGHEST GUST SPEED    25   HIGHEST GUST DIRECTION    SW (210)
  AVERAGE WIND SPEED     8.8


SKY COVER
  POSSIBLE SUNSHINE  MM
  AVERAGE SKY COVER 0.0


WEATHER CONDITIONS
 THE FOLLOWING WEATHER WAS RECORDED YESTERDAY.
  NO SIGNIFICANT WEATHER WAS OBSERVED.


RELATIVE HUMIDITY (PERCENT)
 HIGHEST    81           300 AM
 LOWEST     57           400 PM
 AVERAGE    69

..........................................................


THE WATERTOWN SD CLIMATE NORMALS FOR TODAY
                         NORMAL    RECORD    YEAR
 MAXIMUM TEMPERATURE (F)   34        73      1987
 MINIMUM TEMPERATURE (F)   16       -16      1899


SUNRISE AND SUNSET
MARCH  6 2015.........SUNRISE   658 AM CST   SUNSET   623 PM CST
MARCH  7 2015.........SUNRISE   656 AM CST   SUNSET   624 PM CST


-  INDICATES NEGATIVE NUMBERS.
R  INDICATES RECORD WAS SET OR TIED.
MM INDICATES DATA IS MISSING.
T  INDICATES TRACE AMOUNT.




$$
