000
CDUS43 KABR 312228
CLIATY


CLIMATE REPORT
NATIONAL WEATHER SERVICE ABERDEEN SD
526 PM CDT WED AUG 31 2016


...................................

...THE WATERTOWN SD CLIMATE SUMMARY FOR AUGUST 31 2016...
VALID TODAY AS OF 0500 PM LOCAL TIME.

CLIMATE NORMAL PERIOD 1981 TO 2010
CLIMATE RECORD PERIOD 1898 TO 2016


WEATHER ITEM   OBSERVED TIME   RECORD YEAR NORMAL DEPARTURE LAST
                VALUE   (LST)  VALUE       VALUE  FROM      YEAR
                                                  NORMAL
..................................................................
TEMPERATURE (F)
 TODAY
  MAXIMUM         82    335 PM  94    1930  77      5       85
  MINIMUM         55    532 AM  38    1987  54      1       64
  AVERAGE         69                        65      4       75

PRECIPITATION (IN)
  TODAY            0.00          0.98 1977   0.08  -0.08     0.00
  MONTH TO DATE    6.98                      2.78   4.20     5.44
  SINCE JUN 1     10.99                      9.38   1.61    11.94
  SINCE JAN 1     16.64                     16.23   0.41    17.94

SNOWFALL (IN)
  TODAY            0.0
  MONTH TO DATE    0.0
  SINCE OCT 1     28.7
  SINCE JUL 1      0.0
  SNOW DEPTH       0

DEGREE DAYS
 HEATING
  TODAY            0                         3     -3        0
  MONTH TO DATE   14                        42    -28       49
  SINCE JUN 1     51                       135    -84       89
  SINCE JUL 1     26                        57    -31       62

 COOLING
  TODAY            4                         3      1       10
  MONTH TO DATE  217                       150     67      149
  SINCE JUN 1    661                       452    209      469
  SINCE JAN 1    685                       474    211      477
..................................................................


WIND (MPH)
  HIGHEST WIND SPEED     8   HIGHEST WIND DIRECTION     W (250)
  HIGHEST GUST SPEED    10   HIGHEST GUST DIRECTION     W (250)
  AVERAGE WIND SPEED     2.0


SKY COVER
  POSSIBLE SUNSHINE  MM
  AVERAGE SKY COVER 0.1


WEATHER CONDITIONS
 THE FOLLOWING WEATHER WAS RECORDED TODAY.
  NO SIGNIFICANT WEATHER WAS OBSERVED.


RELATIVE HUMIDITY (PERCENT)
 HIGHEST    93           600 AM
 LOWEST     36           300 PM
 AVERAGE    65

..........................................................


THE WATERTOWN SD CLIMATE NORMALS FOR TOMORROW
                         NORMAL    RECORD    YEAR
 MAXIMUM TEMPERATURE (F)   76        98      1983
                                             1913
 MINIMUM TEMPERATURE (F)   54        34      1946


SUNRISE AND SUNSET
AUGUST 31 2016........SUNRISE   650 AM CDT   SUNSET   806 PM CDT
SEPTEMBER  1 2016.....SUNRISE   651 AM CDT   SUNSET   805 PM CDT


-  INDICATES NEGATIVE NUMBERS.
R  INDICATES RECORD WAS SET OR TIED.
MM INDICATES DATA IS MISSING.
T  INDICATES TRACE AMOUNT.




$$
