000
CDUS43 KABR 041035
CLIATY


CLIMATE REPORT
NATIONAL WEATHER SERVICE ABERDEEN SD
434 AM CST SUN DEC 4 2016


...................................

...THE WATERTOWN SD CLIMATE SUMMARY FOR DECEMBER 3 2016...

CLIMATE NORMAL PERIOD 1981 TO 2010
CLIMATE RECORD PERIOD 1898 TO 2016


WEATHER ITEM   OBSERVED TIME   RECORD YEAR NORMAL DEPARTURE LAST
                VALUE   (LST)  VALUE       VALUE  FROM      YEAR
                                                  NORMAL
..................................................................
TEMPERATURE (F)
 YESTERDAY
  MAXIMUM         34    153 PM  64    1941  29      5       33
  MINIMUM         18    434 AM -16    1985  11      7        2
  AVERAGE         26                        20      6       18

PRECIPITATION (IN)
  YESTERDAY        T             1.33 1953   0.02  -0.02     0.00
  MONTH TO DATE    T                         0.06  -0.06     0.09
  SINCE DEC 1      T                         0.06  -0.06     0.09
  SINCE JAN 1     22.16                     21.61   0.55    21.19

SNOWFALL (IN)
  YESTERDAY        T
  MONTH TO DATE    T
  SINCE OCT 1      4.1
  SINCE JUL 1      4.1
  SNOW DEPTH       1

DEGREE DAYS
 HEATING
  YESTERDAY       39                        45     -6       47
  MONTH TO DATE  114                       133    -19      128
  SINCE DEC 1    114                       133    -19      128
  SINCE JUL 1   1485                      2073   -588     1487

 COOLING
  YESTERDAY        0                         0      0        0
  MONTH TO DATE    0                         0      0        0
  SINCE DEC 1      0                         0      0        0
  SINCE JAN 1    721                       515    206      588
..................................................................


WIND (MPH)
  HIGHEST WIND SPEED    24   HIGHEST WIND DIRECTION     S (170)
  HIGHEST GUST SPEED    31   HIGHEST GUST DIRECTION     S (180)
  AVERAGE WIND SPEED    12.4


SKY COVER
  POSSIBLE SUNSHINE  MM
  AVERAGE SKY COVER 0.7


WEATHER CONDITIONS
 THE FOLLOWING WEATHER WAS RECORDED YESTERDAY.
  LIGHT SNOW
  FOG


RELATIVE HUMIDITY (PERCENT)
 HIGHEST   100          1100 PM
 LOWEST     74          1200 AM
 AVERAGE    87

..........................................................


THE WATERTOWN SD CLIMATE NORMALS FOR TODAY
                         NORMAL    RECORD    YEAR
 MAXIMUM TEMPERATURE (F)   28        57      1916
 MINIMUM TEMPERATURE (F)   11       -18      1927


SUNRISE AND SUNSET
DECEMBER  4 2016......SUNRISE   750 AM CST   SUNSET   448 PM CST
DECEMBER  5 2016......SUNRISE   751 AM CST   SUNSET   448 PM CST


-  INDICATES NEGATIVE NUMBERS.
R  INDICATES RECORD WAS SET OR TIED.
MM INDICATES DATA IS MISSING.
T  INDICATES TRACE AMOUNT.




$$
