000
CDUS43 KABR 181033
CLIATY


CLIMATE REPORT
NATIONAL WEATHER SERVICE ABERDEEN SD
433 AM CST SUN FEB 18 2018


...................................

...THE WATERTOWN SD CLIMATE SUMMARY FOR FEBRUARY 17 2018...

CLIMATE NORMAL PERIOD 1981 TO 2010
CLIMATE RECORD PERIOD 1898 TO 2018


WEATHER ITEM   OBSERVED TIME   RECORD YEAR NORMAL DEPARTURE LAST
                VALUE   (LST)  VALUE       VALUE  FROM      YEAR
                                                  NORMAL
..................................................................
TEMPERATURE (F)
 YESTERDAY
  MAXIMUM         33    251 PM  55    1981  28      5       53
  MINIMUM         14    905 PM -27    1936   8      6       33
  AVERAGE         24                        18      6       43

PRECIPITATION (IN)
  YESTERDAY        0.00          0.25 1962   0.02  -0.02     0.00
  MONTH TO DATE    0.11                      0.29  -0.18     0.08
  SINCE DEC 1      0.47                      1.34  -0.87     1.99
  SINCE JAN 1      0.22                      0.81  -0.59     0.74

SNOWFALL (IN)
  YESTERDAY        0.0
  MONTH TO DATE    2.7
  SINCE OCT 1     10.8
  SINCE JUL 1     10.8
  SNOW DEPTH       1

DEGREE DAYS
 HEATING
  YESTERDAY       41                        47     -6       22
  MONTH TO DATE  997                       838    159      713
  SINCE DEC 1   4030                      3980     50     3887
  SINCE JUL 1   5795                      5920   -125     5258

 COOLING
  YESTERDAY        0                         0      0        0
  MONTH TO DATE    0                         0      0        0
  SINCE DEC 1      0                         0      0        0
  SINCE JAN 1      0                         0      0        0
..................................................................


WIND (MPH)
  HIGHEST WIND SPEED    22   HIGHEST WIND DIRECTION     W (280)
  HIGHEST GUST SPEED    32   HIGHEST GUST DIRECTION     W (290)
  AVERAGE WIND SPEED     8.7


SKY COVER
  POSSIBLE SUNSHINE  MM
  AVERAGE SKY COVER 0.4


WEATHER CONDITIONS
 THE FOLLOWING WEATHER WAS RECORDED YESTERDAY.
  NO SIGNIFICANT WEATHER WAS OBSERVED.


RELATIVE HUMIDITY (PERCENT)
 HIGHEST   100           800 AM
 LOWEST     49           300 PM
 AVERAGE    75

..........................................................


THE WATERTOWN SD CLIMATE NORMALS FOR TODAY
                         NORMAL    RECORD    YEAR
 MAXIMUM TEMPERATURE (F)   28        64      1913
 MINIMUM TEMPERATURE (F)    9       -26      1903


SUNRISE AND SUNSET
FEBRUARY 18 2018......SUNRISE   725 AM CST   SUNSET   601 PM CST
FEBRUARY 19 2018......SUNRISE   723 AM CST   SUNSET   602 PM CST


-  INDICATES NEGATIVE NUMBERS.
R  INDICATES RECORD WAS SET OR TIED.
MM INDICATES DATA IS MISSING.
T  INDICATES TRACE AMOUNT.




$$
