000
CDUS43 KABR 271032
CLIATY


CLIMATE REPORT
NATIONAL WEATHER SERVICE ABERDEEN SD
532 AM CDT THU AUG 27 2015


...................................

...THE WATERTOWN SD CLIMATE SUMMARY FOR AUGUST 26 2015...

CLIMATE NORMAL PERIOD 1981 TO 2010
CLIMATE RECORD PERIOD 1898 TO 2015


WEATHER ITEM   OBSERVED TIME   RECORD YEAR NORMAL DEPARTURE LAST
                VALUE   (LST)  VALUE       VALUE  FROM      YEAR
                                                  NORMAL
..................................................................
TEMPERATURE (F)
 YESTERDAY
  MAXIMUM         74    408 PM 100    1973  78     -4       67
  MINIMUM         48    415 AM  37    1914  55     -7       45
  AVERAGE         61                        67     -6       56

PRECIPITATION (IN)
  YESTERDAY        0.05          1.48 1921   0.09  -0.04     0.00
  MONTH TO DATE    5.42                      2.36   3.06     2.68
  SINCE JUN 1     11.92                      8.96   2.96     8.53
  SINCE JAN 1     17.92                     15.81   2.11    13.40

DEGREE DAYS
 HEATING
  YESTERDAY        4                         2      2        9
  MONTH TO DATE   49                        30     19       18
  SINCE JUN 1     89                       125    -36      116
  SINCE JUL 1     62                        47     15       53

 COOLING
  YESTERDAY        0                         4     -4        0
  MONTH TO DATE  121                       133    -12       99
  SINCE JUN 1    441                       435      6      281
  SINCE JAN 1    449                       457     -8      322
..................................................................


WIND (MPH)
  HIGHEST WIND SPEED    18   HIGHEST WIND DIRECTION    SE (150)
  HIGHEST GUST SPEED    24   HIGHEST GUST DIRECTION    SE (140)
  AVERAGE WIND SPEED     8.3


SKY COVER
  POSSIBLE SUNSHINE  MM
  AVERAGE SKY COVER 0.1


WEATHER CONDITIONS
 THE FOLLOWING WEATHER WAS RECORDED YESTERDAY.
  THUNDERSTORM


RELATIVE HUMIDITY (PERCENT)
 HIGHEST    89           200 AM
 LOWEST     53           100 PM
 AVERAGE    71

..........................................................


THE WATERTOWN SD CLIMATE NORMALS FOR TODAY
                         NORMAL    RECORD    YEAR
 MAXIMUM TEMPERATURE (F)   78       100      1973
 MINIMUM TEMPERATURE (F)   55        38      1914


SUNRISE AND SUNSET
AUGUST 27 2015........SUNRISE   644 AM CDT   SUNSET   815 PM CDT
AUGUST 28 2015........SUNRISE   646 AM CDT   SUNSET   813 PM CDT


-  INDICATES NEGATIVE NUMBERS.
R  INDICATES RECORD WAS SET OR TIED.
MM INDICATES DATA IS MISSING.
T  INDICATES TRACE AMOUNT.




$$
