000
CDUS43 KABR 211036
CLIATY


CLIMATE REPORT
NATIONAL WEATHER SERVICE ABERDEEN SD
536 AM CDT TUE OCT 21 2014


...................................

...THE WATERTOWN SD CLIMATE SUMMARY FOR OCTOBER 20 2014...

CLIMATE NORMAL PERIOD 1981 TO 2010
CLIMATE RECORD PERIOD 1898 TO 2014


WEATHER ITEM   OBSERVED TIME   RECORD YEAR NORMAL DEPARTURE LAST
                VALUE   (LST)  VALUE       VALUE  FROM      YEAR
                                                  NORMAL
..................................................................
TEMPERATURE (F)
 YESTERDAY
  MAXIMUM         70    220 PM  84    1947  55     15       45
  MINIMUM         33    521 AM  13    1916  33      0       30
  AVERAGE         52                        44      8       38

PRECIPITATION (IN)
  YESTERDAY        0.00          2.50 1906   0.05  -0.05     0.03
  MONTH TO DATE    0.12                      1.37  -1.25     4.20
  SINCE SEP 1      0.96                      4.01  -3.05     7.32
  SINCE JAN 1     14.58                     20.24  -5.66    24.14

SNOWFALL (IN)
  YESTERDAY        0.0
  MONTH TO DATE    0.0
  SINCE OCT 1      0.0
  SINCE JUL 1      0.0
  SNOW DEPTH       0

DEGREE DAYS
 HEATING
  YESTERDAY       13                        21     -8       27
  MONTH TO DATE  331                       345    -14      308
  SINCE SEP 1    522                       564    -42      393
  SINCE JUL 1    576                       621    -45      444

 COOLING
  YESTERDAY        0                         0      0        0
  MONTH TO DATE    0                         0      0        0
  SINCE SEP 1     36                        39     -3      104
  SINCE JAN 1    369                       513   -144      618
..................................................................


WIND (MPH)
  HIGHEST WIND SPEED    13   HIGHEST WIND DIRECTION     N (350)
  HIGHEST GUST SPEED    21   HIGHEST GUST DIRECTION    NW (310)
  AVERAGE WIND SPEED     3.1


SKY COVER
  POSSIBLE SUNSHINE  MM
  AVERAGE SKY COVER 0.0


WEATHER CONDITIONS
 THE FOLLOWING WEATHER WAS RECORDED YESTERDAY.
  NO SIGNIFICANT WEATHER WAS OBSERVED.


RELATIVE HUMIDITY (PERCENT)
 HIGHEST   100           500 AM
 LOWEST     28           200 PM
 AVERAGE    64

..........................................................


THE WATERTOWN SD CLIMATE NORMALS FOR TODAY
                         NORMAL    RECORD    YEAR
 MAXIMUM TEMPERATURE (F)   54        83      1947
 MINIMUM TEMPERATURE (F)   33         7      1930


SUNRISE AND SUNSET
OCTOBER 21 2014.......SUNRISE   752 AM CDT   SUNSET   634 PM CDT
OCTOBER 22 2014.......SUNRISE   753 AM CDT   SUNSET   632 PM CDT


-  INDICATES NEGATIVE NUMBERS.
R  INDICATES RECORD WAS SET OR TIED.
MM INDICATES DATA IS MISSING.
T  INDICATES TRACE AMOUNT.




$$
