000
CDUS43 KABR 271031
CLIATY


CLIMATE REPORT
NATIONAL WEATHER SERVICE ABERDEEN SD
531 AM CDT WED MAY 27 2015


...................................

...THE WATERTOWN SD CLIMATE SUMMARY FOR MAY 26 2015...

CLIMATE NORMAL PERIOD 1981 TO 2010
CLIMATE RECORD PERIOD 1898 TO 2015


WEATHER ITEM   OBSERVED TIME   RECORD YEAR NORMAL DEPARTURE LAST
                VALUE   (LST)  VALUE       VALUE  FROM      YEAR
                                                  NORMAL
..................................................................
TEMPERATURE (F)
 YESTERDAY
  MAXIMUM         70    554 PM  91    1911  70      0       74
  MINIMUM         50    526 AM  30    1961  48      2       63
                                      1971
  AVERAGE         60                        59      1       69

PRECIPITATION (IN)
  YESTERDAY        0.00          0.98 1939   0.09  -0.09     0.02
  MONTH TO DATE    3.75                      2.16   1.59     1.37
  SINCE MAR 1      4.49                      5.29  -0.80     3.93
  SINCE JAN 1      5.14                      6.37  -1.23     4.36

DEGREE DAYS
 HEATING
  YESTERDAY        5                         7     -2        0
  MONTH TO DATE  277                       265     12      330
  SINCE MAR 1   1759                      2005   -246     2307
  SINCE JUL 1   8151                      8416   -265     9273

 COOLING
  YESTERDAY        0                         1     -1        4
  MONTH TO DATE    0                        15    -15       11
  SINCE MAR 1      0                        17    -17       11
  SINCE JAN 1      0                        17    -17       11
..................................................................


WIND (MPH)
  HIGHEST WIND SPEED    18   HIGHEST WIND DIRECTION     W (270)
  HIGHEST GUST SPEED    24   HIGHEST GUST DIRECTION    NW (330)
  AVERAGE WIND SPEED     8.2


SKY COVER
  POSSIBLE SUNSHINE  MM
  AVERAGE SKY COVER 0.2


WEATHER CONDITIONS
 THE FOLLOWING WEATHER WAS RECORDED YESTERDAY.
  NO SIGNIFICANT WEATHER WAS OBSERVED.


RELATIVE HUMIDITY (PERCENT)
 HIGHEST    93           300 AM
 LOWEST     53           300 PM
 AVERAGE    73

..........................................................


THE WATERTOWN SD CLIMATE NORMALS FOR TODAY
                         NORMAL    RECORD    YEAR
 MAXIMUM TEMPERATURE (F)   71        93      1900
 MINIMUM TEMPERATURE (F)   49        28      1928


SUNRISE AND SUNSET
MAY 27 2015...........SUNRISE   549 AM CDT   SUNSET   903 PM CDT
MAY 28 2015...........SUNRISE   548 AM CDT   SUNSET   904 PM CDT


-  INDICATES NEGATIVE NUMBERS.
R  INDICATES RECORD WAS SET OR TIED.
MM INDICATES DATA IS MISSING.
T  INDICATES TRACE AMOUNT.




$$
