000
CDUS43 KABR 301038
CLIATY


CLIMATE REPORT
NATIONAL WEATHER SERVICE ABERDEEN SD
437 AM CST FRI JAN 30 2015


...................................

...THE WATERTOWN SD CLIMATE SUMMARY FOR JANUARY 29 2015...

CLIMATE NORMAL PERIOD 1981 TO 2010
CLIMATE RECORD PERIOD 1898 TO 2015


WEATHER ITEM   OBSERVED TIME   RECORD YEAR NORMAL DEPARTURE LAST
                VALUE   (LST)  VALUE       VALUE  FROM      YEAR
                                                  NORMAL
..................................................................
TEMPERATURE (F)
 YESTERDAY
  MAXIMUM         31   1235 AM  56    1931  23      8       28
  MINIMUM         18   1159 PM -31    1951   3     15      -10
  AVERAGE         25                        13     12        9

PRECIPITATION (IN)
  YESTERDAY        0.00          0.56 1916   0.02  -0.02     0.00
  MONTH TO DATE    0.40                      0.49  -0.09     0.26
  SINCE DEC 1      1.04                      1.02   0.02     0.87
  SINCE JAN 1      0.40                      0.49  -0.09     0.26

SNOWFALL (IN)
  YESTERDAY        0.0
  MONTH TO DATE    4.0
  SINCE OCT 1     18.2
  SINCE JUL 1     18.2
  SNOW DEPTH       0

DEGREE DAYS
 HEATING
  YESTERDAY       40                        52    -12       56
  MONTH TO DATE 1384                      1522   -138     1618
  SINCE DEC 1   2716                      3041   -325     3378
  SINCE JUL 1   4797                      4981   -184     5216

 COOLING
  YESTERDAY        0                         0      0        0
  MONTH TO DATE    0                         0      0        0
  SINCE DEC 1      0                         0      0        0
  SINCE JAN 1      0                         0      0        0
..................................................................


WIND (MPH)
  HIGHEST WIND SPEED    36   HIGHEST WIND DIRECTION     N (340)
  HIGHEST GUST SPEED    43   HIGHEST GUST DIRECTION    NW (330)
  AVERAGE WIND SPEED    18.0


SKY COVER
  POSSIBLE SUNSHINE  MM
  AVERAGE SKY COVER 1.0


WEATHER CONDITIONS
 THE FOLLOWING WEATHER WAS RECORDED YESTERDAY.
  NO SIGNIFICANT WEATHER WAS OBSERVED.


RELATIVE HUMIDITY (PERCENT)
 HIGHEST    85          1200 AM
 LOWEST     73          1100 PM
 AVERAGE    79

..........................................................


THE WATERTOWN SD CLIMATE NORMALS FOR TODAY
                         NORMAL    RECORD    YEAR
 MAXIMUM TEMPERATURE (F)   23        50      1989
                                             1931
 MINIMUM TEMPERATURE (F)    3       -28      1918
                                             1916
                                             1899


SUNRISE AND SUNSET
JANUARY 30 2015.......SUNRISE   751 AM CST   SUNSET   534 PM CST
JANUARY 31 2015.......SUNRISE   750 AM CST   SUNSET   535 PM CST


-  INDICATES NEGATIVE NUMBERS.
R  INDICATES RECORD WAS SET OR TIED.
MM INDICATES DATA IS MISSING.
T  INDICATES TRACE AMOUNT.




$$
