000
CDUS43 KABR 281030
CLIATY


CLIMATE REPORT
NATIONAL WEATHER SERVICE ABERDEEN SD
429 AM CST FRI NOV 28 2014


...................................

...THE WATERTOWN SD CLIMATE SUMMARY FOR NOVEMBER 27 2014...

CLIMATE NORMAL PERIOD 1981 TO 2010
CLIMATE RECORD PERIOD 1898 TO 2014


WEATHER ITEM   OBSERVED TIME   RECORD YEAR NORMAL DEPARTURE LAST
                VALUE   (LST)  VALUE       VALUE  FROM      YEAR
                                                  NORMAL
..................................................................
TEMPERATURE (F)
 YESTERDAY
  MAXIMUM         15   1159 PM  60    1941  32    -17       30
  MINIMUM        -14    813 AM -15    1985  14    -28        2
  AVERAGE          1                        23    -22       16

PRECIPITATION (IN)
  YESTERDAY        T             0.58 2001   0.02  -0.02     0.00
  MONTH TO DATE    0.72                      0.70   0.02      T
  SINCE SEP 1      2.17                      5.26  -3.09     7.33
  SINCE JAN 1     15.79                     21.49  -5.70    24.15

SNOWFALL (IN)
  YESTERDAY        T
  MONTH TO DATE   10.4
  SINCE OCT 1     10.4
  SINCE JUL 1     10.4
  SNOW DEPTH       4

DEGREE DAYS
 HEATING
  YESTERDAY       64                        42     22       49
  MONTH TO DATE 1146                       927    219      944
  SINCE SEP 1   1874                      1754    120     1659
  SINCE JUL 1   1928                      1811    117     1710

 COOLING
  YESTERDAY        0                         0      0        0
  MONTH TO DATE    0                         0      0        0
  SINCE SEP 1     36                        41     -5      104
  SINCE JAN 1    369                       515   -146      618
..................................................................


WIND (MPH)
  HIGHEST WIND SPEED    21   HIGHEST WIND DIRECTION     S (160)
  HIGHEST GUST SPEED    27   HIGHEST GUST DIRECTION     S (160)
  AVERAGE WIND SPEED     9.1


SKY COVER
  POSSIBLE SUNSHINE  MM
  AVERAGE SKY COVER 0.4


WEATHER CONDITIONS
 THE FOLLOWING WEATHER WAS RECORDED YESTERDAY.
  LIGHT SNOW


RELATIVE HUMIDITY (PERCENT)
 HIGHEST    87           300 AM
 LOWEST     63           200 PM
 AVERAGE    75

..........................................................


THE WATERTOWN SD CLIMATE NORMALS FOR TODAY
                         NORMAL    RECORD    YEAR
 MAXIMUM TEMPERATURE (F)   31        61      1941
 MINIMUM TEMPERATURE (F)   14       -10      1985


SUNRISE AND SUNSET
NOVEMBER 28 2014......SUNRISE   743 AM CST   SUNSET   450 PM CST
NOVEMBER 29 2014......SUNRISE   744 AM CST   SUNSET   450 PM CST


-  INDICATES NEGATIVE NUMBERS.
R  INDICATES RECORD WAS SET OR TIED.
MM INDICATES DATA IS MISSING.
T  INDICATES TRACE AMOUNT.




$$
