000
CDUS43 KABR 032240
CLIATY


CLIMATE REPORT
NATIONAL WEATHER SERVICE ABERDEEN SD
539 PM CDT TUE MAY 3 2016


...................................

...THE WATERTOWN SD CLIMATE SUMMARY FOR MAY 3 2016...
VALID TODAY AS OF 0500 PM LOCAL TIME.

CLIMATE NORMAL PERIOD 1981 TO 2010
CLIMATE RECORD PERIOD 1898 TO 2016


WEATHER ITEM   OBSERVED TIME   RECORD YEAR NORMAL DEPARTURE LAST
                VALUE   (LST)  VALUE       VALUE  FROM      YEAR
                                                  NORMAL
..................................................................
TEMPERATURE (F)
 TODAY
  MAXIMUM         76    317 PM  92    1949  64     12       73
  MINIMUM         38    551 AM  16    1907  40     -2       43
  AVERAGE         57                        52      5       58

PRECIPITATION (IN)
  TODAY            0.00          2.22 1969   0.08  -0.08     0.00
  MONTH TO DATE    0.00                      0.25  -0.25     0.05
  SINCE MAR 1      2.52                      3.38  -0.86     0.79
  SINCE JAN 1      3.55                      4.46  -0.91     1.44

SNOWFALL (IN)
  TODAY            0.0
  MONTH TO DATE    0.0
  SINCE OCT 1     28.7
  SINCE JUL 1     28.7
  SNOW DEPTH       0

DEGREE DAYS
 HEATING
  TODAY            8                        13     -5        7
  MONTH TO DATE   40                        41     -1       12
  SINCE MAR 1   1391                      1781   -390     1494
  SINCE JUL 1   6710                      8192  -1482     7886

 COOLING
  TODAY            0                         0      0        0
  MONTH TO DATE    0                         0      0        0
  SINCE MAR 1      0                         2     -2        0
  SINCE JAN 1      0                         2     -2        0
..................................................................


WIND (MPH)
  HIGHEST WIND SPEED    32   HIGHEST WIND DIRECTION     N (350)
  HIGHEST GUST SPEED    40   HIGHEST GUST DIRECTION     N (350)
  AVERAGE WIND SPEED    11.0


SKY COVER
  POSSIBLE SUNSHINE  MM
  AVERAGE SKY COVER 0.0


WEATHER CONDITIONS
 THE FOLLOWING WEATHER WAS RECORDED TODAY.
  FOG


RELATIVE HUMIDITY (PERCENT)
 HIGHEST    92           500 AM
 LOWEST     25           300 PM
 AVERAGE    59

..........................................................


THE WATERTOWN SD CLIMATE NORMALS FOR TOMORROW
                         NORMAL    RECORD    YEAR
 MAXIMUM TEMPERATURE (F)   64        90      1949
 MINIMUM TEMPERATURE (F)   40        19      1967


SUNRISE AND SUNSET
MAY  3 2016...........SUNRISE   614 AM CDT   SUNSET   837 PM CDT
MAY  4 2016...........SUNRISE   613 AM CDT   SUNSET   838 PM CDT


-  INDICATES NEGATIVE NUMBERS.
R  INDICATES RECORD WAS SET OR TIED.
MM INDICATES DATA IS MISSING.
T  INDICATES TRACE AMOUNT.




$$
