000
CDUS43 KGRB 170632
CLIAUW


CLIMATE REPORT
NATIONAL WEATHER SERVICE GREEN BAY
1232 AM CST WED JAN 17 2018


...................................

...THE WAUSAU WI CLIMATE SUMMARY FOR JANUARY 16 2018...

CLIMATE NORMAL PERIOD 1981 TO 2010
CLIMATE RECORD PERIOD 1896 TO 2018


WEATHER ITEM   OBSERVED TIME   RECORD YEAR NORMAL DEPARTURE LAST
                VALUE   (LST)  VALUE       VALUE  FROM      YEAR
                                                  NORMAL
..................................................................
TEMPERATURE (F)
 YESTERDAY
  MAXIMUM         22    239 PM  45    1973  23     -1       32
  MINIMUM          1   1159 PM -28    1972   6     -5        1
  AVERAGE         12                        14     -2

PRECIPITATION (IN)
  YESTERDAY        T             0.67 1980   0.03  -0.03     0.25
  MONTH TO DATE    0.46                      0.55  -0.09     1.47
  SINCE DEC 1      1.62                      1.91  -0.29     4.13
  SINCE JAN 1      0.46                      0.55  -0.09     1.47

SNOWFALL (IN)
  YESTERDAY        T             7.9  1967   0.4   -0.4      0.0
  MONTH TO DATE    4.3                       6.9   -2.6     11.8
  SINCE JUL 1     22.2                      29.1   -6.9     39.0
  SNOW DEPTH       4

DEGREE DAYS
 HEATING
  YESTERDAY       53                        51      2       48
  MONTH TO DATE  890                       810     80      909
  SINCE DEC 1   2420                      2237    183     2326
  SINCE JUL 1   4105                      4096      9     3604

 COOLING
  YESTERDAY        0                         0      0        0
  MONTH TO DATE    0                         0      0        0
  SINCE DEC 1      0                         0      0        0
  SINCE JAN 1      0                         0      0        0
..................................................................


WIND (MPH)
  HIGHEST WIND SPEED    14   HIGHEST WIND DIRECTION     N (340)
  HIGHEST GUST SPEED    19   HIGHEST GUST DIRECTION     N (340)
  AVERAGE WIND SPEED     7.4


SKY COVER
  POSSIBLE SUNSHINE  MM
  AVERAGE SKY COVER 0.3


WEATHER CONDITIONS
 THE FOLLOWING WEATHER WAS RECORDED YESTERDAY.
  LIGHT SNOW
  FOG


RELATIVE HUMIDITY (PERCENT)
 HIGHEST    92          1200 AM
 LOWEST     57           300 PM
 AVERAGE    75

..........................................................


THE WAUSAU WI CLIMATE NORMALS FOR TODAY
                         NORMAL    RECORD    YEAR
 MAXIMUM TEMPERATURE (F)   23        43      1986
 MINIMUM TEMPERATURE (F)    6       -31      1982


SUNRISE AND SUNSET
JANUARY 17 2018.......SUNRISE   732 AM CST   SUNSET   446 PM CST
JANUARY 18 2018.......SUNRISE   731 AM CST   SUNSET   447 PM CST


-  INDICATES NEGATIVE NUMBERS.
R  INDICATES RECORD WAS SET OR TIED.
MM INDICATES DATA IS MISSING.
T  INDICATES TRACE AMOUNT.




$$
