000
CDUS43 KGRB 252239
CLIAUW


CLIMATE REPORT
NATIONAL WEATHER SERVICE GREEN BAY
439 PM CST THU DEC 25 2014


...................................

...THE WAUSAU WI CLIMATE SUMMARY FOR DECEMBER 25 2014...
VALID TODAY AS OF 0400 PM LOCAL TIME.

CLIMATE NORMAL PERIOD 1981 TO 2010
CLIMATE RECORD PERIOD 1896 TO 2014


WEATHER ITEM   OBSERVED TIME   RECORD YEAR NORMAL DEPARTURE LAST
                VALUE   (LST)  VALUE       VALUE  FROM      YEAR
                                                  NORMAL
..................................................................
TEMPERATURE (F)
 TODAY
  MAXIMUM         33    359 PM  47    1994  24      9       16
  MINIMUM         29    233 AM -23    1933   8     21        7
  AVERAGE         31                        16     15       12

PRECIPITATION (IN)
  TODAY           MM             0.82 1945   0.04  MM        0.12
  MONTH TO DATE    0.94                      1.12  -0.18     1.55
  SINCE DEC 1      0.94                      1.12  -0.18     1.55
  SINCE JAN 1     40.43                     32.17   8.26    38.50

SNOWFALL (IN)
  TODAY           MM             9.0  1945   0.4             2.3
  MONTH TO DATE    6.3                      11.1            23.0
  SINCE DEC 1      6.3                      11.1            23.0
  SINCE JUL 1     26.5                      19.4            28.1
  SNOW DEPTH      MM

DEGREE DAYS
 HEATING
  TODAY           34                        49    -15       53
  MONTH TO DATE 1000                      1132   -132     1332
  SINCE DEC 1   1000                      1132   -132     1332
  SINCE JUL 1   3083                      2991     92     3142

 COOLING
  TODAY            0                         0      0        0
  MONTH TO DATE    0                         0      0        0
  SINCE JAN 1    338                       407    -69      506
..................................................................


WIND (MPH)
  HIGHEST WIND SPEED    16   HIGHEST WIND DIRECTION    SW (220)
  HIGHEST GUST SPEED    22   HIGHEST GUST DIRECTION    SW (210)
  AVERAGE WIND SPEED     9.7


SKY COVER
  POSSIBLE SUNSHINE  MM
  AVERAGE SKY COVER 0.9


WEATHER CONDITIONS
 THE FOLLOWING WEATHER WAS RECORDED TODAY.
  FOG
  HAZE


RELATIVE HUMIDITY (PERCENT)
 HIGHEST    92           100 AM
 LOWEST     75           400 PM
 AVERAGE    84

..........................................................


THE WAUSAU WI CLIMATE NORMALS FOR TOMORROW
                         NORMAL    RECORD    YEAR
 MAXIMUM TEMPERATURE (F)   24        49      1936
 MINIMUM TEMPERATURE (F)    8       -24      1990


SUNRISE AND SUNSET
DECEMBER 25 2014......SUNRISE   735 AM CST   SUNSET   422 PM CST
DECEMBER 26 2014......SUNRISE   735 AM CST   SUNSET   423 PM CST


-  INDICATES NEGATIVE NUMBERS.
R  INDICATES RECORD WAS SET OR TIED.
MM INDICATES DATA IS MISSING.
T  INDICATES TRACE AMOUNT.




$$
