000
CDUS43 KGRB 240638
CLIAUW


CLIMATE REPORT
NATIONAL WEATHER SERVICE GREEN BAY
137 AM CDT SUN MAY 24 2015


...................................

...THE WAUSAU WI CLIMATE SUMMARY FOR MAY 23 2015...

CLIMATE NORMAL PERIOD 1981 TO 2010
CLIMATE RECORD PERIOD 1896 TO 2015


WEATHER ITEM   OBSERVED TIME   RECORD YEAR NORMAL DEPARTURE LAST
                VALUE   (LST)  VALUE       VALUE  FROM      YEAR
                                                  NORMAL
..................................................................
TEMPERATURE (F)
 YESTERDAY
  MAXIMUM         77    225 PM  88    1975  69      8       73
  MINIMUM         41    505 AM  28    1963  46     -5       44
                                      1931
  AVERAGE         59                        58      1

PRECIPITATION (IN)
  YESTERDAY        T             1.62 1936   0.11  -0.11     0.00
  MONTH TO DATE    1.87                      2.49  -0.62     3.09
  SINCE MAR 1      5.84                      6.98  -1.14     8.11
  SINCE JAN 1      6.59                      8.92  -2.33    11.05

SNOWFALL (IN)
  YESTERDAY        0.0           0.0    MM   0.0    0.0      0.0
  MONTH TO DATE    T                         0.2   -0.2      0.0
  SINCE JUL 1     53.7                      59.6   -5.9     84.3
  SNOW DEPTH       0

DEGREE DAYS
 HEATING
  YESTERDAY        6                         8     -2        6
  MONTH TO DATE  210                       254    -44      274
  SINCE MAR 1   1811                      1970   -159     2369
  SINCE JUL 1   8391                      8106    285     9316

 COOLING
  YESTERDAY        0                         1     -1        0
  MONTH TO DATE    8                         6      2        0
  SINCE MAR 1      8                         8      0        0
  SINCE JAN 1      8                         8      0        0
..................................................................


WIND (MPH)
  HIGHEST WIND SPEED    16   HIGHEST WIND DIRECTION    SW (220)
  HIGHEST GUST SPEED    21   HIGHEST GUST DIRECTION     W (270)
  AVERAGE WIND SPEED     5.5


SKY COVER
  POSSIBLE SUNSHINE  MM
  AVERAGE SKY COVER 0.3


WEATHER CONDITIONS
 THE FOLLOWING WEATHER WAS RECORDED YESTERDAY.
  LIGHT RAIN


RELATIVE HUMIDITY (PERCENT)
 HIGHEST    89           100 AM
 LOWEST     23          1200 PM
 AVERAGE    56

..........................................................


THE WAUSAU WI CLIMATE NORMALS FOR TODAY
                         NORMAL    RECORD    YEAR
 MAXIMUM TEMPERATURE (F)   69        92      2010
 MINIMUM TEMPERATURE (F)   47        32      1992
                                             1948


SUNRISE AND SUNSET
MAY 24 2015...........SUNRISE   521 AM CDT   SUNSET   830 PM CDT
MAY 25 2015...........SUNRISE   520 AM CDT   SUNSET   831 PM CDT


-  INDICATES NEGATIVE NUMBERS.
R  INDICATES RECORD WAS SET OR TIED.
MM INDICATES DATA IS MISSING.
T  INDICATES TRACE AMOUNT.




$$
