000
CDUS43 KGRB 101639
CLIAUW


CLIMATE REPORT
NATIONAL WEATHER SERVICE GREEN BAY
1037 AM CST WED FEB 10 2016


...................................

...THE WAUSAU WI CLIMATE SUMMARY FOR FEBRUARY 9 2016...

CLIMATE NORMAL PERIOD 1981 TO 2010
CLIMATE RECORD PERIOD 1896 TO 2016


WEATHER ITEM   OBSERVED TIME   RECORD YEAR NORMAL DEPARTURE LAST
                VALUE   (LST)  VALUE       VALUE  FROM      YEAR
                                                  NORMAL
..................................................................
TEMPERATURE (F)
 YESTERDAY
  MAXIMUM         17    234 PM  46    1938  26     -9       26
  MINIMUM          9    418 AM -37    1951   8      1       11
  AVERAGE         13                        17     -4

PRECIPITATION (IN)
  YESTERDAY        0.03          0.35 2001   0.03   0.00     0.00
                                      1897
  MONTH TO DATE    0.48                      0.27   0.21     0.02
  SINCE DEC 1      6.27                      2.65   3.62     2.00
  SINCE JAN 1      1.32                      1.29   0.03     0.60

SNOWFALL (IN)
  YESTERDAY        0.6           5.0  1909   0.4    0.2      0.0
  MONTH TO DATE    6.6                       3.3    3.3      0.6
  SINCE JUL 1     22.0                      39.0  -17.0     41.0
  SNOW DEPTH      10

DEGREE DAYS
 HEATING
  YESTERDAY       52                        48      4       46
  MONTH TO DATE  374                       437    -63      475
  SINCE DEC 1   2882                      3428   -546     3349
  SINCE JUL 1   4288                      5287   -999     5432

 COOLING
  YESTERDAY        0                         0      0        0
  MONTH TO DATE    0                         0      0        0
  SINCE DEC 1      0                         0      0        0
  SINCE JAN 1      0                         0      0        0
..................................................................


WIND (MPH)
  HIGHEST WIND SPEED    20   HIGHEST WIND DIRECTION    NW (330)
  HIGHEST GUST SPEED    30   HIGHEST GUST DIRECTION    NW (320)
  AVERAGE WIND SPEED    12.2


SKY COVER
  POSSIBLE SUNSHINE  MM
  AVERAGE SKY COVER 1.0


WEATHER CONDITIONS
 THE FOLLOWING WEATHER WAS RECORDED YESTERDAY.
  LIGHT SNOW
  HAZE


RELATIVE HUMIDITY (PERCENT)
 HIGHEST    76           500 AM
 LOWEST     56          1200 PM
 AVERAGE    66

..........................................................


THE WAUSAU WI CLIMATE NORMALS FOR TODAY
                         NORMAL    RECORD    YEAR
 MAXIMUM TEMPERATURE (F)   27        47      1977
 MINIMUM TEMPERATURE (F)    9       -40      1899


SUNRISE AND SUNSET
FEBRUARY 10 2016......SUNRISE   707 AM CST   SUNSET   519 PM CST
FEBRUARY 11 2016......SUNRISE   706 AM CST   SUNSET   520 PM CST


-  INDICATES NEGATIVE NUMBERS.
R  INDICATES RECORD WAS SET OR TIED.
MM INDICATES DATA IS MISSING.
T  INDICATES TRACE AMOUNT.




$$
