000
CDUS43 KGRB 300645
CLIAUW


CLIMATE REPORT
NATIONAL WEATHER SERVICE GREEN BAY
144 AM CDT TUE JUN 30 2015


...................................

...THE WAUSAU WI CLIMATE SUMMARY FOR JUNE 29 2015...

CLIMATE NORMAL PERIOD 1981 TO 2010
CLIMATE RECORD PERIOD 1896 TO 2015


WEATHER ITEM   OBSERVED TIME   RECORD YEAR NORMAL DEPARTURE LAST
                VALUE   (LST)  VALUE       VALUE  FROM      YEAR
                                                  NORMAL
..................................................................
TEMPERATURE (F)
 YESTERDAY
  MAXIMUM         79    226 PM 100    1931  79      0       84
  MINIMUM         59   1144 PM  40    1899  58      1       66
  AVERAGE         69                        68      1

PRECIPITATION (IN)
  YESTERDAY        0.09          1.13 1930   0.13  -0.04     0.05
  MONTH TO DATE    4.56                      4.18   0.38     5.47
  SINCE JUN 1      4.56                      4.18   0.38     5.47
  SINCE JAN 1     15.29                     14.09   1.20    16.91

SNOWFALL (IN)
  YESTERDAY        0.0           0.0    MM   0.0    0.0      0.0
  MONTH TO DATE    0.0                       0.0    0.0      0.0
  SINCE JUL 1     53.7                      59.6   -5.9     84.3
  SNOW DEPTH       0

DEGREE DAYS
 HEATING
  YESTERDAY        0                         1     -1        0
  MONTH TO DATE   56                        86    -30       22
  SINCE JUN 1     56                        86    -30       22
  SINCE JUL 1   8480                      8246    234     9340

 COOLING
  YESTERDAY        4                         4      0       10
  MONTH TO DATE   47                        78    -31      102
  SINCE JUN 1     47                        78    -31      102
  SINCE JAN 1     65                        97    -32      127
..................................................................


WIND (MPH)
  HIGHEST WIND SPEED    28   HIGHEST WIND DIRECTION    NW (310)
  HIGHEST GUST SPEED    36   HIGHEST GUST DIRECTION    NW (310)
  AVERAGE WIND SPEED     4.7


SKY COVER
  POSSIBLE SUNSHINE  MM
  AVERAGE SKY COVER 0.3


WEATHER CONDITIONS
 THE FOLLOWING WEATHER WAS RECORDED YESTERDAY.
  THUNDERSTORM
  HEAVY RAIN
  RAIN
  LIGHT RAIN
  FOG


RELATIVE HUMIDITY (PERCENT)
 HIGHEST    97           300 AM
 LOWEST     45           100 PM
 AVERAGE    71

..........................................................


THE WAUSAU WI CLIMATE NORMALS FOR TODAY
                         NORMAL    RECORD    YEAR
 MAXIMUM TEMPERATURE (F)   79       100      1931
 MINIMUM TEMPERATURE (F)   58        40      1943


SUNRISE AND SUNSET
JUNE 30 2015..........SUNRISE   515 AM CDT   SUNSET   849 PM CDT
JULY  1 2015..........SUNRISE   516 AM CDT   SUNSET   849 PM CDT


-  INDICATES NEGATIVE NUMBERS.
R  INDICATES RECORD WAS SET OR TIED.
MM INDICATES DATA IS MISSING.
T  INDICATES TRACE AMOUNT.




$$
