000
CDUS43 KGRB 012113
CLIAUW


CLIMATE REPORT
NATIONAL WEATHER SERVICE GREEN BAY
412 PM CDT WED OCT 1 2014


...................................

...THE WAUSAU WI CLIMATE SUMMARY FOR OCTOBER 1 2014...
VALID TODAY AS OF 0400 PM LOCAL TIME.

CLIMATE NORMAL PERIOD 1981 TO 2010
CLIMATE RECORD PERIOD 1896 TO 2014


WEATHER ITEM   OBSERVED TIME   RECORD YEAR NORMAL DEPARTURE LAST
                VALUE   (LST)  VALUE       VALUE  FROM      YEAR
                                                  NORMAL
..................................................................
TEMPERATURE (F)
 TODAY
  MAXIMUM         61    300 PM  91    1976  62     -1       77
  MINIMUM         44        MM  25    1947  42      2       50
  AVERAGE         53                        52      1       64

PRECIPITATION (IN)
  TODAY            0.00          0.93 1926   0.11  -0.11     0.00
  MONTH TO DATE    0.00                      0.11  -0.11     0.00
  SINCE SEP 1      5.99                      4.01   1.98     2.76
  SINCE JAN 1     32.64                     26.22   6.42    30.39

SNOWFALL (IN)
  TODAY            0.0           T    1985   0.0             0.0
  MONTH TO DATE    0.0                       0.0             0.0
  SINCE SEP 1      0.0                       0.0             0.0
  SINCE JUL 1      0.0                       0.0             0.0
  SNOW DEPTH       0

DEGREE DAYS
 HEATING
  TODAY           12                        13     -1        1
  MONTH TO DATE   12                        13     -1        1
  SINCE SEP 1    236                       240     -4      173
  SINCE JUL 1    290                       306    -16      229

 COOLING
  TODAY            0                         0      0        0
  MONTH TO DATE    0                         0      0        0
  SINCE JAN 1    338                       405    -67      506
..................................................................


WIND (MPH)
  HIGHEST WIND SPEED    15   HIGHEST WIND DIRECTION    SE (150)
  HIGHEST GUST SPEED    MM   HIGHEST GUST DIRECTION    MM
  AVERAGE WIND SPEED    10.0


SKY COVER
  POSSIBLE SUNSHINE  MM
  AVERAGE SKY COVER 0.8


WEATHER CONDITIONS
 THE FOLLOWING WEATHER WAS RECORDED TODAY.
  LIGHT RAIN
  FOG


RELATIVE HUMIDITY (PERCENT)
 HIGHEST   100           400 AM
 LOWEST     64           100 PM
 AVERAGE    82

..........................................................


THE WAUSAU WI CLIMATE NORMALS FOR TOMORROW
                         NORMAL    RECORD    YEAR
 MAXIMUM TEMPERATURE (F)   62        84      1953
 MINIMUM TEMPERATURE (F)   41        24      2003


SUNRISE AND SUNSET
OCTOBER  1 2014.......SUNRISE   656 AM CDT   SUNSET   639 PM CDT
OCTOBER  2 2014.......SUNRISE   658 AM CDT   SUNSET   637 PM CDT


-  INDICATES NEGATIVE NUMBERS.
R  INDICATES RECORD WAS SET OR TIED.
MM INDICATES DATA IS MISSING.
T  INDICATES TRACE AMOUNT.




$$
