000
CDUS43 KGRB 280632
CLIAUW


CLIMATE REPORT
NATIONAL WEATHER SERVICE GREEN BAY
132 AM CDT THU JUL 28 2016


...................................

...THE WAUSAU WI CLIMATE SUMMARY FOR JULY 27 2016...

CLIMATE NORMAL PERIOD 1981 TO 2010
CLIMATE RECORD PERIOD 1896 TO 2016


WEATHER ITEM   OBSERVED TIME   RECORD YEAR NORMAL DEPARTURE LAST
                VALUE   (LST)  VALUE       VALUE  FROM      YEAR
                                                  NORMAL
..................................................................
TEMPERATURE (F)
 YESTERDAY
  MAXIMUM         81    336 PM  98    1931  80      1       87
  MINIMUM         64   1159 PM  45    1937  59      5       58
  AVERAGE         73                        69      4

PRECIPITATION (IN)
  YESTERDAY        1.05          1.39 1983   0.12   0.93     0.00
  MONTH TO DATE    3.98                      3.31   0.67     3.08
  SINCE JUN 1      9.20                      7.62   1.58     7.64
  SINCE JAN 1     20.86                     17.53   3.33    18.37

SNOWFALL (IN)
  YESTERDAY        0.0           0.0    MM   0.0    0.0      0.0
  MONTH TO DATE    0.0                       0.0    0.0      0.0
  SINCE JUL 1      0.0                       0.0    0.0      0.0
  SNOW DEPTH       0

DEGREE DAYS
 HEATING
  YESTERDAY        0                         1     -1        0
  MONTH TO DATE    8                        27    -19       18
  SINCE JUN 1     38                       116    -78       79
  SINCE JUL 1      8                        27    -19       18

 COOLING
  YESTERDAY        8                         5      3        8
  MONTH TO DATE  165                       135     30      126
  SINCE JUN 1    269                       220     49      173
  SINCE JAN 1    316                       239     77      191
..................................................................


WIND (MPH)
  HIGHEST WIND SPEED    17   HIGHEST WIND DIRECTION     N (360)
  HIGHEST GUST SPEED    26   HIGHEST GUST DIRECTION     N (360)
  AVERAGE WIND SPEED     3.6


SKY COVER
  POSSIBLE SUNSHINE  MM
  AVERAGE SKY COVER 0.5


WEATHER CONDITIONS
 THE FOLLOWING WEATHER WAS RECORDED YESTERDAY.
  THUNDERSTORM
  HEAVY RAIN
  RAIN
  LIGHT RAIN
  FOG


RELATIVE HUMIDITY (PERCENT)
 HIGHEST    93           300 AM
 LOWEST     67           300 PM
 AVERAGE    80

..........................................................


THE WAUSAU WI CLIMATE NORMALS FOR TODAY
                         NORMAL    RECORD    YEAR
 MAXIMUM TEMPERATURE (F)   80        96      1931
                                             1916
 MINIMUM TEMPERATURE (F)   59        47      2013


SUNRISE AND SUNSET
JULY 28 2016..........SUNRISE   540 AM CDT   SUNSET   829 PM CDT
JULY 29 2016..........SUNRISE   541 AM CDT   SUNSET   828 PM CDT


-  INDICATES NEGATIVE NUMBERS.
R  INDICATES RECORD WAS SET OR TIED.
MM INDICATES DATA IS MISSING.
T  INDICATES TRACE AMOUNT.




$$
