000
CDUS43 KGRB 240658
CLIAUW


CLIMATE REPORT
NATIONAL WEATHER SERVICE GREEN BAY
1257 AM CST MON NOV 24 2014


...................................

...THE WAUSAU WI CLIMATE SUMMARY FOR NOVEMBER 23 2014...

CLIMATE NORMAL PERIOD 1981 TO 2010
CLIMATE RECORD PERIOD 1896 TO 2014


WEATHER ITEM   OBSERVED TIME   RECORD YEAR NORMAL DEPARTURE LAST
                VALUE   (LST)  VALUE       VALUE  FROM      YEAR
                                                  NORMAL
..................................................................
TEMPERATURE (F)
 YESTERDAY
  MAXIMUM         47    320 PM  58    1931  36     11       19
  MINIMUM         36   1238 AM -10    1950  21     15        5
  AVERAGE         42                        28     14

PRECIPITATION (IN)
  YESTERDAY        0.14          1.26 1999   0.06   0.08      T
  MONTH TO DATE    1.52                      1.58  -0.06     2.19
  SINCE SEP 1     12.06                      8.42   3.64     9.25
  SINCE JAN 1     38.71                     30.63   8.08    36.88

SNOWFALL (IN)
  YESTERDAY        0.0          11.7  1991   0.3   -0.3       T
  MONTH TO DATE   11.8                       4.5    7.3      3.3
  SINCE JUL 1     13.5                       5.9    7.6      3.3
  SNOW DEPTH       T

DEGREE DAYS
 HEATING
  YESTERDAY       23                        36    -13       53
  MONTH TO DATE  894                       707    187      714
  SINCE SEP 1   1708                      1525    183     1438
  SINCE JUL 1   1762                      1591    171     1494

 COOLING
  YESTERDAY        0                         0      0        0
  MONTH TO DATE    0                         0      0        0
  SINCE SEP 1     12                        32    -20       56
  SINCE JAN 1    338                       407    -69      506
..................................................................


WIND (MPH)
  HIGHEST WIND SPEED    14   HIGHEST WIND DIRECTION     S (160)
  HIGHEST GUST SPEED    17   HIGHEST GUST DIRECTION     S (160)
  AVERAGE WIND SPEED     6.1


SKY COVER
  POSSIBLE SUNSHINE  MM
  AVERAGE SKY COVER 1.0


WEATHER CONDITIONS
 THE FOLLOWING WEATHER WAS RECORDED YESTERDAY.
  LIGHT RAIN
  FOG
  FOG W/VISIBILITY <= 1/4 MILE


RELATIVE HUMIDITY (PERCENT)
 HIGHEST   100          1200 AM
 LOWEST     93          1200 PM
 AVERAGE    97

..........................................................


THE WAUSAU WI CLIMATE NORMALS FOR TODAY
                         NORMAL    RECORD    YEAR
 MAXIMUM TEMPERATURE (F)   35        59      1931
 MINIMUM TEMPERATURE (F)   21       -10      1950


SUNRISE AND SUNSET
NOVEMBER 24 2014......SUNRISE   708 AM CST   SUNSET   422 PM CST
NOVEMBER 25 2014......SUNRISE   709 AM CST   SUNSET   422 PM CST


-  INDICATES NEGATIVE NUMBERS.
R  INDICATES RECORD WAS SET OR TIED.
MM INDICATES DATA IS MISSING.
T  INDICATES TRACE AMOUNT.




$$
