000
CDUS43 KGRB 180724
CLIAUW


CLIMATE REPORT
NATIONAL WEATHER SERVICE GREEN BAY
123 AM CST WED JAN 18 2017


...................................

...THE WAUSAU WI CLIMATE SUMMARY FOR JANUARY 17 2017...

CLIMATE NORMAL PERIOD 1981 TO 2010
CLIMATE RECORD PERIOD 1896 TO 2017


WEATHER ITEM   OBSERVED TIME   RECORD YEAR NORMAL DEPARTURE LAST
                VALUE   (LST)  VALUE       VALUE  FROM      YEAR
                                                  NORMAL
..................................................................
TEMPERATURE (F)
 YESTERDAY
  MAXIMUM         36    431 PM  43    1986  23     13       -2
  MINIMUM         29   1117 PM -31    1982   6     23      -14
  AVERAGE         33                        14     19

PRECIPITATION (IN)
  YESTERDAY        0.20          0.85 1915   0.03   0.17     0.00
  MONTH TO DATE    1.67                      0.58   1.09     0.61
  SINCE DEC 1      4.33                      1.94   2.39     5.56
  SINCE JAN 1      1.67                      0.58   1.09     0.61

SNOWFALL (IN)
  YESTERDAY        0.0           6.6  1969   0.5   -0.5      0.0
  MONTH TO DATE   11.8                       7.4    4.4      3.6
  SINCE JUL 1     39.0                      29.6    9.4     13.2
  SNOW DEPTH      14

DEGREE DAYS
 HEATING
  YESTERDAY       32                        51    -19       73
  MONTH TO DATE  941                       861     80      848
  SINCE DEC 1   2358                      2288     70     1882
  SINCE JUL 1   3636                      4147   -511     3288

 COOLING
  YESTERDAY        0                         0      0        0
  MONTH TO DATE    0                         0      0        0
  SINCE DEC 1      0                         0      0        0
  SINCE JAN 1      0                         0      0        0
..................................................................


WIND (MPH)
  HIGHEST WIND SPEED     8   HIGHEST WIND DIRECTION    NE (50)
  HIGHEST GUST SPEED    11   HIGHEST GUST DIRECTION    NE (30)
  AVERAGE WIND SPEED     3.5


SKY COVER
  POSSIBLE SUNSHINE  MM
  AVERAGE SKY COVER 0.9


WEATHER CONDITIONS
 THE FOLLOWING WEATHER WAS RECORDED YESTERDAY.
  LIGHT RAIN
  FOG
  FOG W/VISIBILITY <= 1/4 MILE


RELATIVE HUMIDITY (PERCENT)
 HIGHEST   100           700 PM
 LOWEST     92          1200 AM
 AVERAGE    96

..........................................................


THE WAUSAU WI CLIMATE NORMALS FOR TODAY
                         NORMAL    RECORD    YEAR
 MAXIMUM TEMPERATURE (F)   23        46      1942
 MINIMUM TEMPERATURE (F)    6       -40      1948


SUNRISE AND SUNSET
JANUARY 18 2017.......SUNRISE   731 AM CST   SUNSET   448 PM CST
JANUARY 19 2017.......SUNRISE   730 AM CST   SUNSET   449 PM CST


-  INDICATES NEGATIVE NUMBERS.
R  INDICATES RECORD WAS SET OR TIED.
MM INDICATES DATA IS MISSING.
T  INDICATES TRACE AMOUNT.




$$
