000
CDUS42 KGSP 310634 RRA
CLIAVL

CLIMATE REPORT
NATIONAL WEATHER SERVICE GREENVILLE-SPARTANBURG SC
134 AM EST SAT JAN 31 2015


...................................

...THE ASHEVILLE NC CLIMATE SUMMARY FOR JANUARY 30 2015...

CLIMATE NORMAL PERIOD 1981 TO 2010
CLIMATE RECORD PERIOD 1869 TO 2015


WEATHER ITEM   OBSERVED TIME   RECORD YEAR NORMAL DEPARTURE LAST
                VALUE   (LST)  VALUE       VALUE  FROM      YEAR
                                                  NORMAL
..................................................................
TEMPERATURE (F)
 YESTERDAY
  MAXIMUM         45   1220 AM  76    2002  48     -3       38
  MINIMUM         29   1159 PM  -7    1966  27      2        1
  AVERAGE         37                        38     -1       20

PRECIPITATION (IN)
  YESTERDAY        T             2.76 2013   0.13  -0.13     0.00
  MONTH TO DATE    3.06                      3.55  -0.49     2.33
  SINCE DEC 1      5.46                      7.14  -1.68    10.00
  SINCE JAN 1      3.06                      3.55  -0.49     2.33

SNOWFALL (IN)
  YESTERDAY        T             4.1  1981   0.2             0.0
  MONTH TO DATE    T                         4.0             1.3
  SINCE DEC 1      T                         4.9             1.3
  SINCE JUL 1      3.2                       5.0             1.5
  SNOW DEPTH       0

DEGREE DAYS
 HEATING
  YESTERDAY       28                        27      1       45
  MONTH TO DATE  831                       837     -6     1028
  SINCE DEC 1   1470                      1631   -161     1725
  SINCE JUL 1   2385                      2498   -113     2608

 COOLING
  YESTERDAY        0                         0      0        0
  MONTH TO DATE    0                         0      0        0
  SINCE DEC 1      0                         0      0        0
  SINCE JAN 1      0                         0      0        0
..................................................................


WIND (MPH)
  HIGHEST WIND SPEED    37   HIGHEST WIND DIRECTION    NW (330)
  HIGHEST GUST SPEED    51   HIGHEST GUST DIRECTION    NW (330)
  AVERAGE WIND SPEED    19.0


SKY COVER
  POSSIBLE SUNSHINE  MM
  AVERAGE SKY COVER 0.5


WEATHER CONDITIONS
 THE FOLLOWING WEATHER WAS RECORDED YESTERDAY.
  LIGHT RAIN
  LIGHT SNOW


RELATIVE HUMIDITY (PERCENT)
 HIGHEST    78           700 AM
 LOWEST     37           400 PM
 AVERAGE    58

..........................................................


THE ASHEVILLE NC CLIMATE NORMALS FOR TODAY
                         NORMAL    RECORD    YEAR
 MAXIMUM TEMPERATURE (F)   49        78      1975
 MINIMUM TEMPERATURE (F)   27         1      1966


SUNRISE AND SUNSET
JANUARY 31 2015.......SUNRISE   731 AM EST   SUNSET   557 PM EST
FEBRUARY  1 2015......SUNRISE   730 AM EST   SUNSET   558 PM EST


-  INDICATES NEGATIVE NUMBERS.
R  INDICATES RECORD WAS SET OR TIED.
MM INDICATES DATA IS MISSING.
T  INDICATES TRACE AMOUNT.

$$
