000
CDUS42 KGSP 272137
CLIAVL

CLIMATE REPORT
NATIONAL WEATHER SERVICE GREENVILLE-SPARTANBURG SC
437 PM EST THU NOV 27 2014


...................................

...THE ASHEVILLE NC CLIMATE SUMMARY FOR NOVEMBER 27 2014...
VALID TODAY AS OF 0435 PM LOCAL TIME.

CLIMATE NORMAL PERIOD 1981 TO 2010
CLIMATE RECORD PERIOD 1869 TO 2014


WEATHER ITEM   OBSERVED TIME   RECORD YEAR NORMAL DEPARTURE LAST
                VALUE   (LST)  VALUE       VALUE  FROM      YEAR
                                                  NORMAL
..................................................................
TEMPERATURE (F)
 TODAY
  MAXIMUM         41   1232 PM  72    2001  55    -14       44
  MINIMUM         32    350 AM  11    1930  33     -1       23
  AVERAGE         37                        44     -7       34

PRECIPITATION (IN)
  TODAY            T             1.07 1988   0.13  -0.13     0.10
  MONTH TO DATE    3.83                      3.23   0.60     3.55
  SINCE SEP 1     13.73                      9.95   3.78     8.79
  SINCE JAN 1     44.51                     41.56   2.95    67.55

SNOWFALL (IN)
  TODAY            T             2.0  1912   0.0    0.0      0.2
  MONTH TO DATE    3.2                       0.1    3.1      0.2
  SINCE SEP 1      3.2                       0.1    3.1      0.2
  SINCE JUL 1      3.2                       0.1    3.1      0.2
  SNOW DEPTH       0

DEGREE DAYS
 HEATING
  TODAY           28                        21      7       31
  MONTH TO DATE  597                       466    131      544
  SINCE SEP 1    841                       799     42      790
  SINCE JUL 1    843                       801     42      795

 COOLING
  TODAY            0                         0      0        0
  MONTH TO DATE    0                         0      0        0
  SINCE SEP 1    167                       105     62      122
  SINCE JAN 1    919                       862     57      860
..................................................................


WIND (MPH)
  HIGHEST WIND SPEED    25   HIGHEST WIND DIRECTION    NW (330)
  HIGHEST GUST SPEED    34   HIGHEST GUST DIRECTION     N (340)
  AVERAGE WIND SPEED    11.7


SKY COVER
  POSSIBLE SUNSHINE  MM
  AVERAGE SKY COVER 0.7


WEATHER CONDITIONS
 THE FOLLOWING WEATHER WAS RECORDED TODAY.
  LIGHT RAIN
  LIGHT SNOW


RELATIVE HUMIDITY (PERCENT)
 HIGHEST    89          1200 AM
 LOWEST     59           100 PM
 AVERAGE    74

..........................................................


THE ASHEVILLE NC CLIMATE NORMALS FOR TOMORROW
                         NORMAL    RECORD    YEAR
 MAXIMUM TEMPERATURE (F)   54        72      1990
                                             1970
 MINIMUM TEMPERATURE (F)   33        12      1936


SUNRISE AND SUNSET
NOVEMBER 27 2014......SUNRISE   717 AM EST   SUNSET   518 PM EST
NOVEMBER 28 2014......SUNRISE   718 AM EST   SUNSET   518 PM EST


-  INDICATES NEGATIVE NUMBERS.
R  INDICATES RECORD WAS SET OR TIED.
MM INDICATES DATA IS MISSING.
T  INDICATES TRACE AMOUNT.

$$

OUTLAW
