000
CDUS42 KGSP 230631
CLIAVL

CLIMATE REPORT
NATIONAL WEATHER SERVICE GREENVILLE-SPARTANBURG SC
228 AM EDT SUN JUL 23 2017


...................................

...THE ASHEVILLE NC CLIMATE SUMMARY FOR JULY 22 2017...

CLIMATE NORMAL PERIOD 1981 TO 2010
CLIMATE RECORD PERIOD 1869 TO 2017


WEATHER ITEM   OBSERVED TIME   RECORD YEAR NORMAL DEPARTURE LAST
                VALUE   (LST)  VALUE       VALUE  FROM      YEAR
                                                  NORMAL
..................................................................
TEMPERATURE (F)
 YESTERDAY
  MAXIMUM         91    224 PM  96    1926  84      7       89
  MINIMUM         68    539 AM  52    1966  64      4       66
  AVERAGE         80                        74      6       78

PRECIPITATION (IN)
  YESTERDAY        0.00          1.66 1946   0.14  -0.14     0.01
  MONTH TO DATE    3.20                      3.07   0.13     3.71
  SINCE JUN 1      5.91                      7.72  -1.81     6.24
  SINCE JAN 1     28.93                     25.97   2.96    21.12

SNOWFALL (IN)
  YESTERDAY        0.0           0.0    MM   0.0             0.0
  MONTH TO DATE    0.0                       0.0             0.0
  SINCE JUN 1      0.0                       0.0             0.0
  SINCE JUL 1      0.0                       0.0             0.0
  SNOW DEPTH       0

DEGREE DAYS
 HEATING
  YESTERDAY        0                         0      0        0
  MONTH TO DATE    0                         0      0        0
  SINCE JUN 1      1                        14    -13        0
  SINCE JUL 1      0                         0      0        0

 COOLING
  YESTERDAY       15                         9      6       13
  MONTH TO DATE  243                       194     49      258
  SINCE JUN 1    425                       371     54      535
  SINCE JAN 1    524                       429     95      608
..................................................................


WIND (MPH)
  HIGHEST WIND SPEED    13   HIGHEST WIND DIRECTION     S (200)
  HIGHEST GUST SPEED    18   HIGHEST GUST DIRECTION    SW (220)
  AVERAGE WIND SPEED     3.1


SKY COVER
  POSSIBLE SUNSHINE  MM
  AVERAGE SKY COVER 0.0


WEATHER CONDITIONS
 THE FOLLOWING WEATHER WAS RECORDED YESTERDAY.
  THUNDERSTORM
  FOG


RELATIVE HUMIDITY (PERCENT)
 HIGHEST   100          1200 AM
 LOWEST     56           200 PM
 AVERAGE    78

..........................................................


THE ASHEVILLE NC CLIMATE NORMALS FOR TODAY
                         NORMAL    RECORD    YEAR
 MAXIMUM TEMPERATURE (F)   84        95      1983
                                             1952
                                             1934
 MINIMUM TEMPERATURE (F)   64        50      1966


SUNRISE AND SUNSET
JULY 23 2017..........SUNRISE   632 AM EDT   SUNSET   841 PM EDT
JULY 24 2017..........SUNRISE   633 AM EDT   SUNSET   840 PM EDT


-  INDICATES NEGATIVE NUMBERS.
R  INDICATES RECORD WAS SET OR TIED.
MM INDICATES DATA IS MISSING.
T  INDICATES TRACE AMOUNT.

$$
