000
CDUS42 KGSP 310752
CLIAVL

CLIMATE REPORT
NATIONAL WEATHER SERVICE GREENVILLE-SPARTANBURG SC
233 AM EDT FRI OCT 31 2014


...................................

...THE ASHEVILLE NC CLIMATE SUMMARY FOR OCTOBER 30 2014...

CLIMATE NORMAL PERIOD 1981 TO 2010
CLIMATE RECORD PERIOD 1869 TO 2014


WEATHER ITEM   OBSERVED TIME   RECORD YEAR NORMAL DEPARTURE LAST
                VALUE   (LST)  VALUE       VALUE  FROM      YEAR
                                                  NORMAL
..................................................................
TEMPERATURE (F)
 YESTERDAY
  MAXIMUM         63    401 PM  81    1946  64     -1       75
                                      1922
  MINIMUM         39    723 AM  20    1910  40     -1       50
  AVERAGE         51                        52     -1       63

PRECIPITATION (IN)
  YESTERDAY        0.00          1.82 1949   0.10  -0.10     0.00
  MONTH TO DATE    4.03                      2.82   1.21     2.16
  SINCE SEP 1      9.90                      6.63   3.27     5.21
  SINCE JAN 1     40.68                     38.24   2.44    63.97

SNOWFALL (IN)
  YESTERDAY        0.0           T    1954   0.0             0.0
  MONTH TO DATE    0.0                       0.0              T
  SINCE SEP 1      0.0                       0.0              T
  SINCE JUL 1      0.0                       0.0              T
  SNOW DEPTH       0

DEGREE DAYS
 HEATING
  YESTERDAY       14                        13      1        2
  MONTH TO DATE  208                       264    -56      217
  SINCE SEP 1    225                       319    -94      241
  SINCE JUL 1    227                       321    -94      246

 COOLING
  YESTERDAY        0                         0      0        0
  MONTH TO DATE   15                         7      8       17
  SINCE SEP 1    167                       102     65      122
  SINCE JAN 1    919                       859     60      860
..................................................................


WIND (MPH)
  HIGHEST WIND SPEED    13   HIGHEST WIND DIRECTION    NW (320)
  HIGHEST GUST SPEED    17   HIGHEST GUST DIRECTION    NW (320)
  AVERAGE WIND SPEED     6.6


SKY COVER
  POSSIBLE SUNSHINE  MM
  AVERAGE SKY COVER 0.0


WEATHER CONDITIONS
 THE FOLLOWING WEATHER WAS RECORDED YESTERDAY.
  NO SIGNIFICANT WEATHER WAS OBSERVED.


RELATIVE HUMIDITY (PERCENT)
 HIGHEST    79           700 AM
 LOWEST     30           200 PM
 AVERAGE    55

..........................................................


THE ASHEVILLE NC CLIMATE NORMALS FOR TODAY
                         NORMAL    RECORD    YEAR
 MAXIMUM TEMPERATURE (F)   64        79      2004
                                             1950
 MINIMUM TEMPERATURE (F)   40        23      1917


SUNRISE AND SUNSET
OCTOBER 31 2014.......SUNRISE   751 AM EDT   SUNSET   636 PM EDT
NOVEMBER  1 2014......SUNRISE   752 AM EDT   SUNSET   635 PM EDT


-  INDICATES NEGATIVE NUMBERS.
R  INDICATES RECORD WAS SET OR TIED.
MM INDICATES DATA IS MISSING.
T  INDICATES TRACE AMOUNT.

$$
