000
CDUS42 KGSP 212034
CLIAVL

CLIMATE REPORT
NATIONAL WEATHER SERVICE GREENVILLE-SPARTANBURG SC
431 PM EDT THU SEP 21 2017


...................................

...THE ASHEVILLE NC CLIMATE SUMMARY FOR SEPTEMBER 21 2017...
VALID TODAY AS OF 0430 PM LOCAL TIME.

CLIMATE NORMAL PERIOD 1981 TO 2010
CLIMATE RECORD PERIOD 1869 TO 2017


WEATHER ITEM   OBSERVED TIME   RECORD YEAR NORMAL DEPARTURE LAST
                VALUE   (LST)  VALUE       VALUE  FROM      YEAR
                                                  NORMAL
..................................................................
TEMPERATURE (F)
 TODAY
  MAXIMUM         85    122 PM  91    1931  75     10       84
  MINIMUM         58    644 AM  38    1897  54      4       59
  AVERAGE         72                        65      7       72

PRECIPITATION (IN)
  TODAY            T             1.94 1979   0.13  -0.13     0.03
  MONTH TO DATE    3.75                      2.75   1.00     0.05
  SINCE SEP 1      3.75                      2.75   1.00     0.05
  SINCE JAN 1     40.36                     34.36   6.00    28.50

SNOWFALL (IN)
  TODAY            0.0           0.0    MM   0.0    0.0      0.0
  MONTH TO DATE    0.0                       0.0    0.0      0.0
  SINCE SEP 1      0.0                       0.0    0.0      0.0
  SINCE JUL 1      0.0                       0.0    0.0      0.0
  SNOW DEPTH       0

DEGREE DAYS
 HEATING
  TODAY            0                         3     -3        0
  MONTH TO DATE   37                        20     17        0
  SINCE SEP 1     37                        20     17        0
  SINCE JUL 1     37                        22     15        0

 COOLING
  TODAY            7                         2      5        7
  MONTH TO DATE   53                        82    -29      168
  SINCE SEP 1     53                        82    -29      168
  SINCE JAN 1    919                       839     80     1251
..................................................................


WIND (MPH)
  HIGHEST WIND SPEED    14   HIGHEST WIND DIRECTION     N (340)
  HIGHEST GUST SPEED    19   HIGHEST GUST DIRECTION    NW (330)
  AVERAGE WIND SPEED     3.7


SKY COVER
  POSSIBLE SUNSHINE  MM
  AVERAGE SKY COVER 0.1


WEATHER CONDITIONS
 THE FOLLOWING WEATHER WAS RECORDED TODAY.
  THUNDERSTORM
  LIGHT RAIN


RELATIVE HUMIDITY (PERCENT)
 HIGHEST    97           200 AM
 LOWEST     46           100 PM
 AVERAGE    72

..........................................................


THE ASHEVILLE NC CLIMATE NORMALS FOR TOMORROW
                         NORMAL    RECORD    YEAR
 MAXIMUM TEMPERATURE (F)   75        91      1931
 MINIMUM TEMPERATURE (F)   54        35      1918


SUNRISE AND SUNSET
SEPTEMBER 21 2017.....SUNRISE   718 AM EDT   SUNSET   728 PM EDT
SEPTEMBER 22 2017.....SUNRISE   718 AM EDT   SUNSET   727 PM EDT


-  INDICATES NEGATIVE NUMBERS.
R  INDICATES RECORD WAS SET OR TIED.
MM INDICATES DATA IS MISSING.
T  INDICATES TRACE AMOUNT.




$$
