000
CDUS42 KGSP 192135
CLIAVL

CLIMATE REPORT
NATIONAL WEATHER SERVICE GREENVILLE-SPARTANBURG SC
432 PM EST SUN NOV 19 2017


...................................

...THE ASHEVILLE NC CLIMATE SUMMARY FOR NOVEMBER 19 2017...
VALID TODAY AS OF 400 PM LOCAL TIME.

CLIMATE NORMAL PERIOD 1981 TO 2010
CLIMATE RECORD PERIOD 1869 TO 2017


WEATHER ITEM   OBSERVED TIME   RECORD YEAR NORMAL DEPARTURE LAST
                VALUE   (LST)  VALUE       VALUE  FROM      YEAR
                                                  NORMAL
..................................................................
TEMPERATURE (F)
 TODAY
  MAXIMUM         61   1226 AM  75    1894  58      3       54
  MINIMUM         38    817 AM  13    1903  35      3       35
  AVERAGE         50                        46      4       45

PRECIPITATION (IN)
  TODAY            0.01          1.70 2003   0.13  -0.12     0.00
                                      1952
  MONTH TO DATE    1.59                      2.15  -0.56      T
  SINCE SEP 1     15.02                      8.87   6.15     1.10
  SINCE JAN 1     51.63                     40.48  11.15    29.55

SNOWFALL (IN)
  TODAY           MM             2.0  2000   0.0   MM        0.0
  MONTH TO DATE    0.0                       0.0    0.0      0.0
  SINCE SEP 1      T                         0.0    0.0      0.0
  SINCE JUL 1      T                         0.0    0.0      0.0
  SNOW DEPTH       0

DEGREE DAYS
 HEATING
  TODAY           15                        19     -4       20
  MONTH TO DATE  232                       305    -73      230
  SINCE SEP 1    501                       638   -137      376
  SINCE JUL 1    501                       640   -139      376

 COOLING
  TODAY            0                         0      0        0
  MONTH TO DATE    0                         0      0        2
  SINCE SEP 1    176                       105     71      234
  SINCE JAN 1   1042                       862    180     1317
..................................................................


WIND (MPH)
  HIGHEST WIND SPEED    32   HIGHEST WIND DIRECTION     N (340)
  HIGHEST GUST SPEED    42   HIGHEST GUST DIRECTION     N (340)
  AVERAGE WIND SPEED    19.1


SKY COVER
  POSSIBLE SUNSHINE  MM
  AVERAGE SKY COVER 0.3


WEATHER CONDITIONS
 THE FOLLOWING WEATHER WAS RECORDED TODAY.
  HEAVY RAIN
  FOG


RELATIVE HUMIDITY (PERCENT)
 HIGHEST    93          1200 AM
 LOWEST     49           200 PM
 AVERAGE    71

..........................................................


THE ASHEVILLE NC CLIMATE NORMALS FOR TOMORROW
                         NORMAL    RECORD    YEAR
 MAXIMUM TEMPERATURE (F)   57        76      1942
 MINIMUM TEMPERATURE (F)   35         9      1914


SUNRISE AND SUNSET
NOVEMBER 19 2017......SUNRISE   710 AM EST   SUNSET   521 PM EST
NOVEMBER 20 2017......SUNRISE   711 AM EST   SUNSET   521 PM EST


-  INDICATES NEGATIVE NUMBERS.
R  INDICATES RECORD WAS SET OR TIED.
MM INDICATES DATA IS MISSING.
T  INDICATES TRACE AMOUNT.




$$
