556
CDUS42 KGSP 282035
CLIAVL

CLIMATE REPORT
NATIONAL WEATHER SERVICE GREENVILLE-SPARTANBURG SC
432 PM EDT SUN MAY 28 2017


...................................

...THE ASHEVILLE NC CLIMATE SUMMARY FOR MAY 28 2017...VALID TODAY AS
OF 430 PM LOCAL TIME.

CLIMATE NORMAL PERIOD 1981 TO 2010
CLIMATE RECORD PERIOD 1869 TO 2017


WEATHER ITEM   OBSERVED TIME   RECORD YEAR NORMAL DEPARTURE LAST
                VALUE   (LST)  VALUE       VALUE  FROM      YEAR
                                                  NORMAL
..................................................................
TEMPERATURE (F)
 TODAY
  MAXIMUM         79    159 PM  91    1941  77      2       81
                                      1914
  MINIMUM         61    739 AM  35    1961  55      6       56
  AVERAGE         70                        66      4       69

PRECIPITATION (IN)
  TODAY            0.08          2.78 1976   0.13  -0.05     0.00
  MONTH TO DATE    7.00                      3.28   3.72     1.83
  SINCE MAR 1     18.57                     10.44   8.13     5.89
  SINCE JAN 1     22.99                     17.87   5.12    14.87

SNOWFALL (IN)
  TODAY            0.0           0.0    MM   0.0    0.0      0.0
  MONTH TO DATE    0.0                       0.0    0.0      0.0
  SINCE MAR 1      2.1                       2.6   -0.5       T
  SINCE JUL 1      9.4                       9.9   -0.5     13.9
  SNOW DEPTH       0

DEGREE DAYS
 HEATING
  TODAY            0                         2     -2        0
  MONTH TO DATE   70                       105    -35       93
  SINCE MAR 1    729                       960   -231      709
  SINCE JUL 1   3123                      4177  -1054     3456

 COOLING
  TODAY            5                         3      2        4
  MONTH TO DATE   56                        44     12       40
  SINCE MAR 1     84                        52     32       56
  SINCE JAN 1     84                        52     32       56
..................................................................


WIND (MPH)
  HIGHEST WIND SPEED    16   HIGHEST WIND DIRECTION     N (340)
  HIGHEST GUST SPEED    20   HIGHEST GUST DIRECTION     N (340)
  AVERAGE WIND SPEED     5.0


SKY COVER
  POSSIBLE SUNSHINE  MM
  AVERAGE SKY COVER 0.2


WEATHER CONDITIONS
 THE FOLLOWING WEATHER WAS RECORDED TODAY.
  THUNDERSTORM
  RAIN
  LIGHT RAIN


RELATIVE HUMIDITY (PERCENT)
 HIGHEST    90           100 AM
 LOWEST     54          1200 PM
 AVERAGE    72

..........................................................


THE ASHEVILLE NC CLIMATE NORMALS FOR TOMORROW
                         NORMAL    RECORD    YEAR
 MAXIMUM TEMPERATURE (F)   78        92      1941
 MINIMUM TEMPERATURE (F)   55        40      1894


SUNRISE AND SUNSET
MAY 28 2017...........SUNRISE   618 AM EDT   SUNSET   838 PM EDT
MAY 29 2017...........SUNRISE   617 AM EDT   SUNSET   838 PM EDT


-  INDICATES NEGATIVE NUMBERS.
R  INDICATES RECORD WAS SET OR TIED.
MM INDICATES DATA IS MISSING.
T  INDICATES TRACE AMOUNT.




$$
