000
CDUS42 KGSP 300631
CLIAVL

CLIMATE REPORT
NATIONAL WEATHER SERVICE GREENVILLE-SPARTANBURG SC
229 AM EDT TUE SEP 30 2014


...................................

...THE ASHEVILLE NC CLIMATE SUMMARY FOR SEPTEMBER 29 2014...

CLIMATE NORMAL PERIOD 1981 TO 2010
CLIMATE RECORD PERIOD 1869 TO 2014


WEATHER ITEM   OBSERVED TIME   RECORD YEAR NORMAL DEPARTURE LAST
                VALUE   (LST)  VALUE       VALUE  FROM      YEAR
                                                  NORMAL
..................................................................
TEMPERATURE (F)
 YESTERDAY
  MAXIMUM         68   1235 PM  87    1904  73     -5       71
  MINIMUM         60   1159 PM  35    1967  51      9       53
                                      1909
  AVERAGE         64                        62      2       62

PRECIPITATION (IN)
  YESTERDAY        0.06          4.40 1964   0.12  -0.06     0.00
  MONTH TO DATE    5.87                      3.69   2.18     3.05
  SINCE SEP 1      5.87                      3.69   2.18     3.05
  SINCE JAN 1     36.65                     35.30   1.35    61.81

SNOWFALL (IN)
  YESTERDAY        0.0           0.0    MM   0.0             0.0
  MONTH TO DATE    0.0                       0.0             0.0
  SINCE SEP 1      0.0                       0.0             0.0
  SINCE JUL 1      0.0                       0.0             0.0
  SNOW DEPTH       0

DEGREE DAYS
 HEATING
  YESTERDAY        1                         4     -3        3
  MONTH TO DATE   17                        48    -31       22
  SINCE SEP 1     17                        48    -31       22
  SINCE JUL 1     19                        50    -31       27

 COOLING
  YESTERDAY        0                         1     -1        0
  MONTH TO DATE  149                        94     55      105
  SINCE SEP 1    149                        94     55      105
  SINCE JAN 1    901                       851     50      843
..................................................................


WIND (MPH)
  HIGHEST WIND SPEED    15   HIGHEST WIND DIRECTION     N (340)
  HIGHEST GUST SPEED    19   HIGHEST GUST DIRECTION     N (340)
  AVERAGE WIND SPEED     2.1


SKY COVER
  POSSIBLE SUNSHINE  MM
  AVERAGE SKY COVER 1.0


WEATHER CONDITIONS
 THE FOLLOWING WEATHER WAS RECORDED YESTERDAY.
  LIGHT RAIN
  FOG
  FOG W/VISIBILITY <= 1/4 MILE


RELATIVE HUMIDITY (PERCENT)
 HIGHEST   100          1000 PM
 LOWEST     81           100 PM
 AVERAGE    91

..........................................................


THE ASHEVILLE NC CLIMATE NORMALS FOR TODAY
                         NORMAL    RECORD    YEAR
 MAXIMUM TEMPERATURE (F)   73        85      1981
                                             1941
                                             1897
 MINIMUM TEMPERATURE (F)   50        30      1967


SUNRISE AND SUNSET
SEPTEMBER 30 2014.....SUNRISE   724 AM EDT   SUNSET   715 PM EDT
OCTOBER  1 2014.......SUNRISE   725 AM EDT   SUNSET   714 PM EDT


-  INDICATES NEGATIVE NUMBERS.
R  INDICATES RECORD WAS SET OR TIED.
MM INDICATES DATA IS MISSING.
T  INDICATES TRACE AMOUNT.

$$

MOORE
