000
CDUS42 KGSP 202043
CLIAVL

CLIMATE REPORT
NATIONAL WEATHER SERVICE GREENVILLE-SPARTANBURG SC
443 PM EDT SUN APR 20 2014


...................................

...THE ASHEVILLE NC CLIMATE SUMMARY FOR APRIL 20 2014...
VALID TODAY AS OF 0440 PM LOCAL TIME.

CLIMATE NORMAL PERIOD 1981 TO 2010
CLIMATE RECORD PERIOD 1869 TO 2014


WEATHER ITEM   OBSERVED TIME   RECORD YEAR NORMAL DEPARTURE LAST
                VALUE   (LST)  VALUE       VALUE  FROM      YEAR
                                                  NORMAL
..................................................................
TEMPERATURE (F)
 TODAY
  MAXIMUM         70    331 PM  88    1896  69      1       58
  MINIMUM         41    625 AM  27    1988  44     -3       37
                                      1983
  AVERAGE         56                        56      0       48

PRECIPITATION (IN)
  TODAY            0.00          2.03 1992   0.11  -0.11     0.00
  MONTH TO DATE    4.14                      2.20   1.94     3.09
  SINCE MAR 1      6.44                      6.03   0.41     6.41
  SINCE JAN 1     11.79                     13.46  -1.67    18.55

SNOWFALL (IN)
  TODAY            0.0           3.0  1904   0.0    0.0      0.0
  MONTH TO DATE    0.0                       0.6   -0.6      0.0
  SINCE MAR 1      0.4                       2.5   -2.1      0.3
  SINCE JUL 1      9.8                       9.8    0.0      0.5
  SNOW DEPTH       0

DEGREE DAYS
 HEATING
  TODAY            9                         9      0       17
  MONTH TO DATE  222                       226     -4      178
  SINCE MAR 1    851                       781     70      888
  SINCE JUL 1   4170                      3998    172     3829

 COOLING
  TODAY            0                         0      0        0
  MONTH TO DATE    0                         0      0        5
  SINCE MAR 1      0                         1     -1        5
  SINCE JAN 1      0                         1     -1        5
..................................................................


WIND (MPH)
  HIGHEST WIND SPEED    13   HIGHEST WIND DIRECTION    NE (60)
  HIGHEST GUST SPEED    19   HIGHEST GUST DIRECTION    NE (60)
  AVERAGE WIND SPEED     3.1


SKY COVER
  POSSIBLE SUNSHINE  MM
  AVERAGE SKY COVER 0.0


WEATHER CONDITIONS
 THE FOLLOWING WEATHER WAS RECORDED TODAY.
  FOG


RELATIVE HUMIDITY (PERCENT)
 HIGHEST   100           200 AM
 LOWEST     22           300 PM
 AVERAGE    61

..........................................................


THE ASHEVILLE NC CLIMATE NORMALS FOR TOMORROW
                         NORMAL    RECORD    YEAR
 MAXIMUM TEMPERATURE (F)   69        86      1963
 MINIMUM TEMPERATURE (F)   44        26      1904


SUNRISE AND SUNSET
APRIL 20 2014.........SUNRISE   651 AM EDT   SUNSET   807 PM EDT
APRIL 21 2014.........SUNRISE   650 AM EDT   SUNSET   808 PM EDT


-  INDICATES NEGATIVE NUMBERS.
R  INDICATES RECORD WAS SET OR TIED.
MM INDICATES DATA IS MISSING.
T  INDICATES TRACE AMOUNT.

$$

OUTLAW
