000
CDUS42 KGSP 250628 RRA
CLIAVL

CLIMATE REPORT
NATIONAL WEATHER SERVICE GREENVILLE-SPARTANBURG SC
228 AM EDT WED MAY 25 2016


...................................

...THE ASHEVILLE NC CLIMATE SUMMARY FOR MAY 24 2016...

CLIMATE NORMAL PERIOD 1981 TO 2010
CLIMATE RECORD PERIOD 1869 TO 2016


WEATHER ITEM   OBSERVED TIME   RECORD YEAR NORMAL DEPARTURE LAST
                VALUE   (LST)  VALUE       VALUE  FROM      YEAR
                                                  NORMAL
..................................................................
TEMPERATURE (F)
 YESTERDAY
  MAXIMUM         80    442 PM  90    1939  77      3       77
                                      1903
  MINIMUM         48    558 AM  36    1931  54     -6       49
  AVERAGE         64                        65     -1       63

PRECIPITATION (IN)
  YESTERDAY        0.00          2.28 1959   0.11  -0.11     0.00
  MONTH TO DATE    1.55                      2.78  -1.23     0.20
  SINCE MAR 1      5.61                      9.94  -4.33     7.26
  SINCE JAN 1     14.59                     17.37  -2.78    13.10

SNOWFALL (IN)
  YESTERDAY        0.0           0.0    MM   0.0             0.0
  MONTH TO DATE    0.0                       0.0             0.0
  SINCE MAR 1      T                         2.6              T
  SINCE JUL 1     13.9                       9.9            13.3
  SNOW DEPTH       0

DEGREE DAYS
 HEATING
  YESTERDAY        1                         2     -1        2
  MONTH TO DATE   93                        97     -4       43
  SINCE MAR 1    709                       952   -243      674
  SINCE JUL 1   3456                      4169   -713     3983

 COOLING
  YESTERDAY        0                         2     -2        0
  MONTH TO DATE   25                        32     -7       66
  SINCE MAR 1     41                        40      1       85
  SINCE JAN 1     41                        40      1       85
..................................................................


WIND (MPH)
  HIGHEST WIND SPEED    13   HIGHEST WIND DIRECTION     N (360)
  HIGHEST GUST SPEED    17   HIGHEST GUST DIRECTION     N (350)
  AVERAGE WIND SPEED     2.5


SKY COVER
  POSSIBLE SUNSHINE  MM
  AVERAGE SKY COVER 0.1


WEATHER CONDITIONS
 THE FOLLOWING WEATHER WAS RECORDED YESTERDAY.
  FOG


RELATIVE HUMIDITY (PERCENT)
 HIGHEST    93           500 AM
 LOWEST     30           300 PM
 AVERAGE    62

..........................................................


THE ASHEVILLE NC CLIMATE NORMALS FOR TODAY
                         NORMAL    RECORD    YEAR
 MAXIMUM TEMPERATURE (F)   77        89      1896
 MINIMUM TEMPERATURE (F)   54        39      1925


SUNRISE AND SUNSET
MAY 25 2016...........SUNRISE   619 AM EDT   SUNSET   836 PM EDT
MAY 26 2016...........SUNRISE   619 AM EDT   SUNSET   836 PM EDT


-  INDICATES NEGATIVE NUMBERS.
R  INDICATES RECORD WAS SET OR TIED.
MM INDICATES DATA IS MISSING.
T  INDICATES TRACE AMOUNT.

$$
