000
CDUS41 KBGM 280547
CLIAVP


CLIMATE REPORT
NATIONAL WEATHER SERVICE BINGHAMTON NY
147 AM EDT MON JUL 28 2014


...................................

...THE AVOCA PA CLIMATE SUMMARY FOR JULY 27 2014...

CLIMATE NORMAL PERIOD 1981 TO 2010
CLIMATE RECORD PERIOD 1901 TO 2014


WEATHER ITEM   OBSERVED TIME   RECORD YEAR NORMAL DEPARTURE LAST
                VALUE   (LST)  VALUE       VALUE  FROM      YEAR
                                                  NORMAL
..................................................................
TEMPERATURE (F)
 YESTERDAY
  MAXIMUM         89    402 PM  94    1964  82      7       85
                                      1955
                                      1941
  MINIMUM         69   1139 PM  47    1977  61      8       56
                                      1920
  AVERAGE         79                        72      7       71

PRECIPITATION (IN)
  YESTERDAY        0.04          2.34 1934   0.12  -0.08     0.50
  MONTH TO DATE    2.30                      3.26  -0.96     1.69
  SINCE JUN 1      4.46                      7.29  -2.83     7.10
  SINCE JAN 1     17.17                     21.09  -3.92    16.87

SNOWFALL (IN)
  YESTERDAY        0.0           0.0  1995   0.0    0.0      0.0
  MONTH TO DATE    0.0                       0.0    0.0      0.0
  SINCE JUN 1      0.0                       0.0    0.0      0.0
  SINCE JUL 1      0.0                       0.0    0.0      0.0

DEGREE DAYS
 HEATING
  YESTERDAY        0                         0      0        0
  MONTH TO DATE    0                         0      0        1
  SINCE JUN 1     11                        54    -43       22
  SINCE JUL 1      0                         0      0        1

 COOLING
  YESTERDAY       14                         7      7        6
  MONTH TO DATE  225                       184     41      314
  SINCE JUN 1    384                       301     83      450
  SINCE JAN 1    425                       338     87      514
..................................................................


WIND (MPH)
  HIGHEST WIND SPEED    15   HIGHEST WIND DIRECTION     W (260)
  HIGHEST GUST SPEED    21   HIGHEST GUST DIRECTION     W (250)
  AVERAGE WIND SPEED     6.3


SKY COVER
  AVERAGE SKY COVER 0.4



RELATIVE HUMIDITY (PERCENT)
 HIGHEST    78           500 AM
 LOWEST     38           300 PM
 AVERAGE    58

..........................................................


THE AVOCA PA CLIMATE NORMALS FOR TODAY
                         NORMAL    RECORD    YEAR
 MAXIMUM TEMPERATURE (F)   82        95      1931
 MINIMUM TEMPERATURE (F)   61        44      1903


SUNRISE AND SUNSET
JULY 28 2014..........SUNRISE   554 AM EDT   SUNSET   824 PM EDT
JULY 29 2014..........SUNRISE   555 AM EDT   SUNSET   823 PM EDT


-  INDICATES NEGATIVE NUMBERS.
R  INDICATES RECORD WAS SET OR TIED.
MM INDICATES DATA IS MISSING.
T  INDICATES TRACE AMOUNT.




$$
