000
CDUS41 KBGM 210545
CLIAVP


CLIMATE REPORT
NATIONAL WEATHER SERVICE BINGHAMTON NY
1245 AM EST TUE FEB 21 2017


...................................

...THE AVOCA PA CLIMATE SUMMARY FOR FEBRUARY 20 2017...

CLIMATE NORMAL PERIOD 1981 TO 2010
CLIMATE RECORD PERIOD 1901 TO 2017


WEATHER ITEM   OBSERVED TIME   RECORD YEAR NORMAL DEPARTURE LAST
                VALUE   (LST)  VALUE       VALUE  FROM      YEAR
                                                  NORMAL
..................................................................
TEMPERATURE (F)
 YESTERDAY
  MAXIMUM         50    323 PM  65    1930  38     12       62
  MINIMUM         30   1052 PM  -6    2015  22      8       34
  AVERAGE         40                        30     10       48

PRECIPITATION (IN)
  YESTERDAY        0.00          1.46 1921   0.07  -0.07     0.00
  MONTH TO DATE    1.49                      1.47   0.02     2.38
  SINCE DEC 1      6.80                      6.52   0.28     6.72
  SINCE JAN 1      4.74                      3.84   0.90     4.17

SNOWFALL (IN)
  YESTERDAY        0.0           8.8  1977   0.3   -0.3      0.0
  MONTH TO DATE    8.2                       6.6    1.6      6.6
  SINCE DEC 1     19.0                      28.2   -9.2     11.9
  SINCE JUL 1     24.7                      31.2   -6.5     11.9

DEGREE DAYS
 HEATING
  YESTERDAY       25                        35    -10       17
  MONTH TO DATE  616                       741   -125      675
  SINCE DEC 1   2597                      3019   -422     2438
  SINCE JUL 1   3615                      4332   -717     3346

 COOLING
  YESTERDAY        0                         0      0        0
  MONTH TO DATE    0                         0      0        0
  SINCE DEC 1      0                         0      0        0
  SINCE JAN 1      0                         0      0        0
..................................................................


WIND (MPH)
  HIGHEST WIND SPEED    20   HIGHEST WIND DIRECTION     N (360)
  HIGHEST GUST SPEED    25   HIGHEST GUST DIRECTION     N (340)
  AVERAGE WIND SPEED     8.3


SKY COVER
  AVERAGE SKY COVER 0.1



RELATIVE HUMIDITY (PERCENT)
 HIGHEST    76           600 AM
 LOWEST     25           500 PM
 AVERAGE    51

..........................................................


THE AVOCA PA CLIMATE NORMALS FOR TODAY
                         NORMAL    RECORD    YEAR
 MAXIMUM TEMPERATURE (F)   38        67      1953
 MINIMUM TEMPERATURE (F)   22         0      2015
                                             1972
                                             1916


SUNRISE AND SUNSET
FEBRUARY 21 2017......SUNRISE   649 AM EST   SUNSET   545 PM EST
FEBRUARY 22 2017......SUNRISE   648 AM EST   SUNSET   546 PM EST


-  INDICATES NEGATIVE NUMBERS.
R  INDICATES RECORD WAS SET OR TIED.
MM INDICATES DATA IS MISSING.
T  INDICATES TRACE AMOUNT.




$$
