000
CDUS41 KBGM 160528
CLIAVP


CLIMATE REPORT
NATIONAL WEATHER SERVICE BINGHAMTON NY
1226 AM EST TUE JAN 16 2018


...................................

...THE AVOCA PA CLIMATE SUMMARY FOR JANUARY 15 2018...

CLIMATE NORMAL PERIOD 1981 TO 2010
CLIMATE RECORD PERIOD 1901 TO 2018


WEATHER ITEM   OBSERVED TIME   RECORD YEAR NORMAL DEPARTURE LAST
                VALUE   (LST)  VALUE       VALUE  FROM      YEAR
                                                  NORMAL
..................................................................
TEMPERATURE (F)
 YESTERDAY
  MAXIMUM         26    500 PM  66    1937  33     -7       31
  MINIMUM          8    726 AM -10    1957  18    -10       18
  AVERAGE         17                        26     -9       25

PRECIPITATION (IN)
  YESTERDAY        T             1.52 1918   0.07  -0.07     0.00
  MONTH TO DATE    1.38                      1.10   0.28     1.21
  SINCE DEC 1      3.06                      3.78  -0.72     3.27
  SINCE JAN 1      1.38                      1.10   0.28     1.21

SNOWFALL (IN)
  YESTERDAY        T             5.4  1983   0.5   -0.5      0.0
  MONTH TO DATE    3.4                       7.0   -3.6      1.9
  SINCE DEC 1     10.5                      14.4   -3.9      8.8
  SINCE JUL 1     10.6                      17.4   -6.8     14.5

DEGREE DAYS
 HEATING
  YESTERDAY       48                        39      9       40
  MONTH TO DATE  671                       584     87      529
  SINCE DEC 1   1782                      1649    133     1523
  SINCE JUL 1   2822                      2962   -140     2541

 COOLING
  YESTERDAY        0                         0      0        0
  MONTH TO DATE    0                         0      0        0
  SINCE DEC 1      0                         0      0        0
  SINCE JAN 1      0                         0      0        0
..................................................................


WIND (MPH)
  HIGHEST WIND SPEED    12   HIGHEST WIND DIRECTION    SE (130)
  HIGHEST GUST SPEED    19   HIGHEST GUST DIRECTION    SE (140)
  AVERAGE WIND SPEED     4.0


SKY COVER
  AVERAGE SKY COVER 0.7



RELATIVE HUMIDITY (PERCENT)
 HIGHEST    80          1200 AM
 LOWEST     60           100 PM
 AVERAGE    70

..........................................................


THE AVOCA PA CLIMATE NORMALS FOR TODAY
                         NORMAL    RECORD    YEAR
 MAXIMUM TEMPERATURE (F)   33        62      1995
 MINIMUM TEMPERATURE (F)   18        -4      2004
                                             1994


SUNRISE AND SUNSET
JANUARY 16 2018.......SUNRISE   726 AM EST   SUNSET   500 PM EST
JANUARY 17 2018.......SUNRISE   726 AM EST   SUNSET   501 PM EST


-  INDICATES NEGATIVE NUMBERS.
R  INDICATES RECORD WAS SET OR TIED.
MM INDICATES DATA IS MISSING.
T  INDICATES TRACE AMOUNT.

$$
