000
CDUS41 KBGM 230611
CLIAVP


CLIMATE REPORT
NATIONAL WEATHER SERVICE BINGHAMTON NY
211 AM EDT SUN APR 23 2017


...................................

...THE AVOCA PA CLIMATE SUMMARY FOR APRIL 22 2017...

CLIMATE NORMAL PERIOD 1981 TO 2010
CLIMATE RECORD PERIOD 1901 TO 2017


WEATHER ITEM   OBSERVED TIME   RECORD YEAR NORMAL DEPARTURE LAST
                VALUE   (LST)  VALUE       VALUE  FROM      YEAR
                                                  NORMAL
..................................................................
TEMPERATURE (F)
 YESTERDAY
  MAXIMUM         55   1225 AM  87    1902  62     -7       75
  MINIMUM         40   1152 PM  25    1904  41     -1       57
  AVERAGE         48                        51     -3       66

PRECIPITATION (IN)
  YESTERDAY        T             1.27 2012   0.11  -0.11      T
  MONTH TO DATE    2.90                      2.43   0.47     2.13
  SINCE MAR 1      8.35                      4.98   3.37     3.91
  SINCE JAN 1     14.58                      9.38   5.20     9.71

SNOWFALL (IN)
  YESTERDAY       MM             2.4  1986   0.0   MM        0.0
  MONTH TO DATE    0.1                       2.6   -2.5      2.2
  SINCE MAR 1     30.7                      11.6   19.1      3.5
  SINCE JUL 1     55.5                      45.5   10.0     15.5

DEGREE DAYS
 HEATING
  YESTERDAY       17                        14      3        0
  MONTH TO DATE  250                       396   -146      403
  SINCE MAR 1   1185                      1267    -82     1034
  SINCE JUL 1   4940                      5873   -933     4604

 COOLING
  YESTERDAY        0                         0      0        1
  MONTH TO DATE   10                         0     10        1
  SINCE MAR 1     10                         0     10        1
  SINCE JAN 1     10                         0     10        1
..................................................................


WIND (MPH)
  HIGHEST WIND SPEED    18   HIGHEST WIND DIRECTION     N (360)
  HIGHEST GUST SPEED    23   HIGHEST GUST DIRECTION     N (360)
  AVERAGE WIND SPEED     9.9


SKY COVER
  AVERAGE SKY COVER 0.9



RELATIVE HUMIDITY (PERCENT)
 HIGHEST    71           700 AM
 LOWEST     56           600 PM
 AVERAGE    64

..........................................................


THE AVOCA PA CLIMATE NORMALS FOR TODAY
                         NORMAL    RECORD    YEAR
 MAXIMUM TEMPERATURE (F)   62        86      2001
 MINIMUM TEMPERATURE (F)   41        24      1930


SUNRISE AND SUNSET
APRIL 23 2017.........SUNRISE   611 AM EDT   SUNSET   752 PM EDT
APRIL 24 2017.........SUNRISE   610 AM EDT   SUNSET   753 PM EDT


-  INDICATES NEGATIVE NUMBERS.
R  INDICATES RECORD WAS SET OR TIED.
MM INDICATES DATA IS MISSING.
T  INDICATES TRACE AMOUNT.




$$
