000
CDUS41 KBGM 030531
CLIAVP


CLIMATE REPORT
NATIONAL WEATHER SERVICE BINGHAMTON NY
1230 AM EST SAT DEC 3 2016


...................................

...THE AVOCA PA CLIMATE SUMMARY FOR DECEMBER 2 2016...

CLIMATE NORMAL PERIOD 1981 TO 2010
CLIMATE RECORD PERIOD 1901 TO 2016


WEATHER ITEM   OBSERVED TIME   RECORD YEAR NORMAL DEPARTURE LAST
                VALUE   (LST)  VALUE       VALUE  FROM      YEAR
                                                  NORMAL
..................................................................
TEMPERATURE (F)
 YESTERDAY
  MAXIMUM         47    212 PM  69    1914  42      5       53
  MINIMUM         36    719 AM   6    1976  28      8       46
  AVERAGE         42                        35      7       50

PRECIPITATION (IN)
  YESTERDAY        0.01          0.97 1936   0.10  -0.09     0.42
  MONTH TO DATE    0.22                      0.20   0.02     0.57
  SINCE DEC 1      0.22                      0.20   0.02     0.57
  SINCE JAN 1     29.46                     35.78  -6.32    29.20

SNOWFALL (IN)
  YESTERDAY        0.0           2.5  2007   0.2   -0.2      0.0
  MONTH TO DATE    0.0                       0.3   -0.3      0.0
  SINCE DEC 1      0.0                       0.3   -0.3      0.0
  SINCE JUL 1      5.7                       3.3    2.4       T

DEGREE DAYS
 HEATING
  YESTERDAY       23                        30     -7       15
  MONTH TO DATE   42                        59    -17       36
  SINCE DEC 1     42                        59    -17       36
  SINCE JUL 1   1060                      1372   -312      944

 COOLING
  YESTERDAY        0                         0      0        0
  MONTH TO DATE    0                         0      0        0
  SINCE DEC 1      0                         0      0        0
  SINCE JAN 1    998                       580    418      929
..................................................................


WIND (MPH)
  HIGHEST WIND SPEED    23   HIGHEST WIND DIRECTION     W (260)
  HIGHEST GUST SPEED    29   HIGHEST GUST DIRECTION     W (250)
  AVERAGE WIND SPEED    11.5


SKY COVER
  AVERAGE SKY COVER 0.9



RELATIVE HUMIDITY (PERCENT)
 HIGHEST    76           800 AM
 LOWEST     53           200 PM
 AVERAGE    65

..........................................................


THE AVOCA PA CLIMATE NORMALS FOR TODAY
                         NORMAL    RECORD    YEAR
 MAXIMUM TEMPERATURE (F)   42        65      1998
 MINIMUM TEMPERATURE (F)   28         3      1976


SUNRISE AND SUNSET
DECEMBER  3 2016......SUNRISE   712 AM EST   SUNSET   434 PM EST
DECEMBER  4 2016......SUNRISE   713 AM EST   SUNSET   434 PM EST


-  INDICATES NEGATIVE NUMBERS.
R  INDICATES RECORD WAS SET OR TIED.
MM INDICATES DATA IS MISSING.
T  INDICATES TRACE AMOUNT.




$$
