000
CDUS41 KBGM 260525
CLIAVP


CLIMATE REPORT
NATIONAL WEATHER SERVICE BINGHAMTON NY
118 AM EDT WED JUL 26 2017


...................................

...THE AVOCA PA CLIMATE SUMMARY FOR JULY 25 2017...

CLIMATE NORMAL PERIOD 1981 TO 2010
CLIMATE RECORD PERIOD 1901 TO 2017


WEATHER ITEM   OBSERVED TIME   RECORD YEAR NORMAL DEPARTURE LAST
                VALUE   (LST)  VALUE       VALUE  FROM      YEAR
                                                  NORMAL
..................................................................
TEMPERATURE (F)
 YESTERDAY
  MAXIMUM         73    411 PM  96    1941  82     -9       93
  MINIMUM         63    712 AM  48    1903  61      2       69
  AVERAGE         68                        72     -4       81

PRECIPITATION (IN)
  YESTERDAY        0.17          1.96 1914   0.13   0.04     0.51
  MONTH TO DATE    5.81                      3.01   2.80     1.42
  SINCE JUN 1      9.69                      7.04   2.65     3.01
  SINCE JAN 1     28.02                     20.84   7.18    15.83

SNOWFALL (IN)
  YESTERDAY        0.0           0.0  1995   0.0    0.0      0.0
  MONTH TO DATE    0.0                       0.0    0.0      0.0
  SINCE JUN 1      0.0                       0.0    0.0      0.0
  SINCE JUL 1      0.0                       0.0    0.0      0.0

DEGREE DAYS
 HEATING
  YESTERDAY        0                         0      0        0
  MONTH TO DATE    0                         0      0        0
  SINCE JUN 1     43                        54    -11       24
  SINCE JUL 1      0                         0      0        0

 COOLING
  YESTERDAY        3                         7     -4       16
  MONTH TO DATE  234                       170     64      272
  SINCE JUN 1    391                       287    104      415
  SINCE JAN 1    443                       324    119      487
..................................................................


WIND (MPH)
  HIGHEST WIND SPEED    14   HIGHEST WIND DIRECTION    NW (330)
  HIGHEST GUST SPEED    17   HIGHEST GUST DIRECTION    NW (320)
  AVERAGE WIND SPEED     3.5


SKY COVER
  AVERAGE SKY COVER 1.0



RELATIVE HUMIDITY (PERCENT)
 HIGHEST    93           400 AM
 LOWEST     68           400 PM
 AVERAGE    81

..........................................................


THE AVOCA PA CLIMATE NORMALS FOR TODAY
                         NORMAL    RECORD    YEAR
 MAXIMUM TEMPERATURE (F)   82        94      2005
                                             1949
                                             1940
 MINIMUM TEMPERATURE (F)   61        47      1976
                                             1920


SUNRISE AND SUNSET
JULY 26 2017..........SUNRISE   553 AM EDT   SUNSET   826 PM EDT
JULY 27 2017..........SUNRISE   554 AM EDT   SUNSET   825 PM EDT


-  INDICATES NEGATIVE NUMBERS.
R  INDICATES RECORD WAS SET OR TIED.
MM INDICATES DATA IS MISSING.
T  INDICATES TRACE AMOUNT.

$$
