000
CDUS43 KGRR 270536
CLIAZO


CLIMATE REPORT
NATIONAL WEATHER SERVICE GRAND RAPIDS, MI
136 AM EDT FRI MAY 27 2016


...................................

...THE KALAMAZOO MI CLIMATE SUMMARY FOR MAY 26 2016...

CLIMATE NORMAL PERIOD 1981 TO 2010
CLIMATE RECORD PERIOD 1998 TO 2016


WEATHER ITEM   OBSERVED TIME   NORMAL DEPARTURE LAST
                VALUE   (LST)  VALUE  FROM      YEAR
                                      NORMAL
......................................................
TEMPERATURE (F)
 YESTERDAY
  MAXIMUM         85    500 PM  73     12       84
  MINIMUM         64    419 AM  51     13       66
  AVERAGE         75            62     13       75

PRECIPITATION (IN)
  YESTERDAY        0.25          0.11   0.14     0.85
  MONTH TO DATE    3.28          3.27   0.01     3.54
  SINCE MAR 1      9.37          8.60   0.77     5.90
  SINCE JAN 1     10.93         11.84  -0.91     7.43

DEGREE DAYS
 HEATING
  YESTERDAY        0             5     -5        0
  MONTH TO DATE  229           203     26      131
  SINCE MAR 1   1439          1573   -134     1546
  SINCE JUL 1   5487          6346   -859     6832

 COOLING
  YESTERDAY       10             2      8       10
  MONTH TO DATE   21            26     -5       56
  SINCE MAR 1     23            30     -7       56
  SINCE JAN 1     23            30     -7       56
......................................................


WIND (MPH)
  RESULTANT WIND SPEED   8   RESULTANT WIND DIRECTION   S (200)
  HIGHEST WIND SPEED    18   HIGHEST WIND DIRECTION    NW (310)
  HIGHEST GUST SPEED    24   HIGHEST GUST DIRECTION    NW (310)
  AVERAGE WIND SPEED     8.1


SKY COVER
  AVERAGE SKY COVER 0.2


WEATHER CONDITIONS
 THE FOLLOWING WEATHER WAS RECORDED YESTERDAY.
  THUNDERSTORM
  HEAVY RAIN
  RAIN
  LIGHT RAIN
  FOG
  HAZE


RELATIVE HUMIDITY (PERCENT)
 HIGHEST    93           500 AM
 LOWEST     40           500 PM
 AVERAGE    67

..........................................................


THE KALAMAZOO MI CLIMATE NORMALS FOR TODAY
                         NORMAL
 MAXIMUM TEMPERATURE (F)   73
 MINIMUM TEMPERATURE (F)   51


SUNRISE AND SUNSET
MAY 27 2016...........SUNRISE   611 AM EDT   SUNSET   908 PM EDT
MAY 28 2016...........SUNRISE   610 AM EDT   SUNSET   909 PM EDT


-  INDICATES NEGATIVE NUMBERS.
R  INDICATES RECORD WAS SET OR TIED.
MM INDICATES DATA IS MISSING.
T  INDICATES TRACE AMOUNT.




$$
