000
CDUS43 KGRR 220529
CLIAZO


CLIMATE REPORT
NATIONAL WEATHER SERVICE GRAND RAPIDS, MI
1229 AM EST WED NOV 22 2017


...................................

...THE KALAMAZOO MI CLIMATE SUMMARY FOR NOVEMBER 21 2017...

CLIMATE NORMAL PERIOD 1981 TO 2010
CLIMATE RECORD PERIOD 1998 TO 2017


WEATHER ITEM   OBSERVED TIME   NORMAL DEPARTURE LAST
                VALUE   (LST)  VALUE  FROM      YEAR
                                      NORMAL
......................................................
TEMPERATURE (F)
 YESTERDAY
  MAXIMUM         49   1201 PM  45      4       40
  MINIMUM         33   1159 PM  32      1       26
  AVERAGE         41            38      3       33

PRECIPITATION (IN)
  YESTERDAY        0.05          0.09  -0.04     0.00
  MONTH TO DATE    3.30          2.20   1.10     0.82
  SINCE SEP 1     17.52          9.35   8.17     7.51
  SINCE JAN 1     38.55         32.94   5.61    35.22

DEGREE DAYS
 HEATING
  YESTERDAY       24            27     -3       32
  MONTH TO DATE  544           475     69      354
  SINCE SEP 1    924          1051   -127      675
  SINCE JUL 1    942          1067   -125      676

 COOLING
  YESTERDAY        0             0      0        0
  MONTH TO DATE    0             0      0        0
  SINCE SEP 1    152            64     88      118
  SINCE JAN 1    768           675     93      912
......................................................


WIND (MPH)
  RESULTANT WIND SPEED  11   RESULTANT WIND DIRECTION  SW (240)
  HIGHEST WIND SPEED    23   HIGHEST WIND DIRECTION     W (290)
  HIGHEST GUST SPEED    30   HIGHEST GUST DIRECTION     W (260)
  AVERAGE WIND SPEED    14.6


SKY COVER
  AVERAGE SKY COVER 0.5


WEATHER CONDITIONS
 THE FOLLOWING WEATHER WAS RECORDED YESTERDAY.
  LIGHT RAIN


RELATIVE HUMIDITY (PERCENT)
 HIGHEST    85           200 PM
 LOWEST     49          1200 AM
 AVERAGE    67

..........................................................


THE KALAMAZOO MI CLIMATE NORMALS FOR TODAY
                         NORMAL
 MAXIMUM TEMPERATURE (F)   44
 MINIMUM TEMPERATURE (F)   31


SUNRISE AND SUNSET
NOVEMBER 22 2017......SUNRISE   741 AM EST   SUNSET   515 PM EST
NOVEMBER 23 2017......SUNRISE   743 AM EST   SUNSET   514 PM EST


-  INDICATES NEGATIVE NUMBERS.
R  INDICATES RECORD WAS SET OR TIED.
MM INDICATES DATA IS MISSING.
T  INDICATES TRACE AMOUNT.




$$
