000
CDUS43 KGRR 290521
CLIAZO


CLIMATE REPORT
NATIONAL WEATHER SERVICE GRAND RAPIDS, MI
121 AM EDT FRI APR 29 2016


...................................

...THE KALAMAZOO MI CLIMATE SUMMARY FOR APRIL 28 2016...

CLIMATE NORMAL PERIOD 1981 TO 2010
CLIMATE RECORD PERIOD 1998 TO 2016


WEATHER ITEM   OBSERVED TIME   NORMAL DEPARTURE LAST
                VALUE   (LST)  VALUE  FROM      YEAR
                                      NORMAL
......................................................
TEMPERATURE (F)
 YESTERDAY
  MAXIMUM         52   1258 AM  65    -13       64
  MINIMUM         41   1028 AM  42     -1       33
  AVERAGE         47            54     -7       49

PRECIPITATION (IN)
  YESTERDAY        0.01          0.13  -0.12     0.00
  MONTH TO DATE    2.66          2.79  -0.13     2.03
  SINCE MAR 1      5.62          5.04   0.58     2.36
  SINCE JAN 1      7.18          8.28  -1.10     3.89

DEGREE DAYS
 HEATING
  YESTERDAY       18            12      6       16
  MONTH TO DATE  477           463     14      415
  SINCE MAR 1   1179          1347   -168     1384
  SINCE JUL 1   5227          6120   -893     6670

 COOLING
  YESTERDAY        0             0      0        0
  MONTH TO DATE    2             0      2        0
  SINCE MAR 1      2             0      2        0
  SINCE JAN 1      2             0      2        0
......................................................


WIND (MPH)
  RESULTANT WIND SPEED   7   RESULTANT WIND DIRECTION   E (90)
  HIGHEST WIND SPEED    16   HIGHEST WIND DIRECTION     E (100)
  HIGHEST GUST SPEED    24   HIGHEST GUST DIRECTION     E (90)
  AVERAGE WIND SPEED     7.9


SKY COVER
  AVERAGE SKY COVER 1.0


WEATHER CONDITIONS
 THE FOLLOWING WEATHER WAS RECORDED YESTERDAY.
  LIGHT RAIN


RELATIVE HUMIDITY (PERCENT)
 HIGHEST    76          1200 PM
 LOWEST     41           100 AM
 AVERAGE    59

..........................................................


THE KALAMAZOO MI CLIMATE NORMALS FOR TODAY
                         NORMAL
 MAXIMUM TEMPERATURE (F)   65
 MINIMUM TEMPERATURE (F)   43


SUNRISE AND SUNSET
APRIL 29 2016.........SUNRISE   640 AM EDT   SUNSET   840 PM EDT
APRIL 30 2016.........SUNRISE   638 AM EDT   SUNSET   841 PM EDT


-  INDICATES NEGATIVE NUMBERS.
R  INDICATES RECORD WAS SET OR TIED.
MM INDICATES DATA IS MISSING.
T  INDICATES TRACE AMOUNT.




$$
