000
CDUS43 KGRR 260517
CLIAZO


CLIMATE REPORT
NATIONAL WEATHER SERVICE GRAND RAPIDS, MI
1217 AM EST SUN FEB 26 2017


...................................

...THE KALAMAZOO MI CLIMATE SUMMARY FOR FEBRUARY 25 2017...

CLIMATE NORMAL PERIOD 1981 TO 2010
CLIMATE RECORD PERIOD 1998 TO 2017


WEATHER ITEM   OBSERVED TIME   NORMAL DEPARTURE LAST
                VALUE   (LST)  VALUE  FROM      YEAR
                                      NORMAL
......................................................
TEMPERATURE (F)
 YESTERDAY
  MAXIMUM         39   1244 AM  37      2       35
  MINIMUM         22    846 PM  22      0       26
  AVERAGE         31            29      2       31

PRECIPITATION (IN)
  YESTERDAY        0.02          0.06  -0.04      T
  MONTH TO DATE    1.22          1.27  -0.05     0.46
  SINCE DEC 1      4.96          5.04  -0.08     4.53
  SINCE JAN 1      3.91          3.06   0.85     1.34

DEGREE DAYS
 HEATING
  YESTERDAY       34            36     -2       34
  MONTH TO DATE  709           961   -252      918
  SINCE DEC 1   2925          3342   -417     2872
  SINCE JUL 1   3825          4669   -844     3937

 COOLING
  YESTERDAY        0             0      0        0
  MONTH TO DATE    0             0      0        0
  SINCE DEC 1      0             0      0        0
  SINCE JAN 1      0             0      0        0
......................................................


WIND (MPH)
  RESULTANT WIND SPEED  13   RESULTANT WIND DIRECTION   W (270)
  HIGHEST WIND SPEED    26   HIGHEST WIND DIRECTION     W (290)
  HIGHEST GUST SPEED    32   HIGHEST GUST DIRECTION     W (280)
  AVERAGE WIND SPEED    12.3


SKY COVER
  AVERAGE SKY COVER 1.0


WEATHER CONDITIONS
 THE FOLLOWING WEATHER WAS RECORDED YESTERDAY.
  LIGHT RAIN
  HEAVY SNOW
  SNOW
  LIGHT SNOW
  FOG
  FOG W/VISIBILITY <= 1/4 MILE
  HAZE


RELATIVE HUMIDITY (PERCENT)
 HIGHEST    85           600 AM
 LOWEST     68           100 PM
 AVERAGE    77

..........................................................


THE KALAMAZOO MI CLIMATE NORMALS FOR TODAY
                         NORMAL
 MAXIMUM TEMPERATURE (F)   37
 MINIMUM TEMPERATURE (F)   22


SUNRISE AND SUNSET
FEBRUARY 26 2017......SUNRISE   722 AM EST   SUNSET   629 PM EST
FEBRUARY 27 2017......SUNRISE   720 AM EST   SUNSET   630 PM EST


-  INDICATES NEGATIVE NUMBERS.
R  INDICATES RECORD WAS SET OR TIED.
MM INDICATES DATA IS MISSING.
T  INDICATES TRACE AMOUNT.




$$
