000
CDUS43 KGRR 172125
CLIAZO


CLIMATE REPORT
NATIONAL WEATHER SERVICE GRAND RAPIDS, MI
524 PM EDT WED SEP 17 2014


...................................

...THE KALAMAZOO MI CLIMATE SUMMARY FOR SEPTEMBER 17 2014...
VALID TODAY AS OF 0500 PM LOCAL TIME.

CLIMATE NORMAL PERIOD 1981 TO 2010
CLIMATE RECORD PERIOD 1998 TO 2014


WEATHER ITEM   OBSERVED TIME   RECORD YEAR NORMAL DEPARTURE LAST
                VALUE   (LST)  VALUE       VALUE  FROM      YEAR
                                                  NORMAL
..................................................................
TEMPERATURE (F)
 TODAY
  MAXIMUM         68    302 PM  MM      MM  73     -5       70
  MINIMUM         38    630 AM  MM      MM  52    -14       41
  AVERAGE         53                        62     -9       56

PRECIPITATION (IN)
  TODAY            0.00         MM      MM   0.12  -0.12     0.00
  MONTH TO DATE    2.17                      2.25  -0.08     1.33
  SINCE SEP 1      2.17                      2.25  -0.08     1.33
  SINCE JAN 1     18.96                     25.84  -6.88    30.42

DEGREE DAYS
 HEATING
  TODAY           12                         4      8        9
  MONTH TO DATE   80                        40     40       54
  SINCE SEP 1     80                        40     40       54
  SINCE JUL 1    112                        56     56       91

 COOLING
  TODAY            0                         1     -1        0
  MONTH TO DATE   55                        45     10       75
  SINCE SEP 1     55                        45     10       75
  SINCE JAN 1    606                       656    -50      703
..................................................................


WIND (MPH)
  RESULTANT WIND SPEED   2   RESULTANT WIND DIRECTION   W (260)
  HIGHEST WIND SPEED    14   HIGHEST WIND DIRECTION    SW (230)
  HIGHEST GUST SPEED    17   HIGHEST GUST DIRECTION    SW (240)
  AVERAGE WIND SPEED     3.3



WEATHER CONDITIONS
 THE FOLLOWING WEATHER WAS RECORDED TODAY.
  FOG
  FOG W/VISIBILITY <= 1/4 MILE


RELATIVE HUMIDITY (PERCENT)
 HIGHEST   100           700 AM
 LOWEST     42           300 PM
 AVERAGE    71

..........................................................




SUNRISE AND SUNSET
SEPTEMBER 17 2014.....SUNRISE   724 AM EDT   SUNSET   748 PM EDT
SEPTEMBER 18 2014.....SUNRISE   725 AM EDT   SUNSET   747 PM EDT


-  INDICATES NEGATIVE NUMBERS.
R  INDICATES RECORD WAS SET OR TIED.
MM INDICATES DATA IS MISSING.
T  INDICATES TRACE AMOUNT.




$$
