000
CDUS43 KGRR 222233
CLIAZO


CLIMATE REPORT
NATIONAL WEATHER SERVICE GRAND RAPIDS, MI
532 PM EST MON DEC 22 2014


...................................

...THE KALAMAZOO MI CLIMATE SUMMARY FOR DECEMBER 22 2014...
VALID TODAY AS OF 0500 PM LOCAL TIME.

CLIMATE NORMAL PERIOD 1981 TO 2010
CLIMATE RECORD PERIOD 1998 TO 2014


WEATHER ITEM   OBSERVED TIME   RECORD YEAR NORMAL DEPARTURE LAST
                VALUE   (LST)  VALUE       VALUE  FROM      YEAR
                                                  NORMAL
..................................................................
TEMPERATURE (F)
 TODAY
  MAXIMUM         39    400 PM  MM      MM  33      6       35
  MINIMUM         26    822 AM  MM      MM  21      5       32
  AVERAGE         33                        27      6       34

PRECIPITATION (IN)
  TODAY            0.01         MM      MM   0.06  -0.05     0.20
  MONTH TO DATE    0.18                      1.50  -1.32     1.37
  SINCE DEC 1      0.18                      1.50  -1.32     1.37
  SINCE JAN 1     27.25                     35.26  -8.01    39.34

DEGREE DAYS
 HEATING
  TODAY           32                        38     -6       31
  MONTH TO DATE  702                       771    -69      832
  SINCE DEC 1    702                       771    -69      832
  SINCE JUL 1   2232                      2098    134     2189

 COOLING
  TODAY            0                         0      0        0
  MONTH TO DATE    0                         0      0        0
  SINCE DEC 1      0                         0      0        0
  SINCE JAN 1    609                       675    -66      725
..................................................................


WIND (MPH)
  RESULTANT WIND SPEED   6   RESULTANT WIND DIRECTION  SE (120)
  HIGHEST WIND SPEED    13   HIGHEST WIND DIRECTION     E (100)
  HIGHEST GUST SPEED    16   HIGHEST GUST DIRECTION    SE (130)
  AVERAGE WIND SPEED     6.6



WEATHER CONDITIONS
 THE FOLLOWING WEATHER WAS RECORDED TODAY.
  LIGHT RAIN
  FOG
  HAZE


RELATIVE HUMIDITY (PERCENT)
 HIGHEST    85          1200 AM
 LOWEST     70          1200 PM
 AVERAGE    78

..........................................................




SUNRISE AND SUNSET
DECEMBER 22 2014......SUNRISE   808 AM EST   SUNSET   514 PM EST
DECEMBER 23 2014......SUNRISE   809 AM EST   SUNSET   514 PM EST


-  INDICATES NEGATIVE NUMBERS.
R  INDICATES RECORD WAS SET OR TIED.
MM INDICATES DATA IS MISSING.
T  INDICATES TRACE AMOUNT.




$$

JAM
