000
CDUS43 KGRR 111439
CLIAZO


CLIMATE REPORT
NATIONAL WEATHER SERVICE GRAND RAPIDS, MI
937 AM EST SUN DEC 11 2016


...................................

...THE KALAMAZOO MI CLIMATE SUMMARY FOR DECEMBER 11 2016...
VALID AS OF 0900 AM LOCAL TIME.

CLIMATE NORMAL PERIOD 1981 TO 2010
CLIMATE RECORD PERIOD 1998 TO 2016


WEATHER ITEM   OBSERVED TIME   NORMAL DEPARTURE LAST
                VALUE   (LST)  VALUE  FROM      YEAR
                                      NORMAL
......................................................
TEMPERATURE (F)
 TODAY
  MAXIMUM         25    859 AM  36    -11       53
  MINIMUM         23    413 AM  24     -1       39
  AVERAGE         24            30     -6       46

PRECIPITATION (IN)
  TODAY            0.05          0.06  -0.01     0.00
  MONTH TO DATE    0.69          0.84  -0.15     0.10
  SINCE DEC 1      0.69          0.84  -0.15     0.10
  SINCE JAN 1     37.17         34.60   2.57    29.00

DEGREE DAYS
 HEATING
  TODAY           41            35      6       19
  MONTH TO DATE  369           365      4      279
  SINCE DEC 1    369           365      4      279
  SINCE JUL 1   1269          1692   -423     1344

 COOLING
  TODAY            0             0      0        0
  MONTH TO DATE    0             0      0        0
  SINCE DEC 1      0             0      0        0
  SINCE JAN 1    912           675    237      657
......................................................


WIND (MPH)
  RESULTANT WIND SPEED   7   RESULTANT WIND DIRECTION  SE (150)
  HIGHEST WIND SPEED    12   HIGHEST WIND DIRECTION    SE (150)
  HIGHEST GUST SPEED    17   HIGHEST GUST DIRECTION    SE (140)
  AVERAGE WIND SPEED     7.2


SKY COVER
  AVERAGE SKY COVER 0.9


WEATHER CONDITIONS
 THE FOLLOWING WEATHER WAS RECORDED TODAY.
  SNOW
  LIGHT SNOW
  FOG


RELATIVE HUMIDITY (PERCENT)
 HIGHEST    88           200 AM
 LOWEST     81           100 AM
 AVERAGE    85

..........................................................


THE KALAMAZOO MI CLIMATE NORMALS FOR TOMORROW
                         NORMAL
 MAXIMUM TEMPERATURE (F)   36
 MINIMUM TEMPERATURE (F)   24


SUNRISE AND SUNSET
DECEMBER 11 2016......SUNRISE   801 AM EST   SUNSET   510 PM EST
DECEMBER 12 2016......SUNRISE   802 AM EST   SUNSET   510 PM EST


-  INDICATES NEGATIVE NUMBERS.
R  INDICATES RECORD WAS SET OR TIED.
MM INDICATES DATA IS MISSING.
T  INDICATES TRACE AMOUNT.




$$

63
