000
CDUS43 KGRR 180523
CLIAZO


CLIMATE REPORT
NATIONAL WEATHER SERVICE GRAND RAPIDS, MI
1222 AM EST SUN FEB 18 2018


...................................

...THE KALAMAZOO MI CLIMATE SUMMARY FOR FEBRUARY 17 2018...

CLIMATE NORMAL PERIOD 1981 TO 2010
CLIMATE RECORD PERIOD 1998 TO 2018


WEATHER ITEM   OBSERVED TIME   NORMAL DEPARTURE LAST
                VALUE   (LST)  VALUE  FROM      YEAR
                                      NORMAL
......................................................
TEMPERATURE (F)
 YESTERDAY
  MAXIMUM         34    700 PM  34      0       60
  MINIMUM         15    430 AM  20     -5       30
  AVERAGE         25            27     -2       45

PRECIPITATION (IN)
  YESTERDAY        0.02          0.05  -0.03     0.00
  MONTH TO DATE    0.92          0.81   0.11     0.75
  SINCE DEC 1      2.63          4.58  -1.95     4.49
  SINCE JAN 1      1.94          2.60  -0.66     3.44

DEGREE DAYS
 HEATING
  YESTERDAY       40            38      2       20
  MONTH TO DATE  722           667     55      579
  SINCE DEC 1   3149          3048    101     2795
  SINCE JUL 1   4312          4375    -63     3695

 COOLING
  YESTERDAY        0             0      0        0
  MONTH TO DATE    0             0      0        0
  SINCE DEC 1      0             0      0        0
  SINCE JAN 1      0             0      0        0
......................................................


WIND (MPH)
  RESULTANT WIND SPEED   6   RESULTANT WIND DIRECTION   S (200)
  HIGHEST WIND SPEED    15   HIGHEST WIND DIRECTION     S (200)
  HIGHEST GUST SPEED    19   HIGHEST GUST DIRECTION     S (200)
  AVERAGE WIND SPEED     6.5


SKY COVER
  AVERAGE SKY COVER 0.5


WEATHER CONDITIONS
 THE FOLLOWING WEATHER WAS RECORDED YESTERDAY.
  LIGHT SNOW
  FOG
  HAZE


RELATIVE HUMIDITY (PERCENT)
 HIGHEST    92           600 AM
 LOWEST     56           400 PM
 AVERAGE    74

..........................................................


THE KALAMAZOO MI CLIMATE NORMALS FOR TODAY
                         NORMAL
 MAXIMUM TEMPERATURE (F)   35
 MINIMUM TEMPERATURE (F)   20


SUNRISE AND SUNSET
FEBRUARY 18 2018......SUNRISE   734 AM EST   SUNSET   619 PM EST
FEBRUARY 19 2018......SUNRISE   733 AM EST   SUNSET   620 PM EST


-  INDICATES NEGATIVE NUMBERS.
R  INDICATES RECORD WAS SET OR TIED.
MM INDICATES DATA IS MISSING.
T  INDICATES TRACE AMOUNT.




$$
