000
CDUS43 KGRR 051340
CLIAZO


CLIMATE REPORT
NATIONAL WEATHER SERVICE GRAND RAPIDS, MI
939 AM EDT SAT SEP 5 2015


...................................

...THE KALAMAZOO MI CLIMATE SUMMARY FOR SEPTEMBER 5 2015...
VALID AS OF 0900 AM LOCAL TIME.

CLIMATE NORMAL PERIOD 1981 TO 2010
CLIMATE RECORD PERIOD 1998 TO 2015


WEATHER ITEM   OBSERVED TIME   NORMAL DEPARTURE LAST
                VALUE   (LST)  VALUE  FROM      YEAR
                                      NORMAL
......................................................
TEMPERATURE (F)
 TODAY
  MAXIMUM         71    759 AM  77     -6       90
  MINIMUM         68    648 AM  56     12       66
  AVERAGE         70            67      3       78

PRECIPITATION (IN)
  TODAY            0.07          0.15  -0.08     0.59
  MONTH TO DATE    0.07          0.78  -0.71     1.04
  SINCE SEP 1      0.07          0.78  -0.71     1.04
  SINCE JAN 1     20.58         24.37  -3.79    17.83

DEGREE DAYS
 HEATING
  TODAY            0             2     -2        0
  MONTH TO DATE    0             6     -6        0
  SINCE SEP 1      0             6     -6        0
  SINCE JUL 1     28            22      6       32

 COOLING
  TODAY            5             3      2       13
  MONTH TO DATE   56            18     38       48
  SINCE SEP 1     56            18     38       48
  SINCE JAN 1    571           629    -58      599
......................................................


WIND (MPH)
  RESULTANT WIND SPEED   3   RESULTANT WIND DIRECTION   S (190)
  HIGHEST WIND SPEED     8   HIGHEST WIND DIRECTION     S (190)
  HIGHEST GUST SPEED    11   HIGHEST GUST DIRECTION     S (200)
  AVERAGE WIND SPEED     2.9


SKY COVER
  AVERAGE SKY COVER 0.5


WEATHER CONDITIONS
 THE FOLLOWING WEATHER WAS RECORDED TODAY.
  THUNDERSTORM
  HEAVY RAIN
  LIGHT RAIN
  FOG


RELATIVE HUMIDITY (PERCENT)
 HIGHEST    90           100 AM
 LOWEST     84           600 AM
 AVERAGE    87

..........................................................


THE KALAMAZOO MI CLIMATE NORMALS FOR TOMORROW
                         NORMAL
 MAXIMUM TEMPERATURE (F)   77
 MINIMUM TEMPERATURE (F)   56


SUNRISE AND SUNSET
SEPTEMBER  5 2015.....SUNRISE   711 AM EDT   SUNSET   810 PM EDT
SEPTEMBER  6 2015.....SUNRISE   712 AM EDT   SUNSET   808 PM EDT


-  INDICATES NEGATIVE NUMBERS.
R  INDICATES RECORD WAS SET OR TIED.
MM INDICATES DATA IS MISSING.
T  INDICATES TRACE AMOUNT.




$$

JAM
