000
CDUS41 KBOX 180542
CLIBDL


CLIMATE REPORT
NATIONAL WEATHER SERVICE TAUNTON MA
141 AM EDT THU SEP 18 2014


...................................

...THE HARTFORD CT CLIMATE SUMMARY FOR SEPTEMBER 17 2014...

CLIMATE NORMAL PERIOD 1981 TO 2010
CLIMATE RECORD PERIOD 1904 TO 2014


WEATHER ITEM   OBSERVED TIME   RECORD YEAR NORMAL DEPARTURE LAST
                VALUE   (LST)  VALUE       VALUE  FROM      YEAR
                                                  NORMAL
..................................................................
TEMPERATURE (F)
 YESTERDAY
  MAXIMUM         73    220 PM  90    1991  75     -2       64
                                      1972
                                      1915
  MINIMUM         43    555 AM  34    1984  52     -9       40
  AVERAGE         58                        63     -5       52

PRECIPITATION (IN)
  YESTERDAY        0.00          2.78 1934   0.13  -0.13     0.00
  MONTH TO DATE    0.46                      1.99  -1.53     2.26
  SINCE SEP 1      0.46                      1.99  -1.53     2.26
  SINCE JAN 1     32.43                     32.26   0.17    40.26

SNOWFALL (IN)
  YESTERDAY        0.0           0.0  2002   0.0    0.0      0.0
  MONTH TO DATE    0.0                       0.0    0.0      0.0
  SINCE SEP 1      0.0                       0.0    0.0      0.0
  SINCE JUL 1      0.0                       0.0    0.0      0.0
  SNOW DEPTH       0

DEGREE DAYS
 HEATING
  YESTERDAY        7                         4      3       13
  MONTH TO DATE   37                        35      2       51
  SINCE SEP 1     37                        35      2       51
  SINCE JUL 1     39                        47     -8       53

 COOLING
  YESTERDAY        0                         2     -2        0
  MONTH TO DATE   80                        59     21       65
  SINCE SEP 1     80                        59     21       65
  SINCE JAN 1    739                       734      5      889
..................................................................


WIND (MPH)
  RESULTANT WIND SPEED   2   RESULTANT WIND DIRECTION  NW (300)
  HIGHEST WIND SPEED    15   HIGHEST WIND DIRECTION     W (280)
  HIGHEST GUST SPEED    19   HIGHEST GUST DIRECTION     W (290)
  AVERAGE WIND SPEED     3.4


SKY COVER
  POSSIBLE SUNSHINE  MM
  AVERAGE SKY COVER 0.2


WEATHER CONDITIONS
 THE FOLLOWING WEATHER WAS RECORDED YESTERDAY.
  HAZE


RELATIVE HUMIDITY (PERCENT)
 HIGHEST    96           600 AM
 LOWEST     31           100 PM
 AVERAGE    64

..........................................................


THE HARTFORD CT CLIMATE NORMALS FOR TODAY
                         NORMAL    RECORD    YEAR
 MAXIMUM TEMPERATURE (F)   74        89      1906
 MINIMUM TEMPERATURE (F)   52        36      1986
                                             1984
                                             1961


SUNRISE AND SUNSET
SEPTEMBER 18 2014.....SUNRISE   634 AM EDT   SUNSET   655 PM EDT
SEPTEMBER 19 2014.....SUNRISE   635 AM EDT   SUNSET   653 PM EDT


-  INDICATES NEGATIVE NUMBERS.
R  INDICATES RECORD WAS SET OR TIED.
MM INDICATES DATA IS MISSING.
T  INDICATES TRACE AMOUNT.




$$
