000
CDUS41 KBOX 021045
CLIBDL


CLIMATE REPORT
NATIONAL WEATHER SERVICE TAUNTON MA
642 AM EDT TUE SEP 2 2014


...................................

...THE HARTFORD CT CLIMATE SUMMARY FOR SEPTEMBER 1 2014...

CLIMATE NORMAL PERIOD 1981 TO 2010
CLIMATE RECORD PERIOD 1904 TO 2014


WEATHER ITEM   OBSERVED TIME   RECORD YEAR NORMAL DEPARTURE LAST
                VALUE   (LST)  VALUE       VALUE  FROM      YEAR
                                                  NORMAL
..................................................................
TEMPERATURE (F)
 YESTERDAY
  MAXIMUM         89    407 PM  96    2010  80      9       81
                                      1961
  MINIMUM         69    441 AM  44    1975  58     11       69
  AVERAGE         79                        69     10       75

PRECIPITATION (IN)
  YESTERDAY        0.00          0.91 1952   0.11  -0.11     0.39
  MONTH TO DATE    0.00                      0.11  -0.11     0.39
  SINCE SEP 1      0.00                      0.11  -0.11     0.39
  SINCE JAN 1     31.97                     30.38   1.59    38.39

SNOWFALL (IN)
  YESTERDAY        0.0           0.0  2002   0.0    0.0      0.0
                                      2001
                                      2000
  MONTH TO DATE    0.0                       0.0    0.0      0.0
  SINCE SEP 1      0.0                       0.0    0.0      0.0
  SINCE JUL 1      0.0                       0.0    0.0      0.0
  SNOW DEPTH       0

DEGREE DAYS
 HEATING
  YESTERDAY        0                         1     -1        0
  MONTH TO DATE    0                         1     -1        0
  SINCE SEP 1      0                         1     -1        0
  SINCE JUL 1      2                        13    -11        2

 COOLING
  YESTERDAY       14                         5      9       10
  MONTH TO DATE   14                         5      9       10
  SINCE SEP 1     14                         5      9       10
  SINCE JAN 1    673                       680     -7      834
..................................................................


WIND (MPH)
  RESULTANT WIND SPEED   3   RESULTANT WIND DIRECTION   S (190)
  HIGHEST WIND SPEED    10   HIGHEST WIND DIRECTION    SW (240)
  HIGHEST GUST SPEED    14   HIGHEST GUST DIRECTION     W (260)
  AVERAGE WIND SPEED     4.5


SKY COVER
  POSSIBLE SUNSHINE  MM
  AVERAGE SKY COVER 0.5


WEATHER CONDITIONS
 THE FOLLOWING WEATHER WAS RECORDED YESTERDAY.
  FOG


RELATIVE HUMIDITY (PERCENT)
 HIGHEST    97           300 AM
 LOWEST     47           400 PM
 AVERAGE    72

..........................................................


THE HARTFORD CT CLIMATE NORMALS FOR TODAY
                         NORMAL    RECORD    YEAR
 MAXIMUM TEMPERATURE (F)   80       101      1953
 MINIMUM TEMPERATURE (F)   58        43      1967


SUNRISE AND SUNSET
SEPTEMBER  2 2014.....SUNRISE   617 AM EDT   SUNSET   723 PM EDT
SEPTEMBER  3 2014.....SUNRISE   618 AM EDT   SUNSET   721 PM EDT


-  INDICATES NEGATIVE NUMBERS.
R  INDICATES RECORD WAS SET OR TIED.
MM INDICATES DATA IS MISSING.
T  INDICATES TRACE AMOUNT.




$$
