000
CDUS41 KOKX 260617
CLIBDR


CLIMATE REPORT
NATIONAL WEATHER SERVICE NEW YORK NY
117 AM EST WED NOV 26 2014


...................................

...THE BRIDGEPORT CT CLIMATE SUMMARY FOR NOVEMBER 25 2014...

CLIMATE NORMAL PERIOD 1981 TO 2010
CLIMATE RECORD PERIOD 1948 TO 2014


WEATHER ITEM   OBSERVED TIME   RECORD YEAR NORMAL DEPARTURE LAST
                VALUE   (LST)  VALUE       VALUE  FROM      YEAR
                                                  NORMAL
..................................................................
TEMPERATURE (F)
 YESTERDAY
  MAXIMUM         61    848 AM  64    2004  50     11       36
  MINIMUM         46    943 PM  18    2013  35     11       18
  AVERAGE         54                        42     12       27

PRECIPITATION (IN)
  YESTERDAY        0.00          1.36 1950   0.12  -0.12     0.00
  MONTH TO DATE    3.12                      2.78   0.34     0.70
  SINCE SEP 1      8.20                      9.90  -1.70     3.74
  SINCE JAN 1     39.44                     38.80   0.64    30.52

SNOWFALL (IN)
  YESTERDAY        0.0           0.3  1974   0.0    0.0      0.0
  MONTH TO DATE    T                         0.4   -0.4      0.1
  SINCE OCT 1      T                         0.4   -0.4      0.1
  SINCE JUL 1      T                         0.4   -0.4      0.1
  SNOW DEPTH       0

DEGREE DAYS
 HEATING
  YESTERDAY       11                        22    -11       38
  MONTH TO DATE  506                       465     41      500
  SINCE SEP 1    775                       851    -76      819
  SINCE JUL 1    775                       855    -80      819

 COOLING
  YESTERDAY        0                         0      0        0
  MONTH TO DATE    0                         0      0        0
  SINCE SEP 1    150                       107     43      118
  SINCE JAN 1    884                       825     59     1003
..................................................................


WIND (MPH)
  HIGHEST WIND SPEED    17   HIGHEST WIND DIRECTION     S (190)
  HIGHEST GUST SPEED    20   HIGHEST GUST DIRECTION     W (260)
  AVERAGE WIND SPEED     6.8


SKY COVER
  AVERAGE SKY COVER 0.1


WEATHER CONDITIONS
 THE FOLLOWING WEATHER WAS RECORDED YESTERDAY.
  FOG


RELATIVE HUMIDITY (PERCENT)
 HIGHEST   100           400 AM
 LOWEST     33           100 PM
 AVERAGE    67

..........................................................


THE BRIDGEPORT CT CLIMATE NORMALS FOR TODAY
                         NORMAL    RECORD    YEAR
 MAXIMUM TEMPERATURE (F)   49        63      1999
                                             1979
 MINIMUM TEMPERATURE (F)   35        20      1993
                                             1949


SUNRISE AND SUNSET
NOVEMBER 26 2014......SUNRISE   653 AM EST   SUNSET   426 PM EST
NOVEMBER 27 2014......SUNRISE   654 AM EST   SUNSET   426 PM EST


-  INDICATES NEGATIVE NUMBERS.
R  INDICATES RECORD WAS SET OR TIED.
MM INDICATES DATA IS MISSING.
T  INDICATES TRACE AMOUNT.




$$
