000
CDUS41 KOKX 190622
CLIBDR


CLIMATE REPORT
NATIONAL WEATHER SERVICE NEW YORK NY
121 AM EST FRI DEC 19 2014


...................................

...THE BRIDGEPORT CT CLIMATE SUMMARY FOR DECEMBER 18 2014...

CLIMATE NORMAL PERIOD 1981 TO 2010
CLIMATE RECORD PERIOD 1948 TO 2014


WEATHER ITEM   OBSERVED TIME   RECORD YEAR NORMAL DEPARTURE LAST
                VALUE   (LST)  VALUE       VALUE  FROM      YEAR
                                                  NORMAL
..................................................................
TEMPERATURE (F)
 YESTERDAY
  MAXIMUM         45    250 PM  61    1984  41      4       37
  MINIMUM         35   1045 PM  13    2009  28      7       21
                                      1988
                                      1953
  AVERAGE         40                        34      6       29

PRECIPITATION (IN)
  YESTERDAY        0.00          1.14 1951   0.10  -0.10     0.00
  MONTH TO DATE    4.42                      2.00   2.42     2.34
  SINCE DEC 1      4.42                      2.00   2.42     2.34
  SINCE JAN 1     44.98                     41.41   3.57    34.67

SNOWFALL (IN)
  YESTERDAY        0.0           4.4  1963   0.2   -0.2      0.0
  MONTH TO DATE    0.7                       2.3   -1.6     10.8
  SINCE OCT 1      0.9                       3.0   -2.1     10.9
  SINCE JUL 1      0.9                       3.0   -2.1     10.9
  SNOW DEPTH       0

DEGREE DAYS
 HEATING
  YESTERDAY       25                        31     -6       36
  MONTH TO DATE  466                       499    -33      558
  SINCE DEC 1    466                       499    -33      558
  SINCE JUL 1   1372                      1473   -101     1511

 COOLING
  YESTERDAY        0                         0      0        0
  MONTH TO DATE    0                         0      0        0
  SINCE DEC 1      0                         0      0        0
  SINCE JAN 1    884                       825     59     1003
..................................................................


WIND (MPH)
  HIGHEST WIND SPEED    22   HIGHEST WIND DIRECTION     W (290)
  HIGHEST GUST SPEED    28   HIGHEST GUST DIRECTION     W (290)
  AVERAGE WIND SPEED    10.2


SKY COVER
  AVERAGE SKY COVER 0.5


WEATHER CONDITIONS
 THE FOLLOWING WEATHER WAS RECORDED YESTERDAY.
  NO SIGNIFICANT WEATHER WAS OBSERVED.


RELATIVE HUMIDITY (PERCENT)
 HIGHEST    75          1100 PM
 LOWEST     45          1200 PM
 AVERAGE    60

..........................................................


THE BRIDGEPORT CT CLIMATE NORMALS FOR TODAY
                         NORMAL    RECORD    YEAR
 MAXIMUM TEMPERATURE (F)   41        57      1967
 MINIMUM TEMPERATURE (F)   27        10      1991
                                             1989


SUNRISE AND SUNSET
DECEMBER 19 2014......SUNRISE   713 AM EST   SUNSET   426 PM EST
DECEMBER 20 2014......SUNRISE   714 AM EST   SUNSET   426 PM EST


-  INDICATES NEGATIVE NUMBERS.
R  INDICATES RECORD WAS SET OR TIED.
MM INDICATES DATA IS MISSING.
T  INDICATES TRACE AMOUNT.




$$
