000
CDUS41 KOKX 220616
CLIBDR


CLIMATE REPORT
NATIONAL WEATHER SERVICE NEW YORK NY
216 AM EDT WED OCT 22 2014


...................................

...THE BRIDGEPORT CT CLIMATE SUMMARY FOR OCTOBER 21 2014...

CLIMATE NORMAL PERIOD 1981 TO 2010
CLIMATE RECORD PERIOD 1948 TO 2014


WEATHER ITEM   OBSERVED TIME   RECORD YEAR NORMAL DEPARTURE LAST
                VALUE   (LST)  VALUE       VALUE  FROM      YEAR
                                                  NORMAL
..................................................................
TEMPERATURE (F)
 YESTERDAY
  MAXIMUM         67   1157 AM  78    1963  62      5       66
  MINIMUM         51    514 AM  27    1972  45      6       42
  AVERAGE         59                        53      6       54

PRECIPITATION (IN)
  YESTERDAY        0.03          1.59 1995   0.12  -0.09     0.00
  MONTH TO DATE    2.25                      2.51  -0.26     0.28
  SINCE SEP 1      4.35                      5.99  -1.64     3.00
  SINCE JAN 1     35.59                     34.89   0.70    29.78

SNOWFALL (IN)
  YESTERDAY        0.0           0.0  2002   0.0    0.0      0.0
                                      2001
  MONTH TO DATE    0.0                       0.0    0.0      0.0
  SINCE OCT 1      0.0                       0.0    0.0      0.0
  SINCE JUL 1      0.0                       0.0    0.0      0.0
  SNOW DEPTH       0

DEGREE DAYS
 HEATING
  YESTERDAY        6                        12     -6       11
  MONTH TO DATE  127                       187    -60       85
  SINCE SEP 1    167                       251    -84      166
  SINCE JUL 1    167                       255    -88      166

 COOLING
  YESTERDAY        0                         0      0        0
  MONTH TO DATE   19                         8     11       22
  SINCE SEP 1    150                       106     44      118
  SINCE JAN 1    884                       824     60     1003
..................................................................


WIND (MPH)
  HIGHEST WIND SPEED    16   HIGHEST WIND DIRECTION    SW (220)
  HIGHEST GUST SPEED    21   HIGHEST GUST DIRECTION    SW (220)
  AVERAGE WIND SPEED     7.6


SKY COVER
  AVERAGE SKY COVER 0.5


WEATHER CONDITIONS
 THE FOLLOWING WEATHER WAS RECORDED YESTERDAY.
  LIGHT RAIN


RELATIVE HUMIDITY (PERCENT)
 HIGHEST    89           500 AM
 LOWEST     58          1200 PM
 AVERAGE    74

..........................................................


THE BRIDGEPORT CT CLIMATE NORMALS FOR TODAY
                         NORMAL    RECORD    YEAR
 MAXIMUM TEMPERATURE (F)   61        77      1975
 MINIMUM TEMPERATURE (F)   44        32      1983
                                             1974


SUNRISE AND SUNSET
OCTOBER 22 2014.......SUNRISE   712 AM EDT   SUNSET   601 PM EDT
OCTOBER 23 2014.......SUNRISE   713 AM EDT   SUNSET   600 PM EDT


-  INDICATES NEGATIVE NUMBERS.
R  INDICATES RECORD WAS SET OR TIED.
MM INDICATES DATA IS MISSING.
T  INDICATES TRACE AMOUNT.




$$
