025
CDUS41 KOKX 230618
CLIBDR


CLIMATE REPORT
NATIONAL WEATHER SERVICE NEW YORK NY
218 AM EDT SUN JUL 23 2017


...................................

...THE BRIDGEPORT CT CLIMATE SUMMARY FOR JULY 22 2017...

CLIMATE NORMAL PERIOD 1981 TO 2010
CLIMATE RECORD PERIOD 1948 TO 2017


WEATHER ITEM   OBSERVED TIME   RECORD YEAR NORMAL DEPARTURE LAST
                VALUE   (LST)  VALUE       VALUE  FROM      YEAR
                                                  NORMAL
..................................................................
TEMPERATURE (F)
 YESTERDAY
  MAXIMUM         85    254 PM 103    2011  83      2       91
                                      1957
  MINIMUM         73    441 AM  57    1950  67      6       73
  AVERAGE         79                        75      4       82

PRECIPITATION (IN)
  YESTERDAY        T             1.08 1985   0.12  -0.12     0.00
  MONTH TO DATE    2.18                      2.32  -0.14     3.63
  SINCE JUN 1      4.58                      5.93  -1.35     4.89
  SINCE JAN 1     24.42                     23.80   0.62    20.43

SNOWFALL (IN)
  YESTERDAY        0.0           0.0  2002   0.0    0.0      0.0
                                      2001
  MONTH TO DATE    0.0                       0.0    0.0      0.0
  SINCE OCT 1     40.9                      27.6   13.3     27.3
  SINCE JUL 1      0.0                       0.0    0.0      0.0
  SNOW DEPTH       0

DEGREE DAYS
 HEATING
  YESTERDAY        0                         0      0        0
  MONTH TO DATE    0                         0      0        0
  SINCE JUN 1     25                        32     -7        4
  SINCE JUL 1      0                         0      0        0

 COOLING
  YESTERDAY       14                        10      4       17
  MONTH TO DATE  272                       202     70      259
  SINCE JUN 1    486                       345    141      431
  SINCE JAN 1    530                       369    161      489
..................................................................


WIND (MPH)
  HIGHEST WIND SPEED    13   HIGHEST WIND DIRECTION     S (180)
  HIGHEST GUST SPEED    15   HIGHEST GUST DIRECTION     S (180)
  AVERAGE WIND SPEED     4.9


SKY COVER
  AVERAGE SKY COVER 0.1


WEATHER CONDITIONS
 THE FOLLOWING WEATHER WAS RECORDED YESTERDAY.
  LIGHT RAIN


RELATIVE HUMIDITY (PERCENT)
 HIGHEST    82          1000 PM
 LOWEST     40           300 PM
 AVERAGE    61

..........................................................


THE BRIDGEPORT CT CLIMATE NORMALS FOR TODAY
                         NORMAL    RECORD    YEAR
 MAXIMUM TEMPERATURE (F)   83        97      2016
 MINIMUM TEMPERATURE (F)   67        55      1977


SUNRISE AND SUNSET
JULY 23 2017..........SUNRISE   540 AM EDT   SUNSET   818 PM EDT
JULY 24 2017..........SUNRISE   541 AM EDT   SUNSET   817 PM EDT


-  INDICATES NEGATIVE NUMBERS.
R  INDICATES RECORD WAS SET OR TIED.
MM INDICATES DATA IS MISSING.
T  INDICATES TRACE AMOUNT.




$$
