000
CDAK48 PABE 291113
CLIBET

CLIMATE REPORT
NATIONAL WEATHER SERVICE BETHEL, AK
313 AM AKDT FRI AUG 29 2014

...................................
...THE BETHEL AP CLIMATE SUMMARY FOR AUGUST 28 2014...

CLIMATE NORMAL PERIOD  1981 TO  2010
CLIMATE RECORD PERIOD  1923 TO  2014

WEATHER ITEM   OBSERVED TIME    RECORD YEAR NORMAL DEPARTURE LAST
               VALUE    (LST)   VALUE       VALUE  FROM      YEAR
                                                   NORMAL
...................................................................
TEMPERATURE
YESTERDAY
 MAXIMUM            59  0425 PM    74  1923     58       1     55
 MINIMUM            43  1159 PM    33  1960     45      -2     43
 AVERAGE            51                          52      -1     49

PRECIPITATION
(INCHES)
 YESTERDAY        0.19           0.92  1963   0.10    0.09   0.35
 MONTH TO DATE    2.02                        2.95   -0.93   3.16
 SINCE JUN 1      6.27                        7.03   -0.76   7.06
 SINCE JAN 1      9.31                       11.12   -1.81  10.36

SNOWFALL
(INCHES)
 YESTERDAY         0.0            0.0  2014    0.0     0.0    0.0
 MONTH TO DATE     0.0                         0.0     0.0    0.0
 SINCE JUN 1       0.0                         0.0     0.0    0.0
 SINCE JUL 1       0.0                         0.0     0.0    0.0
 SNOW DEPTH (IN)     0                                          0

DEGREE DAYS
 HEATING
  YESTERDAY         14                          13       1     16
  MONTH TO DATE    195                         317    -122    274
  SINCE JUN 1      888                         978     -90    827
  SINCE JUL 1      468                         601    -133    539

 COOLING
  YESTERDAY          0                           0       0      0
  MONTH TO DATE      0                           0       0      0
  SINCE JUN 1        0                           0       0     18
  SINCE JAN 1        0                           0       0     18
...................................................................

WIND (MPH)
 HIGHEST WIND SPEED    24     HIGHEST WIND DIRECTION    240
 HIGHEST GUST SPEED    29     HIGHEST GUST DIRECTION    250
 AVERAGE WIND SPEED  11.3

SKY COVER
  POSSIBLE SUNSHINE    MM          AVERAGE SKY COVER     MM

WEATHER CONDITIONS
 THE FOLLOWING WEATHER WAS RECORDED YESTERDAY.
  FOG
RAIN


RELATIVE HUMIDITY
 HIGHEST RH     MM PERCENT       MM
 LOWEST  RH     MM PERCENT       MM
 AVERAGE RH     MM PERCENT       MM
...................................................................

THE BETHEL CLIMATE NORMALS FOR TODAY
                           NORMAL    RECORD   YEAR
 MAXIMUM TEMPERATURE (F)     58        78     1923
 MINIMUM TEMPERATURE (F)     45        30     1955

SUNRISE AND SUNSET
 AUG 29 2014..........SUNRISE  7:34 AM      SUNSET 10:02 PM
 AUG 30 2014..........SUNRISE  7:36 AM      SUNSET  9:59 PM

-  INDICATES NEGATIVE NUMBERS.
R  INDICATES RECORD HAS BEEN SET OR TIED.
MM INDICATES DATA IS MISSING.
T  INDICATES TRACE OF PRECIPITATION.

&&
-------------------------------------------------------------------

AMOUNT OF DAYLIGHT TODAY  (HOUR:MIN)........14 HOURS 28 MINUTES
GAIN/LOSS SINCE YESTERDAY (HOUR:MIN:SEC)....-0:05:32

$$
BDW AUG 14
