000
CDAK48 PABE 060909
CLIBET

CLIMATE REPORT
NATIONAL WEATHER SERVICE BETHEL, AK
109 AM AKDT FRI MAY 6 2016

...................................
...THE BETHEL AP CLIMATE SUMMARY FOR MAY 5 2016...

CLIMATE NORMAL PERIOD  1981 TO  2010
CLIMATE RECORD PERIOD  1923 TO  2016

WEATHER ITEM   OBSERVED TIME    RECORD YEAR NORMAL DEPARTURE LAST
               VALUE    (LST)   VALUE       VALUE  FROM      YEAR
                                                   NORMAL
...................................................................
TEMPERATURE
YESTERDAY
 MAXIMUM            55  0307 PM    61  1997     46       9     57
 MINIMUM            33  0535 AM     0  1949     29       4     33
 AVERAGE            44                          38       6     45

PRECIPITATION
(INCHES)
 YESTERDAY        0.05           0.62  2002   0.03    0.02   0.00
 MONTH TO DATE    0.25                        0.16    0.09   0.11
 SINCE MAR 1      1.67                        1.61    0.06   1.67
 SINCE JAN 1      2.06                        3.11   -1.05   2.71

SNOWFALL
(INCHES)
 YESTERDAY         0.0            1.3  2005    0.1    -0.1    0.0
 MONTH TO DATE     0.0                         0.5    -0.5      T
 SINCE MAR 1       2.9                        14.4   -11.5   16.6
 SINCE JUL 1      29.4                        60.2   -30.8   42.1
 SNOW DEPTH (IN)     0                                          0

DEGREE DAYS
 HEATING
  YESTERDAY         21                          28      -7     20
  MONTH TO DATE    108                         142     -34    119
  SINCE MAR 1     2159                        2828    -669   2523
  SINCE JUL 1     9608                       11574   -1966  10309

 COOLING
  YESTERDAY          0                           0       0      0
  MONTH TO DATE      0                           0       0      0
  SINCE MAR 1        0                           0       0      0
  SINCE JAN 1        0                           0       0      0
...................................................................

WIND (MPH)
 HIGHEST WIND SPEED    33     HIGHEST WIND DIRECTION     70
 HIGHEST GUST SPEED    40     HIGHEST GUST DIRECTION     70
 AVERAGE WIND SPEED  15.7

SKY COVER
  POSSIBLE SUNSHINE    MM          AVERAGE SKY COVER     MM

WEATHER CONDITIONS
 THE FOLLOWING WEATHER WAS RECORDED YESTERDAY.
 RAIN


RELATIVE HUMIDITY
 HIGHEST RH     MM PERCENT       MM
 LOWEST  RH     MM PERCENT       MM
 AVERAGE RH     MM PERCENT       MM
...................................................................

THE BETHEL CLIMATE NORMALS FOR TODAY
                           NORMAL    RECORD   YEAR
 MAXIMUM TEMPERATURE (F)     46        59     1991
 MINIMUM TEMPERATURE (F)     30         0     1949

SUNRISE AND SUNSET
 MAY 6 2016..........SUNRISE  6:25 AM      SUNSET 11:05 PM
 MAY 7 2016..........SUNRISE  6:23 AM      SUNSET 11:08 PM

-  INDICATES NEGATIVE NUMBERS.
R  INDICATES RECORD HAS BEEN SET OR TIED.
MM INDICATES DATA IS MISSING.
T  INDICATES TRACE OF PRECIPITATION.

&&
-------------------------------------------------------------------

AMOUNT OF DAYLIGHT TODAY  (HOUR:MIN)........16 HOURS 40 MINUTES
GAIN/LOSS SINCE YESTERDAY (HOUR:MIN:SEC)....+0:05:17

$$
JML MAY 16
