000
CDAK48 PABE 231319
CLIBET


CLIMATE REPORT
NATIONAL WEATHER SERVICE ANCHORAGE, AK
518 AM AKDT TUE MAY 23 2017


...................................

...THE BETHEL CLIMATE SUMMARY FOR MAY 22 2017...

CLIMATE NORMAL PERIOD 1981 TO 2010
CLIMATE RECORD PERIOD 1948 TO 2017


WEATHER ITEM   OBSERVED TIME   RECORD YEAR NORMAL DEPARTURE LAST
                VALUE   (LST)  VALUE       VALUE  FROM      YEAR
                                                  NORMAL
..................................................................
TEMPERATURE (F)
 YESTERDAY
  MAXIMUM         49        MM  70    2004  53     -4       MM
  MINIMUM         38        MM  19    1966  36      2       MM
  AVERAGE         44                        44      0       MM

PRECIPITATION (IN)
  YESTERDAY        0.04          0.50 1973   0.04   0.00     0.21
  MONTH TO DATE    1.17                      0.78   0.39     1.33
  SINCE MAR 1      1.94                      2.23  -0.29     2.73
  SINCE JAN 1      3.83                      3.73   0.10     3.12

SNOWFALL (IN)
  YESTERDAY       MM             4.0  1973   0.1   MM        0.0
  MONTH TO DATE    T                         1.9   -1.9      0.0
  SINCE MAR 1      3.8                      15.8  -12.0      2.9
  SINCE JUL 1     31.2                      61.6  -30.4     29.9
  SNOW DEPTH       0

DEGREE DAYS
 HEATING
  YESTERDAY       21                        21      0       MM
  MONTH TO DATE  436                       546   -110      339
  SINCE MAR 1   3127                      3233   -106     2349
  SINCE JUL 1  11387                     11971   -584     9606

 COOLING
  YESTERDAY        0                         0      0       MM
  MONTH TO DATE    0                         0      0        0
  SINCE MAR 1      0                         0      0        0
  SINCE JAN 1      0                         0      0        0
..................................................................


WIND (MPH)
  RESULTANT WIND SPEED  10   RESULTANT WIND DIRECTION   S (200)
  HIGHEST WIND SPEED    21   HIGHEST WIND DIRECTION     S (190)
  HIGHEST GUST SPEED    30   HIGHEST GUST DIRECTION    SW (220)
  AVERAGE WIND SPEED    10.9



WEATHER CONDITIONS
 THE FOLLOWING WEATHER WAS RECORDED YESTERDAY.
  RAIN
  LIGHT RAIN
  FOG


RELATIVE HUMIDITY (PERCENT)
 HIGHEST   100
 LOWEST     65
 AVERAGE    83

..........................................................


THE BETHEL CLIMATE NORMALS FOR TODAY
                         NORMAL    RECORD    YEAR
 MAXIMUM TEMPERATURE (F)   54        70      1991
                                             1974
 MINIMUM TEMPERATURE (F)   36        25      2000
                                             1966


SUNRISE AND SUNSET
MAY 23 2017...........SUNRISE   544 AM AKDT  SUNSET  1145 PM AKDT
MAY 24 2017...........SUNRISE   542 AM AKDT  SUNSET  1148 PM AKDT


-  INDICATES NEGATIVE NUMBERS.
R  INDICATES RECORD WAS SET OR TIED.
MM INDICATES DATA IS MISSING.
T  INDICATES TRACE AMOUNT.




$$
