000
CDAK48 PAFC 211243
CLIBET


CLIMATE REPORT
NATIONAL WEATHER SERVICE ANCHORAGE, AK
441 AM AKDT SAT OCT 21 2017


...................................

...THE BETHEL CLIMATE SUMMARY FOR OCTOBER 20 2017...

CLIMATE NORMAL PERIOD 1981 TO 2010
CLIMATE RECORD PERIOD 1948 TO 2017


WEATHER ITEM   OBSERVED TIME   RECORD YEAR NORMAL DEPARTURE LAST
                VALUE   (LST)  VALUE       VALUE  FROM      YEAR
                                                  NORMAL
..................................................................
TEMPERATURE (F)
 YESTERDAY
  MAXIMUM         30        MM  55    1925  33     -3       36
  MINIMUM         20        MM   4    1983  23     -3       20
  AVERAGE         25                        28     -3       28

PRECIPITATION (IN)
  YESTERDAY        0.00          0.49 1975   0.05  -0.05     0.00
  MONTH TO DATE    2.81                      1.16   1.65     0.37
  SINCE SEP 1      5.49                      3.91   1.58     3.54
  SINCE JAN 1     20.42                     15.33   5.09    14.46

SNOWFALL (IN)
  YESTERDAY        0.0           4.8  1996   0.2   -0.2      0.0
  MONTH TO DATE    T                         2.0   -2.0       T
  SINCE SEP 1      T                         2.6   -2.6       T
  SINCE JUL 1      T                         2.6   -2.6       T
  SNOW DEPTH       0

DEGREE DAYS
 HEATING
  YESTERDAY       40                        37      3       37
  MONTH TO DATE  521                       637   -116      487
  SINCE SEP 1   1091                      1219   -128      974
  SINCE JUL 1   1642                      1855   -213     1336

 COOLING
  YESTERDAY        0                         0      0        0
  MONTH TO DATE    0                         0      0        0
  SINCE SEP 1      0                         0      0        0
  SINCE JAN 1      6                         4      2       13
..................................................................


WIND (MPH)
  RESULTANT WIND SPEED   7   RESULTANT WIND DIRECTION  SW (220)
  HIGHEST WIND SPEED    10   HIGHEST WIND DIRECTION    SW (230)
  HIGHEST GUST SPEED    MM   HIGHEST GUST DIRECTION    MM
  AVERAGE WIND SPEED     7.1



WEATHER CONDITIONS
 THE FOLLOWING WEATHER WAS RECORDED YESTERDAY.
  FOG


RELATIVE HUMIDITY (PERCENT)
 HIGHEST   100
 LOWEST     72
 AVERAGE    86

..........................................................


THE BETHEL CLIMATE NORMALS FOR TODAY
                         NORMAL    RECORD    YEAR
 MAXIMUM TEMPERATURE (F)   33        54      1926
 MINIMUM TEMPERATURE (F)   22         3      1928
                                             1924


SUNRISE AND SUNSET
OCTOBER 21 2017.......SUNRISE   945 AM AKDT  SUNSET   717 PM AKDT
OCTOBER 22 2017.......SUNRISE   948 AM AKDT  SUNSET   714 PM AKDT


-  INDICATES NEGATIVE NUMBERS.
R  INDICATES RECORD WAS SET OR TIED.
MM INDICATES DATA IS MISSING.
T  INDICATES TRACE AMOUNT.




$$
