246
CDAK48 PAFC 261255 RRA
CLIBET

CLIMATE REPORT
NATIONAL WEATHER SERVICE ANCHORAGE, AK
349 AM AKST SUN FEB 26 2017


...................................

...THE BETHEL CLIMATE SUMMARY FOR FEBRUARY 25 2017...

CLIMATE NORMAL PERIOD 1981 TO 2010
CLIMATE RECORD PERIOD 1948 TO 2017


WEATHER ITEM   OBSERVED TIME   RECORD YEAR NORMAL DEPARTURE LAST
                VALUE   (LST)  VALUE       VALUE  FROM      YEAR
                                                  NORMAL
..................................................................
TEMPERATURE (F)
 YESTERDAY
  MAXIMUM         34   1237 PM  46    1947  20     14       42
  MINIMUM         27   1234 AM -39    1954   6     21       27
  AVERAGE         31                        13     18       35

PRECIPITATION (IN)
  YESTERDAY        0.08          0.47 1955   0.02   0.06     0.00
  MONTH TO DATE    0.65                      0.64   0.01     0.16
  SINCE DEC 1      2.62                      2.54   0.08     1.63
  SINCE JAN 1      1.86                      1.42   0.44     0.39

SNOWFALL (IN)
  YESTERDAY        0.8           4.0  1951   0.3    0.5      0.0
  MONTH TO DATE    4.9                       6.1   -1.2      1.3
  SINCE DEC 1     22.2                      27.1   -4.9     17.6
  SINCE JUL 1     25.8                      45.0  -19.2     27.0
  SNOW DEPTH       6

DEGREE DAYS
 HEATING
  YESTERDAY       34                        52    -18       30
  MONTH TO DATE 1555                      1354    201     1110
  SINCE DEC 1   4892                      4858     34     3910
  SINCE JUL 1   8120                      8581   -461     7122

 COOLING
  YESTERDAY        0                         0      0        0
  MONTH TO DATE    0                         0      0        0
  SINCE DEC 1      0                         0      0        0
  SINCE JAN 1      0                         0      0        0
..................................................................


WIND (MPH)
  RESULTANT WIND SPEED  23   RESULTANT WIND DIRECTION   S (190)
  HIGHEST WIND SPEED    40   HIGHEST WIND DIRECTION     S (180)
  HIGHEST GUST SPEED    49   HIGHEST GUST DIRECTION     S (180)
  AVERAGE WIND SPEED    24.3



WEATHER CONDITIONS
 THE FOLLOWING WEATHER WAS RECORDED YESTERDAY.
  LIGHT RAIN
  HEAVY SNOW
  SNOW
  LIGHT SNOW
  FOG
  FOG W/VISIBILITY <= 1/4 MILE
  BLOWING SNOW


RELATIVE HUMIDITY (PERCENT)
 HIGHEST   100
 LOWEST     89
 AVERAGE    95

..........................................................


THE BETHEL CLIMATE NORMALS FOR TODAY
                         NORMAL    RECORD    YEAR
 MAXIMUM TEMPERATURE (F)   20        45      1991
 MINIMUM TEMPERATURE (F)    6       -39      1954


SUNRISE AND SUNSET
FEBRUARY 26 2017......SUNRISE   855 AM AKST  SUNSET   707 PM AKST
FEBRUARY 27 2017......SUNRISE   852 AM AKST  SUNSET   709 PM AKST

CIVIL TWILIGHT
FEBRUARY 26 2017        START    812 AM GMT     END    751 PM GMT
FEBRUARY 27 2017        START    809 AM GMT     END    753 PM GMT



-  INDICATES NEGATIVE NUMBERS.
R  INDICATES RECORD WAS SET OR TIED.
MM INDICATES DATA IS MISSING.
T  INDICATES TRACE AMOUNT.




$$
&&
------------------------------------------------------
AMOUNT OF DAYLIGHT TODAY  (HOUR:MIN)........10:12
GAIN/LOSS SINCE YESTERDAY (HOUR:MIN:SEC)....+0:05:37

$$
