325
CDAK48 PAFC 041302
CLIBET

CLIMATE REPORT
NATIONAL WEATHER SERVICE ANCHORAGE, AK
400 AM AKST SUN DEC 4 2016


...................................

...THE BETHEL CLIMATE SUMMARY FOR DECEMBER 3 2016...

CLIMATE NORMAL PERIOD 1981 TO 2010
CLIMATE RECORD PERIOD 1948 TO 2016


WEATHER ITEM   OBSERVED TIME   RECORD YEAR NORMAL DEPARTURE LAST
                VALUE   (LST)  VALUE       VALUE  FROM      YEAR
                                                  NORMAL
..................................................................
TEMPERATURE (F)
 YESTERDAY
  MAXIMUM          2    354 PM  39    1958  20    -18        8
  MINIMUM        -12   1156 PM -32    1939   6    -18        2
  AVERAGE         -5                        13    -18        5

PRECIPITATION (IN)
  YESTERDAY        0.00          0.48 2011   0.05  -0.05      T
  MONTH TO DATE    T                         0.13  -0.13      T
  SINCE DEC 1      T                         0.13  -0.13      T
  SINCE JAN 1     15.30                     17.55  -2.25    17.77

SNOWFALL (IN)
  YESTERDAY        0.0           5.7  1995   0.4   -0.4       T
  MONTH TO DATE    T                         1.2   -1.2       T
  SINCE DEC 1      T                         1.2   -1.2       T
  SINCE JUL 1      3.6                      19.1  -15.5      9.4
  SNOW DEPTH       6

DEGREE DAYS
 HEATING
  YESTERDAY       70                        52     18       60
  MONTH TO DATE  219                       156     63      177
  SINCE DEC 1    219                       156     63      177
  SINCE JUL 1   3447                      3879   -432     3389

 COOLING
  YESTERDAY        0                         0      0        0
  MONTH TO DATE    0                         0      0        0
  SINCE DEC 1      0                         0      0        0
  SINCE JAN 1     13                         4      9       11
..................................................................


WIND (MPH)
  RESULTANT WIND SPEED   9   RESULTANT WIND DIRECTION  NW (320)
  HIGHEST WIND SPEED    15   HIGHEST WIND DIRECTION    NW (320)
  HIGHEST GUST SPEED    19   HIGHEST GUST DIRECTION    NW (330)
  AVERAGE WIND SPEED     9.2



WEATHER CONDITIONS
 THE FOLLOWING WEATHER WAS RECORDED YESTERDAY.
  FOG


RELATIVE HUMIDITY (PERCENT)
 HIGHEST    95
 LOWEST     79
 AVERAGE    87

..........................................................


THE BETHEL CLIMATE NORMALS FOR TODAY
                         NORMAL    RECORD    YEAR
 MAXIMUM TEMPERATURE (F)   19        40      2013
                                             2009
                                             1958
 MINIMUM TEMPERATURE (F)    6       -30      1987


SUNRISE AND SUNSET
DECEMBER  4 2016......SUNRISE  1036 AM AKST  SUNSET   439 PM AKST
DECEMBER  5 2016......SUNRISE  1038 AM AKST  SUNSET   438 PM AKST

CIVIL TWILIGHT
DECEMBER 4 2016         START    939 AM GMT     END    537 PM GMT
DECEMBER 5 2016         START    941 AM GMT     END    536 PM GMT



-  INDICATES NEGATIVE NUMBERS.
R  INDICATES RECORD WAS SET OR TIED.
MM INDICATES DATA IS MISSING.
T  INDICATES TRACE AMOUNT.




$$
&&
------------------------------------------------------
AMOUNT OF DAYLIGHT TODAY  (HOUR:MIN)........ 6:03
GAIN/LOSS SINCE YESTERDAY (HOUR:MIN:SEC)....-0:03:01

$$
