182
CDAK48 PABE 131237
CLIBET

CLIMATE REPORT
NATIONAL WEATHER SERVICE BETHEL, AK
338 AM AKST SAT FEB 13 2016

...................................
...THE BETHEL AP CLIMATE SUMMARY FOR FEBRUARY 12 2016...

CLIMATE NORMAL PERIOD  1981 TO  2010
CLIMATE RECORD PERIOD  1923 TO  2016

WEATHER ITEM   OBSERVED TIME    RECORD YEAR NORMAL DEPARTURE LAST
               VALUE    (LST)   VALUE       VALUE  FROM      YEAR
                                                   NORMAL
...................................................................
TEMPERATURE
YESTERDAY
 MAXIMUM            19  0657 PM    45  1986     17       2     21
 MINIMUM            13  0216 AM   -33  1964      4       9      8
 AVERAGE            16                          11       5     15

PRECIPITATION
(INCHES)
 YESTERDAY        0.02           0.54  1936   0.02    0.00   0.16
 MONTH TO DATE    0.05                        0.30   -0.25   0.20
 SINCE DEC 1      1.52                        2.20   -0.68   2.30
 SINCE JAN 1      0.28                        1.08   -0.80   0.71

SNOWFALL
(INCHES)
 YESTERDAY         0.2            5.4  1936    0.2     0.0    0.8
 MONTH TO DATE     0.5                         2.8    -2.3    1.4
 SINCE DEC 1      16.3                        23.8    -7.5    9.1
 SINCE JUL 1      25.7                        41.7   -16.0   21.3
 SNOW DEPTH (IN)     2                                          1

DEGREE DAYS
 HEATING
  YESTERDAY         49                          54      -5     50
  MONTH TO DATE    531                         666    -135    745
  SINCE DEC 1     3447                        4172    -725   3909
  SINCE JUL 1     6735                        7902   -1167   7191

 COOLING
  YESTERDAY          0                           0       0      0
  MONTH TO DATE      0                           0       0      0
  SINCE DEC 1        0                           0       0      0
  SINCE JAN 1        0                           0       0      0
...................................................................

WIND (MPH)
 HIGHEST WIND SPEED    26     HIGHEST WIND DIRECTION     40
 HIGHEST GUST SPEED    34     HIGHEST GUST DIRECTION     30
 AVERAGE WIND SPEED  16.9

WEATHER CONDITIONS
 THE FOLLOWING WEATHER WAS RECORDED YESTERDAY.
 FOG
 SNOW

...................................................................

THE BETHEL CLIMATE NORMALS FOR TODAY
                           NORMAL    RECORD   YEAR
 MAXIMUM TEMPERATURE (F)     18        51     1927
 MINIMUM TEMPERATURE (F)      4       -34     1964

SUNRISE AND SUNSET
 FEB 13 2016..........SUNRISE  9:35 AM      SUNSET  6:30 PM
 FEB 14 2016..........SUNRISE  9:32 AM      SUNSET  6:33 PM

-  INDICATES NEGATIVE NUMBERS.
R  INDICATES RECORD HAS BEEN SET OR TIED.
MM INDICATES DATA IS MISSING.
T  INDICATES TRACE OF PRECIPITATION.

&&
-------------------------------------------------------------------

AMOUNT OF DAYLIGHT TODAY  (HOUR:MIN)........8 HOURS 55 MINUTES
GAIN SINCE YESTERDAY (HOUR:MIN:SEC)....+0:05:29

$$
CR FEB 16
