723
CDAK48 PABE 260907
CLIBET

CLIMATE REPORT
NATIONAL WEATHER SERVICE BETHEL, AK
107 AM AKDT FRI AUG 26 2016

...................................
...THE BETHEL AP CLIMATE SUMMARY FOR AUGUST 25 2016...

CLIMATE NORMAL PERIOD  1981 TO  2010
CLIMATE RECORD PERIOD  1948 TO  2016

WEATHER ITEM   OBSERVED TIME    RECORD YEAR NORMAL DEPARTURE LAST
               VALUE    (LST)   VALUE       VALUE  FROM      YEAR
                                                   NORMAL
...................................................................
TEMPERATURE
YESTERDAY
 MAXIMUM            64  0327 PM    80  1923     59       5     54
 MINIMUM            54  1159 PM    32  1998     46       8     51
 AVERAGE            59                          53       6     53

PRECIPITATION
(INCHES)
 YESTERDAY        0.23           1.73  1994   0.11    0.12   0.42
 MONTH TO DATE    3.29                        2.64    0.65   2.19
 SINCE JUN 1      7.75                        6.72    1.03   4.55
 SINCE JAN 1     11.01                       10.81    0.20   8.95

SNOWFALL
(INCHES)
 YESTERDAY         0.0            0.0  2016    0.0     0.0    0.0
 MONTH TO DATE     0.0                         0.0     0.0    0.0
 SINCE JUN 1       0.0                         0.0     0.0    0.0
 SINCE JUL 1       0.0                         0.0     0.0    0.0
 SNOW DEPTH (IN)     0                                          0

DEGREE DAYS
 HEATING
  YESTERDAY          6                          13      -7     12
  MONTH TO DATE    172                         278    -106    267
  SINCE JUN 1      629                         939    -310    746
  SINCE JUL 1      357                         562    -205    508

 COOLING
  YESTERDAY          0                           0       0      0
  MONTH TO DATE      0                           0       0      0
  SINCE JUN 1       13                           0      13     11
  SINCE JAN 1       13                           0      13     11
...................................................................

WIND (MPH)
 HIGHEST WIND SPEED    17     HIGHEST WIND DIRECTION    210
 HIGHEST GUST SPEED    22     HIGHEST GUST DIRECTION    190
 AVERAGE WIND SPEED   9.4

SKY COVER
  POSSIBLE SUNSHINE    MM          AVERAGE SKY COVER     MM

WEATHER CONDITIONS
 THE FOLLOWING WEATHER WAS RECORDED YESTERDAY.
  FOG
RAIN


RELATIVE HUMIDITY
 HIGHEST RH     MM PERCENT       MM
 LOWEST  RH     MM PERCENT       MM
 AVERAGE RH     MM PERCENT       MM
...................................................................

THE BETHEL CLIMATE NORMALS FOR TODAY
                           NORMAL    RECORD   YEAR
 MAXIMUM TEMPERATURE (F)     59        78     1981
 MINIMUM TEMPERATURE (F)     46        28     1984

SUNRISE AND SUNSET
 AUG 26 2016..........SUNRISE  7:28 AM      SUNSET 10:09 PM
 AUG 27 2016..........SUNRISE  7:30 AM      SUNSET 10:06 PM

-  INDICATES NEGATIVE NUMBERS.
R  INDICATES RECORD HAS BEEN SET OR TIED.
MM INDICATES DATA IS MISSING.
T  INDICATES TRACE OF PRECIPITATION.

&&
-------------------------------------------------------------------

AMOUNT OF DAYLIGHT TODAY  (HOUR:MIN)........14 HOURS 41 MINUTES
GAIN/LOSS SINCE YESTERDAY (HOUR:MIN:SEC)....-0:05:31

$$
SE AUG 16
