000
CDUS45 KCYS 310338
CLIBFF


CLIMATE REPORT
NATIONAL WEATHER SERVICE CHEYENNE WY
938 PM MDT SUN AUG 30 2015


...................................

...THE SCOTTSBLUFF NE AIRPORT CLIMATE SUMMARY FOR AUGUST 30 2015...
VALID TODAY AS OF 0900 PM LOCAL TIME.

CLIMATE NORMAL PERIOD 1981 TO 2010
CLIMATE RECORD PERIOD 1871 TO 2015


WEATHER ITEM   OBSERVED TIME   RECORD YEAR NORMAL DEPARTURE LAST
                VALUE   (LST)  VALUE       VALUE  FROM      YEAR
                                                  NORMAL
..................................................................
TEMPERATURE (F)
 TODAY
  MAXIMUM         97    253 PM 102    1990  85     12       93
                                      1985
  MINIMUM         57    534 AM  37    1964  53      4       53
  AVERAGE         77                        69      8       73

PRECIPITATION (IN)
  TODAY            0.00          1.33 1901   0.03  -0.03      T
  MONTH TO DATE    1.24                      1.26  -0.02     1.57
  SINCE JUN 1      7.31                      5.94   1.37     4.80
  SINCE JAN 1     19.47                     12.26   7.21    11.95

SNOWFALL (IN)
  TODAY            0.0           1.0  1901   0.0    0.0      0.0
  MONTH TO DATE    0.0                       0.0    0.0      0.0
  SINCE JUL 1      0.0                       0.0    0.0      0.0
  SNOW DEPTH       0

DEGREE DAYS
 HEATING
  TODAY            0                         1     -1        0
  MONTH TO DATE   27                         9     18        5
  SINCE JUN 1     36                        75    -39       65
  SINCE JUL 1     33                        15     18       12

 COOLING
  TODAY           12                         5      7        8
  MONTH TO DATE  239                       224     15      239
  SINCE JUN 1    671                       637     34      616
  SINCE JAN 1    671                       660     11      643
..................................................................


WIND (MPH)
  HIGHEST WIND SPEED    18   HIGHEST WIND DIRECTION     W (290)
  HIGHEST GUST SPEED    23   HIGHEST GUST DIRECTION     W (290)
  AVERAGE WIND SPEED     9.1


SKY COVER
  AVERAGE SKY COVER 0.0


WEATHER CONDITIONS
 THE FOLLOWING WEATHER WAS RECORDED TODAY.
  NO SIGNIFICANT WEATHER WAS OBSERVED.


RELATIVE HUMIDITY (PERCENT)
 HIGHEST    72           600 AM
 LOWEST     17           200 PM
 AVERAGE    45

..........................................................


THE SCOTTSBLUFF NE AIRPORT CLIMATE NORMALS FOR TOMORROW
                         NORMAL    RECORD    YEAR
 MAXIMUM TEMPERATURE (F)   85       100      1985
                                             1984
                                             1954
 MINIMUM TEMPERATURE (F)   52        35      1932


SUNRISE AND SUNSET
AUGUST 30 2015........SUNRISE   618 AM MDT   SUNSET   731 PM MDT
AUGUST 31 2015........SUNRISE   619 AM MDT   SUNSET   730 PM MDT


-  INDICATES NEGATIVE NUMBERS.
R  INDICATES RECORD WAS SET OR TIED.
MM INDICATES DATA IS MISSING.
T  INDICATES TRACE AMOUNT.




$$
