000
CDUS45 KCYS 290735
CLIBFF


CLIMATE REPORT
NATIONAL WEATHER SERVICE CHEYENNE WY
135 AM MDT TUE JUL 29 2014


...................................

...THE SCOTTSBLUFF NEBRASKA AIRPORT CLIMATE SUMMARY FOR JULY 28 2014...

CLIMATE NORMAL PERIOD 1981 TO 2010
CLIMATE RECORD PERIOD 1871 TO 2014


WEATHER ITEM   OBSERVED TIME   RECORD YEAR NORMAL DEPARTURE LAST
                VALUE   (LST)  VALUE       VALUE  FROM      YEAR
                                                  NORMAL
..................................................................
TEMPERATURE (F)
 YESTERDAY
  MAXIMUM         90    315 PM 105    1933  90      0       77
  MINIMUM         58    456 AM  46    1913  59     -1       58
  AVERAGE         74                        75     -1       68

PRECIPITATION (IN)
  YESTERDAY        0.00          2.09 1982   0.05  -0.05      T
  MONTH TO DATE    1.45                      1.67  -0.22     0.75
  SINCE JAN 1     10.33                     10.84  -0.51     6.93

SNOWFALL (IN)
  YESTERDAY        0.0          MM      MM   0.0    0.0      0.0
  MONTH TO DATE    0.0                       0.0    0.0      0.0
  SINCE JUL 1      0.0                       0.0    0.0      0.0
  SNOW DEPTH       0

DEGREE DAYS
 HEATING
  YESTERDAY        0                         0      0        0
  MONTH TO DATE    7                         1      6        2
  SINCE JUN 1     60                        61     -1       23
  SINCE JUL 1      7                         1      6        2

 COOLING
  YESTERDAY        9                        10     -1        3
  MONTH TO DATE  265                       260      5      293
  SINCE JUN 1    360                       386    -26      488
  SINCE JAN 1    387                       409    -22      542
..................................................................


WIND (MPH)
  HIGHEST WIND SPEED    16   HIGHEST WIND DIRECTION     E (100)
  HIGHEST GUST SPEED    20   HIGHEST GUST DIRECTION     E (80)
  AVERAGE WIND SPEED    10.2


SKY COVER
  AVERAGE SKY COVER 0.0


WEATHER CONDITIONS
 THE FOLLOWING WEATHER WAS RECORDED YESTERDAY.
  NO SIGNIFICANT WEATHER WAS OBSERVED.


RELATIVE HUMIDITY (PERCENT)
 HIGHEST    77           500 AM
 LOWEST     36           500 PM
 AVERAGE    57

..........................................................


THE SCOTTSBLUFF NEBRASKA AIRPORT CLIMATE NORMALS FOR TODAY
                         NORMAL    RECORD    YEAR
 MAXIMUM TEMPERATURE (F)   90       106      1980
 MINIMUM TEMPERATURE (F)   59        47      2009


SUNRISE AND SUNSET
JULY 29 2014..........SUNRISE   545 AM MDT   SUNSET   816 PM MDT
JULY 30 2014..........SUNRISE   546 AM MDT   SUNSET   815 PM MDT


-  INDICATES NEGATIVE NUMBERS.
R  INDICATES RECORD WAS SET OR TIED.
MM INDICATES DATA IS MISSING.
T  INDICATES TRACE AMOUNT.




$$
