178
CDUS45 KCYS 100728
CLIBFF


CLIMATE REPORT
NATIONAL WEATHER SERVICE CHEYENNE WY
1228 AM MST WED FEB 10 2016


...................................

...THE SCOTTSBLUFF NE AIRPORT CLIMATE SUMMARY FOR FEBRUARY 9 2016...

CLIMATE NORMAL PERIOD 1981 TO 2010
CLIMATE RECORD PERIOD 1871 TO 2016


WEATHER ITEM   OBSERVED TIME   RECORD YEAR NORMAL DEPARTURE LAST
                VALUE   (LST)  VALUE       VALUE  FROM      YEAR
                                                  NORMAL
..................................................................
TEMPERATURE (F)
 YESTERDAY
  MAXIMUM         52    329 PM  71    2015  43      9       71
  MINIMUM         28   1122 PM -29    1901  15     13       27
  AVERAGE         40                        29     11       49

PRECIPITATION (IN)
  YESTERDAY        0.00          0.35 1902   0.02  -0.02     0.00
  MONTH TO DATE    0.34                      0.16   0.18     0.28
  SINCE JAN 1      0.55                      0.57  -0.02     0.73

SNOWFALL (IN)
  YESTERDAY        0.0           3.8  2014   0.2   -0.2      0.0
  MONTH TO DATE    0.0                       2.1   -2.1      4.1
  SINCE JUL 1     18.4                      23.5   -5.1     40.5
  SNOW DEPTH      MM

DEGREE DAYS
 HEATING
  YESTERDAY       25                        36    -11       16
  MONTH TO DATE  346                       328     18      237
  SINCE DEC 1   2693                      2705    -12     2627
  SINCE JUL 1   3968                      4270   -302     4072

 COOLING
  YESTERDAY        0                         0      0        0
  MONTH TO DATE    0                         0      0        0
  SINCE DEC 1      0                         0      0        0
  SINCE JAN 1      0                         0      0        0
..................................................................


WIND (MPH)
  HIGHEST WIND SPEED    25   HIGHEST WIND DIRECTION    NW (330)
  HIGHEST GUST SPEED    30   HIGHEST GUST DIRECTION    NW (330)
  AVERAGE WIND SPEED    11.0


SKY COVER
  AVERAGE SKY COVER 0.1


WEATHER CONDITIONS
 THE FOLLOWING WEATHER WAS RECORDED YESTERDAY.
  NO SIGNIFICANT WEATHER WAS OBSERVED.


RELATIVE HUMIDITY (PERCENT)
 HIGHEST    85          1000 PM
 LOWEST     49          1100 AM
 AVERAGE    67

..........................................................


THE SCOTTSBLUFF NE AIRPORT CLIMATE NORMALS FOR TODAY
                         NORMAL    RECORD    YEAR
 MAXIMUM TEMPERATURE (F)   43        74      1962
 MINIMUM TEMPERATURE (F)   15       -25      1933


SUNRISE AND SUNSET
FEBRUARY 10 2016......SUNRISE   657 AM MST   SUNSET   521 PM MST
FEBRUARY 11 2016......SUNRISE   656 AM MST   SUNSET   522 PM MST


-  INDICATES NEGATIVE NUMBERS.
R  INDICATES RECORD WAS SET OR TIED.
MM INDICATES DATA IS MISSING.
T  INDICATES TRACE AMOUNT.




$$
