000
CDUS45 KCYS 250728
CLIBFF


CLIMATE REPORT
NATIONAL WEATHER SERVICE CHEYENNE WY
127 AM MDT SUN SEP 25 2016


...................................

...THE SCOTTSBLUFF NE AIRPORT CLIMATE SUMMARY FOR SEPTEMBER 24 2016...

CLIMATE NORMAL PERIOD 1981 TO 2010
CLIMATE RECORD PERIOD 1871 TO 2016


WEATHER ITEM   OBSERVED TIME   RECORD YEAR NORMAL DEPARTURE LAST
                VALUE   (LST)  VALUE       VALUE  FROM      YEAR
                                                  NORMAL
..................................................................
TEMPERATURE (F)
 YESTERDAY
  MAXIMUM         71    154 PM  94    1898  74     -3       85
  MINIMUM         42   1120 PM  20    1926  42      0       49
  AVERAGE         57                        58     -1       67

PRECIPITATION (IN)
  YESTERDAY        0.03          2.32 1959   0.04  -0.01     0.00
  MONTH TO DATE    1.40                      0.94   0.46     1.00
  SINCE JAN 1     14.72                     13.24   1.48    20.49

SNOWFALL (IN)
  YESTERDAY        0.0           3.0  2000   0.1   -0.1      0.0
  MONTH TO DATE    0.0                       0.3   -0.3      0.0
  SINCE JUL 1      0.0                       0.3   -0.3      0.0
  SNOW DEPTH       0

DEGREE DAYS
 HEATING
  YESTERDAY        8                         8      0        0
  MONTH TO DATE   62                       103    -41       31
  SINCE SEP 1     62                       103    -41       31
  SINCE JUL 1     78                       123    -45       64

 COOLING
  YESTERDAY        0                         1     -1        2
  MONTH TO DATE   72                        56     16       95
  SINCE SEP 1     72                        56     16       95
  SINCE JAN 1    893                       721    172      775
..................................................................


WIND (MPH)
  HIGHEST WIND SPEED    28   HIGHEST WIND DIRECTION     W (270)
  HIGHEST GUST SPEED    38   HIGHEST GUST DIRECTION     W (260)
  AVERAGE WIND SPEED    10.5


SKY COVER
  AVERAGE SKY COVER 0.3


WEATHER CONDITIONS
 THE FOLLOWING WEATHER WAS RECORDED YESTERDAY.
  RAIN
  FOG


RELATIVE HUMIDITY (PERCENT)
 HIGHEST   100           500 AM
 LOWEST     29           200 PM
 AVERAGE    65

..........................................................


THE SCOTTSBLUFF NE AIRPORT CLIMATE NORMALS FOR TODAY
                         NORMAL    RECORD    YEAR
 MAXIMUM TEMPERATURE (F)   73        93      2014
                                             1898
 MINIMUM TEMPERATURE (F)   41        14      1926


SUNRISE AND SUNSET
SEPTEMBER 25 2016.....SUNRISE   645 AM MDT   SUNSET   645 PM MDT
SEPTEMBER 26 2016.....SUNRISE   647 AM MDT   SUNSET   644 PM MDT


-  INDICATES NEGATIVE NUMBERS.
R  INDICATES RECORD WAS SET OR TIED.
MM INDICATES DATA IS MISSING.
T  INDICATES TRACE AMOUNT.




$$
