000
CDUS45 KCYS 310442
CLIBFF


CLIMATE REPORT
NATIONAL WEATHER SERVICE CHEYENNE WY
942 PM MST FRI JAN 30 2015


...................................

...THE SCOTTSBLUFF NEBRASKA AIRPORT CLIMATE SUMMARY FOR JANUARY 30 2015...
VALID TODAY AS OF 0900 PM LOCAL TIME.

CLIMATE NORMAL PERIOD 1981 TO 2010
CLIMATE RECORD PERIOD 1871 TO 2015


WEATHER ITEM   OBSERVED TIME   RECORD YEAR NORMAL DEPARTURE LAST
                VALUE   (LST)  VALUE       VALUE  FROM      YEAR
                                                  NORMAL
..................................................................
TEMPERATURE (F)
 TODAY
  MAXIMUM         44    359 PM  67    1989  42      2       49
  MINIMUM         27    739 AM -19    1899  14     13       19
  AVERAGE         36                        28      8       34

PRECIPITATION (IN)
  TODAY            0.00          0.45 1899   0.01  -0.01     0.13
  MONTH TO DATE    0.25                      0.39  -0.14     0.43
  SINCE DEC 1      1.72                      0.90   0.82     1.06
  SINCE JAN 1      0.25                      0.39  -0.14     0.43

SNOWFALL (IN)
  TODAY            0.0           4.5  1899   0.2   -0.2      1.9
  MONTH TO DATE    3.4                       5.2   -1.8      5.6
  SINCE JUL 1     34.3                      21.2   13.1     29.7
  SNOW DEPTH       0

DEGREE DAYS
 HEATING
  TODAY           29                        37     -8       31
  MONTH TO DATE 1129                      1133     -4     1027
  SINCE DEC 1   2337                      2340     -3     2250
  SINCE JUL 1   3782                      3905   -123     3755

 COOLING
  TODAY            0                         0      0        0
  MONTH TO DATE    0                         0      0        0
  SINCE DEC 1      0                         0      0        0
  SINCE JAN 1      0                         0      0        0
..................................................................


WIND (MPH)
  HIGHEST WIND SPEED    10   HIGHEST WIND DIRECTION     E (100)
  HIGHEST GUST SPEED    12   HIGHEST GUST DIRECTION     E (110)
  AVERAGE WIND SPEED     5.0


SKY COVER
  AVERAGE SKY COVER 0.0


WEATHER CONDITIONS
 THE FOLLOWING WEATHER WAS RECORDED TODAY.
  NO SIGNIFICANT WEATHER WAS OBSERVED.


RELATIVE HUMIDITY (PERCENT)
 HIGHEST    85           800 AM
 LOWEST     57           200 PM
 AVERAGE    71

..........................................................


THE SCOTTSBLUFF NEBRASKA AIRPORT CLIMATE NORMALS FOR TOMORROW
                         NORMAL    RECORD    YEAR
 MAXIMUM TEMPERATURE (F)   42        66      1989
 MINIMUM TEMPERATURE (F)   15       -22      1979


SUNRISE AND SUNSET
JANUARY 30 2015.......SUNRISE   709 AM MST   SUNSET   507 PM MST
JANUARY 31 2015.......SUNRISE   708 AM MST   SUNSET   508 PM MST


-  INDICATES NEGATIVE NUMBERS.
R  INDICATES RECORD WAS SET OR TIED.
MM INDICATES DATA IS MISSING.
T  INDICATES TRACE AMOUNT.




$$
