031
CDUS45 KCYS 062125
CLIBFF


CLIMATE REPORT
NATIONAL WEATHER SERVICE CHEYENNE WY
325 PM MDT FRI MAY 6 2016


...................................

...THE SCOTTSBLUFF NE AIRPORT CLIMATE SUMMARY FOR MAY 6 2016...
VALID AS OF 0300 PM LOCAL TIME.

CLIMATE NORMAL PERIOD 1981 TO 2010
CLIMATE RECORD PERIOD 1871 TO 2016


WEATHER ITEM   OBSERVED TIME   RECORD YEAR NORMAL DEPARTURE LAST
                VALUE   (LST)  VALUE       VALUE  FROM      YEAR
                                                  NORMAL
..................................................................
TEMPERATURE (F)
 TODAY
  MAXIMUM         79    159 PM  91    1966  69     10       63
  MINIMUM         54    455 AM  16    1898  39     15       48
  AVERAGE         67                        54     13       56

PRECIPITATION (IN)
  TODAY            0.00          0.81 1932   0.06  -0.06     0.29
                                      1911
  MONTH TO DATE    0.01                      0.39  -0.38     0.43
  SINCE MAR 1      6.74                      3.22   3.52     3.80
  SINCE JAN 1      7.51                      4.23   3.28     4.64

SNOWFALL (IN)
  TODAY            0.0           3.0  1978   0.0    0.0      0.0
  MONTH TO DATE    0.0                       0.2   -0.2      0.0
  SINCE JUL 1     34.6                      41.8   -7.2     43.7
  SNOW DEPTH       0

DEGREE DAYS
 HEATING
  TODAY            0                        12    -12        9
  MONTH TO DATE   53                        75    -22       41
  SINCE MAR 1   1245                      1456   -211     1130
  SINCE JUL 1   5675                      6368   -693     5845

 COOLING
  TODAY            2                         0      2        0
  MONTH TO DATE    3                         0      3        0
  SINCE MAR 1      3                         2      1        0
  SINCE JAN 1      3                         2      1        0
..................................................................


WIND (MPH)
  HIGHEST WIND SPEED    23   HIGHEST WIND DIRECTION     E (110)
  HIGHEST GUST SPEED    27   HIGHEST GUST DIRECTION     E (110)
  AVERAGE WIND SPEED     9.2


SKY COVER
  AVERAGE SKY COVER 0.0


WEATHER CONDITIONS
 THE FOLLOWING WEATHER WAS RECORDED TODAY.
  NO SIGNIFICANT WEATHER WAS OBSERVED.


RELATIVE HUMIDITY (PERCENT)
 HIGHEST    71           500 AM
 LOWEST     30           200 PM
 AVERAGE    51

..........................................................


THE SCOTTSBLUFF NE AIRPORT CLIMATE NORMALS FOR TOMORROW
                         NORMAL    RECORD    YEAR
 MAXIMUM TEMPERATURE (F)   69        94      1928
 MINIMUM TEMPERATURE (F)   40        24      1898


SUNRISE AND SUNSET
MAY  6 2016...........SUNRISE   544 AM MDT   SUNSET   759 PM MDT
MAY  7 2016...........SUNRISE   542 AM MDT   SUNSET   800 PM MDT


-  INDICATES NEGATIVE NUMBERS.
R  INDICATES RECORD WAS SET OR TIED.
MM INDICATES DATA IS MISSING.
T  INDICATES TRACE AMOUNT.




$$
