000
CDUS46 KHNX 230023
CLIBFL


CLIMATE REPORT
NATIONAL WEATHER SERVICE SAN JOAQUIN VALLEY, CA
523 PM PDT FRI SEP 22 2017


...................................

...THE BAKERSFIELD CLIMATE SUMMARY FOR SEPTEMBER 22 2017...
VALID AS OF 0400 PM LOCAL TIME.

CLIMATE NORMAL PERIOD 1981 TO 2010
CLIMATE RECORD PERIOD 1889 TO 2017


WEATHER ITEM   OBSERVED TIME   RECORD YEAR NORMAL DEPARTURE LAST
                VALUE   (LST)  VALUE       VALUE  FROM      YEAR
                                                  NORMAL
..................................................................
TEMPERATURE (F)
 TODAY
  MAXIMUM         75        MM 105    2003  89    -14       76
                                      1928
  MINIMUM         52        MM  40    1908  63    -11       55
  AVERAGE         64                        76    -12       66

PRECIPITATION (IN)
  TODAY            0.00          0.12 2007   0.00   0.00     0.00
  MONTH TO DATE    0.52                      0.05   0.47     0.00
  SINCE OCT 1      8.34                      6.44   1.90     5.43
  SINCE JAN 1      5.31                      4.48   0.83     4.10

SNOWFALL (IN)
  TODAY            0.0
  MONTH TO DATE    0.0
  SINCE SEP 1      0.0
  SINCE JUL 1      0.0
  SNOW DEPTH       0

DEGREE DAYS
 HEATING
  TODAY            1                         0      1        0
  MONTH TO DATE    1                         0      1        0
  SINCE SEP 1      1                         0      1        0
  SINCE JUL 1      1                         0      1        0

 COOLING
  TODAY            0                        11    -11        1
  MONTH TO DATE  361                       287     74      300
  SINCE SEP 1    361                       287     74      300
  SINCE JAN 1   2729                      2055    674     2493
..................................................................


WIND (MPH)
  HIGHEST WIND SPEED     9   HIGHEST WIND DIRECTION     W (290)
  HIGHEST GUST SPEED    MM   HIGHEST GUST DIRECTION    MM
  AVERAGE WIND SPEED     4.9




RELATIVE HUMIDITY (PERCENT)
 HIGHEST    71
 LOWEST     27
 AVERAGE    49

..........................................................


THE BAKERSFIELD CLIMATE NORMALS FOR TOMORROW
                         NORMAL    RECORD    YEAR
 MAXIMUM TEMPERATURE (F)   88       107      1943
 MINIMUM TEMPERATURE (F)   62        31      1903


SUNRISE AND SUNSET
SEPTEMBER 22 2017.....SUNRISE   644 AM PDT   SUNSET   652 PM PDT
SEPTEMBER 23 2017.....SUNRISE   645 AM PDT   SUNSET   651 PM PDT


-  INDICATES NEGATIVE NUMBERS.
R  INDICATES RECORD WAS SET OR TIED.
MM INDICATES DATA IS MISSING.
T  INDICATES TRACE AMOUNT.




$$
