000
CDUS46 KHNX 260823
CLIBFL


CLIMATE REPORT
NATIONAL WEATHER SERVICE SAN JOAQUIN VALLEY, CA
1222 AM PST FRI DEC 26 2014


...................................

...THE BAKERSFIELD CLIMATE SUMMARY FOR DECEMBER 25 2014...

CLIMATE NORMAL PERIOD 1981 TO 2010
CLIMATE RECORD PERIOD 1889 TO 2014


WEATHER ITEM   OBSERVED TIME   RECORD YEAR NORMAL DEPARTURE
                VALUE   (LST)  VALUE       VALUE  FROM
                                                  NORMAL
...............................................................
TEMPERATURE (F)
 YESTERDAY
  MAXIMUM         52    345 PM  76    1902  55     -3
  MINIMUM         39    708 AM  21    1899  39      0
  AVERAGE         46                        47     -1

PRECIPITATION (IN)
  YESTERDAY        0.00          0.92 2003   0.04  -0.04
  MONTH TO DATE    1.91                      0.79   1.12
  SINCE JUL 1      2.57                      1.85   0.72
  SINCE JAN 1      3.91                      6.24  -2.33

SNOWFALL (IN)
  YESTERDAY        0.0
  MONTH TO DATE    0.0
  SINCE DEC 1      0.0
  SINCE JUL 1      0.0
  SNOW DEPTH       0

DEGREE DAYS
 HEATING
  YESTERDAY       19                                1
  MONTH TO DATE  214                             -210
  SINCE DEC 1    214                             -210
  SINCE JUL 1    388                             -394

 COOLING
  YESTERDAY        0                                0
  MONTH TO DATE    0                                0
  SINCE DEC 1      0                                0
  SINCE JAN 1   2983                              725
...............................................................


WIND (MPH)
  HIGHEST WIND SPEED    10   HIGHEST WIND DIRECTION     W (280)
  HIGHEST GUST SPEED    14   HIGHEST GUST DIRECTION     W (250)
  AVERAGE WIND SPEED     4.6




RELATIVE HUMIDITY (PERCENT)
 HIGHEST    80
 LOWEST     50
 AVERAGE    65

..........................................................


THE BAKERSFIELD CLIMATE NORMALS FOR TODAY
                         NORMAL    RECORD    YEAR
 MAXIMUM TEMPERATURE (F)   55        71      1999
                                             1921
 MINIMUM TEMPERATURE (F)   39        20      1905


SUNRISE AND SUNSET
DECEMBER 26 2014......SUNRISE   704 AM PST   SUNSET   450 PM PST
DECEMBER 27 2014......SUNRISE   704 AM PST   SUNSET   451 PM PST


-  INDICATES NEGATIVE NUMBERS.
R  INDICATES RECORD WAS SET OR TIED.
MM INDICATES DATA IS MISSING.
T  INDICATES TRACE AMOUNT.




$$
