875
CDUS46 KHNX 240025
CLIBFL


CLIMATE REPORT
NATIONAL WEATHER SERVICE SAN JOAQUIN VALLEY, CA
524 PM PDT SUN APR 23 2017


...................................

...THE BAKERSFIELD CLIMATE SUMMARY FOR APRIL 23 2017...
VALID AS OF 0400 PM LOCAL TIME.

CLIMATE NORMAL PERIOD 1981 TO 2010
CLIMATE RECORD PERIOD 1889 TO 2017


WEATHER ITEM   OBSERVED TIME   RECORD YEAR NORMAL DEPARTURE LAST
                VALUE   (LST)  VALUE       VALUE  FROM      YEAR
                                                  NORMAL
..................................................................
TEMPERATURE (F)
 TODAY
  MAXIMUM         78    359 PM 100    1910  77      1       72
  MINIMUM         54    553 AM  33    1904  52      2       46
  AVERAGE         66                        64      2       59

PRECIPITATION (IN)
  TODAY            0.00          0.29 1988   0.01  -0.01     0.00
  MONTH TO DATE    0.35                      0.43  -0.08     0.76
  SINCE OCT 1      7.76                      6.00   1.76     4.67
  SINCE JAN 1      4.73                      4.04   0.69     3.34

SNOWFALL (IN)
  TODAY            0.0
  MONTH TO DATE    0.0
  SINCE MAR 1      0.0
  SINCE JUL 1      0.0
  SNOW DEPTH       0

DEGREE DAYS
 HEATING
  TODAY            0                         3     -3        6
  MONTH TO DATE   47                       112    -65       12
  SINCE MAR 1    219                       351   -132      152
  SINCE JUL 1   1587                      2125   -538     1670

 COOLING
  TODAY            1                         3     -2        0
  MONTH TO DATE   42                        36      6       91
  SINCE MAR 1     66                        45     21       97
  SINCE JAN 1     68                        45     23       97
..................................................................


WIND (MPH)
  HIGHEST WIND SPEED    17   HIGHEST WIND DIRECTION    NW (310)
  HIGHEST GUST SPEED    22   HIGHEST GUST DIRECTION    NW (310)
  AVERAGE WIND SPEED     6.5




RELATIVE HUMIDITY (PERCENT)
 HIGHEST    83
 LOWEST     25
 AVERAGE    54

..........................................................


THE BAKERSFIELD CLIMATE NORMALS FOR TOMORROW
                         NORMAL    RECORD    YEAR
 MAXIMUM TEMPERATURE (F)   77       100      1910
 MINIMUM TEMPERATURE (F)   52        34      1904


SUNRISE AND SUNSET
APRIL 23 2017.........SUNRISE   613 AM PDT   SUNSET   736 PM PDT
APRIL 24 2017.........SUNRISE   612 AM PDT   SUNSET   737 PM PDT


-  INDICATES NEGATIVE NUMBERS.
R  INDICATES RECORD WAS SET OR TIED.
MM INDICATES DATA IS MISSING.
T  INDICATES TRACE AMOUNT.




$$
