000
CDUS46 KHNX 310825
CLIBFL


CLIMATE REPORT
NATIONAL WEATHER SERVICE SAN JOAQUIN VALLEY, CA
125 AM PDT MON AUG 31 2015


...................................

...THE BAKERSFIELD CLIMATE SUMMARY FOR AUGUST 30 2015...

CLIMATE NORMAL PERIOD 1981 TO 2010
CLIMATE RECORD PERIOD 1889 TO 2015


WEATHER ITEM   OBSERVED TIME   RECORD YEAR NORMAL DEPARTURE
                VALUE   (LST)  VALUE       VALUE  FROM
                                                  NORMAL
...............................................................
TEMPERATURE (F)
 YESTERDAY
  MAXIMUM         88    438 PM 108    1988  94     -6
  MINIMUM         69    605 AM  45    1912  67      2
                                      1903
  AVERAGE         79                        80     -1

PRECIPITATION (IN)
  YESTERDAY        0.00          0.07 1987   0.00   0.00
  MONTH TO DATE    0.00                      0.04  -0.04
  SINCE OCT 1      5.33                      6.39  -1.06
  SINCE JAN 1      2.66                      4.43  -1.77

SNOWFALL (IN)
  YESTERDAY        0.0
  MONTH TO DATE    0.0
  SINCE JUN 1      0.0
  SINCE JUL 1      0.0
  SNOW DEPTH       0

DEGREE DAYS
 HEATING
  YESTERDAY        0                                0
  MONTH TO DATE    0                                0
  SINCE JUN 1      0                               -2
  SINCE JUL 1      0                                0

 COOLING
  YESTERDAY       14                               -1
  MONTH TO DATE  586                               62
  SINCE JUN 1   1749                              263
  SINCE JAN 1   2094                              341
...............................................................


WIND (MPH)
  HIGHEST WIND SPEED    15   HIGHEST WIND DIRECTION    NW (310)
  HIGHEST GUST SPEED    20   HIGHEST GUST DIRECTION    NW (310)
  AVERAGE WIND SPEED     8.2




RELATIVE HUMIDITY (PERCENT)
 HIGHEST    60
 LOWEST     26
 AVERAGE    43

..........................................................


THE BAKERSFIELD CLIMATE NORMALS FOR TODAY
                         NORMAL    RECORD    YEAR
 MAXIMUM TEMPERATURE (F)   93       111      1967
 MINIMUM TEMPERATURE (F)   67        45      1912


SUNRISE AND SUNSET
AUGUST 31 2015........SUNRISE   628 AM PDT   SUNSET   725 PM PDT
SEPTEMBER  1 2015.....SUNRISE   628 AM PDT   SUNSET   723 PM PDT


-  INDICATES NEGATIVE NUMBERS.
R  INDICATES RECORD WAS SET OR TIED.
MM INDICATES DATA IS MISSING.
T  INDICATES TRACE AMOUNT.




$$
