000
CDUS46 KHNX 200835
CLIBFL


CLIMATE REPORT
NATIONAL WEATHER SERVICE SAN JOAQUIN VALLEY, CA
1234 AM PST FRI JAN 20 2017


...................................

...THE BAKERSFIELD CLIMATE SUMMARY FOR JANUARY 19 2017...

CLIMATE NORMAL PERIOD 1981 TO 2010
CLIMATE RECORD PERIOD 1889 TO 2017


WEATHER ITEM   OBSERVED TIME   RECORD YEAR NORMAL DEPARTURE
                VALUE   (LST)  VALUE       VALUE  FROM
                                                  NORMAL
...............................................................
TEMPERATURE (F)
 YESTERDAY
  MAXIMUM         58    411 PM  75    2014  56      2
  MINIMUM         45    746 AM  20    1904  39      6
  AVERAGE         52                        48      4

PRECIPITATION (IN)
  YESTERDAY        0.16          1.57 1933   0.03   0.13
  MONTH TO DATE    1.87                      0.71   1.16
  SINCE OCT 1      4.90                      2.67   2.23
  SINCE JAN 1      1.87                      0.71   1.16

SNOWFALL (IN)
  YESTERDAY        0.0
  MONTH TO DATE    0.0
  SINCE DEC 1      0.0
  SINCE JUL 1      0.0
  SNOW DEPTH       0

DEGREE DAYS
 HEATING
  YESTERDAY       13                               -4
  MONTH TO DATE  263                              -75
  SINCE DEC 1    723                             -148
  SINCE JUL 1    928                             -301

 COOLING
  YESTERDAY        0                                0
  MONTH TO DATE    2                                2
  SINCE DEC 1      2                                2
  SINCE JAN 1      2                                2
...............................................................


WIND (MPH)
  HIGHEST WIND SPEED    16   HIGHEST WIND DIRECTION     N (350)
  HIGHEST GUST SPEED    19   HIGHEST GUST DIRECTION     N (350)
  AVERAGE WIND SPEED     4.2




RELATIVE HUMIDITY (PERCENT)
 HIGHEST    93
 LOWEST     51
 AVERAGE    72

..........................................................


THE BAKERSFIELD CLIMATE NORMALS FOR TODAY
                         NORMAL    RECORD    YEAR
 MAXIMUM TEMPERATURE (F)   57        77      1912
 MINIMUM TEMPERATURE (F)   39        21      1922


SUNRISE AND SUNSET
JANUARY 20 2017.......SUNRISE   703 AM PST   SUNSET   512 PM PST
JANUARY 21 2017.......SUNRISE   702 AM PST   SUNSET   513 PM PST


-  INDICATES NEGATIVE NUMBERS.
R  INDICATES RECORD WAS SET OR TIED.
MM INDICATES DATA IS MISSING.
T  INDICATES TRACE AMOUNT.




$$
