000
CDUS46 KHNX 210021
CLIBFL


CLIMATE REPORT
NATIONAL WEATHER SERVICE SAN JOAQUIN VALLEY, CA
521 PM PDT WED AUG 20 2014


...................................

...THE BAKERSFIELD CLIMATE SUMMARY FOR AUGUST 20 2014...
VALID TODAY AS OF 0500 PM LOCAL TIME.

CLIMATE NORMAL PERIOD 1981 TO 2010
CLIMATE RECORD PERIOD 1889 TO 2014


WEATHER ITEM   OBSERVED TIME   RECORD YEAR NORMAL DEPARTURE LAST
                VALUE   (LST)  VALUE       VALUE  FROM      YEAR
                                                  NORMAL
..................................................................
TEMPERATURE (F)
 TODAY
  MAXIMUM         93    358 PM 112    1950  95     -2      102
  MINIMUM         67    532 AM  52    1912  69     -2       77
  AVERAGE         80                        82     -2       90

PRECIPITATION (IN)
  TODAY            0.00          0.00 2012   0.00   0.00     0.00
                                      2011
                                      2010
  MONTH TO DATE    T                         0.02  -0.02     0.00
  SINCE JUL 1      T                         0.02  -0.02      T
  SINCE JAN 1      1.34                      4.41  -3.07     2.36

SNOWFALL (IN)
  TODAY            0.0
  MONTH TO DATE    0.0
  SINCE JUN 1      0.0
  SINCE JUL 1      0.0
  SNOW DEPTH       0

DEGREE DAYS
 HEATING
  TODAY            0                         0      0        0
  MONTH TO DATE    0                         0      0        0
  SINCE JUN 1      0                         2     -2        0
  SINCE JUL 1      0                         0      0        0

 COOLING
  TODAY           15                        17     -2       25
  MONTH TO DATE  421                       363     58      354
  SINCE JUN 1   1624                      1325    299     1533
  SINCE JAN 1   2076                      1592    484     1912
..................................................................


WIND (MPH)
  HIGHEST WIND SPEED    16   HIGHEST WIND DIRECTION    NW (330)
  HIGHEST GUST SPEED    23   HIGHEST GUST DIRECTION    NW (300)
  AVERAGE WIND SPEED     7.3




RELATIVE HUMIDITY (PERCENT)
 HIGHEST    44
 LOWEST     21
 AVERAGE    33

..........................................................


THE BAKERSFIELD CLIMATE NORMALS FOR TOMORROW
                         NORMAL    RECORD    YEAR
 MAXIMUM TEMPERATURE (F)   95       110      1919
                                             1913
 MINIMUM TEMPERATURE (F)   68        51      1918
                                             1912


SUNRISE AND SUNSET
AUGUST 20 2014........SUNRISE   619 AM PDT   SUNSET   739 PM PDT
AUGUST 21 2014........SUNRISE   620 AM PDT   SUNSET   738 PM PDT


-  INDICATES NEGATIVE NUMBERS.
R  INDICATES RECORD WAS SET OR TIED.
MM INDICATES DATA IS MISSING.
T  INDICATES TRACE AMOUNT.




$$
