000
CDUS46 KHNX 280830
CLIBFL


CLIMATE REPORT
NATIONAL WEATHER SERVICE SAN JOAQUIN VALLEY, CA
1229 AM PST FRI NOV 28 2014


...................................

...THE BAKERSFIELD CLIMATE SUMMARY FOR NOVEMBER 27 2014...

CLIMATE NORMAL PERIOD 1981 TO 2010
CLIMATE RECORD PERIOD 1889 TO 2014


WEATHER ITEM   OBSERVED TIME   RECORD YEAR NORMAL DEPARTURE
                VALUE   (LST)  VALUE       VALUE  FROM
                                                  NORMAL
...............................................................
TEMPERATURE (F)
 YESTERDAY
  MAXIMUM         72    311 PM  85    1901  61     11
  MINIMUM         45    645 AM  28    1905  41      4
  AVERAGE         59                        51      8

PRECIPITATION (IN)
  YESTERDAY        0.00          1.50 1905   0.03  -0.03
  MONTH TO DATE    0.01                      0.57  -0.56
  SINCE JUL 1      0.66                      0.99  -0.33
  SINCE JAN 1      2.00                      5.38  -3.38

SNOWFALL (IN)
  YESTERDAY        0.0
  MONTH TO DATE    0.0
  SINCE SEP 1      0.0
  SINCE JUL 1      0.0
  SNOW DEPTH       0

DEGREE DAYS
 HEATING
  YESTERDAY        6                               -8
  MONTH TO DATE  155                             -102
  SINCE SEP 1    165                             -150
  SINCE JUL 1    165                             -150

 COOLING
  YESTERDAY        0                                0
  MONTH TO DATE    4                                1
  SINCE SEP 1    702                              213
  SINCE JAN 1   2983                              726
...............................................................


WIND (MPH)
  HIGHEST WIND SPEED     9   HIGHEST WIND DIRECTION    NE (50)
  HIGHEST GUST SPEED    12   HIGHEST GUST DIRECTION     W (250)
  AVERAGE WIND SPEED     3.6




RELATIVE HUMIDITY (PERCENT)
 HIGHEST    76
 LOWEST     35
 AVERAGE    56

..........................................................


THE BAKERSFIELD CLIMATE NORMALS FOR TODAY
                         NORMAL    RECORD    YEAR
 MAXIMUM TEMPERATURE (F)   61        82      1993
                                             1938
                                             1901
 MINIMUM TEMPERATURE (F)   41        28      1905


SUNRISE AND SUNSET
NOVEMBER 28 2014......SUNRISE   644 AM PST   SUNSET   444 PM PST
NOVEMBER 29 2014......SUNRISE   645 AM PST   SUNSET   444 PM PST


-  INDICATES NEGATIVE NUMBERS.
R  INDICATES RECORD WAS SET OR TIED.
MM INDICATES DATA IS MISSING.
T  INDICATES TRACE AMOUNT.




$$
