000
CDUS46 KHNX 280823
CLIBFL


CLIMATE REPORT
NATIONAL WEATHER SERVICE SAN JOAQUIN VALLEY, CA
122 AM PDT THU JUL 28 2016


...................................

...THE BAKERSFIELD CLIMATE SUMMARY FOR JULY 27 2016...

CLIMATE NORMAL PERIOD 1981 TO 2010
CLIMATE RECORD PERIOD 1889 TO 2016


WEATHER ITEM   OBSERVED TIME   RECORD YEAR NORMAL DEPARTURE
                VALUE   (LST)  VALUE       VALUE  FROM
                                                  NORMAL
...............................................................
TEMPERATURE (F)
 YESTERDAY
  MAXIMUM        108    518 PM 117    1933  98     10
                                      1908
  MINIMUM         79    456 AM  52    1914  71      8
  AVERAGE         94                        85      9

PRECIPITATION (IN)
  YESTERDAY        0.00          T    1969   0.00   0.00
                                      1964
  MONTH TO DATE    0.00                      0.00   0.00
  SINCE OCT 1      5.43                      6.35  -0.92
  SINCE JAN 1      4.10                      4.39  -0.29

SNOWFALL (IN)
  YESTERDAY        0.0
  MONTH TO DATE    0.0
  SINCE JUN 1      0.0
  SINCE JUL 1      0.0
  SNOW DEPTH       0

DEGREE DAYS
 HEATING
  YESTERDAY        0                                0
  MONTH TO DATE    0                                0
  SINCE JUN 1      0                               -2
  SINCE JUL 1      0                                0

 COOLING
  YESTERDAY       29                                9
  MONTH TO DATE  550                               43
  SINCE JUN 1   1084                              198
  SINCE JAN 1   1441                              288
...............................................................


WIND (MPH)
  HIGHEST WIND SPEED    14   HIGHEST WIND DIRECTION    NW (310)
  HIGHEST GUST SPEED    18   HIGHEST GUST DIRECTION    NW (300)
  AVERAGE WIND SPEED     5.5




RELATIVE HUMIDITY (PERCENT)
 HIGHEST    32
 LOWEST     10
 AVERAGE    21

..........................................................


THE BAKERSFIELD CLIMATE NORMALS FOR TODAY
                         NORMAL    RECORD    YEAR
 MAXIMUM TEMPERATURE (F)   98       118      1908
 MINIMUM TEMPERATURE (F)   71        50      1914


SUNRISE AND SUNSET
JULY 28 2016..........SUNRISE   602 AM PDT   SUNSET   803 PM PDT
JULY 29 2016..........SUNRISE   603 AM PDT   SUNSET   802 PM PDT


-  INDICATES NEGATIVE NUMBERS.
R  INDICATES RECORD WAS SET OR TIED.
MM INDICATES DATA IS MISSING.
T  INDICATES TRACE AMOUNT.




$$
