000
CDUS46 KHNX 230823
CLIBFL


CLIMATE REPORT
NATIONAL WEATHER SERVICE SAN JOAQUIN VALLEY, CA
123 AM PDT THU MAR 23 2017


...................................

...THE BAKERSFIELD CLIMATE SUMMARY FOR MARCH 22 2017...

CLIMATE NORMAL PERIOD 1981 TO 2010
CLIMATE RECORD PERIOD 1889 TO 2017


WEATHER ITEM   OBSERVED TIME   RECORD YEAR NORMAL DEPARTURE
                VALUE   (LST)  VALUE       VALUE  FROM
                                                  NORMAL
...............................................................
TEMPERATURE (F)
 YESTERDAY
  MAXIMUM         68   1158 AM  86    1915  70     -2
  MINIMUM         51   1012 PM  32    1935  47      4
                                      1917
  AVERAGE         60                        58      2

PRECIPITATION (IN)
  YESTERDAY        0.04          0.99 1939   0.03   0.01
  MONTH TO DATE    0.11                      0.91  -0.80
  SINCE OCT 1      7.36                      5.27   2.09
  SINCE JAN 1      4.33                      3.31   1.02

SNOWFALL (IN)
  YESTERDAY        0.0
  MONTH TO DATE    0.0
  SINCE MAR 1      0.0
  SINCE JUL 1      0.0
  SNOW DEPTH       0

DEGREE DAYS
 HEATING
  YESTERDAY        5                               -2
  MONTH TO DATE  120                              -58
  SINCE MAR 1    120                              -58
  SINCE JUL 1   1488                             -464

 COOLING
  YESTERDAY        0                                0
  MONTH TO DATE   24                               24
  SINCE MAR 1     24                               24
  SINCE JAN 1     26                               26
...............................................................


WIND (MPH)
  HIGHEST WIND SPEED    31   HIGHEST WIND DIRECTION    NW (320)
  HIGHEST GUST SPEED    37   HIGHEST GUST DIRECTION    NW (310)
  AVERAGE WIND SPEED     5.4




RELATIVE HUMIDITY (PERCENT)
 HIGHEST    96
 LOWEST     45
 AVERAGE    71

..........................................................


THE BAKERSFIELD CLIMATE NORMALS FOR TODAY
                         NORMAL    RECORD    YEAR
 MAXIMUM TEMPERATURE (F)   70        86      1926
                                             1915
                                             1914
 MINIMUM TEMPERATURE (F)   47        31      1917


SUNRISE AND SUNSET
MARCH 23 2017.........SUNRISE   655 AM PDT   SUNSET   711 PM PDT
MARCH 24 2017.........SUNRISE   654 AM PDT   SUNSET   712 PM PDT


-  INDICATES NEGATIVE NUMBERS.
R  INDICATES RECORD WAS SET OR TIED.
MM INDICATES DATA IS MISSING.
T  INDICATES TRACE AMOUNT.




$$
