000
CDUS44 KAMA 290633
CLIBGD


CLIMATE REPORT
NATIONAL WEATHER SERVICE AMARILLO TX
132 AM CDT FRI AUG 29 2014


...................................

...THE BORGER CLIMATE SUMMARY FOR AUGUST 28 2014...

CLIMATE NORMAL PERIOD 1981 TO 2013
CLIMATE RECORD PERIOD 1949 TO 2014


WEATHER ITEM   OBSERVED TIME   RECORD YEAR NORMAL DEPARTURE LAST
                VALUE   (LST)  VALUE       VALUE  FROM      YEAR
                                                  NORMAL
..................................................................
TEMPERATURE (F)
 YESTERDAY
  MAXIMUM         94    332 PM 105    2011  90      4       95
  MINIMUM         68   1159 PM  52    1987  66      2       71
  AVERAGE         81                        78      3       83

PRECIPITATION (IN)
  YESTERDAY        T             0.86 2002   0.10  -0.10     0.00
  MONTH TO DATE    0.71                      2.88  -2.17     2.73
  SINCE JUN 1      5.62                      8.67  -3.05     7.09
  SINCE JAN 1      7.74                     15.72  -7.98    11.56

SNOWFALL (IN)
  YESTERDAY        0.0           0.0  2013                   0.0
                                      2012
                                      2011
  MONTH TO DATE    0.0                                       0.0
  SINCE JUN 1      0.0                                       0.0
  SINCE JUL 1      0.0                                       0.0
  SNOW DEPTH       0

DEGREE DAYS
 HEATING
  YESTERDAY        0                         0      0        0
  MONTH TO DATE    0                         0      0        0
  SINCE JUN 1      4                         3      1        0
  SINCE JUL 1      1                         0      1        0

 COOLING
  YESTERDAY       16                        13      3       18
  MONTH TO DATE  490                       432     58      455
  SINCE JUN 1   1367                      1316     51     1452
  SINCE JAN 1   1681                      1513    168     1740
..................................................................


WIND (MPH)
  RESULTANT WIND SPEED   4   RESULTANT WIND DIRECTION   S (190)
  HIGHEST WIND SPEED    20   HIGHEST WIND DIRECTION     S (170)
  HIGHEST GUST SPEED    26   HIGHEST GUST DIRECTION     S (180)
  AVERAGE WIND SPEED     8.2


SKY COVER
  AVERAGE SKY COVER 0.0


WEATHER CONDITIONS
 THE FOLLOWING WEATHER WAS RECORDED YESTERDAY.
  THUNDERSTORM
  LIGHT RAIN


RELATIVE HUMIDITY (PERCENT)
 HIGHEST    78           700 AM
 LOWEST     20           400 PM
 AVERAGE    49

..........................................................


THE BORGER CLIMATE NORMALS FOR TODAY
                         NORMAL    RECORD    YEAR
 MAXIMUM TEMPERATURE (F)   90       102      1959
 MINIMUM TEMPERATURE (F)   66        51      1988


SUNRISE AND SUNSET
AUGUST 29 2014........SUNRISE   715 AM CDT   SUNSET   817 PM CDT
AUGUST 30 2014........SUNRISE   716 AM CDT   SUNSET   816 PM CDT


-  INDICATES NEGATIVE NUMBERS.
R  INDICATES RECORD WAS SET OR TIED.
MM INDICATES DATA IS MISSING.
T  INDICATES TRACE AMOUNT.




$$
