000
CDUS44 KAMA 182233
CLIBGD


CLIMATE REPORT
NATIONAL WEATHER SERVICE AMARILLO TX
433 PM CST THU DEC 18 2014


...................................

...THE BORGER CLIMATE SUMMARY FOR DECEMBER 18 2014...
VALID TODAY AS OF 0400 PM LOCAL TIME.

CLIMATE NORMAL PERIOD 1981 TO 2013
CLIMATE RECORD PERIOD 1949 TO 2014


WEATHER ITEM   OBSERVED TIME   RECORD YEAR NORMAL DEPARTURE LAST
                VALUE   (LST)  VALUE       VALUE  FROM      YEAR
                                                  NORMAL
..................................................................
TEMPERATURE (F)
 TODAY
  MAXIMUM         40    337 AM  74    1978  49     -9       73
  MINIMUM         33    847 AM   3    1983  26      7       39
  AVERAGE         37                        38     -1       56

PRECIPITATION (IN)
  TODAY            0.00          0.84 1995   0.01  -0.01     0.00
  MONTH TO DATE    0.13                      0.33  -0.20      T
  SINCE DEC 1      0.13                      0.33  -0.20      T
  SINCE JAN 1     10.77                     21.28 -10.51    14.93

SNOWFALL (IN)
  TODAY            0.0          MM      MM                   0.0
  MONTH TO DATE    0.0                                        T
  SINCE DEC 1      0.0                                        T
  SINCE JUL 1      1.9                                       3.8
  SNOW DEPTH       0

DEGREE DAYS
 HEATING
  TODAY           28                        27      1        9
  MONTH TO DATE  343                       459   -116      488
  SINCE DEC 1    343                       459   -116      488
  SINCE JUL 1   1028                      1176   -148     1202

 COOLING
  TODAY            0                         0      0        0
  MONTH TO DATE    0                         0      0        0
  SINCE DEC 1      0                         0      0        0
  SINCE JAN 1   2053                      1839    214     2220
..................................................................


WIND (MPH)
  RESULTANT WIND SPEED   3   RESULTANT WIND DIRECTION   N (340)
  HIGHEST WIND SPEED    12   HIGHEST WIND DIRECTION    NW (330)
  HIGHEST GUST SPEED    16   HIGHEST GUST DIRECTION    NW (330)
  AVERAGE WIND SPEED     6.3


SKY COVER
  AVERAGE SKY COVER 1.0


WEATHER CONDITIONS
 THE FOLLOWING WEATHER WAS RECORDED TODAY.
  FOG


RELATIVE HUMIDITY (PERCENT)
 HIGHEST    92           500 AM
 LOWEST     75          1100 AM
 AVERAGE    84

..........................................................


THE BORGER CLIMATE NORMALS FOR TOMORROW
                         NORMAL    RECORD    YEAR
 MAXIMUM TEMPERATURE (F)   49        73      2013
 MINIMUM TEMPERATURE (F)   26         1      1996


SUNRISE AND SUNSET
DECEMBER 18 2014......SUNRISE   750 AM CST   SUNSET   535 PM CST
DECEMBER 19 2014......SUNRISE   750 AM CST   SUNSET   535 PM CST


-  INDICATES NEGATIVE NUMBERS.
R  INDICATES RECORD WAS SET OR TIED.
MM INDICATES DATA IS MISSING.
T  INDICATES TRACE AMOUNT.




$$
