000
CDUS44 KAMA 300637
CLIBGD


CLIMATE REPORT
NATIONAL WEATHER SERVICE AMARILLO TX
136 AM CDT WED JUL 30 2014


...................................

...THE BORGER CLIMATE SUMMARY FOR JULY 29 2014...

CLIMATE NORMAL PERIOD 1981 TO 2013
CLIMATE RECORD PERIOD 1949 TO 2014


WEATHER ITEM   OBSERVED TIME   RECORD YEAR NORMAL DEPARTURE LAST
                VALUE   (LST)  VALUE       VALUE  FROM      YEAR
                                                  NORMAL
..................................................................
TEMPERATURE (F)
 YESTERDAY
  MAXIMUM         82    511 PM 105    2012  94    -12      100
  MINIMUM         67    612 AM  59    1991  70     -3       72
  AVERAGE         75                        82     -7       86

PRECIPITATION (IN)
  YESTERDAY        T             1.18 2008   0.12  -0.12     0.15
  MONTH TO DATE    3.16                      2.33   0.83     2.06
  SINCE JUN 1      4.90                      5.50  -0.60     4.23
  SINCE JAN 1      7.02                     12.55  -5.53     8.70

SNOWFALL (IN)
  YESTERDAY        0.0           0.0  2013                   0.0
                                      2012
                                      2011
  MONTH TO DATE    0.0                                       0.0
  SINCE JUN 1      0.0                                       0.0
  SINCE JUL 1      0.0                                       0.0
  SNOW DEPTH       0

DEGREE DAYS
 HEATING
  YESTERDAY        0                         0      0        0
  MONTH TO DATE    1                         0      1        0
  SINCE JUN 1      4                         3      1        0
  SINCE JUL 1      1                         0      1        0

 COOLING
  YESTERDAY       10                        17     -7       21
  MONTH TO DATE  458                       488    -30      475
  SINCE JUN 1    865                       846     19      968
  SINCE JAN 1   1179                      1043    136     1256
..................................................................


WIND (MPH)
  RESULTANT WIND SPEED   7   RESULTANT WIND DIRECTION   S (170)
  HIGHEST WIND SPEED    18   HIGHEST WIND DIRECTION    SE (140)
  HIGHEST GUST SPEED    23   HIGHEST GUST DIRECTION    SE (140)
  AVERAGE WIND SPEED     7.9


SKY COVER
  AVERAGE SKY COVER 0.5


WEATHER CONDITIONS
 THE FOLLOWING WEATHER WAS RECORDED YESTERDAY.
  LIGHT RAIN


RELATIVE HUMIDITY (PERCENT)
 HIGHEST    81           400 AM
 LOWEST     51           400 PM
 AVERAGE    66

..........................................................


THE BORGER CLIMATE NORMALS FOR TODAY
                         NORMAL    RECORD    YEAR
 MAXIMUM TEMPERATURE (F)   94       106      2012
 MINIMUM TEMPERATURE (F)   70        56      1971


SUNRISE AND SUNSET
JULY 30 2014..........SUNRISE   652 AM CDT   SUNSET   852 PM CDT
JULY 31 2014..........SUNRISE   653 AM CDT   SUNSET   851 PM CDT


-  INDICATES NEGATIVE NUMBERS.
R  INDICATES RECORD WAS SET OR TIED.
MM INDICATES DATA IS MISSING.
T  INDICATES TRACE AMOUNT.




$$
