000
CDUS44 KAMA 171412
CLIBGD


CLIMATE REPORT
NATIONAL WEATHER SERVICE AMARILLO TX
911 AM CDT THU AUG 17 2017


...................................

...THE BORGER CLIMATE SUMMARY FOR AUGUST 17 2017...
VALID AS OF 0900 AM LOCAL TIME.

CLIMATE NORMAL PERIOD 1981 TO 2010
CLIMATE RECORD PERIOD 1949 TO 2017


WEATHER ITEM   OBSERVED TIME   RECORD YEAR NORMAL DEPARTURE LAST
                VALUE   (LST)  VALUE       VALUE  FROM      YEAR
                                                  NORMAL
..................................................................
TEMPERATURE (F)
 TODAY
  MINIMUM         64    650 AM  57    1950  68     -4       64

PRECIPITATION (IN)
  TODAY            0.00          2.30 1992   0.12  -0.12     0.00
  MONTH TO DATE    5.56                      1.59   3.97     1.01
  SINCE JUN 1      9.41                      7.38   2.03     3.69
  SINCE JAN 1     20.56                     14.43   6.13    12.56

SNOWFALL (IN)
  TODAY            0.0           0.0  2013                   0.0
                                      2012
                                      2011
  MONTH TO DATE    0.0                                       0.0
  SINCE JUN 1      0.0                                       0.0
  SINCE JUL 1      0.0                                       0.0
  SNOW DEPTH       0

..................................................................


WIND (MPH)
  RESULTANT WIND SPEED   1   RESULTANT WIND DIRECTION   S (200)
  HIGHEST WIND SPEED     6   HIGHEST WIND DIRECTION    SW (220)
  HIGHEST GUST SPEED     7   HIGHEST GUST DIRECTION    SW (210)
  AVERAGE WIND SPEED     1.8


SKY COVER
  AVERAGE SKY COVER 0.0


WEATHER CONDITIONS
 THE FOLLOWING WEATHER WAS RECORDED TODAY.
  NO SIGNIFICANT WEATHER WAS OBSERVED.


RELATIVE HUMIDITY (PERCENT)
 HIGHEST    87           600 AM
 LOWEST     68          1200 AM
 AVERAGE    78

..........................................................


THE BORGER CLIMATE NORMALS FOR TOMORROW
                         NORMAL    RECORD    YEAR
 MAXIMUM TEMPERATURE (F)   92       104      2011
                                             1994
 MINIMUM TEMPERATURE (F)   68        56      1950


SUNRISE AND SUNSET
AUGUST 17 2017........SUNRISE   706 AM CDT   SUNSET   832 PM CDT
AUGUST 18 2017........SUNRISE   707 AM CDT   SUNSET   831 PM CDT


-  INDICATES NEGATIVE NUMBERS.
R  INDICATES RECORD WAS SET OR TIED.
MM INDICATES DATA IS MISSING.
T  INDICATES TRACE AMOUNT.




$$
