000
CDUS44 KAMA 141518
CLIBGD


CLIMATE REPORT
NATIONAL WEATHER SERVICE AMARILLO TX
917 AM CST THU DEC 14 2017


...................................

...THE BORGER CLIMATE SUMMARY FOR DECEMBER 14 2017...
VALID AS OF 0900 AM LOCAL TIME.

CLIMATE NORMAL PERIOD 1981 TO 2010
CLIMATE RECORD PERIOD 1949 TO 2017


WEATHER ITEM   OBSERVED TIME   RECORD YEAR NORMAL DEPARTURE LAST
                VALUE   (LST)  VALUE       VALUE  FROM      YEAR
                                                  NORMAL
..................................................................
TEMPERATURE (F)
 TODAY
  MINIMUM         37    759 AM   8    1963  27     10       21

PRECIPITATION (IN)
  TODAY            0.00          0.78 1987   0.02  -0.02     0.00
  MONTH TO DATE    0.00                      0.25  -0.25     0.11
  SINCE DEC 1      0.00                      0.25  -0.25     0.11
  SINCE JAN 1     26.10                     21.20   4.90    15.67

SNOWFALL (IN)
  TODAY            0.0          MM      MM                   0.0
  MONTH TO DATE    0.0                                       0.0
  SINCE DEC 1      0.0                                       0.0
  SINCE JUL 1      0.8                                       0.0
  SNOW DEPTH       0

..................................................................


WIND (MPH)
  RESULTANT WIND SPEED   4   RESULTANT WIND DIRECTION   N (20)
  HIGHEST WIND SPEED    10   HIGHEST WIND DIRECTION     N (360)
  HIGHEST GUST SPEED    13   HIGHEST GUST DIRECTION    NE (40)
  AVERAGE WIND SPEED     5.5


SKY COVER
  AVERAGE SKY COVER 0.0


WEATHER CONDITIONS
 THE FOLLOWING WEATHER WAS RECORDED TODAY.
  NO SIGNIFICANT WEATHER WAS OBSERVED.


RELATIVE HUMIDITY (PERCENT)
 HIGHEST    48           800 AM
 LOWEST     36           200 AM
 AVERAGE    42

..........................................................


THE BORGER CLIMATE NORMALS FOR TOMORROW
                         NORMAL    RECORD    YEAR
 MAXIMUM TEMPERATURE (F)   50        79      2010
 MINIMUM TEMPERATURE (F)   27        -1      1987


SUNRISE AND SUNSET
DECEMBER 14 2017......SUNRISE   748 AM CST   SUNSET   533 PM CST
DECEMBER 15 2017......SUNRISE   748 AM CST   SUNSET   534 PM CST


-  INDICATES NEGATIVE NUMBERS.
R  INDICATES RECORD WAS SET OR TIED.
MM INDICATES DATA IS MISSING.
T  INDICATES TRACE AMOUNT.




$$
