000
CDUS44 KAMA 032131
CLIBGD


CLIMATE REPORT
NATIONAL WEATHER SERVICE AMARILLO TX
430 PM CDT TUE MAY 3 2016


...................................

...THE BORGER CLIMATE SUMMARY FOR MAY 3 2016...
VALID TODAY AS OF 0400 PM LOCAL TIME.

CLIMATE NORMAL PERIOD 1981 TO 2010
CLIMATE RECORD PERIOD 1949 TO 2016


WEATHER ITEM   OBSERVED TIME   RECORD YEAR NORMAL DEPARTURE LAST
                VALUE   (LST)  VALUE       VALUE  FROM      YEAR
                                                  NORMAL
..................................................................
TEMPERATURE (F)
 TODAY
  MAXIMUM         72    158 PM  96    1996  77     -5       88
  MINIMUM         42    352 AM  29    1954  51     -9       63
  AVERAGE         57                        64     -7       76

PRECIPITATION (IN)
  TODAY            T             0.78 1958   0.05  -0.05     0.10
  MONTH TO DATE    0.05                      0.14  -0.09     0.10
  SINCE MAR 1      3.58                      3.09   0.49     4.77
  SINCE JAN 1      4.30                      4.30   0.00     6.62

SNOWFALL (IN)
  TODAY           MM             2.7  1978                   0.0
  MONTH TO DATE    0.0                                       0.0
  SINCE MAR 1      0.0                                        T
  SINCE JUL 1      6.2                                      17.5
  SNOW DEPTH       0

DEGREE DAYS
 HEATING
  TODAY            8                         4      4        0
  MONTH TO DATE   43                        12     31        0
  SINCE MAR 1    490                       722   -232      501
  SINCE JUL 1   2985                      3715   -730     3373

 COOLING
  TODAY            0                         3     -3       11
  MONTH TO DATE    0                         8     -8       21
  SINCE MAR 1     45                        52     -7       77
  SINCE JAN 1     51                        52     -1       77
..................................................................


WIND (MPH)
  RESULTANT WIND SPEED   4   RESULTANT WIND DIRECTION  NW (300)
  HIGHEST WIND SPEED    28   HIGHEST WIND DIRECTION     N (10)
  HIGHEST GUST SPEED    38   HIGHEST GUST DIRECTION    NW (320)
  AVERAGE WIND SPEED     6.2


SKY COVER
  AVERAGE SKY COVER 0.3


WEATHER CONDITIONS
 THE FOLLOWING WEATHER WAS RECORDED TODAY.
  LIGHT RAIN


RELATIVE HUMIDITY (PERCENT)
 HIGHEST    82           400 AM
 LOWEST     22           200 PM
 AVERAGE    52

..........................................................


THE BORGER CLIMATE NORMALS FOR TOMORROW
                         NORMAL    RECORD    YEAR
 MAXIMUM TEMPERATURE (F)   77        99      2014
 MINIMUM TEMPERATURE (F)   51        30      1978


SUNRISE AND SUNSET
MAY  3 2016...........SUNRISE   651 AM CDT   SUNSET   834 PM CDT
MAY  4 2016...........SUNRISE   650 AM CDT   SUNSET   835 PM CDT


-  INDICATES NEGATIVE NUMBERS.
R  INDICATES RECORD WAS SET OR TIED.
MM INDICATES DATA IS MISSING.
T  INDICATES TRACE AMOUNT.




$$
