000
CDUS44 KAMA 280629
CLIBGD


CLIMATE REPORT
NATIONAL WEATHER SERVICE AMARILLO TX
129 AM CDT SAT MAY 28 2016


...................................

...THE BORGER CLIMATE SUMMARY FOR MAY 27 2016...

CLIMATE NORMAL PERIOD 1981 TO 2010
CLIMATE RECORD PERIOD 1949 TO 2016


WEATHER ITEM   OBSERVED TIME   RECORD YEAR NORMAL DEPARTURE LAST
                VALUE   (LST)  VALUE       VALUE  FROM      YEAR
                                                  NORMAL
..................................................................
TEMPERATURE (F)
 YESTERDAY
  MAXIMUM         78    344 PM 100    2013  84     -6       89
                                      2006
  MINIMUM         50    632 AM  41    1950  59     -9       59
  AVERAGE         64                        72     -8       74

PRECIPITATION (IN)
  YESTERDAY        0.00          0.92 1978   0.13  -0.13     0.30
  MONTH TO DATE    1.99                      2.35  -0.36     9.00
  SINCE MAR 1      5.52                      5.30   0.22    13.67
  SINCE JAN 1      6.24                      6.51  -0.27    15.52

SNOWFALL (IN)
  YESTERDAY        0.0           T    1996                   0.0
  MONTH TO DATE    0.0                                       0.0
  SINCE MAR 1      0.0                                        T
  SINCE JUL 1      6.2                                      17.5
  SNOW DEPTH       0

DEGREE DAYS
 HEATING
  YESTERDAY        1                         1      0        0
  MONTH TO DATE  106                        60     46       77
  SINCE MAR 1    553                       770   -217      578
  SINCE JUL 1   3048                      3763   -715     3450

 COOLING
  YESTERDAY        0                         7     -7        9
  MONTH TO DATE  120                       123     -3       59
  SINCE MAR 1    165                       167     -2      115
  SINCE JAN 1    171                       167      4      115
..................................................................


WIND (MPH)
  RESULTANT WIND SPEED   7   RESULTANT WIND DIRECTION  NW (300)
  HIGHEST WIND SPEED    24   HIGHEST WIND DIRECTION     W (290)
  HIGHEST GUST SPEED    31   HIGHEST GUST DIRECTION     W (280)
  AVERAGE WIND SPEED     9.4


SKY COVER
  AVERAGE SKY COVER 0.0


WEATHER CONDITIONS
 THE FOLLOWING WEATHER WAS RECORDED YESTERDAY.
  NO SIGNIFICANT WEATHER WAS OBSERVED.


RELATIVE HUMIDITY (PERCENT)
 HIGHEST    74           600 AM
 LOWEST     22           600 PM
 AVERAGE    48

..........................................................


THE BORGER CLIMATE NORMALS FOR TODAY
                         NORMAL    RECORD    YEAR
 MAXIMUM TEMPERATURE (F)   84       100      2006
 MINIMUM TEMPERATURE (F)   59        38      1992


SUNRISE AND SUNSET
MAY 28 2016...........SUNRISE   632 AM CDT   SUNSET   854 PM CDT
MAY 29 2016...........SUNRISE   632 AM CDT   SUNSET   855 PM CDT


-  INDICATES NEGATIVE NUMBERS.
R  INDICATES RECORD WAS SET OR TIED.
MM INDICATES DATA IS MISSING.
T  INDICATES TRACE AMOUNT.




$$
