000
CDUS44 KAMA 240630
CLIBGD


CLIMATE REPORT
NATIONAL WEATHER SERVICE AMARILLO TX
128 AM CDT WED MAY 24 2017


...................................

...THE BORGER CLIMATE SUMMARY FOR MAY 23 2017...

CLIMATE NORMAL PERIOD 1981 TO 2010
CLIMATE RECORD PERIOD 1949 TO 2017


WEATHER ITEM   OBSERVED TIME   RECORD YEAR NORMAL DEPARTURE LAST
                VALUE   (LST)  VALUE       VALUE  FROM      YEAR
                                                  NORMAL
..................................................................
TEMPERATURE (F)
 YESTERDAY
  MAXIMUM         69    236 PM 103    2000  83    -14       92
  MINIMUM         50    622 AM  44    1967  58     -8       64
  AVERAGE         60                        70    -10       78

PRECIPITATION (IN)
  YESTERDAY        0.02          3.36 2002   0.12  -0.10     0.00
  MONTH TO DATE    1.15                      1.86  -0.71     1.99
  SINCE MAR 1      7.66                      4.81   2.85     6.23
  SINCE JAN 1     11.14                      6.02   5.12     7.15

SNOWFALL (IN)
  YESTERDAY        0.0           T    1954                   0.0
  MONTH TO DATE    0.0                                       0.0
  SINCE MAR 1      1.1                                       2.7
  SINCE JUL 1      1.2                                       8.9
  SNOW DEPTH       0

DEGREE DAYS
 HEATING
  YESTERDAY        5                         1      4        0
  MONTH TO DATE   67                        56     11      105
  SINCE MAR 1    574                       766   -192      591
  SINCE JUL 1   2909                      3759   -850     3086

 COOLING
  YESTERDAY        0                         6     -6       13
  MONTH TO DATE   79                        96    -17       81
  SINCE MAR 1    180                       140     40      126
  SINCE JAN 1    194                       140     54      132
..................................................................


WIND (MPH)
  RESULTANT WIND SPEED  11   RESULTANT WIND DIRECTION   N (350)
  HIGHEST WIND SPEED    23   HIGHEST WIND DIRECTION     N (350)
  HIGHEST GUST SPEED    29   HIGHEST GUST DIRECTION     N (10)
  AVERAGE WIND SPEED    12.3


SKY COVER
  AVERAGE SKY COVER 0.5


WEATHER CONDITIONS
 THE FOLLOWING WEATHER WAS RECORDED YESTERDAY.
  LIGHT RAIN


RELATIVE HUMIDITY (PERCENT)
 HIGHEST    93           100 AM
 LOWEST     32           400 PM
 AVERAGE    63

..........................................................


THE BORGER CLIMATE NORMALS FOR TODAY
                         NORMAL    RECORD    YEAR
 MAXIMUM TEMPERATURE (F)   83        99      2000
 MINIMUM TEMPERATURE (F)   58        46      2002


SUNRISE AND SUNSET
MAY 24 2017...........SUNRISE   634 AM CDT   SUNSET   851 PM CDT
MAY 25 2017...........SUNRISE   634 AM CDT   SUNSET   852 PM CDT


-  INDICATES NEGATIVE NUMBERS.
R  INDICATES RECORD WAS SET OR TIED.
MM INDICATES DATA IS MISSING.
T  INDICATES TRACE AMOUNT.




$$
