909
CDUS44 KAMA 160730
CLIBGD


CLIMATE REPORT
NATIONAL WEATHER SERVICE AMARILLO TX
130 AM CST MON JAN 16 2017


...................................

...THE BORGER CLIMATE SUMMARY FOR JANUARY 15 2017...

CLIMATE NORMAL PERIOD 1981 TO 2010
CLIMATE RECORD PERIOD 1949 TO 2017


WEATHER ITEM   OBSERVED TIME   RECORD YEAR NORMAL DEPARTURE LAST
                VALUE   (LST)  VALUE       VALUE  FROM      YEAR
                                                  NORMAL
..................................................................
TEMPERATURE (F)
 YESTERDAY
  MAXIMUM         33    838 PM  75    1999  51    -18       52
  MINIMUM         32   1159 PM   1    1972  26      6       27
  AVERAGE         33                        39     -6       40

PRECIPITATION (IN)
  YESTERDAY        0.84R         0.39 1959   0.01   0.83     0.00
  MONTH TO DATE    2.42                      0.23   2.19     0.18
  SINCE DEC 1      2.64                      1.00   1.64     1.32
  SINCE JAN 1      2.42                      0.23   2.19     0.18

SNOWFALL (IN)
  YESTERDAY       MM             3.7  1959                   0.0
  MONTH TO DATE    0.0                                       1.1
  SINCE DEC 1      0.1                                       4.0
  SINCE JUL 1      0.1                                       4.8
  SNOW DEPTH       0

DEGREE DAYS
 HEATING
  YESTERDAY       32                        26      6       25
  MONTH TO DATE  428                       408     20      428
  SINCE DEC 1   1199                      1228    -29     1108
  SINCE JUL 1   1572                      1945   -373     1680

 COOLING
  YESTERDAY        0                         0      0        0
  MONTH TO DATE    0                         0      0        0
  SINCE DEC 1      0                         0      0        0
  SINCE JAN 1      0                         0      0        0
..................................................................


WIND (MPH)
  RESULTANT WIND SPEED   6   RESULTANT WIND DIRECTION  NE (40)
  HIGHEST WIND SPEED    16   HIGHEST WIND DIRECTION     N (360)
  HIGHEST GUST SPEED    21   HIGHEST GUST DIRECTION     N (360)
  AVERAGE WIND SPEED     6.6


SKY COVER
  AVERAGE SKY COVER 0.9


WEATHER CONDITIONS
 THE FOLLOWING WEATHER WAS RECORDED YESTERDAY.
  THUNDERSTORM
  LIGHT RAIN
  FREEZING RAIN
  LT FREEZING RAIN
  LIGHT SNOW
  FOG
  FOG W/VISIBILITY <= 1/4 MILE


RELATIVE HUMIDITY (PERCENT)
 HIGHEST   100           300 AM
 LOWEST     92           200 AM
 AVERAGE    96

..........................................................


THE BORGER CLIMATE NORMALS FOR TODAY
                         NORMAL    RECORD    YEAR
 MAXIMUM TEMPERATURE (F)   51        71      2012
                                             1952
 MINIMUM TEMPERATURE (F)   26         5      1982


SUNRISE AND SUNSET
JANUARY 16 2017.......SUNRISE   754 AM CST   SUNSET   557 PM CST
JANUARY 17 2017.......SUNRISE   754 AM CST   SUNSET   558 PM CST


-  INDICATES NEGATIVE NUMBERS.
R  INDICATES RECORD WAS SET OR TIED.
MM INDICATES DATA IS MISSING.
T  INDICATES TRACE AMOUNT.




$$
