000
CDUS44 KAMA 262231
CLIBGD


CLIMATE REPORT
NATIONAL WEATHER SERVICE AMARILLO TX
430 PM CST SUN FEB 26 2017


...................................

...THE BORGER CLIMATE SUMMARY FOR FEBRUARY 26 2017...
VALID TODAY AS OF 0400 PM LOCAL TIME.

CLIMATE NORMAL PERIOD 1981 TO 2010
CLIMATE RECORD PERIOD 1949 TO 2017


WEATHER ITEM   OBSERVED TIME   RECORD YEAR NORMAL DEPARTURE LAST
                VALUE   (LST)  VALUE       VALUE  FROM      YEAR
                                                  NORMAL
..................................................................
TEMPERATURE (F)
 TODAY
  MAXIMUM         59    428 PM  78    1986  57      2       69
  MINIMUM         30    803 AM  11    2002  32     -2       30
  AVERAGE         45                        44      1       50

PRECIPITATION (IN)
  TODAY            0.00          0.57 1949   0.01  -0.01     0.00
  MONTH TO DATE    0.37                      0.58  -0.21     0.64
  SINCE DEC 1      3.70                      1.94   1.76     2.06
  SINCE JAN 1      3.48                      1.17   2.31     0.92

SNOWFALL (IN)
  TODAY            0.0           3.5  1984                   0.0
  MONTH TO DATE    T                                          T
  SINCE DEC 1      0.1                                       5.4
  SINCE JUL 1      0.1                                       6.2
  SNOW DEPTH       0

DEGREE DAYS
 HEATING
  TODAY           20                        21     -1       15
  MONTH TO DATE  415                       602   -187      461
  SINCE DEC 1   1944                      2237   -293     1902
  SINCE JUL 1   2317                      2954   -637     2474

 COOLING
  TODAY            0                         0      0        0
  MONTH TO DATE   14                         0     14        6
  SINCE DEC 1     14                         0     14        6
  SINCE JAN 1     14                         0     14        6
..................................................................


WIND (MPH)
  RESULTANT WIND SPEED   1   RESULTANT WIND DIRECTION   S (190)
  HIGHEST WIND SPEED    13   HIGHEST WIND DIRECTION    SW (240)
  HIGHEST GUST SPEED    15   HIGHEST GUST DIRECTION    SW (230)
  AVERAGE WIND SPEED     5.1


SKY COVER
  AVERAGE SKY COVER 0.1


WEATHER CONDITIONS
 THE FOLLOWING WEATHER WAS RECORDED TODAY.
  NO SIGNIFICANT WEATHER WAS OBSERVED.


RELATIVE HUMIDITY (PERCENT)
 HIGHEST    78           800 AM
 LOWEST     13           400 PM
 AVERAGE    46

..........................................................


THE BORGER CLIMATE NORMALS FOR TOMORROW
                         NORMAL    RECORD    YEAR
 MAXIMUM TEMPERATURE (F)   57        81      2006
 MINIMUM TEMPERATURE (F)   32         6      1962


SUNRISE AND SUNSET
FEBRUARY 26 2017......SUNRISE   719 AM CST   SUNSET   638 PM CST
FEBRUARY 27 2017......SUNRISE   718 AM CST   SUNSET   639 PM CST


-  INDICATES NEGATIVE NUMBERS.
R  INDICATES RECORD WAS SET OR TIED.
MM INDICATES DATA IS MISSING.
T  INDICATES TRACE AMOUNT.




$$
