000
CDUS44 KAMA 272133
CLIBGD


CLIMATE REPORT
NATIONAL WEATHER SERVICE AMARILLO TX
432 PM CDT MON MAR 27 2017


...................................

...THE BORGER CLIMATE SUMMARY FOR MARCH 27 2017...
VALID TODAY AS OF 0400 PM LOCAL TIME.

CLIMATE NORMAL PERIOD 1981 TO 2010
CLIMATE RECORD PERIOD 1949 TO 2017


WEATHER ITEM   OBSERVED TIME   RECORD YEAR NORMAL DEPARTURE LAST
                VALUE   (LST)  VALUE       VALUE  FROM      YEAR
                                                  NORMAL
..................................................................
TEMPERATURE (F)
 TODAY
  MAXIMUM         72    314 PM  95    1971  67      5       57
  MINIMUM         36    550 AM  13    1955  39     -3       28
  AVERAGE         54                        53      1       43

PRECIPITATION (IN)
  TODAY            0.00          1.30 1980   0.06  -0.06     0.71
  MONTH TO DATE    0.05                      1.18  -1.13     0.71
  SINCE MAR 1      0.05                      1.18  -1.13     0.71
  SINCE JAN 1      3.53                      2.39   1.14     1.63

SNOWFALL (IN)
  TODAY            0.0           9.0  2009                   2.7
  MONTH TO DATE    0.0                                       2.7
  SINCE MAR 1      0.0                                       2.7
  SINCE JUL 1      0.1                                       8.9
  SNOW DEPTH       0

DEGREE DAYS
 HEATING
  TODAY           11                        12     -1       22
  MONTH TO DATE  244                       438   -194      283
  SINCE MAR 1    244                       438   -194      283
  SINCE JUL 1   2579                      3431   -852     2778

 COOLING
  TODAY            0                         0      0        0
  MONTH TO DATE   33                         0     33       11
  SINCE MAR 1     33                         0     33       11
  SINCE JAN 1     47                         0     47       17
..................................................................


WIND (MPH)
  RESULTANT WIND SPEED   2   RESULTANT WIND DIRECTION  NW (300)
  HIGHEST WIND SPEED    12   HIGHEST WIND DIRECTION     S (200)
  HIGHEST GUST SPEED    16   HIGHEST GUST DIRECTION    SE (150)
  AVERAGE WIND SPEED     4.3


SKY COVER
  AVERAGE SKY COVER 0.0


WEATHER CONDITIONS
 THE FOLLOWING WEATHER WAS RECORDED TODAY.
  NO SIGNIFICANT WEATHER WAS OBSERVED.


RELATIVE HUMIDITY (PERCENT)
 HIGHEST    92           300 AM
 LOWEST     31           300 PM
 AVERAGE    62

..........................................................


THE BORGER CLIMATE NORMALS FOR TOMORROW
                         NORMAL    RECORD    YEAR
 MAXIMUM TEMPERATURE (F)   67        93      1963
 MINIMUM TEMPERATURE (F)   40       -99      2016


SUNRISE AND SUNSET
MARCH 27 2017.........SUNRISE   739 AM CDT   SUNSET   803 PM CDT
MARCH 28 2017.........SUNRISE   737 AM CDT   SUNSET   804 PM CDT


-  INDICATES NEGATIVE NUMBERS.
R  INDICATES RECORD WAS SET OR TIED.
MM INDICATES DATA IS MISSING.
T  INDICATES TRACE AMOUNT.




$$
