000
CDUS41 KBGM 280550
CLIBGM


CLIMATE REPORT
NATIONAL WEATHER SERVICE BINGHAMTON NY
1249 AM EST FRI NOV 28 2014


...................................

...THE BINGHAMTON NY CLIMATE SUMMARY FOR NOVEMBER 27 2014...

CLIMATE NORMAL PERIOD 1981 TO 2010
CLIMATE RECORD PERIOD 1951 TO 2014


WEATHER ITEM   OBSERVED TIME   RECORD YEAR NORMAL DEPARTURE LAST
                VALUE   (LST)  VALUE       VALUE  FROM      YEAR
                                                  NORMAL
..................................................................
TEMPERATURE (F)
 YESTERDAY
  MAXIMUM         27        MM  61    1984  40    -13       35
  MINIMUM         20    913 PM   8    1951  28     -8       21
  AVERAGE         24                        34    -10       28

PRECIPITATION (IN)
  YESTERDAY        0.03          0.74 1959   0.10  -0.07     0.59
  MONTH TO DATE    2.09                      2.96  -0.87     3.49
  SINCE SEP 1      7.29                      9.92  -2.63     9.21
  SINCE JAN 1     36.32                     36.13   0.19    39.50

SNOWFALL (IN)
  YESTERDAY        1.3           5.4  1996   0.3    0.0      0.7
  MONTH TO DATE   13.5                       4.8    8.7      8.0
  SINCE SEP 1     13.5                       5.8    7.7      8.0
  SINCE JUL 1     13.5                       5.8    7.7      8.0
  SNOW DEPTH       7

DEGREE DAYS
 HEATING
  YESTERDAY       41                        31     10       37
  MONTH TO DATE  734                       708     26      774
  SINCE SEP 1   1318                      1417    -99     1407
  SINCE JUL 1   1384                      1480    -96     1458

 COOLING
  YESTERDAY        0                         0      0        0
  MONTH TO DATE    0                         0      0        0
  SINCE SEP 1     39                        33      6       53
  SINCE JAN 1    341                       381    -40      480
..................................................................


WIND (MPH)
  HIGHEST WIND SPEED    12   HIGHEST WIND DIRECTION    NW (310)
  HIGHEST GUST SPEED    16   HIGHEST GUST DIRECTION    NW (300)
  AVERAGE WIND SPEED     5.4


SKY COVER
  AVERAGE SKY COVER 0.8


WEATHER CONDITIONS
 THE FOLLOWING WEATHER WAS RECORDED YESTERDAY.
  LIGHT SNOW
  FOG
  HAZE


RELATIVE HUMIDITY (PERCENT)
 HIGHEST    96           800 PM
 LOWEST     59          1000 AM
 AVERAGE    78

..........................................................


THE BINGHAMTON NY CLIMATE NORMALS FOR TODAY
                         NORMAL    RECORD    YEAR
 MAXIMUM TEMPERATURE (F)   40        70      1990
 MINIMUM TEMPERATURE (F)   27         6      1951


SUNRISE AND SUNSET
NOVEMBER 28 2014......SUNRISE   710 AM EST   SUNSET   434 PM EST
NOVEMBER 29 2014......SUNRISE   711 AM EST   SUNSET   433 PM EST


-  INDICATES NEGATIVE NUMBERS.
R  INDICATES RECORD WAS SET OR TIED.
MM INDICATES DATA IS MISSING.
T  INDICATES TRACE AMOUNT.




$$
