000
CDUS41 KBGM 230544
CLIBGM


CLIMATE REPORT
NATIONAL WEATHER SERVICE BINGHAMTON NY
144 AM EDT WED APR 23 2014


...................................

...THE BINGHAMTON NY CLIMATE SUMMARY FOR APRIL 22 2014...

CLIMATE NORMAL PERIOD 1981 TO 2010
CLIMATE RECORD PERIOD 1951 TO 2014


WEATHER ITEM   OBSERVED TIME   RECORD YEAR NORMAL DEPARTURE LAST
                VALUE   (LST)  VALUE       VALUE  FROM      YEAR
                                                  NORMAL
..................................................................
TEMPERATURE (F)
 YESTERDAY
  MAXIMUM         63    954 AM  83    1985  57      6       54
  MINIMUM         42   1159 PM  22    1975  38      4       31
  AVERAGE         53                        48      5       43

PRECIPITATION (IN)
  YESTERDAY        0.12          1.17 2006   0.11   0.01     0.00
  MONTH TO DATE    1.79                      2.54  -0.75     2.88
  SINCE MAR 1      4.47                      5.53  -1.06     4.78
  SINCE JAN 1     10.16                     10.29  -0.13     9.33

SNOWFALL (IN)
  YESTERDAY        0.0           8.6  1993   0.1   -0.1      0.0
  MONTH TO DATE    1.0                       3.7   -2.7      0.9
  SINCE MAR 1      2.9                      18.8  -15.9     15.3
  SINCE JUL 1     85.4                      82.7    2.7     69.1
  SNOW DEPTH       0

DEGREE DAYS
 HEATING
  YESTERDAY       12                        17     -5       22
  MONTH TO DATE  436                       476    -40      497
  SINCE MAR 1   1636                      1473    163     1568
  SINCE JUL 1   7107                      6672    435     6452

 COOLING
  YESTERDAY        0                         0      0        0
  MONTH TO DATE    2                         0      2        0
  SINCE MAR 1      2                         0      2        0
  SINCE JAN 1      2                         0      2        0
..................................................................


WIND (MPH)
  HIGHEST WIND SPEED    20   HIGHEST WIND DIRECTION     N (340)
  HIGHEST GUST SPEED    26   HIGHEST GUST DIRECTION     N (350)
  AVERAGE WIND SPEED     8.0


SKY COVER
  AVERAGE SKY COVER 0.7


WEATHER CONDITIONS
 THE FOLLOWING WEATHER WAS RECORDED YESTERDAY.
  RAIN
  LIGHT RAIN
  FOG


RELATIVE HUMIDITY (PERCENT)
 HIGHEST    93           200 PM
 LOWEST     28          1200 AM
 AVERAGE    61

..........................................................


THE BINGHAMTON NY CLIMATE NORMALS FOR TODAY
                         NORMAL    RECORD    YEAR
 MAXIMUM TEMPERATURE (F)   58        85      1985
 MINIMUM TEMPERATURE (F)   39        24      1989


SUNRISE AND SUNSET
APRIL 23 2014.........SUNRISE   611 AM EDT   SUNSET   754 PM EDT
APRIL 24 2014.........SUNRISE   609 AM EDT   SUNSET   755 PM EDT


-  INDICATES NEGATIVE NUMBERS.
R  INDICATES RECORD WAS SET OR TIED.
MM INDICATES DATA IS MISSING.
T  INDICATES TRACE AMOUNT.




$$
