000
CDUS41 KBGM 261252
CLIBGM


CLIMATE REPORT
NATIONAL WEATHER SERVICE BINGHAMTON NY
851 AM EDT TUE SEP 26 2017


...................................

...THE BINGHAMTON NY CLIMATE SUMMARY FOR SEPTEMBER 24 2017...

CLIMATE NORMAL PERIOD 1981 TO 2010
CLIMATE RECORD PERIOD 1951 TO 2017


WEATHER ITEM   OBSERVED TIME   RECORD YEAR NORMAL DEPARTURE LAST
                VALUE   (LST)  VALUE       VALUE  FROM      YEAR
                                                  NORMAL
..................................................................
TEMPERATURE (F)
 YESTERDAY
  MAXIMUM         85    343 PM  88    2010  65     20       62
  MINIMUM         62   1252 AM  25    1974  48     14       47
  AVERAGE         74                        56     18       55

PRECIPITATION (IN)
  YESTERDAY        0.00          1.95 2001   0.12  -0.12     0.00
  MONTH TO DATE    1.16                      2.88  -1.72     0.69
  SINCE SEP 1      1.16                      2.88  -1.72     0.69
  SINCE JAN 1     40.90                     29.09  11.81    24.24

SNOWFALL (IN)
  YESTERDAY        0.0           0.0  2002   0.0    0.0      0.0
                                      2001
                                      2000
  MONTH TO DATE    0.0                       0.0    0.0      0.0
  SINCE SEP 1      0.0                       0.0    0.0      0.0
  SINCE JUL 1      0.0                       0.0    0.0      0.0
  SNOW DEPTH       0

DEGREE DAYS
 HEATING
  YESTERDAY        0                         9     -9       10
  MONTH TO DATE  114                       132    -18       47
  SINCE SEP 1    114                       132    -18       47
  SINCE JUL 1    195                       195      0       56

 COOLING
  YESTERDAY        9                         0      9        0
  MONTH TO DATE   41                        29     12       48
  SINCE SEP 1     41                        29     12       48
  SINCE JAN 1    312                       377    -65      559
..................................................................


WIND (MPH)
  HIGHEST WIND SPEED    15   HIGHEST WIND DIRECTION     N (350)
  HIGHEST GUST SPEED    19   HIGHEST GUST DIRECTION     N (350)
  AVERAGE WIND SPEED     7.1


SKY COVER
  AVERAGE SKY COVER 0.1


WEATHER CONDITIONS
 THE FOLLOWING WEATHER WAS RECORDED YESTERDAY.
  NO SIGNIFICANT WEATHER WAS OBSERVED.


RELATIVE HUMIDITY (PERCENT)
 HIGHEST    90           100 AM
 LOWEST     44           400 PM
 AVERAGE    67

..........................................................


THE BINGHAMTON NY CLIMATE NORMALS FOR TODAY
                         NORMAL    RECORD    YEAR
 MAXIMUM TEMPERATURE (F)   65        87      2017
 MINIMUM TEMPERATURE (F)   47        31      1989


SUNRISE AND SUNSET
SEPTEMBER 25 2017.....SUNRISE   655 AM EDT   SUNSET   655 PM EDT
SEPTEMBER 26 2017.....SUNRISE   656 AM EDT   SUNSET   654 PM EDT


-  INDICATES NEGATIVE NUMBERS.
R  INDICATES RECORD WAS SET OR TIED.
MM INDICATES DATA IS MISSING.
T  INDICATES TRACE AMOUNT.




$$
