000
CDUS41 KBGM 300216
CLIBGM


CLIMATE REPORT
NATIONAL WEATHER SERVICE BINGHAMTON NY
1015 PM EDT FRI JUL 29 2016


...................................

...THE BINGHAMTON NY CLIMATE SUMMARY FOR JULY 29 2016...
VALID AS OF 1000 PM LOCAL TIME.

CLIMATE NORMAL PERIOD 1981 TO 2010
CLIMATE RECORD PERIOD 1951 TO 2016


WEATHER ITEM   OBSERVED TIME   RECORD YEAR NORMAL DEPARTURE LAST
                VALUE   (LST)  VALUE       VALUE  FROM      YEAR
                                                  NORMAL
..................................................................
TEMPERATURE (F)
 TODAY
  MAXIMUM         84    403 PM  90    1959  78      6       85
  MINIMUM         65    510 AM  50    1987  60      5       63
                                      1978
  AVERAGE         75                        69      6       74

PRECIPITATION (IN)
  TODAY            0.00          1.48 2000   0.12  -0.12     0.00
  MONTH TO DATE    1.48                      3.47  -1.99     4.86
  SINCE JUN 1      4.52                      7.78  -3.26    14.60
  SINCE JAN 1     16.91                     22.53  -5.62    28.15

SNOWFALL (IN)
  TODAY            0.0           0.0  2002   0.0    0.0      0.0
                                      2000
                                      2001
  MONTH TO DATE    0.0                       0.0    0.0       T
  SINCE JUN 1      0.0                       0.0    0.0       T
  SINCE JUL 1      0.0                       0.0    0.0       T
  SNOW DEPTH       0

DEGREE DAYS
 HEATING
  TODAY            0                         1     -1        0
  MONTH TO DATE    3                        29    -26       24
  SINCE JUN 1     72                       120    -48      101
  SINCE JUL 1      3                        29    -26       24

 COOLING
  TODAY           10                         4      6        9
  MONTH TO DATE  211                       133     78      105
  SINCE JUN 1    274                       207     67      155
  SINCE JAN 1    320                       230     90      228
..................................................................


WIND (MPH)
  HIGHEST WIND SPEED    16   HIGHEST WIND DIRECTION     N (350)
  HIGHEST GUST SPEED    20   HIGHEST GUST DIRECTION     N (10)
  AVERAGE WIND SPEED     7.5


SKY COVER
  AVERAGE SKY COVER 0.2


WEATHER CONDITIONS
 THE FOLLOWING WEATHER WAS RECORDED TODAY.
  NO SIGNIFICANT WEATHER WAS OBSERVED.


RELATIVE HUMIDITY (PERCENT)
 HIGHEST    93           400 AM
 LOWEST     37           400 PM
 AVERAGE    65

..........................................................


THE BINGHAMTON NY CLIMATE NORMALS FOR TOMORROW
                         NORMAL    RECORD    YEAR
 MAXIMUM TEMPERATURE (F)   78        90      1954
 MINIMUM TEMPERATURE (F)   60        47      1997
                                             1956


SUNRISE AND SUNSET
JULY 29 2016..........SUNRISE   554 AM EDT   SUNSET   826 PM EDT
JULY 30 2016..........SUNRISE   555 AM EDT   SUNSET   825 PM EDT


-  INDICATES NEGATIVE NUMBERS.
R  INDICATES RECORD WAS SET OR TIED.
MM INDICATES DATA IS MISSING.
T  INDICATES TRACE AMOUNT.

$$
