000
CDUS41 KBGM 011047
CLIBGM


CLIMATE REPORT
NATIONAL WEATHER SERVICE BINGHAMTON NY
646 AM EDT SAT OCT 1 2016


...................................

...THE BINGHAMTON NY CLIMATE SUMMARY FOR SEPTEMBER 30 2016...

CLIMATE NORMAL PERIOD 1981 TO 2010
CLIMATE RECORD PERIOD 1951 TO 2016


WEATHER ITEM   OBSERVED TIME   RECORD YEAR NORMAL DEPARTURE LAST
                VALUE   (LST)  VALUE       VALUE  FROM      YEAR
                                                  NORMAL
..................................................................
TEMPERATURE (F)
 YESTERDAY
  MAXIMUM         53   1238 AM  85    1953  63    -10       65
  MINIMUM         46    651 AM  29    1991  45      1       46
  AVERAGE         50                        54     -4       56

PRECIPITATION (IN)
  YESTERDAY        0.24          4.24 2010   0.13   0.11     0.49
  MONTH TO DATE    1.03                      3.63  -2.60     2.20
  SINCE SEP 1      1.03                      3.63  -2.60     2.20
  SINCE JAN 1     24.58                     29.84  -5.26    33.72

SNOWFALL (IN)
  YESTERDAY        0.0           T    1992   0.0    0.0      0.0
  MONTH TO DATE    0.0                       0.0    0.0      0.0
  SINCE SEP 1      0.0                       0.0    0.0      0.0
  SINCE JUL 1      0.0                       0.0    0.0       T
  SNOW DEPTH       0

DEGREE DAYS
 HEATING
  YESTERDAY       15                        11      4        9
  MONTH TO DATE  114                       194    -80       82
  SINCE SEP 1    114                       194    -80       82
  SINCE JUL 1    123                       257   -134      131

 COOLING
  YESTERDAY        0                         0      0        0
  MONTH TO DATE   48                        31     17      101
  SINCE SEP 1     48                        31     17      101
  SINCE JAN 1    559                       379    180      443
..................................................................


WIND (MPH)
  HIGHEST WIND SPEED    20   HIGHEST WIND DIRECTION     E (100)
  HIGHEST GUST SPEED    24   HIGHEST GUST DIRECTION     E (100)
  AVERAGE WIND SPEED     9.0


SKY COVER
  AVERAGE SKY COVER 1.0


WEATHER CONDITIONS
 THE FOLLOWING WEATHER WAS RECORDED YESTERDAY.
  RAIN
  LIGHT RAIN
  FOG


RELATIVE HUMIDITY (PERCENT)
 HIGHEST   100          1000 AM
 LOWEST     80           300 AM
 AVERAGE    90

..........................................................


THE BINGHAMTON NY CLIMATE NORMALS FOR TODAY
                         NORMAL    RECORD    YEAR
 MAXIMUM TEMPERATURE (F)   62        78      1954
 MINIMUM TEMPERATURE (F)   45        28      1993


SUNRISE AND SUNSET
OCTOBER  1 2016.......SUNRISE   701 AM EDT   SUNSET   645 PM EDT
OCTOBER  2 2016.......SUNRISE   703 AM EDT   SUNSET   643 PM EDT


-  INDICATES NEGATIVE NUMBERS.
R  INDICATES RECORD WAS SET OR TIED.
MM INDICATES DATA IS MISSING.
T  INDICATES TRACE AMOUNT.




$$
