000
CDUS41 KCAR 250527
CLIBGR


CLIMATE REPORT
NATIONAL WEATHER SERVICE CARIBOU, ME
126 AM EDT SUN SEP 25 2016


...................................

...THE BANGOR ME CLIMATE SUMMARY FOR SEPTEMBER 24 2016...

CLIMATE NORMAL PERIOD 1981 TO 2010
CLIMATE RECORD PERIOD 1925 TO 2016


WEATHER ITEM   OBSERVED TIME   RECORD YEAR NORMAL DEPARTURE LAST
                VALUE   (LST)  VALUE       VALUE  FROM      YEAR
                                                  NORMAL
..................................................................
TEMPERATURE (F)
 YESTERDAY
  MAXIMUM         63    156 PM  88    1930  67     -4       72
  MINIMUM         39    541 AM  28    1963  45     -6       47
                                      1944
  AVERAGE         51                        56     -5       60

PRECIPITATION (IN)
  YESTERDAY        0.00          1.16 1994   0.13  -0.13     0.00
  MONTH TO DATE    1.12                      2.94  -1.82     1.41
  SINCE SEP 1      1.12                      2.94  -1.82     1.41
  SINCE JAN 1     23.11                     29.19  -6.08    21.15

SNOWFALL (IN)
  YESTERDAY        0.0           0.0  2002   0.0             0.0
                                      2001
  MONTH TO DATE    0.0                       0.0             0.0
  SINCE SEP 1      0.0                       0.0             0.0
  SINCE JUL 1      0.0                       0.0             0.0
  SNOW DEPTH       0

DEGREE DAYS
 HEATING
  YESTERDAY       14                        10      4        5
  MONTH TO DATE   69                       143    -74       48
  SINCE SEP 1     69                       143    -74       48
  SINCE JUL 1     96                       206   -110       77

 COOLING
  YESTERDAY        0                         0      0        0
  MONTH TO DATE   59                        21     38       91
  SINCE SEP 1     59                        21     38       91
  SINCE JAN 1    448                       315    133      400
..................................................................


WIND (MPH)
  RESULTANT WIND SPEED   8   RESULTANT WIND DIRECTION  NW (320)
  HIGHEST WIND SPEED    26   HIGHEST WIND DIRECTION    NW (320)
  HIGHEST GUST SPEED    33   HIGHEST GUST DIRECTION    NW (330)


SKY COVER
  POSSIBLE SUNSHINE  MM
  AVERAGE SKY COVER 0.5


WEATHER CONDITIONS
 THE FOLLOWING WEATHER WAS RECORDED YESTERDAY.
  NO SIGNIFICANT WEATHER WAS OBSERVED.


RELATIVE HUMIDITY (PERCENT)
 HIGHEST   100
 LOWEST     36
 AVERAGE    68

..........................................................


THE BANGOR ME CLIMATE NORMALS FOR TODAY
                         NORMAL    RECORD    YEAR
 MAXIMUM TEMPERATURE (F)   66        88      1930
 MINIMUM TEMPERATURE (F)   44        27      1944


SUNRISE AND SUNSET
SEPTEMBER 25 2016.....SUNRISE   626 AM EDT   SUNSET   626 PM EDT
SEPTEMBER 26 2016.....SUNRISE   628 AM EDT   SUNSET   624 PM EDT


-  INDICATES NEGATIVE NUMBERS.
R  INDICATES RECORD WAS SET OR TIED.
MM INDICATES DATA IS MISSING.
T  INDICATES TRACE AMOUNT.




$$
