801
CDUS41 KCAR 080527
CLIBGR


CLIMATE REPORT
NATIONAL WEATHER SERVICE CARIBOU, ME
1226 AM EST MON FEB 8 2016


...................................

...THE BANGOR ME CLIMATE SUMMARY FOR FEBRUARY 7 2016...

CLIMATE NORMAL PERIOD 1981 TO 2010
CLIMATE RECORD PERIOD 1925 TO 2016


WEATHER ITEM   OBSERVED TIME   RECORD YEAR NORMAL DEPARTURE LAST
                VALUE   (LST)  VALUE       VALUE  FROM      YEAR
                                                  NORMAL
..................................................................
TEMPERATURE (F)
 YESTERDAY
  MAXIMUM         37    201 PM  46    2005  29      8       20
  MINIMUM         15   1159 PM -27    1993   8      7       -9
  AVERAGE         26                        19      7        6

PRECIPITATION (IN)
  YESTERDAY        T             1.13 1953   0.09  -0.09      T
  MONTH TO DATE    1.07                      0.62   0.45     1.14
  SINCE DEC 1      7.51                      6.99   0.52     9.06
  SINCE JAN 1      3.45                      3.51  -0.06     3.83

SNOWFALL (IN)
  YESTERDAY        T            15.0  1978   0.5              T
  MONTH TO DATE   10.9                       3.7            19.3
  SINCE DEC 1     27.4                      37.3            68.1
  SINCE JUL 1     29.9                      39.7            94.0
  SNOW DEPTH       9

DEGREE DAYS
 HEATING
  YESTERDAY       39                        46     -7       59
  MONTH TO DATE  235                       327    -92      424
  SINCE DEC 1   2501                      3065   -564     3090
  SINCE JUL 1   4002                      4734   -732     4674

 COOLING
  YESTERDAY        0                         0      0        0
  MONTH TO DATE    0                         0      0        0
  SINCE DEC 1      0                         0      0        0
  SINCE JAN 1      0                         0      0        0
..................................................................


WIND (MPH)
  RESULTANT WIND SPEED   3   RESULTANT WIND DIRECTION   N (340)
  HIGHEST WIND SPEED    24   HIGHEST WIND DIRECTION     N (340)
  HIGHEST GUST SPEED    28   HIGHEST GUST DIRECTION     N (340)


SKY COVER
  POSSIBLE SUNSHINE  MM
  AVERAGE SKY COVER 0.4


WEATHER CONDITIONS
 THE FOLLOWING WEATHER WAS RECORDED YESTERDAY.
  LIGHT SNOW
  HAZE


RELATIVE HUMIDITY (PERCENT)
 HIGHEST    92
 LOWEST     40
 AVERAGE    66

..........................................................


THE BANGOR ME CLIMATE NORMALS FOR TODAY
                         NORMAL    RECORD    YEAR
 MAXIMUM TEMPERATURE (F)   30        47      2009
 MINIMUM TEMPERATURE (F)    8       -19      1934


SUNRISE AND SUNSET
FEBRUARY  8 2016......SUNRISE   646 AM EST   SUNSET   453 PM EST
FEBRUARY  9 2016......SUNRISE   645 AM EST   SUNSET   454 PM EST


-  INDICATES NEGATIVE NUMBERS.
R  INDICATES RECORD WAS SET OR TIED.
MM INDICATES DATA IS MISSING.
T  INDICATES TRACE AMOUNT.




$$
