000
CDUS41 KCAR 312030
CLIBGR


CLIMATE REPORT
NATIONAL WEATHER SERVICE CARIBOU, ME
429 PM EDT TUE MAY 31 2016


...................................

...THE BANGOR ME CLIMATE SUMMARY FOR MAY 31 2016...
VALID TODAY AS OF 0400 PM LOCAL TIME.

CLIMATE NORMAL PERIOD 1981 TO 2010
CLIMATE RECORD PERIOD 1925 TO 2016


WEATHER ITEM   OBSERVED TIME   RECORD YEAR NORMAL DEPARTURE LAST
                VALUE   (LST)  VALUE       VALUE  FROM      YEAR
                                                  NORMAL
..................................................................
TEMPERATURE (F)
 TODAY
  MAXIMUM         88    206 PM  93    1937  70     18       67
  MINIMUM         59    450 AM  34    1941  47     12       49
  AVERAGE         74                        59     15       58

PRECIPITATION (IN)
  TODAY            0.00          1.67 1984   0.12  -0.12     0.29
  MONTH TO DATE    2.01                      3.64  -1.63     2.32
  SINCE MAR 1      7.86                     10.64  -2.78     6.16
  SINCE JAN 1     14.13                     16.05  -1.92    11.05

SNOWFALL (IN)
  TODAY            0.0          MM      MM   0.0    0.0      0.0
  MONTH TO DATE    T                         0.0    0.0      0.0
  SINCE MAR 1      6.0                      15.4   -9.4     21.9
  SINCE JUL 1     44.6                      66.1  -21.5    139.0
  SNOW DEPTH       0

DEGREE DAYS
 HEATING
  TODAY            0                         7     -7        7
  MONTH TO DATE  229                       355   -126      251
  SINCE MAR 1   1942                      2107   -165     2226
  SINCE JUL 1   6857                      7753   -896     8116

 COOLING
  TODAY            9                         1      8        0
  MONTH TO DATE   25                         6     19       23
  SINCE MAR 1     25                         6     19       23
  SINCE JAN 1     25                         6     19       23
..................................................................


WIND (MPH)
  HIGHEST WIND SPEED    16   HIGHEST WIND DIRECTION     W (260)
  HIGHEST GUST SPEED    23   HIGHEST GUST DIRECTION     W (260)
  AVERAGE WIND SPEED     7.7


SKY COVER
  POSSIBLE SUNSHINE  MM
  AVERAGE SKY COVER 0.6


WEATHER CONDITIONS
 THE FOLLOWING WEATHER WAS RECORDED TODAY.
  FOG
  FOG W/VISIBILITY <= 1/4 MILE


RELATIVE HUMIDITY (PERCENT)
 HIGHEST    90          1200 AM
 LOWEST     27           100 PM
 AVERAGE    59

..........................................................


THE BANGOR ME CLIMATE NORMALS FOR TOMORROW
                         NORMAL    RECORD    YEAR
 MAXIMUM TEMPERATURE (F)   70        96      1937
 MINIMUM TEMPERATURE (F)   48        35      1945
                                             1942


SUNRISE AND SUNSET
MAY 31 2016...........SUNRISE   453 AM EDT   SUNSET   814 PM EDT
JUNE  1 2016..........SUNRISE   452 AM EDT   SUNSET   814 PM EDT


-  INDICATES NEGATIVE NUMBERS.
R  INDICATES RECORD WAS SET OR TIED.
MM INDICATES DATA IS MISSING.
T  INDICATES TRACE AMOUNT.




$$
