000
CDUS41 KCAR 310527
CLIBGR


CLIMATE REPORT
NATIONAL WEATHER SERVICE CARIBOU, ME
126 AM EDT THU JUL 31 2014


...................................

...THE BANGOR ME CLIMATE SUMMARY FOR JULY 30 2014...

CLIMATE NORMAL PERIOD 1981 TO 2010
CLIMATE RECORD PERIOD 1925 TO 2014


WEATHER ITEM   OBSERVED TIME   RECORD YEAR NORMAL DEPARTURE LAST
                VALUE   (LST)  VALUE       VALUE  FROM      YEAR
                                                  NORMAL
..................................................................
TEMPERATURE (F)
 YESTERDAY
  MAXIMUM         77    228 PM  99    1949  80     -3       78
  MINIMUM         56    414 AM  46    1968  58     -2       60
  AVERAGE         67                        69     -2       69

PRECIPITATION (IN)
  YESTERDAY        0.00          1.05 1960   0.11  -0.11     0.00
  MONTH TO DATE    6.78                      3.34   3.44     3.74
  SINCE JUN 1     10.37                      7.10   3.27     9.20
  SINCE JAN 1     24.78                     23.15   1.63    20.49

SNOWFALL (IN)
  YESTERDAY        0.0           0.0  2002   0.0             0.0
                                      2001
  MONTH TO DATE    0.0                       0.0             0.0
  SINCE JUN 1      0.0                       0.0             0.0
  SINCE JUL 1      0.0                       0.0             0.0
  SNOW DEPTH       0

DEGREE DAYS
 HEATING
  YESTERDAY        0                         1     -1        0
  MONTH TO DATE    5                        30    -25        8
  SINCE JUN 1     76                       137    -61      108
  SINCE JUL 1      5                        30    -25        8

 COOLING
  YESTERDAY        2                         5     -3        4
  MONTH TO DATE  168                       131     37      182
  SINCE JUN 1    214                       183     31      239
  SINCE JAN 1    214                       189     25      247
..................................................................


WIND (MPH)
  RESULTANT WIND SPEED   3   RESULTANT WIND DIRECTION   S (190)
  HIGHEST WIND SPEED    15   HIGHEST WIND DIRECTION     S (160)
  HIGHEST GUST SPEED    19   HIGHEST GUST DIRECTION     S (170)


SKY COVER
  POSSIBLE SUNSHINE  MM
  AVERAGE SKY COVER 0.8


WEATHER CONDITIONS
 THE FOLLOWING WEATHER WAS RECORDED YESTERDAY.
  NO SIGNIFICANT WEATHER WAS OBSERVED.


RELATIVE HUMIDITY (PERCENT)
 HIGHEST    93
 LOWEST     54
 AVERAGE    74

..........................................................


THE BANGOR ME CLIMATE NORMALS FOR TODAY
                         NORMAL    RECORD    YEAR
 MAXIMUM TEMPERATURE (F)   80        97      1949
 MINIMUM TEMPERATURE (F)   58        44      1927


SUNRISE AND SUNSET
JULY 31 2014..........SUNRISE   520 AM EDT   SUNSET   803 PM EDT
AUGUST  1 2014........SUNRISE   521 AM EDT   SUNSET   801 PM EDT


-  INDICATES NEGATIVE NUMBERS.
R  INDICATES RECORD WAS SET OR TIED.
MM INDICATES DATA IS MISSING.
T  INDICATES TRACE AMOUNT.




$$
