000
CDUS41 KCAR 260527
CLIBGR


CLIMATE REPORT
NATIONAL WEATHER SERVICE CARIBOU, ME
126 AM EDT SUN OCT 26 2014


...................................

...THE BANGOR ME CLIMATE SUMMARY FOR OCTOBER 25 2014...

CLIMATE NORMAL PERIOD 1981 TO 2010
CLIMATE RECORD PERIOD 1925 TO 2014


WEATHER ITEM   OBSERVED TIME   RECORD YEAR NORMAL DEPARTURE LAST
                VALUE   (LST)  VALUE       VALUE  FROM      YEAR
                                                  NORMAL
..................................................................
TEMPERATURE (F)
 YESTERDAY
  MAXIMUM         61    306 PM  77    1963  54      7       52
  MINIMUM         43    554 AM  21    1947  34      9       28
  AVERAGE         52                        44      8       40

PRECIPITATION (IN)
  YESTERDAY        T             1.81 1930   0.13  -0.13     0.00
  MONTH TO DATE    6.57                      3.39   3.18     0.71
  SINCE SEP 1      7.46                      7.22   0.24     7.88
  SINCE JAN 1     35.20                     33.47   1.73    33.06

SNOWFALL (IN)
  YESTERDAY        0.0           0.0  2002   0.0             0.0
                                      2001
  MONTH TO DATE    0.0                       0.1             0.0
  SINCE SEP 1      0.0                       0.1             0.0
  SINCE JUL 1      0.0                       0.1             0.0
  SNOW DEPTH       0

DEGREE DAYS
 HEATING
  YESTERDAY       13                        21     -8       25
  MONTH TO DATE  302                       421   -119      305
  SINCE SEP 1    516                       630   -114      507
  SINCE JUL 1    537                       693   -156      539

 COOLING
  YESTERDAY        0                         0      0        0
  MONTH TO DATE    2                         0      2        0
  SINCE SEP 1     49                        23     26       33
  SINCE JAN 1    363                       317     46      355
..................................................................


WIND (MPH)
  RESULTANT WIND SPEED   3   RESULTANT WIND DIRECTION   W (280)
  HIGHEST WIND SPEED    13   HIGHEST WIND DIRECTION     N (350)
  HIGHEST GUST SPEED    18   HIGHEST GUST DIRECTION     N (360)


SKY COVER
  POSSIBLE SUNSHINE  MM
  AVERAGE SKY COVER 0.7


WEATHER CONDITIONS
 THE FOLLOWING WEATHER WAS RECORDED YESTERDAY.
  NO SIGNIFICANT WEATHER WAS OBSERVED.


RELATIVE HUMIDITY (PERCENT)
 HIGHEST    93
 LOWEST     29
 AVERAGE    61

..........................................................


THE BANGOR ME CLIMATE NORMALS FOR TODAY
                         NORMAL    RECORD    YEAR
 MAXIMUM TEMPERATURE (F)   54        78      1963
 MINIMUM TEMPERATURE (F)   34        21      1993


SUNRISE AND SUNSET
OCTOBER 26 2014.......SUNRISE   705 AM EDT   SUNSET   533 PM EDT
OCTOBER 27 2014.......SUNRISE   706 AM EDT   SUNSET   531 PM EDT


-  INDICATES NEGATIVE NUMBERS.
R  INDICATES RECORD WAS SET OR TIED.
MM INDICATES DATA IS MISSING.
T  INDICATES TRACE AMOUNT.




$$
