000
CDUS41 KCAR 210526
CLIBGR


CLIMATE REPORT
NATIONAL WEATHER SERVICE CARIBOU, ME
1226 AM EST TUE NOV 21 2017


...................................

...THE BANGOR ME CLIMATE SUMMARY FOR NOVEMBER 20 2017...

CLIMATE NORMAL PERIOD 1981 TO 2010
CLIMATE RECORD PERIOD 1925 TO 2017


WEATHER ITEM   OBSERVED TIME   RECORD YEAR NORMAL DEPARTURE LAST
                VALUE   (LST)  VALUE       VALUE  FROM      YEAR
                                                  NORMAL
..................................................................
TEMPERATURE (F)
 YESTERDAY
  MAXIMUM         34   1159 AM  72    1953  44    -10       50
  MINIMUM         17   1159 PM   6    1939  27    -10       38
  AVERAGE         26                        35     -9       44

PRECIPITATION (IN)
  YESTERDAY        0.00          1.58 2003   0.14  -0.14     0.33
  MONTH TO DATE    2.11                      2.78  -0.67     2.32
  SINCE SEP 1     10.39                     10.78  -0.39     6.75
  SINCE JAN 1     36.56                     37.03  -0.47    28.74

SNOWFALL (IN)
  YESTERDAY        0.0           2.0  1995   0.1             0.0
  MONTH TO DATE    T                         0.7             0.0
  SINCE SEP 1      T                         0.8             0.0
  SINCE JUL 1      T                         0.8             0.0
  SNOW DEPTH       0

DEGREE DAYS
 HEATING
  YESTERDAY       39                        30      9       21
  MONTH TO DATE  546                       524     22      447
  SINCE SEP 1    908                      1287   -379     1086
  SINCE JUL 1    955                      1350   -395     1113

 COOLING
  YESTERDAY        0                         0      0        0
  MONTH TO DATE    0                         0      0        0
  SINCE SEP 1     86                        24     62       59
  SINCE JAN 1    368                       318     50      448
..................................................................


WIND (MPH)
  RESULTANT WIND SPEED  10   RESULTANT WIND DIRECTION   W (290)
  HIGHEST WIND SPEED    23   HIGHEST WIND DIRECTION    NW (320)
  HIGHEST GUST SPEED    32   HIGHEST GUST DIRECTION     W (270)


SKY COVER
  POSSIBLE SUNSHINE  MM
  AVERAGE SKY COVER 0.5


WEATHER CONDITIONS
 THE FOLLOWING WEATHER WAS RECORDED YESTERDAY.
  NO SIGNIFICANT WEATHER WAS OBSERVED.


RELATIVE HUMIDITY (PERCENT)
 HIGHEST    63
 LOWEST     36
 AVERAGE    50

..........................................................


THE BANGOR ME CLIMATE NORMALS FOR TODAY
                         NORMAL    RECORD    YEAR
 MAXIMUM TEMPERATURE (F)   43        65      1991
 MINIMUM TEMPERATURE (F)   27        11      1939
                                             1933


SUNRISE AND SUNSET
NOVEMBER 21 2017......SUNRISE   641 AM EST   SUNSET   401 PM EST
NOVEMBER 22 2017......SUNRISE   642 AM EST   SUNSET   401 PM EST


-  INDICATES NEGATIVE NUMBERS.
R  INDICATES RECORD WAS SET OR TIED.
MM INDICATES DATA IS MISSING.
T  INDICATES TRACE AMOUNT.




$$
