000
CDUS41 KCAR 180532
CLIBGR


CLIMATE REPORT
NATIONAL WEATHER SERVICE CARIBOU, ME
1232 AM EST THU DEC 18 2014


...................................

...THE BANGOR ME CLIMATE SUMMARY FOR DECEMBER 17 2014...

CLIMATE NORMAL PERIOD 1981 TO 2010
CLIMATE RECORD PERIOD 1925 TO 2014


WEATHER ITEM   OBSERVED TIME   RECORD YEAR NORMAL DEPARTURE LAST
                VALUE   (LST)  VALUE       VALUE  FROM      YEAR
                                                  NORMAL
..................................................................
TEMPERATURE (F)
 YESTERDAY
  MAXIMUM         41   1143 AM  60    2000  33      8       11
  MINIMUM         33   1159 PM -21    1943  15     18      -16
  AVERAGE         37                        24     13       -2

PRECIPITATION (IN)
  YESTERDAY        0.64          2.93 1973   0.10   0.54     0.03
  MONTH TO DATE    3.91                      2.10   1.81     1.08
  SINCE DEC 1      3.91                      2.10   1.81     1.08
  SINCE JAN 1     42.60                     40.55   2.05    38.21

SNOWFALL (IN)
  YESTERDAY        T             4.6  1970   0.5             0.8
  MONTH TO DATE    4.6                       7.1            12.1
  SINCE DEC 1      4.6                       7.1            12.1
  SINCE JUL 1     30.5                       9.5            12.8
  SNOW DEPTH       0

DEGREE DAYS
 HEATING
  YESTERDAY       28                        41    -13       67
  MONTH TO DATE  613                       638    -25      752
  SINCE DEC 1    613                       638    -25      752
  SINCE JUL 1   2197                      2307   -110     2337

 COOLING
  YESTERDAY        0                         0      0        0
  MONTH TO DATE    0                         0      0        0
  SINCE DEC 1      0                         0      0        0
  SINCE JAN 1    363                       318     45      355
..................................................................


WIND (MPH)
  RESULTANT WIND SPEED   6   RESULTANT WIND DIRECTION  NE (40)
  HIGHEST WIND SPEED    15   HIGHEST WIND DIRECTION     E (70)
  HIGHEST GUST SPEED    20   HIGHEST GUST DIRECTION     E (70)


SKY COVER
  POSSIBLE SUNSHINE  MM
  AVERAGE SKY COVER 1.0


WEATHER CONDITIONS
 THE FOLLOWING WEATHER WAS RECORDED YESTERDAY.
  LIGHT RAIN
  SNOW
  LIGHT SNOW
  FOG


RELATIVE HUMIDITY (PERCENT)
 HIGHEST   100
 LOWEST     92
 AVERAGE    96

..........................................................


THE BANGOR ME CLIMATE NORMALS FOR TODAY
                         NORMAL    RECORD    YEAR
 MAXIMUM TEMPERATURE (F)   33        53      2000
                                             1954
 MINIMUM TEMPERATURE (F)   14        -9      1980


SUNRISE AND SUNSET
DECEMBER 18 2014......SUNRISE   708 AM EST   SUNSET   356 PM EST
DECEMBER 19 2014......SUNRISE   708 AM EST   SUNSET   356 PM EST


-  INDICATES NEGATIVE NUMBERS.
R  INDICATES RECORD WAS SET OR TIED.
MM INDICATES DATA IS MISSING.
T  INDICATES TRACE AMOUNT.




$$
