000
CDUS41 KCAR 010533
CLIBGR


CLIMATE REPORT
NATIONAL WEATHER SERVICE CARIBOU, ME
1232 AM EST SUN FEB 1 2015


...................................

...THE BANGOR ME CLIMATE SUMMARY FOR JANUARY 31 2015...

CLIMATE NORMAL PERIOD 1981 TO 2010
CLIMATE RECORD PERIOD 1925 TO 2015


WEATHER ITEM   OBSERVED TIME   RECORD YEAR NORMAL DEPARTURE LAST
                VALUE   (LST)  VALUE       VALUE  FROM      YEAR
                                                  NORMAL
..................................................................
TEMPERATURE (F)
 YESTERDAY
  MAXIMUM         28   1256 AM  54    2013  28      0       36
  MINIMUM          3   1159 PM -18    1934   7     -4       14
  AVERAGE         16                        17     -1       25

PRECIPITATION (IN)
  YESTERDAY        0.23          0.95 1984   0.09   0.14     0.00
  MONTH TO DATE    2.69                      2.89  -0.20     3.18
  SINCE DEC 1      7.92                      6.37   1.55     6.11
  SINCE JAN 1      2.69                      2.89  -0.20     3.18

SNOWFALL (IN)
  YESTERDAY        5.2           9.1  1984   0.6             0.0
  MONTH TO DATE   41.8                      19.2             8.7
  SINCE DEC 1     48.8                      33.6            37.3
  SINCE JUL 1     74.7                      36.0            38.0
  SNOW DEPTH      29

DEGREE DAYS
 HEATING
  YESTERDAY       49                        48      1       40
  MONTH TO DATE 1555                      1486     69     1430
  SINCE DEC 1   2666                      2738    -72     2857
  SINCE JUL 1   4250                      4407   -157     4442

 COOLING
  YESTERDAY        0                         0      0        0
  MONTH TO DATE    0                         0      0        0
  SINCE DEC 1      0                         0      0        0
  SINCE JAN 1      0                         0      0        0
..................................................................


WIND (MPH)
  RESULTANT WIND SPEED  18   RESULTANT WIND DIRECTION  NW (320)
  HIGHEST WIND SPEED    29   HIGHEST WIND DIRECTION    NW (320)
  HIGHEST GUST SPEED    37   HIGHEST GUST DIRECTION    NW (320)


SKY COVER
  POSSIBLE SUNSHINE  MM
  AVERAGE SKY COVER 0.8


WEATHER CONDITIONS
 THE FOLLOWING WEATHER WAS RECORDED YESTERDAY.
  SNOW
  LIGHT SNOW
  FOG
  FOG W/VISIBILITY <= 1/4 MILE
  BLOWING SNOW


RELATIVE HUMIDITY (PERCENT)
 HIGHEST    96
 LOWEST     62
 AVERAGE    79

..........................................................


THE BANGOR ME CLIMATE NORMALS FOR TODAY
                         NORMAL    RECORD    YEAR
 MAXIMUM TEMPERATURE (F)   28        58      1989
 MINIMUM TEMPERATURE (F)    7       -22      1971


SUNRISE AND SUNSET
FEBRUARY  1 2015......SUNRISE   655 AM EST   SUNSET   443 PM EST
FEBRUARY  2 2015......SUNRISE   654 AM EST   SUNSET   445 PM EST


-  INDICATES NEGATIVE NUMBERS.
R  INDICATES RECORD WAS SET OR TIED.
MM INDICATES DATA IS MISSING.
T  INDICATES TRACE AMOUNT.




$$
