000
CDUS41 KCAR 242041
CLIBGR


CLIMATE REPORT
NATIONAL WEATHER SERVICE CARIBOU, ME
441 PM EDT MON JUL 24 2017


...................................

...THE BANGOR ME CLIMATE SUMMARY FOR JULY 24 2017...
VALID TODAY AS OF 0400 PM LOCAL TIME.

CLIMATE NORMAL PERIOD 1981 TO 2010
CLIMATE RECORD PERIOD 1925 TO 2017


WEATHER ITEM   OBSERVED TIME   RECORD YEAR NORMAL DEPARTURE LAST
                VALUE   (LST)  VALUE       VALUE  FROM      YEAR
                                                  NORMAL
..................................................................
TEMPERATURE (F)
 TODAY
  MAXIMUM         73   1257 PM  96    1941  80     -7       84
  MINIMUM         53    441 AM  47    2002  58     -5       62
  AVERAGE         63                        69     -6       73

PRECIPITATION (IN)
  TODAY            T             1.32 1927   0.11  -0.11     0.00
  MONTH TO DATE    1.65                      2.63  -0.98     2.66
  SINCE JUN 1      5.97                      6.39  -0.42     5.51
  SINCE JAN 1     24.27                     22.44   1.83    19.72

SNOWFALL (IN)
  TODAY            0.0           0.0  2002   0.0    0.0      0.0
                                      2001
  MONTH TO DATE    0.0                       0.0    0.0      0.0
  SINCE JUN 1      T                         0.0    0.0      0.0
  SINCE JUL 1      0.0                       0.0    0.0      0.0
  SNOW DEPTH       0

DEGREE DAYS
 HEATING
  TODAY            2                         1      1        0
  MONTH TO DATE   14                        24    -10       23
  SINCE JUN 1    105                       131    -26      126
  SINCE JUL 1     14                        24    -10       23

 COOLING
  TODAY            0                         5     -5        8
  MONTH TO DATE   91                       101    -10      131
  SINCE JUN 1    144                       153     -9      153
  SINCE JAN 1    151                       159     -8      163
..................................................................


WIND (MPH)
  HIGHEST WIND SPEED    14   HIGHEST WIND DIRECTION    SE (130)
  HIGHEST GUST SPEED    19   HIGHEST GUST DIRECTION    SE (150)
  AVERAGE WIND SPEED     3.0


SKY COVER
  POSSIBLE SUNSHINE  MM
  AVERAGE SKY COVER 0.8


WEATHER CONDITIONS
 THE FOLLOWING WEATHER WAS RECORDED TODAY.
  LIGHT RAIN


RELATIVE HUMIDITY (PERCENT)
 HIGHEST    93           300 AM
 LOWEST     41           100 PM
 AVERAGE    67

..........................................................


THE BANGOR ME CLIMATE NORMALS FOR TOMORROW
                         NORMAL    RECORD    YEAR
 MAXIMUM TEMPERATURE (F)   80        98      1941
 MINIMUM TEMPERATURE (F)   58        44      2002


SUNRISE AND SUNSET
JULY 24 2017..........SUNRISE   513 AM EDT   SUNSET   810 PM EDT
JULY 25 2017..........SUNRISE   514 AM EDT   SUNSET   809 PM EDT


-  INDICATES NEGATIVE NUMBERS.
R  INDICATES RECORD WAS SET OR TIED.
MM INDICATES DATA IS MISSING.
T  INDICATES TRACE AMOUNT.




$$
