000
CDUS41 KCAR 190531
CLIBGR


CLIMATE REPORT
NATIONAL WEATHER SERVICE CARIBOU, ME
126 AM EDT SAT APR 19 2014


...................................

...THE BANGOR ME CLIMATE SUMMARY FOR APRIL 18 2014...

CLIMATE NORMAL PERIOD 1981 TO 2010
CLIMATE RECORD PERIOD 1925 TO 2014


WEATHER ITEM   OBSERVED TIME   RECORD YEAR NORMAL DEPARTURE LAST
                VALUE   (LST)  VALUE       VALUE  FROM      YEAR
                                                  NORMAL
..................................................................
TEMPERATURE (F)
 YESTERDAY
  MAXIMUM         50    205 PM  86    1976  54     -4       49
  MINIMUM         22    517 AM  17    2003  33    -11       25
  AVERAGE         36                        44     -8       37

PRECIPITATION (IN)
  YESTERDAY        0.00          1.32 1967   0.12  -0.12      T
  MONTH TO DATE    1.73                      2.21  -0.48     1.13
  SINCE MAR 1      5.38                      5.59  -0.21     3.18
  SINCE JAN 1     10.55                     11.00  -0.45     6.09

SNOWFALL (IN)
  YESTERDAY        0.0           2.5  1967   0.1             0.0
  MONTH TO DATE    1.1                       3.2             1.1
  SINCE MAR 1     16.8                      14.9            14.8
  SINCE JUL 1     80.0                      65.6            74.3
  SNOW DEPTH       0

DEGREE DAYS
 HEATING
  YESTERDAY       29                        21      8       28
  MONTH TO DATE  443                       449     -6      489
  SINCE MAR 1   1747                      1526    221     1492
  SINCE JUL 1   7499                      7172    327     6869

 COOLING
  YESTERDAY        0                         0      0        0
  MONTH TO DATE    0                         0      0        0
  SINCE MAR 1      0                         0      0        0
  SINCE JAN 1      0                         0      0        0
..................................................................


WIND (MPH)
  RESULTANT WIND SPEED   4   RESULTANT WIND DIRECTION   S (180)
  HIGHEST WIND SPEED    16   HIGHEST WIND DIRECTION     S (190)
  HIGHEST GUST SPEED    20   HIGHEST GUST DIRECTION     S (200)


SKY COVER
  POSSIBLE SUNSHINE  MM
  AVERAGE SKY COVER 0.5


WEATHER CONDITIONS
 THE FOLLOWING WEATHER WAS RECORDED YESTERDAY.
  NO SIGNIFICANT WEATHER WAS OBSERVED.


RELATIVE HUMIDITY (PERCENT)
 HIGHEST    92
 LOWEST     31
 AVERAGE    62

..........................................................


THE BANGOR ME CLIMATE NORMALS FOR TODAY
                         NORMAL    RECORD    YEAR
 MAXIMUM TEMPERATURE (F)   55        85      1927
 MINIMUM TEMPERATURE (F)   34        18      1926


SUNRISE AND SUNSET
APRIL 19 2014.........SUNRISE   544 AM EDT   SUNSET   725 PM EDT
APRIL 20 2014.........SUNRISE   542 AM EDT   SUNSET   727 PM EDT


-  INDICATES NEGATIVE NUMBERS.
R  INDICATES RECORD WAS SET OR TIED.
MM INDICATES DATA IS MISSING.
T  INDICATES TRACE AMOUNT.




$$
