000
CDUS41 KCAR 290540
CLIBGR


CLIMATE REPORT
NATIONAL WEATHER SERVICE CARIBOU, ME
134 AM EDT MON AUG 29 2016


...................................

...THE BANGOR ME CLIMATE SUMMARY FOR AUGUST 28 2016...

CLIMATE NORMAL PERIOD 1981 TO 2010
CLIMATE RECORD PERIOD 1925 TO 2016


WEATHER ITEM   OBSERVED TIME   RECORD YEAR NORMAL DEPARTURE LAST
                VALUE   (LST)  VALUE       VALUE  FROM      YEAR
                                                  NORMAL
..................................................................
TEMPERATURE (F)
 YESTERDAY
  MAXIMUM         78    227 PM  98    1948  76      2       77
  MINIMUM         52    325 AM  32    1940  54     -2       54
  AVERAGE         65                        65      0       66

PRECIPITATION (IN)
  YESTERDAY        T             1.97 2011   0.09  -0.09     0.00
  MONTH TO DATE    2.22                      2.72  -0.50     2.63
  SINCE JUN 1      7.76                      9.94  -2.18     8.69
  SINCE JAN 1     21.97                     25.99  -4.02    19.74

SNOWFALL (IN)
  YESTERDAY        0.0           0.0  2002   0.0             0.0
                                      2001
  MONTH TO DATE    0.0                       0.0             0.0
  SINCE JUN 1      0.0                       0.0             0.0
  SINCE JUL 1      0.0                       0.0             0.0
  SNOW DEPTH       0

DEGREE DAYS
 HEATING
  YESTERDAY        0                         2     -2        0
  MONTH TO DATE    4                        35    -31        0
  SINCE JUN 1    130                       165    -35      205
  SINCE JUL 1     27                        58    -31       29

 COOLING
  YESTERDAY        0                         2     -2        1
  MONTH TO DATE  149                        95     54      151
  SINCE JUN 1    369                       279     90      275
  SINCE JAN 1    379                       285     94      298
..................................................................


WIND (MPH)
  RESULTANT WIND SPEED   8   RESULTANT WIND DIRECTION   S (190)
  HIGHEST WIND SPEED    18   HIGHEST WIND DIRECTION     S (180)
  HIGHEST GUST SPEED    24   HIGHEST GUST DIRECTION     S (170)


SKY COVER
  POSSIBLE SUNSHINE  MM
  AVERAGE SKY COVER 0.6


WEATHER CONDITIONS
 THE FOLLOWING WEATHER WAS RECORDED YESTERDAY.
  LIGHT RAIN
  FOG


RELATIVE HUMIDITY (PERCENT)
 HIGHEST   100
 LOWEST     54
 AVERAGE    77

..........................................................


THE BANGOR ME CLIMATE NORMALS FOR TODAY
                         NORMAL    RECORD    YEAR
 MAXIMUM TEMPERATURE (F)   76        97      1948
 MINIMUM TEMPERATURE (F)   54        36      1940


SUNRISE AND SUNSET
AUGUST 29 2016........SUNRISE   554 AM EDT   SUNSET   717 PM EDT
AUGUST 30 2016........SUNRISE   556 AM EDT   SUNSET   715 PM EDT


-  INDICATES NEGATIVE NUMBERS.
R  INDICATES RECORD WAS SET OR TIED.
MM INDICATES DATA IS MISSING.
T  INDICATES TRACE AMOUNT.




$$
