000
CDUS41 KCAR 200526
CLIBGR


CLIMATE REPORT
NATIONAL WEATHER SERVICE CARIBOU, ME
126 AM EDT SAT SEP 20 2014


...................................

...THE BANGOR ME CLIMATE SUMMARY FOR SEPTEMBER 19 2014...

CLIMATE NORMAL PERIOD 1981 TO 2010
CLIMATE RECORD PERIOD 1925 TO 2014


WEATHER ITEM   OBSERVED TIME   RECORD YEAR NORMAL DEPARTURE LAST
                VALUE   (LST)  VALUE       VALUE  FROM      YEAR
                                                  NORMAL
..................................................................
TEMPERATURE (F)
 YESTERDAY
  MAXIMUM         58    320 PM  87    1968  69    -11       76
  MINIMUM         30    540 AM  20    1930  47    -17       42
  AVERAGE         44                        58    -14       59

PRECIPITATION (IN)
  YESTERDAY        0.00          1.40 1945   0.13  -0.13     0.00
  MONTH TO DATE    0.83                      2.26  -1.43     6.70
  SINCE SEP 1      0.83                      2.26  -1.43     6.70
  SINCE JAN 1     28.57                     28.51   0.06    31.88

SNOWFALL (IN)
  YESTERDAY        0.0           0.0  2002   0.0             0.0
                                      2001
  MONTH TO DATE    0.0                       0.0             0.0
  SINCE SEP 1      0.0                       0.0             0.0
  SINCE JUL 1      0.0                       0.0             0.0
  SNOW DEPTH       0

DEGREE DAYS
 HEATING
  YESTERDAY       21                         8     13        6
  MONTH TO DATE  134                        98     36      108
  SINCE SEP 1    134                        98     36      108
  SINCE JUL 1    155                       161     -6      140

 COOLING
  YESTERDAY        0                         0      0        0
  MONTH TO DATE   42                        21     21       33
  SINCE SEP 1     42                        21     21       33
  SINCE JAN 1    356                       315     41      355
..................................................................


WIND (MPH)
  RESULTANT WIND SPEED   2   RESULTANT WIND DIRECTION  NW (320)
  HIGHEST WIND SPEED    15   HIGHEST WIND DIRECTION     N (20)
  HIGHEST GUST SPEED    21   HIGHEST GUST DIRECTION    NW (330)


SKY COVER
  POSSIBLE SUNSHINE  MM
  AVERAGE SKY COVER 0.3


WEATHER CONDITIONS
 THE FOLLOWING WEATHER WAS RECORDED YESTERDAY.
  NO SIGNIFICANT WEATHER WAS OBSERVED.


RELATIVE HUMIDITY (PERCENT)
 HIGHEST    89
 LOWEST     23
 AVERAGE    56

..........................................................


THE BANGOR ME CLIMATE NORMALS FOR TODAY
                         NORMAL    RECORD    YEAR
 MAXIMUM TEMPERATURE (F)   68        88      1948
 MINIMUM TEMPERATURE (F)   46        27      1929


SUNRISE AND SUNSET
SEPTEMBER 20 2014.....SUNRISE   620 AM EDT   SUNSET   637 PM EDT
SEPTEMBER 21 2014.....SUNRISE   621 AM EDT   SUNSET   635 PM EDT


-  INDICATES NEGATIVE NUMBERS.
R  INDICATES RECORD WAS SET OR TIED.
MM INDICATES DATA IS MISSING.
T  INDICATES TRACE AMOUNT.




$$
