000
CDUS44 KBMX 290739
CLIBHM


CLIMATE REPORT
NATIONAL WEATHER SERVICE BIRMINGHAM, AL
238 AM CDT THU JUN 29 2017


...................................

...THE BIRMINGHAM CLIMATE SUMMARY FOR JUNE 28 2017...

CLIMATE NORMAL PERIOD 1981 TO 2010
CLIMATE RECORD PERIOD 1895 TO 2017


WEATHER ITEM   OBSERVED TIME   RECORD YEAR NORMAL DEPARTURE LAST
                VALUE   (LST)  VALUE       VALUE  FROM      YEAR
                                                  NORMAL
..................................................................
TEMPERATURE (F)
 YESTERDAY
  MAXIMUM         89    251 PM 104    1931  90     -1       87
  MINIMUM         68    457 AM  53    1968  70     -2       72
  AVERAGE         79                        80     -1       80

PRECIPITATION (IN)
  YESTERDAY        0.00          3.51 1999   0.16  -0.16     0.00
  MONTH TO DATE    8.37                      4.06   4.31     3.96
  SINCE JUN 1      8.37                      4.06   4.31     3.96
  SINCE JAN 1     36.03                     28.03   8.00    25.57

DEGREE DAYS
 COOLING
  YESTERDAY       14                        15     -1       15
  MONTH TO DATE  333                       353    -20      447
  SINCE JUN 1    333                       353    -20      447
  SINCE JAN 1    795                       635    160      770
..................................................................


WIND (MPH)
  HIGHEST WIND SPEED    13   HIGHEST WIND DIRECTION    SE (130)
  HIGHEST GUST SPEED    19   HIGHEST GUST DIRECTION     E (70)
  AVERAGE WIND SPEED     6.1


SKY COVER
  AVERAGE SKY COVER 0.3


WEATHER CONDITIONS
 THE FOLLOWING WEATHER WAS RECORDED YESTERDAY.
  NO SIGNIFICANT WEATHER WAS OBSERVED.


RELATIVE HUMIDITY (PERCENT)
 HIGHEST    67          1100 PM
 LOWEST     36           100 PM
 AVERAGE    52

..........................................................


THE BIRMINGHAM CLIMATE NORMALS FOR TODAY
                         NORMAL    RECORD    YEAR
 MAXIMUM TEMPERATURE (F)   90       106      1931
 MINIMUM TEMPERATURE (F)   70        57      1974


SUNRISE AND SUNSET
JUNE 29 2017..........SUNRISE   540 AM CDT   SUNSET   801 PM CDT
JUNE 30 2017..........SUNRISE   540 AM CDT   SUNSET   801 PM CDT


-  INDICATES NEGATIVE NUMBERS.
R  INDICATES RECORD WAS SET OR TIED.
MM INDICATES DATA IS MISSING.
T  INDICATES TRACE AMOUNT.




$$
