000
CDUS44 KBMX 090140
CLIBHM


CLIMATE REPORT
NATIONAL WEATHER SERVICE BIRMINGHAM, AL
740 PM CST THU DEC 8 2016


...................................

...THE BIRMINGHAM CLIMATE SUMMARY FOR DECEMBER 8 2016...
VALID TODAY AS OF 0700 PM LOCAL TIME.

CLIMATE NORMAL PERIOD 1981 TO 2010
CLIMATE RECORD PERIOD 1895 TO 2016


WEATHER ITEM   OBSERVED TIME   RECORD YEAR NORMAL DEPARTURE LAST
                VALUE   (LST)  VALUE       VALUE  FROM      YEAR
                                                  NORMAL
..................................................................
TEMPERATURE (F)
 TODAY
  MAXIMUM         47   1228 PM  79    1978  58    -11       64
  MINIMUM         38    559 PM  16    1917  38      0       35
  AVERAGE         43                        48     -5       50

PRECIPITATION (IN)
  TODAY            0.00          3.39 1919   0.16  -0.16     0.00
  MONTH TO DATE    1.40                      1.30   0.10     2.35
  SINCE DEC 1      1.40                      1.30   0.10     2.35
  SINCE JAN 1     39.32                     50.57 -11.25    52.74

SNOWFALL (IN)
  TODAY            0.0                       0.0    0.0      0.0
  MONTH TO DATE    0.0                       0.0    0.0      0.0
  SINCE DEC 1      0.0                       0.0    0.0      0.0
  SINCE JUL 1      0.0                       0.0    0.0      0.0
  SNOW DEPTH       0

..................................................................


WIND (MPH)
  HIGHEST WIND SPEED    18   HIGHEST WIND DIRECTION     N (360)
  HIGHEST GUST SPEED    22   HIGHEST GUST DIRECTION     N (10)
  AVERAGE WIND SPEED     9.4


SKY COVER
  AVERAGE SKY COVER 0.7


WEATHER CONDITIONS
 THE FOLLOWING WEATHER WAS RECORDED TODAY.
  NO SIGNIFICANT WEATHER WAS OBSERVED.


RELATIVE HUMIDITY (PERCENT)
 HIGHEST    79           400 AM
 LOWEST     37           400 PM
 AVERAGE    58

..........................................................


THE BIRMINGHAM CLIMATE NORMALS FOR TOMORROW
                         NORMAL    RECORD    YEAR
 MAXIMUM TEMPERATURE (F)   57        74      1946
 MINIMUM TEMPERATURE (F)   37         9      1917


SUNRISE AND SUNSET
DECEMBER  8 2016......SUNRISE   639 AM CST   SUNSET   439 PM CST
DECEMBER  9 2016......SUNRISE   640 AM CST   SUNSET   439 PM CST


-  INDICATES NEGATIVE NUMBERS.
R  INDICATES RECORD WAS SET OR TIED.
MM INDICATES DATA IS MISSING.
T  INDICATES TRACE AMOUNT.




$$
