000
CDUS44 KBMX 062244
CLIBHM


CLIMATE REPORT
NATIONAL WEATHER SERVICE BIRMINGHAM, AL
442 PM CST FRI MAR 6 2015


...................................

...THE BIRMINGHAM CLIMATE SUMMARY FOR MARCH 6 2015...
VALID AS OF 0400 PM LOCAL TIME.

CLIMATE NORMAL PERIOD 1981 TO 2010
CLIMATE RECORD PERIOD 2014 TO 2015


WEATHER ITEM   OBSERVED TIME   RECORD YEAR NORMAL DEPARTURE LAST
                VALUE   (LST)  VALUE       VALUE  FROM      YEAR
                                                  NORMAL
..................................................................
TEMPERATURE (F)
 TODAY
  MAXIMUM         46    259 PM  83    1974  64    -18       49
  MINIMUM         18R   634 AM  19    1960  42    -24       38
  AVERAGE         32                        53    -21       44

PRECIPITATION (IN)
  TODAY            0.00          4.03 1996   0.18  -0.18     0.45
  MONTH TO DATE    1.49                      1.04   0.45     0.73
  SINCE MAR 1      1.49                      1.04   0.45     0.73
  SINCE JAN 1     10.19                     10.41  -0.22     7.66

SNOWFALL (IN)
  TODAY            0.0                       0.0    0.0      0.0
  MONTH TO DATE    0.1                       0.1    0.0      0.0
  SINCE MAR 1      0.1                       0.1    0.0      0.0
  SINCE JUL 1      0.8                       0.9   -0.1      5.0
  SNOW DEPTH       0

DEGREE DAYS

 COOLING
  TODAY            0                         0      0        0
  MONTH TO DATE    0                         0      0        0
  SINCE MAR 1      0                         0      0        0
  SINCE JAN 1      0                         4     -4        3
..................................................................


WIND (MPH)
  HIGHEST WIND SPEED    13   HIGHEST WIND DIRECTION     N (350)
  HIGHEST GUST SPEED    16   HIGHEST GUST DIRECTION     N (10)
  AVERAGE WIND SPEED     8.0


SKY COVER
  AVERAGE SKY COVER 0.2


WEATHER CONDITIONS
 THE FOLLOWING WEATHER WAS RECORDED TODAY.
  NO SIGNIFICANT WEATHER WAS OBSERVED.


RELATIVE HUMIDITY (PERCENT)
 HIGHEST    84           300 AM
 LOWEST     31           400 PM
 AVERAGE    58

..........................................................


THE BIRMINGHAM CLIMATE NORMALS FOR TOMORROW
                         NORMAL    RECORD    YEAR
 MAXIMUM TEMPERATURE (F)   64        84      1956
 MINIMUM TEMPERATURE (F)   42        12      1899


SUNRISE AND SUNSET
MARCH  6 2015.........SUNRISE   609 AM CST   SUNSET   548 PM CST
MARCH  7 2015.........SUNRISE   608 AM CST   SUNSET   548 PM CST


-  INDICATES NEGATIVE NUMBERS.
R  INDICATES RECORD WAS SET OR TIED.
MM INDICATES DATA IS MISSING.
T  INDICATES TRACE AMOUNT.




$$
