000
CDUS44 KBMX 270808
CLIBHM


CLIMATE REPORT
NATIONAL WEATHER SERVICE BIRMINGHAM, AL
252 AM CDT WED MAY 27 2015


...................................

...THE BIRMINGHAM CLIMATE SUMMARY FOR MAY 26 2015...

CLIMATE NORMAL PERIOD 1981 TO 2010
CLIMATE RECORD PERIOD 2014 TO 2015


WEATHER ITEM   OBSERVED TIME   RECORD YEAR NORMAL DEPARTURE LAST
                VALUE   (LST)  VALUE       VALUE  FROM      YEAR
                                                  NORMAL
..................................................................
TEMPERATURE (F)
 YESTERDAY
  MAXIMUM         78   1132 AM  97    1962  84     -6       89
  MINIMUM         67   1207 AM  41    1979  63      4       70
  AVERAGE         73                        73      0       80

PRECIPITATION (IN)
  YESTERDAY        T             2.07 1974   0.15  -0.15     0.00
  MONTH TO DATE    0.93                      4.22  -3.29     1.58
  SINCE MAR 1     15.40                     13.83   1.57    15.19
  SINCE JAN 1     24.10                     23.20   0.90    22.12

DEGREE DAYS
 COOLING
  YESTERDAY        8                         8      0       15
  MONTH TO DATE  201                       153     48      178
  SINCE MAR 1    283                       233     50      234
  SINCE JAN 1    283                       237     46      237
..................................................................


WIND (MPH)
  HIGHEST WIND SPEED    17   HIGHEST WIND DIRECTION     S (180)
  HIGHEST GUST SPEED    22   HIGHEST GUST DIRECTION     S (180)
  AVERAGE WIND SPEED     8.3


SKY COVER
  AVERAGE SKY COVER 0.8


WEATHER CONDITIONS
 THE FOLLOWING WEATHER WAS RECORDED YESTERDAY.
  LIGHT RAIN


RELATIVE HUMIDITY (PERCENT)
 HIGHEST    97           500 AM
 LOWEST     69           400 PM
 AVERAGE    83

..........................................................


THE BIRMINGHAM CLIMATE NORMALS FOR TODAY
                         NORMAL    RECORD    YEAR
 MAXIMUM TEMPERATURE (F)   84        98      1962
 MINIMUM TEMPERATURE (F)   63        42      1961


SUNRISE AND SUNSET
MAY 27 2015...........SUNRISE   540 AM CDT   SUNSET   749 PM CDT
MAY 28 2015...........SUNRISE   539 AM CDT   SUNSET   749 PM CDT


-  INDICATES NEGATIVE NUMBERS.
R  INDICATES RECORD WAS SET OR TIED.
MM INDICATES DATA IS MISSING.
T  INDICATES TRACE AMOUNT.




$$
