000
CDUS44 KBMX 260811
CLIBHM


CLIMATE REPORT
NATIONAL WEATHER SERVICE BIRMINGHAM, AL
209 AM CST FRI DEC 26 2014


...................................

...THE BIRMINGHAM CLIMATE SUMMARY FOR DECEMBER 25 2014...

CLIMATE NORMAL PERIOD 1981 TO 2010
CLIMATE RECORD PERIOD 1895 TO 2014


WEATHER ITEM   OBSERVED TIME   RECORD YEAR NORMAL DEPARTURE LAST
                VALUE   (LST)  VALUE       VALUE  FROM      YEAR
                                                  NORMAL
..................................................................
TEMPERATURE (F)
 YESTERDAY
  MAXIMUM         53    350 PM  74    1987  54     -1       50
  MINIMUM         33    724 AM   2    1983  35     -2       20
  AVERAGE         43                        44     -1       35

PRECIPITATION (IN)
  YESTERDAY        0.00          2.21 1926   0.14  -0.14     0.00
  MONTH TO DATE    4.35                      3.67   0.68     5.65
  SINCE DEC 1      4.35                      3.67   0.68     5.65
  SINCE JAN 1     46.97                     52.94  -5.97    66.46

SNOWFALL (IN)
  YESTERDAY        0.0                       0.1   -0.1      0.0
  MONTH TO DATE    0.0                       0.1   -0.1      0.0
  SINCE DEC 1      0.0                       0.1   -0.1      0.0
  SINCE JUL 1      0.0                       0.1   -0.1      0.0
  SNOW DEPTH       0

DEGREE DAYS
 HEATING
  YESTERDAY       22                        21      1       30
  MONTH TO DATE  388                       464    -76      418
  SINCE DEC 1    388                       464    -76      418
  SINCE JUL 1    950                       922     28      946
..................................................................


WIND (MPH)
  HIGHEST WIND SPEED     9   HIGHEST WIND DIRECTION    SW (240)
  HIGHEST GUST SPEED    12   HIGHEST GUST DIRECTION     W (260)
  AVERAGE WIND SPEED     3.1


SKY COVER
  AVERAGE SKY COVER 0.2


WEATHER CONDITIONS
 THE FOLLOWING WEATHER WAS RECORDED YESTERDAY.
  FOG


RELATIVE HUMIDITY (PERCENT)
 HIGHEST    96           700 AM
 LOWEST     50           200 PM
 AVERAGE    73

..........................................................


THE BIRMINGHAM CLIMATE NORMALS FOR TODAY
                         NORMAL    RECORD    YEAR
 MAXIMUM TEMPERATURE (F)   54        72      1911
                                             1904
 MINIMUM TEMPERATURE (F)   35         5      1983


SUNRISE AND SUNSET
DECEMBER 26 2014......SUNRISE   650 AM CST   SUNSET   446 PM CST
DECEMBER 27 2014......SUNRISE   650 AM CST   SUNSET   446 PM CST


-  INDICATES NEGATIVE NUMBERS.
R  INDICATES RECORD WAS SET OR TIED.
MM INDICATES DATA IS MISSING.
T  INDICATES TRACE AMOUNT.




$$
