000
CDUS44 KBMX 280734
CLIBHM


CLIMATE REPORT
NATIONAL WEATHER SERVICE BIRMINGHAM, AL
234 AM CDT FRI APR 28 2017


...................................

...THE BIRMINGHAM CLIMATE SUMMARY FOR APRIL 27 2017...

CLIMATE NORMAL PERIOD 1981 TO 2010
CLIMATE RECORD PERIOD 1895 TO 2017


WEATHER ITEM   OBSERVED TIME   RECORD YEAR NORMAL DEPARTURE LAST
                VALUE   (LST)  VALUE       VALUE  FROM      YEAR
                                                  NORMAL
..................................................................
TEMPERATURE (F)
 YESTERDAY
  MAXIMUM         81    316 PM  89    1987  77      4       81
                                      1986
                                      1899
  MINIMUM         62   1159 PM  38    1992  54      8       66
                                      1976
  AVERAGE         72                        66      6       74

PRECIPITATION (IN)
  YESTERDAY        0.20          3.81 1966   0.15   0.05     0.00
  MONTH TO DATE    5.23                      3.95   1.28     2.87
  SINCE MAR 1     10.47                      9.18   1.29     8.57
  SINCE JAN 1     20.13                     18.55   1.58    19.31

SNOWFALL (IN)
  YESTERDAY        0.0                       0.0    0.0      0.0
  MONTH TO DATE    0.0                       0.2   -0.2      0.0
  SINCE MAR 1      0.0                       0.8   -0.8      0.0
  SINCE JUL 1      0.3                       1.6   -1.3       T
  SNOW DEPTH       0

DEGREE DAYS
 HEATING
  YESTERDAY        0                         3     -3        0
  MONTH TO DATE   38                       134    -96       78
  SINCE MAR 1    289                       456   -167      269
  SINCE JUL 1   1661                      2646   -985     1939

 COOLING
  YESTERDAY        7                         3      4        9
  MONTH TO DATE  136                        53     83       38
  SINCE MAR 1    190                        71    119       79
  SINCE JAN 1    205                        75    130       86
..................................................................


WIND (MPH)
  HIGHEST WIND SPEED    26   HIGHEST WIND DIRECTION    SE (140)
  HIGHEST GUST SPEED    36   HIGHEST GUST DIRECTION    SE (140)
  AVERAGE WIND SPEED     7.2


SKY COVER
  AVERAGE SKY COVER 0.5


WEATHER CONDITIONS
 THE FOLLOWING WEATHER WAS RECORDED YESTERDAY.
  THUNDERSTORM
  LIGHT RAIN
  FOG


RELATIVE HUMIDITY (PERCENT)
 HIGHEST    93           300 AM
 LOWEST     42           300 PM
 AVERAGE    68

..........................................................


THE BIRMINGHAM CLIMATE NORMALS FOR TODAY
                         NORMAL    RECORD    YEAR
 MAXIMUM TEMPERATURE (F)   77        89      1899
 MINIMUM TEMPERATURE (F)   54        37      1973


SUNRISE AND SUNSET
APRIL 28 2017.........SUNRISE   601 AM CDT   SUNSET   728 PM CDT
APRIL 29 2017.........SUNRISE   600 AM CDT   SUNSET   729 PM CDT


-  INDICATES NEGATIVE NUMBERS.
R  INDICATES RECORD WAS SET OR TIED.
MM INDICATES DATA IS MISSING.
T  INDICATES TRACE AMOUNT.




$$
