966
CDUS44 KBMX 130751
CLIBHM


CLIMATE REPORT
NATIONAL WEATHER SERVICE BIRMINGHAM, AL
150 AM CST SAT FEB 13 2016


...................................

...THE BIRMINGHAM CLIMATE SUMMARY FOR FEBRUARY 12 2016...

CLIMATE NORMAL PERIOD 1981 TO 2010
CLIMATE RECORD PERIOD 1895 TO 2016


WEATHER ITEM   OBSERVED TIME   RECORD YEAR NORMAL DEPARTURE LAST
                VALUE   (LST)  VALUE       VALUE  FROM      YEAR
                                                  NORMAL
..................................................................
TEMPERATURE (F)
 YESTERDAY
  MAXIMUM         64    244 PM  78    1922  58      6       46
  MINIMUM         39   1159 PM   5    1899  36      3       26
  AVERAGE         52                        47      5       36

PRECIPITATION (IN)
  YESTERDAY        0.00          2.40 1900   0.16  -0.16     0.00
  MONTH TO DATE    3.05                      1.89   1.16     0.35
  SINCE DEC 1     16.86                     11.18   5.68    11.88
  SINCE JAN 1      6.33                      6.73  -0.40     4.73

SNOWFALL (IN)
  YESTERDAY        0.0                       0.0    0.0      0.0
  MONTH TO DATE    T                         0.0    0.0      0.0
  SINCE DEC 1      T                         0.7   -0.7       T
  SINCE JUL 1      T                         0.7   -0.7       T
  SNOW DEPTH       0

DEGREE DAYS
 HEATING
  YESTERDAY       13                        18     -5       29
  MONTH TO DATE  220                       231    -11      258
  SINCE DEC 1   1190                      1478   -288     1453
  SINCE JUL 1   1461                      1936   -475     2015
..................................................................


WIND (MPH)
  HIGHEST WIND SPEED    22   HIGHEST WIND DIRECTION     W (270)
  HIGHEST GUST SPEED    29   HIGHEST GUST DIRECTION     W (280)
  AVERAGE WIND SPEED     9.6


SKY COVER
  AVERAGE SKY COVER 0.2


WEATHER CONDITIONS
 THE FOLLOWING WEATHER WAS RECORDED YESTERDAY.
  NO SIGNIFICANT WEATHER WAS OBSERVED.


RELATIVE HUMIDITY (PERCENT)
 HIGHEST    54           700 AM
 LOWEST     28           200 PM
 AVERAGE    41

..........................................................


THE BIRMINGHAM CLIMATE NORMALS FOR TODAY
                         NORMAL    RECORD    YEAR
 MAXIMUM TEMPERATURE (F)   58        83      1962
 MINIMUM TEMPERATURE (F)   37       -10      1899


SUNRISE AND SUNSET
FEBRUARY 13 2016......SUNRISE   634 AM CST   SUNSET   529 PM CST
FEBRUARY 14 2016......SUNRISE   633 AM CST   SUNSET   530 PM CST


-  INDICATES NEGATIVE NUMBERS.
R  INDICATES RECORD WAS SET OR TIED.
MM INDICATES DATA IS MISSING.
T  INDICATES TRACE AMOUNT.




$$
