000
CDUS45 KBYZ 200933
CLIBIL


CLIMATE REPORT
NATIONAL WEATHER SERVICE BILLINGS MT
333 AM MDT SUN APR 20 2014


...................................

...THE BILLINGS MT CLIMATE SUMMARY FOR APRIL 19 2014...

CLIMATE NORMAL PERIOD 1981 TO 2010
CLIMATE RECORD PERIOD 1934 TO 2014


WEATHER ITEM   OBSERVED TIME   RECORD YEAR NORMAL DEPARTURE LAST
                VALUE   (LST)  VALUE       VALUE  FROM      YEAR
                                                  NORMAL
..................................................................
TEMPERATURE (F)
 YESTERDAY
  MAXIMUM         66    441 PM  87    1962  59      7       58
  MINIMUM         35    544 AM  11    1951  36     -1       35
  AVERAGE         51                        47      4       47

PRECIPITATION (IN)
  YESTERDAY        0.00          1.04 2007   0.06  -0.06     0.06
  MONTH TO DATE    0.26                      1.00  -0.74     0.81
  SINCE OCT 1      9.55                      5.33   4.22     4.00
  SINCE JAN 1      4.66                      3.02   1.64     1.95

SNOWFALL (IN)
  YESTERDAY        0.0           5.3  2005   0.2   -0.2      0.0
  MONTH TO DATE    0.6                       5.9   -5.3      3.7
  SINCE MAR 1     11.2                      16.1   -4.9      6.4
  SINCE JUL 1    101.4                      50.6   50.8     38.5
  SNOW DEPTH       0

DEGREE DAYS
 HEATING
  YESTERDAY       14                        18     -4       18
  MONTH TO DATE  385                       390     -5      498
  SINCE MAR 1   1352                      1235    117     1340
  SINCE JUL 1   6625                      6200    425     5901

 COOLING
  YESTERDAY        0                         0      0        0
  MONTH TO DATE    0                         0      0        0
  SINCE MAR 1      0                         0      0        0
  SINCE JAN 1      0                         0      0        0
..................................................................


WIND (MPH)
  HIGHEST WIND SPEED    14   HIGHEST WIND DIRECTION    SE (140)
  HIGHEST GUST SPEED    20   HIGHEST GUST DIRECTION    SE (130)
  AVERAGE WIND SPEED     6.4


SKY COVER
  POSSIBLE SUNSHINE  MM
  AVERAGE SKY COVER 0.3


WEATHER CONDITIONS
 THE FOLLOWING WEATHER WAS RECORDED YESTERDAY.
  NO SIGNIFICANT WEATHER WAS OBSERVED.


RELATIVE HUMIDITY (PERCENT)
 HIGHEST    44           600 AM
 LOWEST     16           300 PM
 AVERAGE    30

..........................................................


THE BILLINGS MT CLIMATE NORMALS FOR TODAY
                         NORMAL    RECORD    YEAR
 MAXIMUM TEMPERATURE (F)   59        90      1980
 MINIMUM TEMPERATURE (F)   36        17      1966


SUNRISE AND SUNSET
APRIL 20 2014.........SUNRISE   619 AM MDT   SUNSET   807 PM MDT
APRIL 21 2014.........SUNRISE   618 AM MDT   SUNSET   809 PM MDT


-  INDICATES NEGATIVE NUMBERS.
R  INDICATES RECORD WAS SET OR TIED.
MM INDICATES DATA IS MISSING.
T  INDICATES TRACE AMOUNT.





&&

...THE CLIMATE SUMMARY FOR SOUTHWEST BILLINGS FOR 19 APRIL 2014...

HIGH TEMPERATURE........................68
LOW TEMPERATURE.........................32

PRECIPITATION...........................0.00
MONTHLY PRECIPITATION TOTAL.............0.08
YEARLY PRECIPITATION TOTAL..............4.44

SNOWFALL................................0.0
MONTHLY SNOWFALL TOTAL..................0.8
TOTAL SNOWFALL SINCE JULY 1.............93.8

SNOW DEPTH AT MIDNIGHT..................0

$$
