000
CDUS45 KBYZ 271035
CLIBIL


CLIMATE REPORT
NATIONAL WEATHER SERVICE BILLINGS MT
334 AM MST TUE JAN 27 2015


...................................

...THE BILLINGS MT CLIMATE SUMMARY FOR JANUARY 26 2015...

CLIMATE NORMAL PERIOD 1981 TO 2010
CLIMATE RECORD PERIOD 1934 TO 2015


WEATHER ITEM   OBSERVED TIME   RECORD YEAR NORMAL DEPARTURE LAST
                VALUE   (LST)  VALUE       VALUE  FROM      YEAR
                                                  NORMAL
..................................................................
TEMPERATURE (F)
 YESTERDAY
  MAXIMUM         59R   203 PM  54    2013  37     22       46
                                      2006
                                      1982
  MINIMUM         40    754 AM -27    1972  19     21       13
  AVERAGE         50                        28     22       30

PRECIPITATION (IN)
  YESTERDAY        0.00          1.01 1975   0.01  -0.01      T
  MONTH TO DATE    1.02                      0.40   0.62     0.62
  SINCE OCT 1      2.59                      2.71  -0.12     5.51
  SINCE JAN 1      1.02                      0.40   0.62     0.62

SNOWFALL (IN)
  YESTERDAY        0.0          11.7  1975   0.2   -0.2       T
  MONTH TO DATE   17.8                       7.2   10.6     10.1
  SINCE DEC 1     26.2                      15.4   10.8     34.0
  SINCE JUL 1     39.4                      27.1   12.3     45.1
  SNOW DEPTH       0

DEGREE DAYS
 HEATING
  YESTERDAY       15                        37    -22       35
  MONTH TO DATE  961                       990    -29      832
  SINCE DEC 1   2043                      2183   -140     2156
  SINCE JUL 1   3644                      3811   -167     3757

 COOLING
  YESTERDAY        0                         0      0        0
  MONTH TO DATE    0                         0      0        0
  SINCE DEC 1      0                         0      0        0
  SINCE JAN 1      0                         0      0        0
..................................................................


WIND (MPH)
  HIGHEST WIND SPEED    28   HIGHEST WIND DIRECTION    SW (240)
  HIGHEST GUST SPEED    34   HIGHEST GUST DIRECTION    SW (240)
  AVERAGE WIND SPEED    21.3


SKY COVER
  POSSIBLE SUNSHINE  MM
  AVERAGE SKY COVER 0.4


WEATHER CONDITIONS
 THE FOLLOWING WEATHER WAS RECORDED YESTERDAY.
  NO SIGNIFICANT WEATHER WAS OBSERVED.


RELATIVE HUMIDITY (PERCENT)
 HIGHEST    64           800 AM
 LOWEST     33           200 PM
 AVERAGE    49

..........................................................


THE BILLINGS MT CLIMATE NORMALS FOR TODAY
                         NORMAL    RECORD    YEAR
 MAXIMUM TEMPERATURE (F)   37        60      1986
 MINIMUM TEMPERATURE (F)   19       -27      1972


SUNRISE AND SUNSET
JANUARY 27 2015.......SUNRISE   742 AM MST   SUNSET   513 PM MST
JANUARY 28 2015.......SUNRISE   741 AM MST   SUNSET   514 PM MST


-  INDICATES NEGATIVE NUMBERS.
R  INDICATES RECORD WAS SET OR TIED.
MM INDICATES DATA IS MISSING.
T  INDICATES TRACE AMOUNT.





&&

...THE CLIMATE SUMMARY FOR SOUTHWEST BILLINGS FOR 26 JANUARY 2015...

HIGH TEMPERATURE........................58
LOW TEMPERATURE.........................42

PRECIPITATION...........................0.00
MONTHLY PRECIPITATION TOTAL.............0.97
YEARLY PRECIPITATION TOTAL..............0.97

SNOWFALL................................0.0
MONTHLY SNOWFALL TOTAL..................17.3
TOTAL SNOWFALL SINCE JULY 1.............42.1

SNOW DEPTH AT MIDNIGHT..................0

$$
