000
CDUS45 KBYZ 160723
CLIBIL


CLIMATE REPORT
NATIONAL WEATHER SERVICE BILLINGS MT
123 AM MDT WED AUG 16 2017


...................................

...THE BILLINGS MT CLIMATE SUMMARY FOR AUGUST 15 2017...

CLIMATE NORMAL PERIOD 1981 TO 2010
CLIMATE RECORD PERIOD 1934 TO 2017


WEATHER ITEM   OBSERVED TIME   RECORD YEAR NORMAL DEPARTURE LAST
                VALUE   (LST)  VALUE       VALUE  FROM      YEAR
                                                  NORMAL
..................................................................
TEMPERATURE (F)
 YESTERDAY
  MAXIMUM         80    400 PM 100    2003  87     -7       90
  MINIMUM         60    528 AM  43    1944  58      2       60
  AVERAGE         70                        72     -2       75

PRECIPITATION (IN)
  YESTERDAY        0.00          0.42 1980   0.02  -0.02     0.00
  MONTH TO DATE    0.17                      0.38  -0.21     0.66
  SINCE OCT 1     16.80                     11.99   4.81     9.59
  SINCE JAN 1     11.24                      9.68   1.56     6.74

SNOWFALL (IN)
  YESTERDAY        0.0           0.0  2002   0.0    0.0      0.0
                                      2000
  MONTH TO DATE    0.0                       0.0    0.0      0.0
  SINCE JUN 1      0.0                       0.0    0.0       T
  SINCE JUL 1      0.0                       0.0    0.0      0.0
  SNOW DEPTH       0

DEGREE DAYS
 HEATING
  YESTERDAY        0                         0      0        0
  MONTH TO DATE    2                         0      2        0
  SINCE JUN 1     40                       111    -71       15
  SINCE JUL 1      2                        15    -13        4

 COOLING
  YESTERDAY        5                         8     -3       10
  MONTH TO DATE   53                       130    -77      113
  SINCE JUN 1    575                       471    104      584
  SINCE JAN 1    590                       488    102      595
..................................................................


WIND (MPH)
  HIGHEST WIND SPEED    15   HIGHEST WIND DIRECTION     W (250)
  HIGHEST GUST SPEED    17   HIGHEST GUST DIRECTION     W (250)
  AVERAGE WIND SPEED     6.7


SKY COVER
  POSSIBLE SUNSHINE  MM
  AVERAGE SKY COVER 0.5


WEATHER CONDITIONS
 THE FOLLOWING WEATHER WAS RECORDED YESTERDAY.
  NO SIGNIFICANT WEATHER WAS OBSERVED.


RELATIVE HUMIDITY (PERCENT)
 HIGHEST    65           400 AM
 LOWEST     28           500 PM
 AVERAGE    47

..........................................................


THE BILLINGS MT CLIMATE NORMALS FOR TODAY
                         NORMAL    RECORD    YEAR
 MAXIMUM TEMPERATURE (F)   86        99      2003
 MINIMUM TEMPERATURE (F)   58        47      2012
                                             2002
                                             1939


SUNRISE AND SUNSET
AUGUST 16 2017........SUNRISE   616 AM MDT   SUNSET   820 PM MDT
AUGUST 17 2017........SUNRISE   617 AM MDT   SUNSET   818 PM MDT


-  INDICATES NEGATIVE NUMBERS.
R  INDICATES RECORD WAS SET OR TIED.
MM INDICATES DATA IS MISSING.
T  INDICATES TRACE AMOUNT.




$$
