000
CDUS45 KBYZ 250938
CLIBIL


CLIMATE REPORT
NATIONAL WEATHER SERVICE BILLINGS MT
337 AM MDT SAT OCT 25 2014


...................................

...THE BILLINGS MT CLIMATE SUMMARY FOR OCTOBER 24 2014...

CLIMATE NORMAL PERIOD 1981 TO 2010
CLIMATE RECORD PERIOD 1934 TO 2014


WEATHER ITEM   OBSERVED TIME   RECORD YEAR NORMAL DEPARTURE LAST
                VALUE   (LST)  VALUE       VALUE  FROM      YEAR
                                                  NORMAL
..................................................................
TEMPERATURE (F)
 YESTERDAY
  MAXIMUM         62    103 AM  79    1999  56      6       56
  MINIMUM         42   1147 PM  19    1976  35      7       34
  AVERAGE         52                        45      7       45

PRECIPITATION (IN)
  YESTERDAY        0.00          0.49 1954   0.03  -0.03     0.00
  MONTH TO DATE    0.16                      0.98  -0.82     2.29
  SINCE OCT 1      0.16                      0.98  -0.82     2.29
  SINCE JAN 1     12.62                     12.33   0.29    14.10

SNOWFALL (IN)
  YESTERDAY        0.0           3.4  1954   0.1   -0.1      0.0
  MONTH TO DATE    T                         3.0   -3.0      0.3
  SINCE SEP 1      T                         4.1   -4.1      0.3
  SINCE JUL 1      T                         4.1   -4.1      0.3
  SNOW DEPTH       0

DEGREE DAYS
 HEATING
  YESTERDAY       13                        20     -7       20
  MONTH TO DATE  217                       374   -157      458
  SINCE SEP 1    410                       566   -156      572
  SINCE JUL 1    458                       603   -145      572

 COOLING
  YESTERDAY        0                         0      0        0
  MONTH TO DATE    0                         0      0        0
  SINCE SEP 1     66                        51     15      103
  SINCE JAN 1    618                       633    -15      840
..................................................................


WIND (MPH)
  HIGHEST WIND SPEED    15   HIGHEST WIND DIRECTION     W (260)
  HIGHEST GUST SPEED    18   HIGHEST GUST DIRECTION    NE (30)
  AVERAGE WIND SPEED     5.1


SKY COVER
  POSSIBLE SUNSHINE  MM
  AVERAGE SKY COVER 0.7


WEATHER CONDITIONS
 THE FOLLOWING WEATHER WAS RECORDED YESTERDAY.
  NO SIGNIFICANT WEATHER WAS OBSERVED.


RELATIVE HUMIDITY (PERCENT)
 HIGHEST    65          1100 PM
 LOWEST     29          1200 AM
 AVERAGE    47

..........................................................


THE BILLINGS MT CLIMATE NORMALS FOR TODAY
                         NORMAL    RECORD    YEAR
 MAXIMUM TEMPERATURE (F)   56        78      1977
 MINIMUM TEMPERATURE (F)   34        18      1997


SUNRISE AND SUNSET
OCTOBER 25 2014.......SUNRISE   745 AM MDT   SUNSET   611 PM MDT
OCTOBER 26 2014.......SUNRISE   746 AM MDT   SUNSET   610 PM MDT


-  INDICATES NEGATIVE NUMBERS.
R  INDICATES RECORD WAS SET OR TIED.
MM INDICATES DATA IS MISSING.
T  INDICATES TRACE AMOUNT.





&&

...THE CLIMATE SUMMARY FOR SOUTHWEST BILLINGS FOR 24 OCTOBER 2014...

HIGH TEMPERATURE........................60
LOW TEMPERATURE.........................42

PRECIPITATION...........................0.00
MONTHLY PRECIPITATION TOTAL.............0.27
YEARLY PRECIPITATION TOTAL..............13.88

SNOWFALL................................0.0
MONTHLY SNOWFALL TOTAL..................0.0
TOTAL SNOWFALL SINCE JULY 1.............0.0

SNOW DEPTH AT MIDNIGHT..................0

$$
