000
CDUS45 KBYZ 031036
CLIBIL


CLIMATE REPORT
NATIONAL WEATHER SERVICE BILLINGS MT
333 AM MST TUE MAR 3 2015


...................................

...THE BILLINGS MT CLIMATE SUMMARY FOR MARCH 2 2015...

CLIMATE NORMAL PERIOD 1981 TO 2010
CLIMATE RECORD PERIOD 1934 TO 2015


WEATHER ITEM   OBSERVED TIME   RECORD YEAR NORMAL DEPARTURE LAST
                VALUE   (LST)  VALUE       VALUE  FROM      YEAR
                                                  NORMAL
..................................................................
TEMPERATURE (F)
 YESTERDAY
  MAXIMUM         47    303 PM  67    1992  44      3       -4
  MINIMUM         15    217 AM -21    2014  23     -8      -21
  AVERAGE         31                        34     -3      -12

PRECIPITATION (IN)
  YESTERDAY        0.04          0.82 1966   0.02   0.02     0.00
  MONTH TO DATE    0.04                      0.04   0.00     0.05
  SINCE OCT 1      2.91                      3.31  -0.40     8.02
  SINCE JAN 1      1.34                      1.00   0.34     3.13

SNOWFALL (IN)
  YESTERDAY        1.5           8.9  1966   0.2    1.3      0.0
  MONTH TO DATE    1.5                       0.5    1.0      1.3
  SINCE MAR 1      1.5                       0.5    1.0      1.3
  SINCE JUL 1     45.6                      35.0   10.6     91.5
  SNOW DEPTH       0

DEGREE DAYS
 HEATING
  YESTERDAY       34                        31      3       77
  MONTH TO DATE   77                        62     15      152
  SINCE MAR 1     77                        62     15      152
  SINCE JUL 1   4718                      5027   -309     5425

 COOLING
  YESTERDAY        0                         0      0        0
  MONTH TO DATE    0                         0      0        0
  SINCE MAR 1      0                         0      0        0
  SINCE JAN 1      0                         0      0        0
..................................................................


WIND (MPH)
  HIGHEST WIND SPEED    29   HIGHEST WIND DIRECTION     N (20)
  HIGHEST GUST SPEED    39   HIGHEST GUST DIRECTION    NE (40)
  AVERAGE WIND SPEED    13.1


SKY COVER
  POSSIBLE SUNSHINE  MM
  AVERAGE SKY COVER 0.5


WEATHER CONDITIONS
 THE FOLLOWING WEATHER WAS RECORDED YESTERDAY.
  LIGHT SNOW
  FOG
  BLOWING SNOW


RELATIVE HUMIDITY (PERCENT)
 HIGHEST    91           900 PM
 LOWEST     17           300 PM
 AVERAGE    54

..........................................................


THE BILLINGS MT CLIMATE NORMALS FOR TODAY
                         NORMAL    RECORD    YEAR
 MAXIMUM TEMPERATURE (F)   45        69      1994
 MINIMUM TEMPERATURE (F)   24       -13      1978
                                             1976


SUNRISE AND SUNSET
MARCH  3 2015.........SUNRISE   649 AM MST   SUNSET   603 PM MST
MARCH  4 2015.........SUNRISE   648 AM MST   SUNSET   605 PM MST


-  INDICATES NEGATIVE NUMBERS.
R  INDICATES RECORD WAS SET OR TIED.
MM INDICATES DATA IS MISSING.
T  INDICATES TRACE AMOUNT.





&&

...THE CLIMATE SUMMARY FOR SOUTHWEST BILLINGS FOR 02 MARCH 2015...

HIGH TEMPERATURE........................48
LOW TEMPERATURE.........................10

PRECIPITATION...........................0.07
MONTHLY PRECIPITATION TOTAL.............0.07
YEARLY PRECIPITATION TOTAL..............1.24

SNOWFALL................................1.3
MONTHLY SNOWFALL TOTAL..................1.3
TOTAL SNOWFALL SINCE JULY 1.............47.1

SNOW DEPTH AT MIDNIGHT..................1

$$
