000
CDUS43 KBIS 090037
CLIBIS


CLIMATE REPORT
NATIONAL WEATHER SERVICE BISMARCK ND
636 PM CST MON FEB 8 2016


...................................

...THE BISMARCK ND CLIMATE SUMMARY FOR FEBRUARY 8 2016...
VALID TODAY AS OF 0600 PM LOCAL TIME.

CLIMATE NORMAL PERIOD 1981 TO 2010
CLIMATE RECORD PERIOD 1875 TO 2016


WEATHER ITEM   OBSERVED TIME   RECORD YEAR NORMAL DEPARTURE LAST
                VALUE   (LST)  VALUE       VALUE  FROM      YEAR
                                                  NORMAL
..................................................................
TEMPERATURE (F)
 TODAY
  MAXIMUM         39    409 PM  61    2000  26     13       31
  MINIMUM         25    812 AM -37    1971   6     19       18
                                      1899
                                      1895
  AVERAGE         32                        16     16       25

PRECIPITATION (IN)
  TODAY            0.00          0.23 2009   0.02  -0.02     0.02
  MONTH TO DATE    0.02                      0.11  -0.09     0.20
  SINCE DEC 1      1.14                      1.03   0.11     1.06
  SINCE JAN 1      0.23                      0.54  -0.31     0.95

SNOWFALL (IN)
  TODAY            0.0           1.6  2005   0.2   -0.2      0.0
                                      1942
  MONTH TO DATE    0.4                       2.0   -1.6      2.5
  SINCE DEC 1     16.2                      20.2   -4.0     12.1
  SINCE JUL 1     18.0                      31.4  -13.4     20.0
  SNOW DEPTH       0

DEGREE DAYS
 HEATING
  TODAY           33                        49    -16       40
  MONTH TO DATE  266                       399   -133      410
  SINCE DEC 1   3066                      3531   -465     3223
  SINCE JUL 1   4651                      5517   -866     5295

 COOLING
  TODAY            0                         0      0        0
  MONTH TO DATE    0                         0      0        0
  SINCE DEC 1      0                         0      0        0
  SINCE JAN 1      0                         0      0        0
..................................................................


WIND (MPH)
  RESULTANT WIND SPEED  21   RESULTANT WIND DIRECTION  NW (330)
  HIGHEST WIND SPEED    32   HIGHEST WIND DIRECTION    NW (330)
  HIGHEST GUST SPEED    43   HIGHEST GUST DIRECTION    NW (330)
  AVERAGE WIND SPEED    20.8


SKY COVER
  POSSIBLE SUNSHINE  MM
  AVERAGE SKY COVER 0.2


WEATHER CONDITIONS
 THE FOLLOWING WEATHER WAS RECORDED TODAY.
  NO SIGNIFICANT WEATHER WAS OBSERVED.


RELATIVE HUMIDITY (PERCENT)
 HIGHEST    74           800 AM
 LOWEST     44           300 PM
 AVERAGE    59

..........................................................


THE BISMARCK ND CLIMATE NORMALS FOR TOMORROW
                         NORMAL    RECORD    YEAR
 MAXIMUM TEMPERATURE (F)   27        56      1996
 MINIMUM TEMPERATURE (F)    6       -43      1994


SUNRISE AND SUNSET
FEBRUARY  8 2016......SUNRISE   758 AM CST   SUNSET   556 PM CST
FEBRUARY  9 2016......SUNRISE   757 AM CST   SUNSET   558 PM CST


-  INDICATES NEGATIVE NUMBERS.
R  INDICATES RECORD WAS SET OR TIED.
MM INDICATES DATA IS MISSING.
T  INDICATES TRACE AMOUNT.




$$
