000
CDUS43 KBIS 210811
CLIBIS


CLIMATE REPORT
NATIONAL WEATHER SERVICE BISMARCK ND
210 AM CST TUE NOV 21 2017


...................................

...THE BISMARCK ND CLIMATE SUMMARY FOR NOVEMBER 20 2017...

CLIMATE NORMAL PERIOD 1981 TO 2010
CLIMATE RECORD PERIOD 1875 TO 2017


WEATHER ITEM   OBSERVED TIME   RECORD YEAR NORMAL DEPARTURE LAST
                VALUE   (LST)  VALUE       VALUE  FROM      YEAR
                                                  NORMAL
..................................................................
TEMPERATURE (F)
 YESTERDAY
  MAXIMUM         60    240 PM  69    1890  37     23       36
  MINIMUM         22   1159 PM -16    1875  17      5       20
  AVERAGE         41                        27     14       28

PRECIPITATION (IN)
  YESTERDAY        0.00          0.70 1930   0.02  -0.02     0.00
  MONTH TO DATE    0.16                      0.53  -0.37     0.00
  SINCE SEP 1      1.73                      3.37  -1.64     1.46
  SINCE JAN 1     13.37                     17.18  -3.81    20.00

SNOWFALL (IN)
  YESTERDAY        0.0           8.6  1930
  MONTH TO DATE    1.3
  SINCE SEP 1      1.3
  SINCE JUL 1      1.3

DEGREE DAYS
 HEATING
  YESTERDAY       24                        38    -14       37
  MONTH TO DATE  730                       662     68      426
  SINCE SEP 1   1469                      1519    -50     1118
  SINCE JUL 1   1481                      1574    -93     1151

 COOLING
  YESTERDAY        0                         0      0        0
  MONTH TO DATE    0                         0      0        0
  SINCE SEP 1     49                        39     10       31
  SINCE JAN 1    615                       520     95      548
..................................................................


WIND (MPH)
  HIGHEST WIND SPEED    38   HIGHEST WIND DIRECTION    NW (320)
  HIGHEST GUST SPEED    50   HIGHEST GUST DIRECTION    NW (320)
  AVERAGE WIND SPEED    12.6


SKY COVER
  POSSIBLE SUNSHINE  MM
  AVERAGE SKY COVER 0.1


WEATHER CONDITIONS
 THE FOLLOWING WEATHER WAS RECORDED YESTERDAY.
  NO SIGNIFICANT WEATHER WAS OBSERVED.


RELATIVE HUMIDITY (PERCENT)
 HIGHEST    81           200 AM
 LOWEST     23           200 PM
 AVERAGE    52

..........................................................


THE BISMARCK ND CLIMATE NORMALS FOR TODAY
                         NORMAL    RECORD    YEAR
 MAXIMUM TEMPERATURE (F)   36        64      2001
 MINIMUM TEMPERATURE (F)   16       -28      1875


SUNRISE AND SUNSET
NOVEMBER 21 2017......SUNRISE   755 AM CST   SUNSET   503 PM CST
NOVEMBER 22 2017......SUNRISE   756 AM CST   SUNSET   502 PM CST


-  INDICATES NEGATIVE NUMBERS.
R  INDICATES RECORD WAS SET OR TIED.
MM INDICATES DATA IS MISSING.
T  INDICATES TRACE AMOUNT.




$$
