000
CDUS43 KBIS 250741
CLIBIS


CLIMATE REPORT
NATIONAL WEATHER SERVICE BISMARCK ND
240 AM CDT THU MAY 25 2017


...................................

...THE BISMARCK ND CLIMATE SUMMARY FOR MAY 24 2017...

CLIMATE NORMAL PERIOD 1981 TO 2010
CLIMATE RECORD PERIOD 1875 TO 2017


WEATHER ITEM   OBSERVED TIME   RECORD YEAR NORMAL DEPARTURE LAST
                VALUE   (LST)  VALUE       VALUE  FROM      YEAR
                                                  NORMAL
..................................................................
TEMPERATURE (F)
 YESTERDAY
  MAXIMUM         72    508 PM  96    1926  71      1       79
  MINIMUM         34    421 AM  24    2002  46    -12       43
  AVERAGE         53                        58     -5       61

PRECIPITATION (IN)
  YESTERDAY        0.00          1.94 1978   0.09  -0.09      T
  MONTH TO DATE    0.24                      1.78  -1.54     0.40
  SINCE MAR 1      1.72                      3.91  -2.19     4.98
  SINCE JAN 1      3.12                      4.85  -1.73     5.62

SNOWFALL (IN)
  YESTERDAY        0.0           T    2010   0.0    0.0      0.0
  MONTH TO DATE    0.0                       0.4   -0.4       T
  SINCE MAR 1      8.7                      13.7   -5.0      3.5
  SINCE JUL 1     71.6                      51.2   20.4     24.1
  SNOW DEPTH       0

DEGREE DAYS
 HEATING
  YESTERDAY       12                         8      4        4
  MONTH TO DATE  202                       264    -62      215
  SINCE MAR 1   1832                      1988   -156     1608
  SINCE JUL 1   7834                      8419   -585     6928

 COOLING
  YESTERDAY        0                         1     -1        0
  MONTH TO DATE   14                         6      8       10
  SINCE MAR 1     14                         7      7       10
  SINCE JAN 1     14                         7      7       10
..................................................................


WIND (MPH)
  HIGHEST WIND SPEED    29   HIGHEST WIND DIRECTION     S (170)
  HIGHEST GUST SPEED    36   HIGHEST GUST DIRECTION     S (170)
  AVERAGE WIND SPEED    14.5


SKY COVER
  POSSIBLE SUNSHINE  MM
  AVERAGE SKY COVER 0.0


WEATHER CONDITIONS
 THE FOLLOWING WEATHER WAS RECORDED YESTERDAY.
  FOG


RELATIVE HUMIDITY (PERCENT)
 HIGHEST    92           400 AM
 LOWEST     31           400 PM
 AVERAGE    62

..........................................................


THE BISMARCK ND CLIMATE NORMALS FOR TODAY
                         NORMAL    RECORD    YEAR
 MAXIMUM TEMPERATURE (F)   71        96      1941
 MINIMUM TEMPERATURE (F)   46        26      1924


SUNRISE AND SUNSET
MAY 25 2017...........SUNRISE   558 AM CDT   SUNSET   923 PM CDT
MAY 26 2017...........SUNRISE   557 AM CDT   SUNSET   924 PM CDT


-  INDICATES NEGATIVE NUMBERS.
R  INDICATES RECORD WAS SET OR TIED.
MM INDICATES DATA IS MISSING.
T  INDICATES TRACE AMOUNT.




$$
