000
CDUS43 KBIS 230057
CLIBIS


CLIMATE REPORT
NATIONAL WEATHER SERVICE BISMARCK ND
656 PM CST MON DEC 22 2014


...................................

...THE BISMARCK ND CLIMATE SUMMARY FOR DECEMBER 22 2014...
VALID TODAY AS OF 0600 PM LOCAL TIME.

CLIMATE NORMAL PERIOD 1981 TO 2010
CLIMATE RECORD PERIOD 1875 TO 2014


WEATHER ITEM   OBSERVED TIME   RECORD YEAR NORMAL DEPARTURE LAST
                VALUE   (LST)  VALUE       VALUE  FROM      YEAR
                                                  NORMAL
..................................................................
TEMPERATURE (F)
 TODAY
  MAXIMUM         32    347 PM  56    1954  24      8       -1
  MINIMUM         28    934 AM -32    1989   4     24      -26
  AVERAGE         30                        14     16      -13

PRECIPITATION (IN)
  TODAY            0.00          0.54 1877   0.02  -0.02     0.02
  MONTH TO DATE    T                         0.34  -0.34     0.95
  SINCE DEC 1      T                         0.34  -0.34     0.95
  SINCE JAN 1     13.81                     17.70  -3.89    26.44

SNOWFALL (IN)
  TODAY            0.0           5.7  1974   0.4   -0.4      0.4
  MONTH TO DATE    0.1                       6.3   -6.2     11.3
  SINCE DEC 1      0.1                       6.3   -6.2     11.3
  SINCE JUL 1      8.0                      17.5   -9.5     12.9
  SNOW DEPTH       T

DEGREE DAYS
 HEATING
  TODAY           35                        51    -16       78
  MONTH TO DATE  936                      1050   -114     1292
  SINCE DEC 1    936                      1050   -114     1292
  SINCE JUL 1   3008                      3036    -28     3247

 COOLING
  TODAY            0                         0      0        0
  MONTH TO DATE    0                         0      0        0
  SINCE DEC 1      0                         0      0        0
  SINCE JAN 1    457                       520    -63      555
..................................................................


WIND (MPH)
  RESULTANT WIND SPEED   3   RESULTANT WIND DIRECTION   N (20)
  HIGHEST WIND SPEED    21   HIGHEST WIND DIRECTION     N (340)
  HIGHEST GUST SPEED    27   HIGHEST GUST DIRECTION    NW (330)
  AVERAGE WIND SPEED     6.7


SKY COVER
  POSSIBLE SUNSHINE  MM
  AVERAGE SKY COVER 1.0


WEATHER CONDITIONS
 THE FOLLOWING WEATHER WAS RECORDED TODAY.
  FOG
  FOG W/VISIBILITY <= 1/4 MILE


RELATIVE HUMIDITY (PERCENT)
 HIGHEST   100          1200 AM
 LOWEST     92          1200 PM
 AVERAGE    96

..........................................................


THE BISMARCK ND CLIMATE NORMALS FOR TOMORROW
                         NORMAL    RECORD    YEAR
 MAXIMUM TEMPERATURE (F)   24        55      1881
 MINIMUM TEMPERATURE (F)    4       -40      1983


SUNRISE AND SUNSET
DECEMBER 22 2014......SUNRISE   825 AM CST   SUNSET   458 PM CST
DECEMBER 23 2014......SUNRISE   826 AM CST   SUNSET   458 PM CST


-  INDICATES NEGATIVE NUMBERS.
R  INDICATES RECORD WAS SET OR TIED.
MM INDICATES DATA IS MISSING.
T  INDICATES TRACE AMOUNT.




$$
