000
CDUS43 KBIS 230910
CLIBIS


CLIMATE REPORT
NATIONAL WEATHER SERVICE BISMARCK ND
310 AM CST MON JAN 23 2017


...................................

...THE BISMARCK ND CLIMATE SUMMARY FOR JANUARY 22 2017...

CLIMATE NORMAL PERIOD 1981 TO 2010
CLIMATE RECORD PERIOD 1875 TO 2017


WEATHER ITEM   OBSERVED TIME   RECORD YEAR NORMAL DEPARTURE LAST
                VALUE   (LST)  VALUE       VALUE  FROM      YEAR
                                                  NORMAL
..................................................................
TEMPERATURE (F)
 YESTERDAY
  MAXIMUM         34   1248 PM  54    1942  24     10       27
  MINIMUM         14   1202 AM -37    1937   2     12        5
                                      1886
  AVERAGE         24                        13     11       16

PRECIPITATION (IN)
  YESTERDAY        0.00          0.25 2010   0.01  -0.01      T
  MONTH TO DATE    0.61                      0.32   0.29     0.20
  SINCE DEC 1      2.66                      0.81   1.85     1.11
  SINCE JAN 1      0.61                      0.32   0.29     0.20

SNOWFALL (IN)
  YESTERDAY        0.0           5.8  1982   0.3   -0.3       T
  MONTH TO DATE   14.0                       6.7    7.3      2.8
  SINCE DEC 1     38.5                      16.0   22.5     15.6
  SINCE JUL 1     57.5                      27.2   30.3     17.4
  SNOW DEPTH      16

DEGREE DAYS
 HEATING
  YESTERDAY       41                        52    -11       49
  MONTH TO DATE 1340                      1156    184     1169
  SINCE DEC 1   3020                      2670    350     2492
  SINCE JUL 1   4500                      4656   -156     4077

 COOLING
  YESTERDAY        0                         0      0        0
  MONTH TO DATE    0                         0      0        0
  SINCE DEC 1      0                         0      0        0
  SINCE JAN 1      0                         0      0        0
..................................................................


WIND (MPH)
  HIGHEST WIND SPEED    17   HIGHEST WIND DIRECTION    NW (320)
  HIGHEST GUST SPEED    25   HIGHEST GUST DIRECTION     W (260)
  AVERAGE WIND SPEED     8.2


SKY COVER
  POSSIBLE SUNSHINE  MM
  AVERAGE SKY COVER 1.0


WEATHER CONDITIONS
 THE FOLLOWING WEATHER WAS RECORDED YESTERDAY.
  LIGHT SNOW
  FOG
  FOG W/VISIBILITY <= 1/4 MILE


RELATIVE HUMIDITY (PERCENT)
 HIGHEST    92          1200 AM
 LOWEST     72          1100 PM
 AVERAGE    82

..........................................................


THE BISMARCK ND CLIMATE NORMALS FOR TODAY
                         NORMAL    RECORD    YEAR
 MAXIMUM TEMPERATURE (F)   24        62      1981
 MINIMUM TEMPERATURE (F)    2       -36      1966


SUNRISE AND SUNSET
JANUARY 23 2017.......SUNRISE   817 AM CST   SUNSET   533 PM CST
JANUARY 24 2017.......SUNRISE   816 AM CST   SUNSET   535 PM CST


-  INDICATES NEGATIVE NUMBERS.
R  INDICATES RECORD WAS SET OR TIED.
MM INDICATES DATA IS MISSING.
T  INDICATES TRACE AMOUNT.




$$
