000
CDUS43 KBIS 240028
CLIBIS


CLIMATE REPORT
NATIONAL WEATHER SERVICE BISMARCK ND
628 PM CST FRI FEB 23 2018


...................................

...THE BISMARCK ND CLIMATE SUMMARY FOR FEBRUARY 23 2018...
VALID TODAY AS OF 0500 PM LOCAL TIME.

CLIMATE NORMAL PERIOD 1981 TO 2010
CLIMATE RECORD PERIOD 1875 TO 2018


WEATHER ITEM   OBSERVED TIME   RECORD YEAR NORMAL DEPARTURE LAST
                VALUE   (LST)  VALUE       VALUE  FROM      YEAR
                                                  NORMAL
..................................................................
TEMPERATURE (F)
 TODAY
  MAXIMUM         20    355 PM  63    1976  31    -11       32
  MINIMUM          2    744 AM -34    1889  11     -9       19
  AVERAGE         11                        21    -10       26

PRECIPITATION (IN)
  TODAY            T             0.30 1883   0.03  -0.03     0.00
  MONTH TO DATE    0.30                      0.39  -0.09     0.75
  SINCE DEC 1      1.14                      1.31  -0.17     3.44
  SINCE JAN 1      0.72                      0.82  -0.10     1.39

SNOWFALL (IN)
  TODAY            T             7.0  1982
  MONTH TO DATE    4.4
  SINCE DEC 1     16.2
  SINCE JUL 1     17.5

DEGREE DAYS
 HEATING
  TODAY           54                        44     10       39
  MONTH TO DATE 1354                      1099    255      955
  SINCE DEC 1   4357                      4231    126     4298
  SINCE JUL 1   6096                      6217   -121     5778

 COOLING
  TODAY            0                         0      0        0
  MONTH TO DATE    0                         0      0        0
  SINCE DEC 1      0                         0      0        0
  SINCE JAN 1      0                         0      0        0
..................................................................


WIND (MPH)
  RESULTANT WIND SPEED   7   RESULTANT WIND DIRECTION   W (280)
  HIGHEST WIND SPEED    13   HIGHEST WIND DIRECTION    SW (210)
  HIGHEST GUST SPEED    17   HIGHEST GUST DIRECTION    NW (320)
  AVERAGE WIND SPEED     8.2


SKY COVER
  POSSIBLE SUNSHINE  MM
  AVERAGE SKY COVER 0.2


WEATHER CONDITIONS
 THE FOLLOWING WEATHER WAS RECORDED TODAY.
  LIGHT SNOW


RELATIVE HUMIDITY (PERCENT)
 HIGHEST    86           700 AM
 LOWEST     56           500 PM
 AVERAGE    71

..........................................................


THE BISMARCK ND CLIMATE NORMALS FOR TOMORROW
                         NORMAL    RECORD    YEAR
 MAXIMUM TEMPERATURE (F)   31        55      1958
 MINIMUM TEMPERATURE (F)   11       -28      1993


SUNRISE AND SUNSET
FEBRUARY 23 2018......SUNRISE   733 AM CST   SUNSET   620 PM CST
FEBRUARY 24 2018......SUNRISE   732 AM CST   SUNSET   621 PM CST


-  INDICATES NEGATIVE NUMBERS.
R  INDICATES RECORD WAS SET OR TIED.
MM INDICATES DATA IS MISSING.
T  INDICATES TRACE AMOUNT.




$$
