000
CDUS43 KBIS 220059
CLIBIS


CLIMATE REPORT
NATIONAL WEATHER SERVICE BISMARCK ND
759 PM CDT FRI JUL 21 2017


...................................

...THE BISMARCK ND CLIMATE SUMMARY FOR JULY 21 2017...
VALID TODAY AS OF 0700 PM LOCAL TIME.

CLIMATE NORMAL PERIOD 1981 TO 2010
CLIMATE RECORD PERIOD 1875 TO 2017


WEATHER ITEM   OBSERVED TIME   RECORD YEAR NORMAL DEPARTURE LAST
                VALUE   (LST)  VALUE       VALUE  FROM      YEAR
                                                  NORMAL
..................................................................
TEMPERATURE (F)
 TODAY
  MAXIMUM         92    239 PM 104    1921  86      6       91
  MINIMUM         66    610 AM  42    1947  58      8       70
                                      1895
  AVERAGE         79                        72      7       81

PRECIPITATION (IN)
  TODAY            0.00          1.65 2000   0.09  -0.09      T
  MONTH TO DATE    1.00                      2.03  -1.03     3.35
  SINCE JUN 1      2.74                      5.20  -2.46     7.73
  SINCE JAN 1      5.87                     10.67  -4.80    14.91

DEGREE DAYS
 HEATING
  TODAY            0                         0      0        0
  MONTH TO DATE    0                        13    -13        8
  SINCE JUN 1     30                       106    -76       34
  SINCE JUL 1      0                        13    -13        8

 COOLING
  TODAY           14                         7      7       16
  MONTH TO DATE  231                       130    101      140
  SINCE JUN 1    356                       213    143      266
  SINCE JAN 1    370                       230    140      276
..................................................................


WIND (MPH)
  RESULTANT WIND SPEED   2   RESULTANT WIND DIRECTION  SE (140)
  HIGHEST WIND SPEED    23   HIGHEST WIND DIRECTION     S (170)
  HIGHEST GUST SPEED    30   HIGHEST GUST DIRECTION     S (170)
  AVERAGE WIND SPEED     5.5


SKY COVER
  POSSIBLE SUNSHINE  MM
  AVERAGE SKY COVER 0.2


WEATHER CONDITIONS
 THE FOLLOWING WEATHER WAS RECORDED TODAY.
  NO SIGNIFICANT WEATHER WAS OBSERVED.


RELATIVE HUMIDITY (PERCENT)
 HIGHEST    93           600 AM
 LOWEST     44           500 PM
 AVERAGE    69

..........................................................


THE BISMARCK ND CLIMATE NORMALS FOR TOMORROW
                         NORMAL    RECORD    YEAR
 MAXIMUM TEMPERATURE (F)   86       103      1901
 MINIMUM TEMPERATURE (F)   58        43      1896


SUNRISE AND SUNSET
JULY 21 2017..........SUNRISE   611 AM CDT   SUNSET   928 PM CDT
JULY 22 2017..........SUNRISE   612 AM CDT   SUNSET   927 PM CDT


-  INDICATES NEGATIVE NUMBERS.
R  INDICATES RECORD WAS SET OR TIED.
MM INDICATES DATA IS MISSING.
T  INDICATES TRACE AMOUNT.




$$
