000
CDUS43 KBIS 230726
CLIBIS


CLIMATE REPORT
NATIONAL WEATHER SERVICE BISMARCK ND
126 AM CST SUN NOV 23 2014


...................................

...THE BISMARCK ND CLIMATE SUMMARY FOR NOVEMBER 22 2014...

CLIMATE NORMAL PERIOD 1981 TO 2010
CLIMATE RECORD PERIOD 1875 TO 2014


WEATHER ITEM   OBSERVED TIME   RECORD YEAR NORMAL DEPARTURE LAST
                VALUE   (LST)  VALUE       VALUE  FROM      YEAR
                                                  NORMAL
..................................................................
TEMPERATURE (F)
 YESTERDAY
  MAXIMUM         46    157 PM  62    1890  36     10       21
  MINIMUM         19    427 AM -14    1900  16      3       -6
                                      1898
  AVERAGE         33                        26      7        8

PRECIPITATION (IN)
  YESTERDAY        T             0.80 1886   0.02  -0.02      T
  MONTH TO DATE    0.32                      0.57  -0.25     0.09
  SINCE SEP 1      0.84                      3.41  -2.57     9.18
  SINCE JAN 1     13.53                     17.22  -3.69    25.49

SNOWFALL (IN)
  YESTERDAY        0.0           7.0  1886   0.3   -0.3       T
  MONTH TO DATE    4.5                       6.4   -1.9      0.6
  SINCE SEP 1      4.5                       8.8   -4.3      1.6
  SINCE JUL 1      4.5                       8.8   -4.3      1.6
  SNOW DEPTH       1

DEGREE DAYS
 HEATING
  YESTERDAY       32                        39     -7       57
  MONTH TO DATE  885                       740    145      773
  SINCE SEP 1   1599                      1597      2     1583
  SINCE JUL 1   1661                      1652      9     1611

 COOLING
  YESTERDAY        0                         0      0        0
  MONTH TO DATE    0                         0      0        0
  SINCE SEP 1     51                        39     12       75
  SINCE JAN 1    457                       520    -63      555
..................................................................


WIND (MPH)
  HIGHEST WIND SPEED    15   HIGHEST WIND DIRECTION    SW (220)
  HIGHEST GUST SPEED    18   HIGHEST GUST DIRECTION    SW (210)
  AVERAGE WIND SPEED     4.1


SKY COVER
  POSSIBLE SUNSHINE  MM
  AVERAGE SKY COVER 0.2


WEATHER CONDITIONS
 THE FOLLOWING WEATHER WAS RECORDED YESTERDAY.
  NO SIGNIFICANT WEATHER WAS OBSERVED.


RELATIVE HUMIDITY (PERCENT)
 HIGHEST   100          1100 PM
 LOWEST     53           200 PM
 AVERAGE    77

..........................................................


THE BISMARCK ND CLIMATE NORMALS FOR TODAY
                         NORMAL    RECORD    YEAR
 MAXIMUM TEMPERATURE (F)   35        62      2011
 MINIMUM TEMPERATURE (F)   15       -21      1985


SUNRISE AND SUNSET
NOVEMBER 23 2014......SUNRISE   757 AM CST   SUNSET   502 PM CST
NOVEMBER 24 2014......SUNRISE   758 AM CST   SUNSET   501 PM CST


-  INDICATES NEGATIVE NUMBERS.
R  INDICATES RECORD WAS SET OR TIED.
MM INDICATES DATA IS MISSING.
T  INDICATES TRACE AMOUNT.




$$
