000
CDUS43 KBIS 180842
CLIBIS


CLIMATE REPORT
NATIONAL WEATHER SERVICE BISMARCK ND
241 AM CST THU DEC 18 2014


...................................

...THE BISMARCK ND CLIMATE SUMMARY FOR DECEMBER 17 2014...

CLIMATE NORMAL PERIOD 1981 TO 2010
CLIMATE RECORD PERIOD 1875 TO 2014


WEATHER ITEM   OBSERVED TIME   RECORD YEAR NORMAL DEPARTURE LAST
                VALUE   (LST)  VALUE       VALUE  FROM      YEAR
                                                  NORMAL
..................................................................
TEMPERATURE (F)
 YESTERDAY
  MAXIMUM         20    307 PM  57    1890  25     -5       34
  MINIMUM         11    552 PM -27    1975   5      6       19
                                      1906
  AVERAGE         16                        15      1       27

PRECIPITATION (IN)
  YESTERDAY        T             0.49 1967   0.02  -0.02     0.00
  MONTH TO DATE    T                         0.26  -0.26     0.64
  SINCE DEC 1      T                         0.26  -0.26     0.64
  SINCE JAN 1     13.81                     17.62  -3.81    26.13

SNOWFALL (IN)
  YESTERDAY       MM             5.8  1967   0.3   MM        0.0
  MONTH TO DATE    T                         4.7   -4.7      7.6
  SINCE DEC 1      T                         4.7   -4.7      7.6
  SINCE JUL 1      7.9                      15.9   -8.0      9.2
  SNOW DEPTH       T

DEGREE DAYS
 HEATING
  YESTERDAY       49                        50     -1       38
  MONTH TO DATE  739                       798    -59      969
  SINCE DEC 1    739                       798    -59      969
  SINCE JUL 1   2811                      2784     27     2924

 COOLING
  YESTERDAY        0                         0      0        0
  MONTH TO DATE    0                         0      0        0
  SINCE DEC 1      0                         0      0        0
  SINCE JAN 1    457                       520    -63      555
..................................................................


WIND (MPH)
  HIGHEST WIND SPEED    13   HIGHEST WIND DIRECTION    SE (140)
  HIGHEST GUST SPEED    16   HIGHEST GUST DIRECTION    SE (140)
  AVERAGE WIND SPEED     7.5


SKY COVER
  POSSIBLE SUNSHINE  MM
  AVERAGE SKY COVER 0.7


WEATHER CONDITIONS
 THE FOLLOWING WEATHER WAS RECORDED YESTERDAY.
  LIGHT SNOW
  FOG
  HAZE


RELATIVE HUMIDITY (PERCENT)
 HIGHEST    92           600 PM
 LOWEST     67           100 PM
 AVERAGE    80

..........................................................


THE BISMARCK ND CLIMATE NORMALS FOR TODAY
                         NORMAL    RECORD    YEAR
 MAXIMUM TEMPERATURE (F)   25        56      2011
                                             1979
 MINIMUM TEMPERATURE (F)    5       -36      1951


SUNRISE AND SUNSET
DECEMBER 18 2014......SUNRISE   823 AM CST   SUNSET   456 PM CST
DECEMBER 19 2014......SUNRISE   824 AM CST   SUNSET   456 PM CST


-  INDICATES NEGATIVE NUMBERS.
R  INDICATES RECORD WAS SET OR TIED.
MM INDICATES DATA IS MISSING.
T  INDICATES TRACE AMOUNT.




$$
