000
CDUS43 KBIS 030735
CLIBIS


CLIMATE REPORT
NATIONAL WEATHER SERVICE BISMARCK ND
134 AM CST TUE MAR 3 2015


...................................

...THE BISMARCK ND CLIMATE SUMMARY FOR MARCH 2 2015...

CLIMATE NORMAL PERIOD 1981 TO 2010
CLIMATE RECORD PERIOD 1875 TO 2015


WEATHER ITEM   OBSERVED TIME   RECORD YEAR NORMAL DEPARTURE LAST
                VALUE   (LST)  VALUE       VALUE  FROM      YEAR
                                                  NORMAL
..................................................................
TEMPERATURE (F)
 YESTERDAY
  MAXIMUM         42    430 PM  67    1905  33      9        8
  MINIMUM          1    203 AM -23    1972  14    -13      -13
                                      1916
  AVERAGE         22                        24     -2       -2

PRECIPITATION (IN)
  YESTERDAY        0.00          0.34 1901   0.03  -0.03     0.00
  MONTH TO DATE    T                         0.05  -0.05     0.00
  SINCE MAR 1      T                         0.05  -0.05     0.00
  SINCE JAN 1      1.14                      0.99   0.15     0.57

SNOWFALL (IN)
  YESTERDAY        0.0           4.0  1978   0.3   -0.3      0.0
  MONTH TO DATE    0.0                       0.6   -0.6      0.0
  SINCE MAR 1      0.0                       0.6   -0.6      0.0
  SINCE JUL 1     22.9                      38.1  -15.2     25.2
  SNOW DEPTH       1

DEGREE DAYS
 HEATING
  YESTERDAY       43                        41      2       67
  MONTH TO DATE   93                        83     10      142
  SINCE MAR 1     93                        83     10      142
  SINCE JUL 1   6454                      6514    -60     6994

 COOLING
  YESTERDAY        0                         0      0        0
  MONTH TO DATE    0                         0      0        0
  SINCE MAR 1      0                         0      0        0
  SINCE JAN 1      0                         0      0        0
..................................................................


WIND (MPH)
  HIGHEST WIND SPEED    28   HIGHEST WIND DIRECTION    NW (330)
  HIGHEST GUST SPEED    35   HIGHEST GUST DIRECTION    NW (330)
  AVERAGE WIND SPEED    10.6


SKY COVER
  POSSIBLE SUNSHINE  MM
  AVERAGE SKY COVER 0.0


WEATHER CONDITIONS
 THE FOLLOWING WEATHER WAS RECORDED YESTERDAY.
  NO SIGNIFICANT WEATHER WAS OBSERVED.


RELATIVE HUMIDITY (PERCENT)
 HIGHEST    91           100 AM
 LOWEST     44           300 PM
 AVERAGE    68

..........................................................


THE BISMARCK ND CLIMATE NORMALS FOR TODAY
                         NORMAL    RECORD    YEAR
 MAXIMUM TEMPERATURE (F)   34        61      1905
 MINIMUM TEMPERATURE (F)   14       -20      1917
                                             1888


SUNRISE AND SUNSET
MARCH  3 2015.........SUNRISE   719 AM CST   SUNSET   631 PM CST
MARCH  4 2015.........SUNRISE   717 AM CST   SUNSET   633 PM CST


-  INDICATES NEGATIVE NUMBERS.
R  INDICATES RECORD WAS SET OR TIED.
MM INDICATES DATA IS MISSING.
T  INDICATES TRACE AMOUNT.




$$
