000
CDUS43 KBIS 300729
CLIBIS


CLIMATE REPORT
NATIONAL WEATHER SERVICE BISMARCK ND
228 AM CDT MON MAY 30 2016


...................................

...THE BISMARCK ND CLIMATE SUMMARY FOR MAY 29 2016...

CLIMATE NORMAL PERIOD 1981 TO 2010
CLIMATE RECORD PERIOD 1875 TO 2016


WEATHER ITEM   OBSERVED TIME   RECORD YEAR NORMAL DEPARTURE LAST
                VALUE   (LST)  VALUE       VALUE  FROM      YEAR
                                                  NORMAL
..................................................................
TEMPERATURE (F)
 YESTERDAY
  MAXIMUM         80    452 PM  97    1934  72      8       60
  MINIMUM         45    456 AM  25    1947  47     -2       41
  AVERAGE         63                        60      3       51

PRECIPITATION (IN)
  YESTERDAY        0.00          1.88 1876   0.09  -0.09     0.00
  MONTH TO DATE    1.21                      2.21  -1.00     5.25
  SINCE MAR 1      5.79                      4.34   1.45     6.07
  SINCE JAN 1      6.43                      5.28   1.15     7.21

SNOWFALL (IN)
  YESTERDAY        0.0           0.0  2002   0.0    0.0      0.0
                                      2001
  MONTH TO DATE    T                         0.4   -0.4      0.2
  SINCE MAR 1      3.5                      13.7  -10.2      1.2
  SINCE JUL 1     24.1                      51.2  -27.1     24.1
  SNOW DEPTH       0

DEGREE DAYS
 HEATING
  YESTERDAY        2                         6     -4       14
  MONTH TO DATE  236                       298    -62      311
  SINCE MAR 1   1629                      2022   -393     1780
  SINCE JUL 1   6949                      8453  -1504     8141

 COOLING
  YESTERDAY        0                         1     -1        0
  MONTH TO DATE   10                        11     -1        6
  SINCE MAR 1     10                        12     -2        6
  SINCE JAN 1     10                        12     -2        6
..................................................................


WIND (MPH)
  HIGHEST WIND SPEED    17   HIGHEST WIND DIRECTION     W (270)
  HIGHEST GUST SPEED    23   HIGHEST GUST DIRECTION     W (270)
  AVERAGE WIND SPEED     5.2


SKY COVER
  POSSIBLE SUNSHINE  MM
  AVERAGE SKY COVER 0.1


WEATHER CONDITIONS
 THE FOLLOWING WEATHER WAS RECORDED YESTERDAY.
  FOG


RELATIVE HUMIDITY (PERCENT)
 HIGHEST   100          1200 AM
 LOWEST     28           400 PM
 AVERAGE    64

..........................................................


THE BISMARCK ND CLIMATE NORMALS FOR TODAY
                         NORMAL    RECORD    YEAR
 MAXIMUM TEMPERATURE (F)   72       102      1934
 MINIMUM TEMPERATURE (F)   48        27      1947


SUNRISE AND SUNSET
MAY 30 2016...........SUNRISE   554 AM CDT   SUNSET   928 PM CDT
MAY 31 2016...........SUNRISE   553 AM CDT   SUNSET   929 PM CDT


-  INDICATES NEGATIVE NUMBERS.
R  INDICATES RECORD WAS SET OR TIED.
MM INDICATES DATA IS MISSING.
T  INDICATES TRACE AMOUNT.




$$
