000
CDUS43 KBIS 290806
CLIBIS


CLIMATE REPORT
NATIONAL WEATHER SERVICE BISMARCK ND
306 AM CDT FRI AUG 29 2014


...................................

...THE BISMARCK ND CLIMATE SUMMARY FOR AUGUST 28 2014...

CLIMATE NORMAL PERIOD 1981 TO 2010
CLIMATE RECORD PERIOD 1875 TO 2014


WEATHER ITEM   OBSERVED TIME   RECORD YEAR NORMAL DEPARTURE LAST
                VALUE   (LST)  VALUE       VALUE  FROM      YEAR
                                                  NORMAL
..................................................................
TEMPERATURE (F)
 YESTERDAY
  MAXIMUM         76    431 PM 101    1991  80     -4       93
                                      1969
                                      1905
  MINIMUM         58    507 AM  32    1911  53      5       67
  AVERAGE         67                        66      1       80

PRECIPITATION (IN)
  YESTERDAY        0.00          0.52 1907   0.06  -0.06     0.00
  MONTH TO DATE    4.22                      2.09   2.13     0.43
  SINCE JUN 1      7.97                      8.15  -0.18     4.77
  SINCE JAN 1     12.16                     13.62  -1.46    15.37

SNOWFALL (IN)
  YESTERDAY        0.0           0.0  2002   0.0    0.0      0.0
                                      2001
  MONTH TO DATE    0.0                       0.0    0.0      0.0
  SINCE JUN 1      0.0                       0.0    0.0      0.0
  SINCE JUL 1      0.0                       0.0    0.0      0.0
  SNOW DEPTH       0

DEGREE DAYS
 HEATING
  YESTERDAY        0                         2     -2        0
  MONTH TO DATE   29                        31     -2        6
  SINCE JUN 1    151                       141     10      114
  SINCE JUL 1     57                        48      9       28

 COOLING
  YESTERDAY        2                         4     -2       15
  MONTH TO DATE  151                       166    -15      167
  SINCE JUN 1    352                       453   -101      436
  SINCE JAN 1    403                       470    -67      448
..................................................................


WIND (MPH)
  HIGHEST WIND SPEED    12   HIGHEST WIND DIRECTION    SE (140)
  HIGHEST GUST SPEED    13   HIGHEST GUST DIRECTION     S (170)
  AVERAGE WIND SPEED     4.6


SKY COVER
  POSSIBLE SUNSHINE  MM
  AVERAGE SKY COVER 0.5


WEATHER CONDITIONS
 THE FOLLOWING WEATHER WAS RECORDED YESTERDAY.
  FOG


RELATIVE HUMIDITY (PERCENT)
 HIGHEST   100           600 AM
 LOWEST     74           500 PM
 AVERAGE    87

..........................................................


THE BISMARCK ND CLIMATE NORMALS FOR TODAY
                         NORMAL    RECORD    YEAR
 MAXIMUM TEMPERATURE (F)   80       104      1961
 MINIMUM TEMPERATURE (F)   52        33      1988


SUNRISE AND SUNSET
AUGUST 29 2014........SUNRISE   659 AM CDT   SUNSET   828 PM CDT
AUGUST 30 2014........SUNRISE   700 AM CDT   SUNSET   826 PM CDT


-  INDICATES NEGATIVE NUMBERS.
R  INDICATES RECORD WAS SET OR TIED.
MM INDICATES DATA IS MISSING.
T  INDICATES TRACE AMOUNT.




$$
