000
CDUS43 KBIS 300753
CLIBIS


CLIMATE REPORT
NATIONAL WEATHER SERVICE BISMARCK ND
253 AM CDT TUE AUG 30 2016


...................................

...THE BISMARCK ND CLIMATE SUMMARY FOR AUGUST 29 2016...

CLIMATE NORMAL PERIOD 1981 TO 2010
CLIMATE RECORD PERIOD 1875 TO 2016


WEATHER ITEM   OBSERVED TIME   RECORD YEAR NORMAL DEPARTURE LAST
                VALUE   (LST)  VALUE       VALUE  FROM      YEAR
                                                  NORMAL
..................................................................
TEMPERATURE (F)
 YESTERDAY
  MAXIMUM         81    452 PM 104    1961  80      1       93
  MINIMUM         53   1041 PM  33    1988  52      1       54
  AVERAGE         67                        66      1       74

PRECIPITATION (IN)
  YESTERDAY        0.00          1.32 1880   0.06  -0.06     0.00
  MONTH TO DATE    1.88                      2.15  -0.27     1.41
  SINCE JUN 1     11.36                      8.21   3.15     7.90
  SINCE JAN 1     18.54                     13.68   4.86    15.17

SNOWFALL (IN)
  YESTERDAY        0.0           0.0  2002   0.0    0.0      0.0
                                      2001
  MONTH TO DATE    0.0                       0.0    0.0      0.0
  SINCE JUN 1      0.0                       0.0    0.0      0.0
  SINCE JUL 1      0.0                       0.0    0.0      0.0
  SNOW DEPTH       0

DEGREE DAYS
 HEATING
  YESTERDAY        0                         3     -3        0
  MONTH TO DATE   25                        34     -9       29
  SINCE JUN 1     59                       144    -85       79
  SINCE JUL 1     33                        51    -18       36

 COOLING
  YESTERDAY        2                         4     -2        9
  MONTH TO DATE  143                       170    -27      176
  SINCE JUN 1    498                       457     41      495
  SINCE JAN 1    508                       474     34      501
..................................................................


WIND (MPH)
  HIGHEST WIND SPEED    17   HIGHEST WIND DIRECTION     N (350)
  HIGHEST GUST SPEED    24   HIGHEST GUST DIRECTION     N (360)
  AVERAGE WIND SPEED     7.7


SKY COVER
  POSSIBLE SUNSHINE  MM
  AVERAGE SKY COVER 0.0


WEATHER CONDITIONS
 THE FOLLOWING WEATHER WAS RECORDED YESTERDAY.
  NO SIGNIFICANT WEATHER WAS OBSERVED.


RELATIVE HUMIDITY (PERCENT)
 HIGHEST    83          1100 PM
 LOWEST     32           600 PM
 AVERAGE    58

..........................................................


THE BISMARCK ND CLIMATE NORMALS FOR TODAY
                         NORMAL    RECORD    YEAR
 MAXIMUM TEMPERATURE (F)   79       100      2008
 MINIMUM TEMPERATURE (F)   52        37      1965


SUNRISE AND SUNSET
AUGUST 30 2016........SUNRISE   701 AM CDT   SUNSET   825 PM CDT
AUGUST 31 2016........SUNRISE   702 AM CDT   SUNSET   823 PM CDT


-  INDICATES NEGATIVE NUMBERS.
R  INDICATES RECORD WAS SET OR TIED.
MM INDICATES DATA IS MISSING.
T  INDICATES TRACE AMOUNT.




$$
