000
CDUS43 KBIS 190723
CLIBIS


CLIMATE REPORT
NATIONAL WEATHER SERVICE BISMARCK ND
222 AM CDT TUE SEP 19 2017


...................................

...THE BISMARCK ND CLIMATE SUMMARY FOR SEPTEMBER 18 2017...

CLIMATE NORMAL PERIOD 1981 TO 2010
CLIMATE RECORD PERIOD 1875 TO 2017


WEATHER ITEM   OBSERVED TIME   RECORD YEAR NORMAL DEPARTURE LAST
                VALUE   (LST)  VALUE       VALUE  FROM      YEAR
                                                  NORMAL
..................................................................
TEMPERATURE (F)
 YESTERDAY
  MAXIMUM         74    441 PM  97    1933  71      3       83
  MINIMUM         42    640 AM  22    1901  44     -2       52
                                      1886
  AVERAGE         58                        58      0       68

PRECIPITATION (IN)
  YESTERDAY        0.00          1.61 1977   0.05  -0.05     0.00
  MONTH TO DATE    0.72                      1.02  -0.30     1.02
  SINCE SEP 1      0.72                      1.02  -0.30     1.02
  SINCE JAN 1     12.36                     14.83  -2.47    19.56

DEGREE DAYS
 HEATING
  YESTERDAY        7                         8     -1        0
  MONTH TO DATE   71                       100    -29       95
  SINCE SEP 1     71                       100    -29       95
  SINCE JUL 1     83                       155    -72      128

 COOLING
  YESTERDAY        0                         1     -1        3
  MONTH TO DATE   47                        33     14       27
  SINCE SEP 1     47                        33     14       27
  SINCE JAN 1    613                       514     99      544
..................................................................


WIND (MPH)
  HIGHEST WIND SPEED    10   HIGHEST WIND DIRECTION     E (70)
  HIGHEST GUST SPEED    12   HIGHEST GUST DIRECTION     E (70)
  AVERAGE WIND SPEED     3.8


SKY COVER
  POSSIBLE SUNSHINE  MM
  AVERAGE SKY COVER 0.1


WEATHER CONDITIONS
 THE FOLLOWING WEATHER WAS RECORDED YESTERDAY.
  NO SIGNIFICANT WEATHER WAS OBSERVED.


RELATIVE HUMIDITY (PERCENT)
 HIGHEST   100           300 AM
 LOWEST     38           400 PM
 AVERAGE    69

..........................................................


THE BISMARCK ND CLIMATE NORMALS FOR TODAY
                         NORMAL    RECORD    YEAR
 MAXIMUM TEMPERATURE (F)   71        94      1972
                                             1941
                                             1895
 MINIMUM TEMPERATURE (F)   44        22      1896


SUNRISE AND SUNSET
SEPTEMBER 19 2017.....SUNRISE   726 AM CDT   SUNSET   746 PM CDT
SEPTEMBER 20 2017.....SUNRISE   728 AM CDT   SUNSET   744 PM CDT


-  INDICATES NEGATIVE NUMBERS.
R  INDICATES RECORD WAS SET OR TIED.
MM INDICATES DATA IS MISSING.
T  INDICATES TRACE AMOUNT.




$$
