000
CDUS43 KGRR 012124
CLIBIV


CLIMATE REPORT
NATIONAL WEATHER SERVICE GRAND RAPIDS, MI
523 PM EDT FRI AUG 1 2014


...................................

...THE HOLLAND/TULIP CITY MI CLIMATE SUMMARY FOR AUGUST 1 2014...
VALID TODAY AS OF 0500 PM LOCAL TIME.

CLIMATE NORMAL PERIOD 1981 TO 2010
CLIMATE RECORD PERIOD 9999 TO 9999


WEATHER ITEM   OBSERVED TIME   RECORD YEAR NORMAL DEPARTURE LAST
                VALUE   (LST)  VALUE       VALUE  FROM      YEAR
                                                  NORMAL
..................................................................
TEMPERATURE (F)
 TODAY
  MAXIMUM         82    353 PM  MM      MM  82      0       77
  MINIMUM         60    522 AM  MM      MM  63     -3       60
  AVERAGE         71                        72     -1       69

PRECIPITATION (IN)
  TODAY            0.00         MM      MM   0.09  -0.09     0.01
  MONTH TO DATE    0.00                      0.09  -0.09     0.01
  SINCE JUN 1      6.56                      7.14  -0.58     7.67
  SINCE JAN 1     16.09                     19.73  -3.64    26.20

DEGREE DAYS
 HEATING
  TODAY            0                         0      0        0
  MONTH TO DATE    0                         0      0        0
  SINCE JUN 1     45                        54     -9       42
  SINCE JUL 1     22                         6     16        8

 COOLING
  TODAY            6                         7     -1        4
  MONTH TO DATE    6                         7     -1        4
  SINCE JUN 1    293                       388    -95      439
  SINCE JAN 1    332                       430    -98      529
..................................................................


WIND (MPH)
  RESULTANT WIND SPEED   3   RESULTANT WIND DIRECTION  SW (240)
  HIGHEST WIND SPEED    12   HIGHEST WIND DIRECTION     W (260)
  HIGHEST GUST SPEED    15   HIGHEST GUST DIRECTION     W (250)
  AVERAGE WIND SPEED     4.3



WEATHER CONDITIONS
 THE FOLLOWING WEATHER WAS RECORDED TODAY.
  FOG
  HAZE


RELATIVE HUMIDITY (PERCENT)
 HIGHEST    90           300 AM
 LOWEST     47           400 PM
 AVERAGE    69

..........................................................




SUNRISE AND SUNSET
AUGUST  1 2014........SUNRISE   636 AM EDT   SUNSET   905 PM EDT
AUGUST  2 2014........SUNRISE   637 AM EDT   SUNSET   904 PM EDT


-  INDICATES NEGATIVE NUMBERS.
R  INDICATES RECORD WAS SET OR TIED.
MM INDICATES DATA IS MISSING.
T  INDICATES TRACE AMOUNT.




$$
