000
CDUS43 KGRR 240522
CLIBIV


CLIMATE REPORT
NATIONAL WEATHER SERVICE GRAND RAPIDS, MI
120 AM EDT TUE OCT 24 2017


...................................

...THE HOLLAND/TULIP CITY MI CLIMATE SUMMARY FOR OCTOBER 23 2017...

CLIMATE NORMAL PERIOD 1981 TO 2010
CLIMATE RECORD PERIOD 1996 TO 2017


WEATHER ITEM   OBSERVED TIME   NORMAL DEPARTURE LAST
                VALUE   (LST)  VALUE  FROM      YEAR
                                      NORMAL
......................................................
TEMPERATURE (F)
 YESTERDAY
  MAXIMUM         55    234 AM  59     -4       68
  MINIMUM         49   1155 PM  42      7       37
  AVERAGE         52            50      2       53

PRECIPITATION (IN)
  YESTERDAY        2.29          0.13   2.16     0.00
  MONTH TO DATE    8.28          2.60   5.68     2.20
  SINCE SEP 1      8.91          6.50   2.41     3.57
  SINCE JAN 1     33.73         29.71   4.02    25.45

DEGREE DAYS
 HEATING
  YESTERDAY       13            15     -2       12
  MONTH TO DATE  120           265   -145      175
  SINCE SEP 1    222           380   -158      203
  SINCE JUL 1    243           395   -152      210

 COOLING
  YESTERDAY        0             0      0        0
  MONTH TO DATE   13            10      3       13
  SINCE SEP 1    128            74     54      106
  SINCE JAN 1    613           692    -79      785
......................................................


WIND (MPH)
  RESULTANT WIND SPEED   5   RESULTANT WIND DIRECTION   N (10)
  HIGHEST WIND SPEED    13   HIGHEST WIND DIRECTION    NW (330)
  HIGHEST GUST SPEED    22   HIGHEST GUST DIRECTION    NW (310)
  AVERAGE WIND SPEED     6.1


SKY COVER
  AVERAGE SKY COVER 0.9


WEATHER CONDITIONS
 THE FOLLOWING WEATHER WAS RECORDED YESTERDAY.
  HEAVY RAIN
  RAIN
  LIGHT RAIN
  FOG


RELATIVE HUMIDITY (PERCENT)
 HIGHEST   100           300 AM
 LOWEST     89           800 AM
 AVERAGE    95

..........................................................


THE HOLLAND/TULIP CITY MI CLIMATE NORMALS FOR TODAY
                         NORMAL
 MAXIMUM TEMPERATURE (F)   59
 MINIMUM TEMPERATURE (F)   41


SUNRISE AND SUNSET
OCTOBER 24 2017.......SUNRISE   809 AM EDT   SUNSET   648 PM EDT
OCTOBER 25 2017.......SUNRISE   810 AM EDT   SUNSET   646 PM EDT


-  INDICATES NEGATIVE NUMBERS.
R  INDICATES RECORD WAS SET OR TIED.
MM INDICATES DATA IS MISSING.
T  INDICATES TRACE AMOUNT.




$$
