000
CDUS43 KGRR 220523
CLIBIV


CLIMATE REPORT
NATIONAL WEATHER SERVICE GRAND RAPIDS, MI
122 AM EDT FRI AUG 22 2014


...................................

...THE HOLLAND/TULIP CITY MI CLIMATE SUMMARY FOR AUGUST 21 2014...

CLIMATE NORMAL PERIOD 1981 TO 2010
CLIMATE RECORD PERIOD 1996 TO 2014


WEATHER ITEM   OBSERVED TIME   NORMAL DEPARTURE LAST
                VALUE   (LST)  VALUE  FROM      YEAR
                                      NORMAL
......................................................
TEMPERATURE (F)
 YESTERDAY
  MAXIMUM         81   1254 PM  81      0       89
  MINIMUM         65    545 AM  61      4       67
  AVERAGE         73            71      2       78

PRECIPITATION (IN)
  YESTERDAY        0.01          0.13  -0.12     0.09
  MONTH TO DATE    4.18          2.34   1.84     1.44
  SINCE JUN 1     10.74          9.39   1.35     9.10
  SINCE JAN 1     20.27         21.98  -1.71    27.63

DEGREE DAYS
 HEATING
  YESTERDAY        0             0      0        0
  MONTH TO DATE   14             0     14       11
  SINCE JUN 1     59            54      5       53
  SINCE JUL 1     36             6     30       19

 COOLING
  YESTERDAY        8             6      2       13
  MONTH TO DATE  108           142    -34       86
  SINCE JUN 1    395           523   -128      521
  SINCE JAN 1    434           565   -131      611
......................................................


WIND (MPH)
  RESULTANT WIND SPEED   1   RESULTANT WIND DIRECTION   S (190)
  HIGHEST WIND SPEED    16   HIGHEST WIND DIRECTION     W (260)
  HIGHEST GUST SPEED    20   HIGHEST GUST DIRECTION     W (250)
  AVERAGE WIND SPEED     2.8


SKY COVER
  AVERAGE SKY COVER 0.5


WEATHER CONDITIONS
 THE FOLLOWING WEATHER WAS RECORDED YESTERDAY.
  LIGHT RAIN
  FOG
  HAZE


RELATIVE HUMIDITY (PERCENT)
 HIGHEST    93           100 AM
 LOWEST     74          1200 PM
 AVERAGE    84

..........................................................


THE HOLLAND/TULIP CITY MI CLIMATE NORMALS FOR TODAY
                         NORMAL
 MAXIMUM TEMPERATURE (F)   81
 MINIMUM TEMPERATURE (F)   61


SUNRISE AND SUNSET
AUGUST 22 2014........SUNRISE   658 AM EDT   SUNSET   836 PM EDT
AUGUST 23 2014........SUNRISE   700 AM EDT   SUNSET   834 PM EDT


-  INDICATES NEGATIVE NUMBERS.
R  INDICATES RECORD WAS SET OR TIED.
MM INDICATES DATA IS MISSING.
T  INDICATES TRACE AMOUNT.




$$
