000
CDUS43 KGRR 212226
CLIBIV


CLIMATE REPORT
NATIONAL WEATHER SERVICE GRAND RAPIDS, MI
525 PM EST SUN DEC 21 2014


...................................

...THE HOLLAND/TULIP CITY MI CLIMATE SUMMARY FOR DECEMBER 21 2014...
VALID TODAY AS OF 0500 PM LOCAL TIME.

CLIMATE NORMAL PERIOD 1981 TO 2010
CLIMATE RECORD PERIOD 1996 TO 2014


WEATHER ITEM   OBSERVED TIME   RECORD YEAR NORMAL DEPARTURE LAST
                VALUE   (LST)  VALUE       VALUE  FROM      YEAR
                                                  NORMAL
..................................................................
TEMPERATURE (F)
 TODAY
  MAXIMUM         37    356 PM  MM      MM  35      2       33
  MINIMUM         32    918 AM  MM      MM  25      7       31
  AVERAGE         35                        30      5       32

PRECIPITATION (IN)
  TODAY            0.00         MM      MM   0.07  -0.07     0.18
  MONTH TO DATE    0.38                      1.73  -1.35     1.04
  SINCE DEC 1      0.38                      1.73  -1.35     1.04
  SINCE JAN 1     32.55                     35.89  -3.34    39.55

DEGREE DAYS
 HEATING
  TODAY           30                        35     -5       33
  MONTH TO DATE  634                       681    -47      782
  SINCE DEC 1    634                       681    -47      782
  SINCE JUL 1   2025                      1904    121     2018

 COOLING
  TODAY            0                         0      0        0
  MONTH TO DATE    0                         0      0        0
  SINCE DEC 1      0                         0      0        0
  SINCE JAN 1    570                       693   -123      813
..................................................................


WIND (MPH)
  RESULTANT WIND SPEED   8   RESULTANT WIND DIRECTION   S (160)
  HIGHEST WIND SPEED    13   HIGHEST WIND DIRECTION     S (160)
  HIGHEST GUST SPEED    16   HIGHEST GUST DIRECTION     S (160)
  AVERAGE WIND SPEED     8.2



WEATHER CONDITIONS
 THE FOLLOWING WEATHER WAS RECORDED TODAY.
  HAZE


RELATIVE HUMIDITY (PERCENT)
 HIGHEST    78          1200 AM
 LOWEST     64           300 PM
 AVERAGE    71

..........................................................




SUNRISE AND SUNSET
DECEMBER 21 2014......SUNRISE   812 AM EST   SUNSET   514 PM EST
DECEMBER 22 2014......SUNRISE   813 AM EST   SUNSET   514 PM EST


-  INDICATES NEGATIVE NUMBERS.
R  INDICATES RECORD WAS SET OR TIED.
MM INDICATES DATA IS MISSING.
T  INDICATES TRACE AMOUNT.




$$

JAM
