000
CDUS43 KGRR 300521
CLIBIV


CLIMATE REPORT
NATIONAL WEATHER SERVICE GRAND RAPIDS, MI
121 AM EDT SUN APR 30 2017


...................................

...THE HOLLAND/TULIP CITY MI CLIMATE SUMMARY FOR APRIL 29 2017...

CLIMATE NORMAL PERIOD 1981 TO 2010
CLIMATE RECORD PERIOD 1996 TO 2017


WEATHER ITEM   OBSERVED TIME   NORMAL DEPARTURE LAST
                VALUE   (LST)  VALUE  FROM      YEAR
                                      NORMAL
......................................................
TEMPERATURE (F)
 YESTERDAY
  MAXIMUM         55    334 PM  63     -8       54
  MINIMUM         43   1159 PM  43      0       42
  AVERAGE         49            53     -4       48

PRECIPITATION (IN)
  YESTERDAY        0.73          0.15   0.58     0.02
  MONTH TO DATE    5.00          3.08   1.92     2.70
  SINCE MAR 1      8.11          5.35   2.76     6.57
  SINCE JAN 1     12.77          9.24   3.53    10.43

DEGREE DAYS
 HEATING
  YESTERDAY       16            12      4       17
  MONTH TO DATE  391           493   -102      528
  SINCE MAR 1   1274          1367    -93     1284
  SINCE JUL 1   5136          5867   -731     5274

 COOLING
  YESTERDAY        0             0      0        0
  MONTH TO DATE    8             0      8        1
  SINCE MAR 1      8             0      8        1
  SINCE JAN 1      8             0      8        1
......................................................


WIND (MPH)
  RESULTANT WIND SPEED  10   RESULTANT WIND DIRECTION  NE (60)
  HIGHEST WIND SPEED    24   HIGHEST WIND DIRECTION     E (80)
  HIGHEST GUST SPEED    36   HIGHEST GUST DIRECTION     E (80)
  AVERAGE WIND SPEED    10.6


SKY COVER
  AVERAGE SKY COVER 0.6


WEATHER CONDITIONS
 THE FOLLOWING WEATHER WAS RECORDED YESTERDAY.
  RAIN
  LIGHT RAIN
  FOG


RELATIVE HUMIDITY (PERCENT)
 HIGHEST    86           700 PM
 LOWEST     50          1200 PM
 AVERAGE    68

..........................................................


THE HOLLAND/TULIP CITY MI CLIMATE NORMALS FOR TODAY
                         NORMAL
 MAXIMUM TEMPERATURE (F)   64
 MINIMUM TEMPERATURE (F)   44


SUNRISE AND SUNSET
APRIL 30 2017.........SUNRISE   640 AM EDT   SUNSET   844 PM EDT
MAY  1 2017...........SUNRISE   639 AM EDT   SUNSET   846 PM EDT


-  INDICATES NEGATIVE NUMBERS.
R  INDICATES RECORD WAS SET OR TIED.
MM INDICATES DATA IS MISSING.
T  INDICATES TRACE AMOUNT.




$$
