000
CDUS43 KGRR 232136
CLIBIV


CLIMATE REPORT
NATIONAL WEATHER SERVICE GRAND RAPIDS, MI
535 PM EDT WED AUG 23 2017


...................................

...THE HOLLAND/TULIP CITY MI CLIMATE SUMMARY FOR AUGUST 23 2017...
VALID TODAY AS OF 0500 PM LOCAL TIME.

CLIMATE NORMAL PERIOD 1981 TO 2010
CLIMATE RECORD PERIOD 1996 TO 2017


WEATHER ITEM   OBSERVED TIME   NORMAL DEPARTURE LAST
                VALUE   (LST)  VALUE  FROM      YEAR
                                      NORMAL
......................................................
TEMPERATURE (F)
 TODAY
  MAXIMUM         71    343 PM  80     -9       79
  MINIMUM         65    609 AM  60      5       57
  AVERAGE         68            70     -2       68

PRECIPITATION (IN)
  TODAY            0.00          0.13  -0.13     0.00
  MONTH TO DATE    2.99          2.60   0.39     4.44
  SINCE JUN 1      9.57          9.65  -0.08     8.10
  SINCE JAN 1     24.74         22.24   2.50    21.23

DEGREE DAYS
 HEATING
  TODAY            0             0      0        0
  MONTH TO DATE    3             0      3        0
  SINCE JUN 1     24            54    -30       43
  SINCE JUL 1      4             6     -2        7

 COOLING
  TODAY            3             6     -3        3
  MONTH TO DATE  101           154    -53      183
  SINCE JUN 1    453           535    -82      559
  SINCE JAN 1    484           577    -93      618
......................................................


WIND (MPH)
  RESULTANT WIND SPEED   8   RESULTANT WIND DIRECTION  NW (310)
  HIGHEST WIND SPEED    16   HIGHEST WIND DIRECTION    NW (300)
  HIGHEST GUST SPEED    24   HIGHEST GUST DIRECTION     N (360)
  AVERAGE WIND SPEED     8.7


SKY COVER
  AVERAGE SKY COVER 0.3


WEATHER CONDITIONS
 THE FOLLOWING WEATHER WAS RECORDED TODAY.
  NO SIGNIFICANT WEATHER WAS OBSERVED.


RELATIVE HUMIDITY (PERCENT)
 HIGHEST    68           200 AM
 LOWEST     53          1200 AM
 AVERAGE    61

..........................................................


THE HOLLAND/TULIP CITY MI CLIMATE NORMALS FOR TOMORROW
                         NORMAL
 MAXIMUM TEMPERATURE (F)   80
 MINIMUM TEMPERATURE (F)   60


SUNRISE AND SUNSET
AUGUST 23 2017........SUNRISE   700 AM EDT   SUNSET   834 PM EDT
AUGUST 24 2017........SUNRISE   701 AM EDT   SUNSET   832 PM EDT


-  INDICATES NEGATIVE NUMBERS.
R  INDICATES RECORD WAS SET OR TIED.
MM INDICATES DATA IS MISSING.
T  INDICATES TRACE AMOUNT.




$$

JAM
