000
CDUS46 KBOI 140931
CLIBKE


CLIMATE REPORT
NATIONAL WEATHER SERVICE BOISE ID
330 AM MDT MON JUL 14 2014


...................................

...THE BAKER OR CLIMATE SUMMARY FOR JULY 13 2014...

CLIMATE NORMAL PERIOD 1981 TO 2010
CLIMATE RECORD PERIOD 1948 TO 2014


WEATHER ITEM   OBSERVED TIME   RECORD YEAR NORMAL DEPARTURE LAST
                VALUE   (LST)  VALUE       VALUE  FROM      YEAR
                                                  NORMAL
..................................................................
TEMPERATURE (F)
 YESTERDAY
  MAXIMUM         95    247 PM  99    2002  84     11       79
  MINIMUM         49    408 AM  36    2008  46      3       41
  AVERAGE         72                        65      7       60

PRECIPITATION (IN)
  YESTERDAY        T             0.17 2012   0.02  -0.02     0.00
  MONTH TO DATE    T                         0.32  -0.32      T
  SINCE OCT 1      6.04                      8.54  -2.50     7.81
  SINCE JAN 1      4.87                      6.03  -1.16     5.63

DEGREE DAYS
 HEATING
  YESTERDAY        0                         2     -2        5
  MONTH TO DATE    0                        42    -42       15
  SINCE JUN 1    233                       268    -35      211
  SINCE JUL 1      0                        42    -42       15

 COOLING
  YESTERDAY        7                         2      5        0
  MONTH TO DATE   66                        22     44       42
  SINCE JUN 1     66                        38     28       69
  SINCE JAN 1     66                        40     26       73
..................................................................


WIND (MPH)
  RESULTANT WIND SPEED   3   RESULTANT WIND DIRECTION   W (260)
  HIGHEST WIND SPEED    29   HIGHEST WIND DIRECTION    SW (240)
  HIGHEST GUST SPEED    36   HIGHEST GUST DIRECTION    SW (240)
  AVERAGE WIND SPEED     6.1


SKY COVER
  AVERAGE SKY COVER 0.0


WEATHER CONDITIONS
 THE FOLLOWING WEATHER WAS RECORDED YESTERDAY.
  LIGHT RAIN


RELATIVE HUMIDITY (PERCENT)
 HIGHEST    77           400 AM
 LOWEST     17           200 PM
 AVERAGE    47

..........................................................


THE BAKER OR CLIMATE NORMALS FOR TODAY
                         NORMAL    RECORD    YEAR
 MAXIMUM TEMPERATURE (F)   84        98      1987
 MINIMUM TEMPERATURE (F)   46        34      1993


SUNRISE AND SUNSET
JULY 14 2014..........SUNRISE   519 AM PDT   SUNSET   835 PM PDT
JULY 15 2014..........SUNRISE   519 AM PDT   SUNSET   834 PM PDT


-  INDICATES NEGATIVE NUMBERS.
R  INDICATES RECORD WAS SET OR TIED.
MM INDICATES DATA IS MISSING.
T  INDICATES TRACE AMOUNT.




$$
