000
CDUS46 KBOI 040931
CLIBKE


CLIMATE REPORT
NATIONAL WEATHER SERVICE BOISE ID
231 AM MST WED MAR 4 2015


...................................

...THE BAKER OR CLIMATE SUMMARY FOR MARCH 3 2015...

CLIMATE NORMAL PERIOD 1981 TO 2010
CLIMATE RECORD PERIOD 1948 TO 2015


WEATHER ITEM   OBSERVED TIME   RECORD YEAR NORMAL DEPARTURE LAST
                VALUE   (LST)  VALUE       VALUE  FROM      YEAR
                                                  NORMAL
..................................................................
TEMPERATURE (F)
 YESTERDAY
  MAXIMUM         40    227 PM  67    1986  46     -6       55
  MINIMUM         21   1153 PM   3    1989  22     -1       33
  AVERAGE         31                        34     -3       44

PRECIPITATION (IN)
  YESTERDAY        0.00          0.18 1960   0.03  -0.03     0.03
  MONTH TO DATE    T                         0.08  -0.08     0.24
  SINCE OCT 1      3.30                      3.97  -0.67     3.10
  SINCE JAN 1      1.10                      1.46  -0.36     1.93

DEGREE DAYS
 HEATING
  YESTERDAY       34                        31      3       21
  MONTH TO DATE  101                        94      7       78
  SINCE MAR 1    101                        94      7       78
  SINCE JUL 1   4777                      5614   -837     5604

 COOLING
  YESTERDAY        0                         0      0        0
  MONTH TO DATE    0                         0      0        0
  SINCE MAR 1      0                         0      0        0
  SINCE JAN 1      0                         0      0        0
..................................................................


WIND (MPH)
  RESULTANT WIND SPEED  15   RESULTANT WIND DIRECTION  NW (320)
  HIGHEST WIND SPEED    28   HIGHEST WIND DIRECTION    NW (330)
  HIGHEST GUST SPEED    32   HIGHEST GUST DIRECTION    NW (330)
  AVERAGE WIND SPEED    15.0


SKY COVER
  AVERAGE SKY COVER 0.1


WEATHER CONDITIONS
 THE FOLLOWING WEATHER WAS RECORDED YESTERDAY.
  NO SIGNIFICANT WEATHER WAS OBSERVED.


RELATIVE HUMIDITY (PERCENT)
 HIGHEST    81          1200 AM
 LOWEST     29           400 PM
 AVERAGE    55

..........................................................


THE BAKER OR CLIMATE NORMALS FOR TODAY
                         NORMAL    RECORD    YEAR
 MAXIMUM TEMPERATURE (F)   46        66      1986
 MINIMUM TEMPERATURE (F)   23         1      1989


SUNRISE AND SUNSET
MARCH  4 2015.........SUNRISE   624 AM PST   SUNSET   543 PM PST
MARCH  5 2015.........SUNRISE   622 AM PST   SUNSET   544 PM PST


-  INDICATES NEGATIVE NUMBERS.
R  INDICATES RECORD WAS SET OR TIED.
MM INDICATES DATA IS MISSING.
T  INDICATES TRACE AMOUNT.




$$
