000
CDUS46 KBOI 230933
CLIBKE


CLIMATE REPORT
NATIONAL WEATHER SERVICE BOISE ID
333 AM MDT THU OCT 23 2014


...................................

...THE BAKER OR CLIMATE SUMMARY FOR OCTOBER 22 2014...

CLIMATE NORMAL PERIOD 1981 TO 2010
CLIMATE RECORD PERIOD 1948 TO 2014


WEATHER ITEM   OBSERVED TIME   RECORD YEAR NORMAL DEPARTURE LAST
                VALUE   (LST)  VALUE       VALUE  FROM      YEAR
                                                  NORMAL
..................................................................
TEMPERATURE (F)
 YESTERDAY
  MAXIMUM         58    135 PM  80    2003  58      0       69
  MINIMUM         32    140 AM  13    2006  27      5       24
  AVERAGE         45                        42      3       47

PRECIPITATION (IN)
  YESTERDAY        T             0.22 1983   0.02  -0.02     0.00
  MONTH TO DATE    0.02                      0.41  -0.39     0.03
  SINCE OCT 1      0.02                      0.41  -0.39     0.03
  SINCE JAN 1      6.02                      8.03  -2.01     7.80

DEGREE DAYS
 HEATING
  YESTERDAY       20                        23     -3       18
  MONTH TO DATE  321                       416    -95      495
  SINCE SEP 1    531                       707   -176      734
  SINCE JUL 1    608                       858   -250      766

 COOLING
  YESTERDAY        0                         0      0        0
  MONTH TO DATE    0                         0      0        0
  SINCE SEP 1     15                         9      6       28
  SINCE JAN 1    250                       169     81      258
..................................................................


WIND (MPH)
  RESULTANT WIND SPEED  11   RESULTANT WIND DIRECTION   E (100)
  HIGHEST WIND SPEED    25   HIGHEST WIND DIRECTION     E (100)
  HIGHEST GUST SPEED    30   HIGHEST GUST DIRECTION     E (100)
  AVERAGE WIND SPEED    13.3


SKY COVER
  AVERAGE SKY COVER 0.7


WEATHER CONDITIONS
 THE FOLLOWING WEATHER WAS RECORDED YESTERDAY.
  LIGHT RAIN


RELATIVE HUMIDITY (PERCENT)
 HIGHEST    85           100 AM
 LOWEST     40           300 PM
 AVERAGE    63

..........................................................


THE BAKER OR CLIMATE NORMALS FOR TODAY
                         NORMAL    RECORD    YEAR
 MAXIMUM TEMPERATURE (F)   57        73      1965
 MINIMUM TEMPERATURE (F)   27        17      1995


SUNRISE AND SUNSET
OCTOBER 23 2014.......SUNRISE   717 AM PDT   SUNSET   553 PM PDT
OCTOBER 24 2014.......SUNRISE   719 AM PDT   SUNSET   551 PM PDT


-  INDICATES NEGATIVE NUMBERS.
R  INDICATES RECORD WAS SET OR TIED.
MM INDICATES DATA IS MISSING.
T  INDICATES TRACE AMOUNT.




$$
