000
CDUS46 KBOI 250932
CLIBKE


CLIMATE REPORT
NATIONAL WEATHER SERVICE BOISE ID
331 AM MDT TUE APR 25 2017


...................................

...THE BAKER OR CLIMATE SUMMARY FOR APRIL 24 2017...

CLIMATE NORMAL PERIOD 1981 TO 2010
CLIMATE RECORD PERIOD 1948 TO 2017


WEATHER ITEM   OBSERVED TIME   RECORD YEAR NORMAL DEPARTURE LAST
                VALUE   (LST)  VALUE       VALUE  FROM      YEAR
                                                  NORMAL
..................................................................
TEMPERATURE (F)
 YESTERDAY
  MAXIMUM         52    214 PM  89    1977  60     -8       54
  MINIMUM         37   1042 PM  14    2002  30      7       33
  AVERAGE         45                        45      0       44

PRECIPITATION (IN)
  YESTERDAY        0.14          0.33 1994   0.03   0.11     0.04
  MONTH TO DATE    0.62                      0.64  -0.02     0.35
  SINCE OCT 1      5.96                      5.35   0.61     3.81
  SINCE JAN 1      3.22                      2.84   0.38     1.27

DEGREE DAYS
 HEATING
  YESTERDAY       20                        20      0       21
  MONTH TO DATE  550                       532     18      375
  SINCE MAR 1   1282                      1380    -98     1162
  SINCE JUL 1   7110                      6900    210     6206

 COOLING
  YESTERDAY        0                         0      0        0
  MONTH TO DATE    0                         0      0        0
  SINCE MAR 1      0                         0      0        0
  SINCE JAN 1      0                         0      0        0
..................................................................


WIND (MPH)
  RESULTANT WIND SPEED   4   RESULTANT WIND DIRECTION   W (280)
  HIGHEST WIND SPEED    18   HIGHEST WIND DIRECTION    NW (330)
  HIGHEST GUST SPEED    23   HIGHEST GUST DIRECTION    NW (320)
  AVERAGE WIND SPEED     6.7


SKY COVER
  AVERAGE SKY COVER 0.9


WEATHER CONDITIONS
 THE FOLLOWING WEATHER WAS RECORDED YESTERDAY.
  RAIN
  LIGHT RAIN
  FOG


RELATIVE HUMIDITY (PERCENT)
 HIGHEST    92           100 AM
 LOWEST     56           300 PM
 AVERAGE    74

..........................................................


THE BAKER OR CLIMATE NORMALS FOR TODAY
                         NORMAL    RECORD    YEAR
 MAXIMUM TEMPERATURE (F)   60        86      1977
 MINIMUM TEMPERATURE (F)   31        18      2009


SUNRISE AND SUNSET
APRIL 25 2017.........SUNRISE   550 AM PDT   SUNSET   749 PM PDT
APRIL 26 2017.........SUNRISE   548 AM PDT   SUNSET   751 PM PDT


-  INDICATES NEGATIVE NUMBERS.
R  INDICATES RECORD WAS SET OR TIED.
MM INDICATES DATA IS MISSING.
T  INDICATES TRACE AMOUNT.




$$
