000
CDUS46 KBOI 310931
CLIBKE


CLIMATE REPORT
NATIONAL WEATHER SERVICE BOISE ID
231 AM MST SAT JAN 31 2015


...................................

...THE BAKER OR CLIMATE SUMMARY FOR JANUARY 30 2015...

CLIMATE NORMAL PERIOD 1981 TO 2010
CLIMATE RECORD PERIOD 1948 TO 2015


WEATHER ITEM   OBSERVED TIME   RECORD YEAR NORMAL DEPARTURE LAST
                VALUE   (LST)  VALUE       VALUE  FROM      YEAR
                                                  NORMAL
..................................................................
TEMPERATURE (F)
 YESTERDAY
  MAXIMUM         43    331 PM  54    1965  35      8       38
  MINIMUM         18    432 AM -22    1979  17      1       13
  AVERAGE         31                        26      5       26

PRECIPITATION (IN)
  YESTERDAY        0.00          0.26 1963   0.03  -0.03     0.00
  MONTH TO DATE    0.39                      0.78  -0.39     0.48
  SINCE OCT 1      2.59                      3.29  -0.70     1.65
  SINCE JAN 1      0.39                      0.78  -0.39     0.48

DEGREE DAYS
 HEATING
  YESTERDAY       34                        39     -5       39
  MONTH TO DATE 1088                      1201   -113     1178
  SINCE DEC 1   2110                      2449   -339     2579
  SINCE JUL 1   3913                      4486   -573     4504

 COOLING
  YESTERDAY        0                         0      0        0
  MONTH TO DATE    0                         0      0        0
  SINCE DEC 1      0                         0      0        0
  SINCE JAN 1      0                         0      0        0
..................................................................


WIND (MPH)
  RESULTANT WIND SPEED   2   RESULTANT WIND DIRECTION   W (290)
  HIGHEST WIND SPEED     8   HIGHEST WIND DIRECTION    NW (300)
  HIGHEST GUST SPEED    10   HIGHEST GUST DIRECTION    NW (310)
  AVERAGE WIND SPEED     2.3


SKY COVER
  AVERAGE SKY COVER 0.3


WEATHER CONDITIONS
 THE FOLLOWING WEATHER WAS RECORDED YESTERDAY.
  FOG
  FOG W/VISIBILITY <= 1/4 MILE
  HAZE


RELATIVE HUMIDITY (PERCENT)
 HIGHEST   100           200 AM
 LOWEST     62           400 PM
 AVERAGE    81

..........................................................


THE BAKER OR CLIMATE NORMALS FOR TODAY
                         NORMAL    RECORD    YEAR
 MAXIMUM TEMPERATURE (F)   36        61      2003
 MINIMUM TEMPERATURE (F)   17       -30      1950


SUNRISE AND SUNSET
JANUARY 31 2015.......SUNRISE   712 AM PST   SUNSET   458 PM PST
FEBRUARY  1 2015......SUNRISE   711 AM PST   SUNSET   459 PM PST


-  INDICATES NEGATIVE NUMBERS.
R  INDICATES RECORD WAS SET OR TIED.
MM INDICATES DATA IS MISSING.
T  INDICATES TRACE AMOUNT.




$$
