000
CDUS46 KBOI 220930
CLIBKE


CLIMATE REPORT
NATIONAL WEATHER SERVICE BOISE ID
230 AM MST THU FEB 22 2018


...................................

...THE BAKER OR CLIMATE SUMMARY FOR FEBRUARY 21 2018...

CLIMATE NORMAL PERIOD 1981 TO 2010
CLIMATE RECORD PERIOD 1928 TO 2018


WEATHER ITEM   OBSERVED TIME   RECORD YEAR NORMAL DEPARTURE LAST
                VALUE   (LST)  VALUE       VALUE  FROM      YEAR
                                                  NORMAL
..................................................................
TEMPERATURE (F)
 YESTERDAY
  MAXIMUM         31    245 PM  62    1995  42    -11       49
  MINIMUM         15    713 AM -12    1957  20     -5       32
  AVERAGE         23                        31     -8       41

PRECIPITATION (IN)
  YESTERDAY        T             0.27 1977   0.02  -0.02     0.03
  MONTH TO DATE    0.13                      0.43  -0.30     0.88
  SINCE OCT 1      2.35                      3.74  -1.39     4.30
  SINCE JAN 1      1.09                      1.23  -0.14     1.56

DEGREE DAYS
 HEATING
  YESTERDAY       42                        34      8       24
  MONTH TO DATE  651                       766   -115      644
  SINCE DEC 1   2822                      3252   -430     3798
  SINCE JUL 1   4452                      5289   -837     5572

 COOLING
  YESTERDAY        0                         0      0        0
  MONTH TO DATE    0                         0      0        0
  SINCE DEC 1      0                         0      0        0
  SINCE JAN 1      0                         0      0        0
..................................................................


WIND (MPH)
  RESULTANT WIND SPEED   6   RESULTANT WIND DIRECTION   E (80)
  HIGHEST WIND SPEED    16   HIGHEST WIND DIRECTION    NE (60)
  HIGHEST GUST SPEED    21   HIGHEST GUST DIRECTION    NE (60)
  AVERAGE WIND SPEED     6.4


SKY COVER
  AVERAGE SKY COVER 0.8


WEATHER CONDITIONS
 THE FOLLOWING WEATHER WAS RECORDED YESTERDAY.
  LIGHT SNOW


RELATIVE HUMIDITY (PERCENT)
 HIGHEST    80           700 AM
 LOWEST     50           100 PM
 AVERAGE    65

..........................................................


THE BAKER OR CLIMATE NORMALS FOR TODAY
                         NORMAL    RECORD    YEAR
 MAXIMUM TEMPERATURE (F)   42        63      1995
 MINIMUM TEMPERATURE (F)   20       -10      1952


SUNRISE AND SUNSET
FEBRUARY 22 2018......SUNRISE   641 AM PST   SUNSET   529 PM PST
FEBRUARY 23 2018......SUNRISE   639 AM PST   SUNSET   531 PM PST


-  INDICATES NEGATIVE NUMBERS.
R  INDICATES RECORD WAS SET OR TIED.
MM INDICATES DATA IS MISSING.
T  INDICATES TRACE AMOUNT.




$$
