000
CDUS46 KBOI 280931
CLIBKE


CLIMATE REPORT
NATIONAL WEATHER SERVICE BOISE ID
331 AM MDT THU MAY 28 2015


...................................

...THE BAKER OR CLIMATE SUMMARY FOR MAY 27 2015...

CLIMATE NORMAL PERIOD 1981 TO 2010
CLIMATE RECORD PERIOD 1948 TO 2015


WEATHER ITEM   OBSERVED TIME   RECORD YEAR NORMAL DEPARTURE LAST
                VALUE   (LST)  VALUE       VALUE  FROM      YEAR
                                                  NORMAL
..................................................................
TEMPERATURE (F)
 YESTERDAY
  MAXIMUM         66   1007 AM  89    1983  69     -3       69
  MINIMUM         41    253 AM  30    1973  39      2       38
  AVERAGE         54                        54      0       54

PRECIPITATION (IN)
  YESTERDAY        T             0.60 2010   0.06  -0.06      T
  MONTH TO DATE    1.87                      1.27   0.60     0.56
  SINCE OCT 1      6.31                      6.83  -0.52     5.00
  SINCE JAN 1      4.11                      4.32  -0.21     3.83

DEGREE DAYS
 HEATING
  YESTERDAY       11                        11      0       11
  MONTH TO DATE  323                       391    -68      332
  SINCE MAR 1   1689                      1884   -195     1731
  SINCE JUL 1   6365                      7404  -1039     7257

 COOLING
  YESTERDAY        0                         0      0        0
  MONTH TO DATE    0                         0      0        0
  SINCE MAR 1      0                         0      0        0
  SINCE JAN 1      0                         0      0        0
..................................................................


WIND (MPH)
  RESULTANT WIND SPEED   4   RESULTANT WIND DIRECTION   W (270)
  HIGHEST WIND SPEED    20   HIGHEST WIND DIRECTION    SW (240)
  HIGHEST GUST SPEED    25   HIGHEST GUST DIRECTION    SW (240)
  AVERAGE WIND SPEED     5.8


SKY COVER
  AVERAGE SKY COVER 0.3


WEATHER CONDITIONS
 THE FOLLOWING WEATHER WAS RECORDED YESTERDAY.
  THUNDERSTORM
  LIGHT RAIN


RELATIVE HUMIDITY (PERCENT)
 HIGHEST    96           400 AM
 LOWEST     44          1000 AM
 AVERAGE    70

..........................................................


THE BAKER OR CLIMATE NORMALS FOR TODAY
                         NORMAL    RECORD    YEAR
 MAXIMUM TEMPERATURE (F)   69        92      1983
 MINIMUM TEMPERATURE (F)   39        27      1954


SUNRISE AND SUNSET
MAY 28 2015...........SUNRISE   511 AM PDT   SUNSET   827 PM PDT
MAY 29 2015...........SUNRISE   510 AM PDT   SUNSET   827 PM PDT


-  INDICATES NEGATIVE NUMBERS.
R  INDICATES RECORD WAS SET OR TIED.
MM INDICATES DATA IS MISSING.
T  INDICATES TRACE AMOUNT.




$$
