000
CDUS46 KBOI 300931
CLIBKE


CLIMATE REPORT
NATIONAL WEATHER SERVICE BOISE ID
331 AM MDT MON MAR 30 2015


...................................

...THE BAKER OR CLIMATE SUMMARY FOR MARCH 29 2015...

CLIMATE NORMAL PERIOD 1981 TO 2010
CLIMATE RECORD PERIOD 1948 TO 2015


WEATHER ITEM   OBSERVED TIME   RECORD YEAR NORMAL DEPARTURE LAST
                VALUE   (LST)  VALUE       VALUE  FROM      YEAR
                                                  NORMAL
..................................................................
TEMPERATURE (F)
 YESTERDAY
  MAXIMUM         66    236 PM  78    1978  54     12       55
  MINIMUM         25    526 AM  10    2008  27     -2       37
  AVERAGE         46                        40      6       46

PRECIPITATION (IN)
  YESTERDAY        0.00          0.36 1974   0.03  -0.03     0.04
  MONTH TO DATE    0.50                      0.77  -0.27     1.04
  SINCE OCT 1      3.80                      4.66  -0.86     3.90
  SINCE JAN 1      1.60                      2.15  -0.55     2.73

DEGREE DAYS
 HEATING
  YESTERDAY       19                        24     -5       19
  MONTH TO DATE  666                       801   -135      704
  SINCE MAR 1    666                       801   -135      704
  SINCE JUL 1   5342                      6321   -979     6230

 COOLING
  YESTERDAY        0                         0      0        0
  MONTH TO DATE    0                         0      0        0
  SINCE MAR 1      0                         0      0        0
  SINCE JAN 1      0                         0      0        0
..................................................................


WIND (MPH)
  RESULTANT WIND SPEED   3   RESULTANT WIND DIRECTION   E (100)
  HIGHEST WIND SPEED    17   HIGHEST WIND DIRECTION     E (100)
  HIGHEST GUST SPEED    23   HIGHEST GUST DIRECTION     E (100)
  AVERAGE WIND SPEED     4.2


SKY COVER
  AVERAGE SKY COVER 0.0


WEATHER CONDITIONS
 THE FOLLOWING WEATHER WAS RECORDED YESTERDAY.
  NO SIGNIFICANT WEATHER WAS OBSERVED.


RELATIVE HUMIDITY (PERCENT)
 HIGHEST    92          1200 AM
 LOWEST     30           100 PM
 AVERAGE    61

..........................................................


THE BAKER OR CLIMATE NORMALS FOR TODAY
                         NORMAL    RECORD    YEAR
 MAXIMUM TEMPERATURE (F)   54        74      1966
 MINIMUM TEMPERATURE (F)   27        16      1954


SUNRISE AND SUNSET
MARCH 30 2015.........SUNRISE   636 AM PDT   SUNSET   716 PM PDT
MARCH 31 2015.........SUNRISE   634 AM PDT   SUNSET   717 PM PDT


-  INDICATES NEGATIVE NUMBERS.
R  INDICATES RECORD WAS SET OR TIED.
MM INDICATES DATA IS MISSING.
T  INDICATES TRACE AMOUNT.




$$
