000
CDUS41 KRLX 282131
CLIBKW


CLIMATE REPORT
NATIONAL WEATHER SERVICE CHARLESTON WV
530 PM EDT FRI APR 28 2017


...................................

...THE BECKLEY WV CLIMATE SUMMARY FOR APRIL 28 2017...
VALID TODAY AS OF 0500 PM LOCAL TIME.

CLIMATE NORMAL PERIOD 1981 TO 2010
CLIMATE RECORD PERIOD 1963 TO 2017


WEATHER ITEM   OBSERVED TIME   RECORD YEAR NORMAL DEPARTURE LAST
                VALUE   (LST)  VALUE       VALUE  FROM      YEAR
                                                  NORMAL
..................................................................
TEMPERATURE (F)
 TODAY
  MAXIMUM         80    356 PM  85    1986  67     13       77
                                      1957
  MINIMUM         52    549 AM  21    1934  45      7       56
  AVERAGE         66                        56     10       67

PRECIPITATION (IN)
  TODAY            0.00          1.51 1915   0.12  -0.12     0.28
  MONTH TO DATE    3.21                      3.12   0.09     2.26
  SINCE MAR 1      7.38                      6.69   0.69     4.56
  SINCE JAN 1     13.75                     12.26   1.49    10.42

DEGREE DAYS
 HEATING
  TODAY            0                        10    -10        0
  MONTH TO DATE  222                       376   -154      342
  SINCE MAR 1    916                      1088   -172      798
  SINCE JUL 1   4050                      5089  -1039     4173

 COOLING
  TODAY            1                         0      1        2
  MONTH TO DATE   11                         0     11        6
  SINCE MAR 1     11                         1     10        8
  SINCE JAN 1     11                         1     10        8
..................................................................


WIND (MPH)
  HIGHEST WIND SPEED    15   HIGHEST WIND DIRECTION    SE (120)
  HIGHEST GUST SPEED    21   HIGHEST GUST DIRECTION    SE (130)
  AVERAGE WIND SPEED     5.1


SKY COVER
  POSSIBLE SUNSHINE  MM
  AVERAGE SKY COVER 0.3


WEATHER CONDITIONS
 THE FOLLOWING WEATHER WAS RECORDED TODAY.
  NO SIGNIFICANT WEATHER WAS OBSERVED.


RELATIVE HUMIDITY (PERCENT)
 HIGHEST    93          1200 AM
 LOWEST     38          1200 PM
 AVERAGE    66

..........................................................


THE BECKLEY WV CLIMATE NORMALS FOR TOMORROW
                         NORMAL    RECORD    YEAR
 MAXIMUM TEMPERATURE (F)   67        85      1996
 MINIMUM TEMPERATURE (F)   45        28      1976


SUNRISE AND SUNSET
APRIL 28 2017.........SUNRISE   632 AM EDT   SUNSET   812 PM EDT
APRIL 29 2017.........SUNRISE   631 AM EDT   SUNSET   813 PM EDT


-  INDICATES NEGATIVE NUMBERS.
R  INDICATES RECORD WAS SET OR TIED.
MM INDICATES DATA IS MISSING.
T  INDICATES TRACE AMOUNT.




$$
