000
CDUS41 KRLX 292116
CLIBKW


CLIMATE REPORT
NATIONAL WEATHER SERVICE CHARLESTON WV
516 PM EDT FRI JUL 29 2016


...................................

...THE BECKLEY WV CLIMATE SUMMARY FOR JULY 29 2016...
VALID TODAY AS OF 0500 PM LOCAL TIME.

CLIMATE NORMAL PERIOD 1981 TO 2010
CLIMATE RECORD PERIOD 1963 TO 2016


WEATHER ITEM   OBSERVED TIME   RECORD YEAR NORMAL DEPARTURE LAST
                VALUE   (LST)  VALUE       VALUE  FROM      YEAR
                                                  NORMAL
..................................................................
TEMPERATURE (F)
 TODAY
  MAXIMUM         81    159 PM  96    1896  80      1       84
  MINIMUM         66    634 AM  46    1914  61      5       66
  AVERAGE         74                        70      4       75

PRECIPITATION (IN)
  TODAY            0.17          1.69 1972   0.17   0.00     0.60
  MONTH TO DATE    5.60                      4.69   0.91     9.06
  SINCE JUN 1     13.67                      8.69   4.98    14.43
  SINCE JAN 1     30.78                     25.85   4.93    34.37

DEGREE DAYS
 HEATING
  TODAY            0                         0      0        0
  MONTH TO DATE    0                         0      0        0
  SINCE JUN 1     16                        39    -23       10
  SINCE JUL 1      0                         0      0        0

 COOLING
  TODAY            9                         6      3       10
  MONTH TO DATE  235                       174     61      198
  SINCE JUN 1    374                       285     89      386
  SINCE JAN 1    415                       326     89      492
..................................................................


WIND (MPH)
  HIGHEST WIND SPEED    10   HIGHEST WIND DIRECTION    NW (310)
  HIGHEST GUST SPEED    15   HIGHEST GUST DIRECTION    NW (300)
  AVERAGE WIND SPEED     5.6


SKY COVER
  POSSIBLE SUNSHINE  MM
  AVERAGE SKY COVER 0.8


WEATHER CONDITIONS
 THE FOLLOWING WEATHER WAS RECORDED TODAY.
  THUNDERSTORM
  HEAVY RAIN
  RAIN
  LIGHT RAIN
  FOG


RELATIVE HUMIDITY (PERCENT)
 HIGHEST    93          1200 AM
 LOWEST     58           200 PM
 AVERAGE    76

..........................................................


THE BECKLEY WV CLIMATE NORMALS FOR TOMORROW
                         NORMAL    RECORD    YEAR
 MAXIMUM TEMPERATURE (F)   80        92      1931
                                             1917
 MINIMUM TEMPERATURE (F)   61        47      1932


SUNRISE AND SUNSET
JULY 29 2016..........SUNRISE   626 AM EDT   SUNSET   835 PM EDT
JULY 30 2016..........SUNRISE   627 AM EDT   SUNSET   835 PM EDT


-  INDICATES NEGATIVE NUMBERS.
R  INDICATES RECORD WAS SET OR TIED.
MM INDICATES DATA IS MISSING.
T  INDICATES TRACE AMOUNT.




$$
