000
CDUS41 KRLX 162121
CLIBKW


CLIMATE REPORT
NATIONAL WEATHER SERVICE CHARLESTON WV
520 PM EDT WED AUG 16 2017


...................................

...THE BECKLEY WV CLIMATE SUMMARY FOR AUGUST 16 2017...
VALID TODAY AS OF 0500 PM LOCAL TIME.

CLIMATE NORMAL PERIOD 1981 TO 2010
CLIMATE RECORD PERIOD 1963 TO 2017


WEATHER ITEM   OBSERVED TIME   RECORD YEAR NORMAL DEPARTURE LAST
                VALUE   (LST)  VALUE       VALUE  FROM      YEAR
                                                  NORMAL
..................................................................
TEMPERATURE (F)
 TODAY
  MAXIMUM         83    359 PM  94    2007  80      3       84
  MINIMUM         62    416 AM  45    1979  61      1       67
                                      1963
                                      1912
  AVERAGE         73                        70      3       76

PRECIPITATION (IN)
  TODAY            0.00          2.05 2005   0.11  -0.11     0.00
  MONTH TO DATE    1.74                      2.04  -0.30     2.72
  SINCE JUN 1     12.61                     11.07   1.54    16.48
  SINCE JAN 1     33.07                     28.23   4.84    33.59

DEGREE DAYS
 HEATING
  TODAY            0                         0      0        0
  MONTH TO DATE    4                         0      4        0
  SINCE JUN 1     46                        47     -1       16
  SINCE JUL 1      8                         8      0        0

 COOLING
  TODAY            8                         5      3       11
  MONTH TO DATE   70                        93    -23      149
  SINCE JUN 1    387                       385      2      539
  SINCE JAN 1    452                       426     26      580
..................................................................


WIND (MPH)
  HIGHEST WIND SPEED     9   HIGHEST WIND DIRECTION     N (350)
  HIGHEST GUST SPEED    12   HIGHEST GUST DIRECTION     N (350)
  AVERAGE WIND SPEED     2.0


SKY COVER
  POSSIBLE SUNSHINE  MM
  AVERAGE SKY COVER 0.3


WEATHER CONDITIONS
 THE FOLLOWING WEATHER WAS RECORDED TODAY.
  FOG
  FOG W/VISIBILITY <= 1/4 MILE


RELATIVE HUMIDITY (PERCENT)
 HIGHEST   100           200 AM
 LOWEST     47           400 PM
 AVERAGE    74

..........................................................


THE BECKLEY WV CLIMATE NORMALS FOR TOMORROW
                         NORMAL    RECORD    YEAR
 MAXIMUM TEMPERATURE (F)   80        96      1988
 MINIMUM TEMPERATURE (F)   61        41      1914


SUNRISE AND SUNSET
AUGUST 16 2017........SUNRISE   641 AM EDT   SUNSET   816 PM EDT
AUGUST 17 2017........SUNRISE   642 AM EDT   SUNSET   814 PM EDT


-  INDICATES NEGATIVE NUMBERS.
R  INDICATES RECORD WAS SET OR TIED.
MM INDICATES DATA IS MISSING.
T  INDICATES TRACE AMOUNT.




$$
