000
CDUS41 KRLX 060718
CLIBKW


CLIMATE REPORT
NATIONAL WEATHER SERVICE CHARLESTON WV
317 AM EDT MON JUL 6 2015


...................................

...THE BECKLEY WV CLIMATE SUMMARY FOR JULY 5 2015...

CLIMATE NORMAL PERIOD 1981 TO 2010
CLIMATE RECORD PERIOD 1963 TO 2015


WEATHER ITEM   OBSERVED TIME   RECORD YEAR NORMAL DEPARTURE LAST
                VALUE   (LST)  VALUE       VALUE  FROM      YEAR
                                                  NORMAL
..................................................................
TEMPERATURE (F)
 YESTERDAY
  MAXIMUM         80    234 PM  94    1934  80      0       78
  MINIMUM         60    351 AM  40    1940  61     -1       48
  AVERAGE         70                        71     -1       63

PRECIPITATION (IN)
  YESTERDAY        1.23          2.30 2009   0.15   1.08     0.00
  MONTH TO DATE    3.82                      0.75   3.07     0.08
  SINCE JAN 1     29.13                     21.91   7.22    18.06

SNOWFALL (IN)
  YESTERDAY        0.0
  MONTH TO DATE    0.0
  SINCE SEP 1     66.2
  SNOW DEPTH       0

DEGREE DAYS
 HEATING
  YESTERDAY        0                         0      0        2
  MONTH TO DATE    0                         0      0        3
  SINCE JUN 1     10                        39    -29       15
  SINCE JUL 1      0                         0      0        3

 COOLING
  YESTERDAY        5                         6     -1        0
  MONTH TO DATE   13                        30    -17       27
  SINCE JUN 1    201                       141     60      198
  SINCE JAN 1    307                       182    125      273
..................................................................


WIND (MPH)
  HIGHEST WIND SPEED    24   HIGHEST WIND DIRECTION    SW (230)
  HIGHEST GUST SPEED    35   HIGHEST GUST DIRECTION    SW (240)
  AVERAGE WIND SPEED     7.5


SKY COVER
  POSSIBLE SUNSHINE  MM
  AVERAGE SKY COVER 0.4


WEATHER CONDITIONS
 THE FOLLOWING WEATHER WAS RECORDED YESTERDAY.
  THUNDERSTORM
  HEAVY RAIN
  RAIN
  LIGHT RAIN
  FOG
  HAZE


RELATIVE HUMIDITY (PERCENT)
 HIGHEST    97           500 AM
 LOWEST     62           200 PM
 AVERAGE    80

..........................................................


THE BECKLEY WV CLIMATE NORMALS FOR TODAY
                         NORMAL    RECORD    YEAR
 MAXIMUM TEMPERATURE (F)   80        94      1900
 MINIMUM TEMPERATURE (F)   61        41      1951


SUNRISE AND SUNSET
JULY  6 2015..........SUNRISE   609 AM EDT   SUNSET   850 PM EDT
JULY  7 2015..........SUNRISE   609 AM EDT   SUNSET   849 PM EDT


-  INDICATES NEGATIVE NUMBERS.
R  INDICATES RECORD WAS SET OR TIED.
MM INDICATES DATA IS MISSING.
T  INDICATES TRACE AMOUNT.




$$
