000
CDUS41 KRLX 250718
CLIBKW


CLIMATE REPORT
NATIONAL WEATHER SERVICE CHARLESTON WV
317 AM EDT SAT MAR 25 2017


...................................

...THE BECKLEY WV CLIMATE SUMMARY FOR MARCH 24 2017...

CLIMATE NORMAL PERIOD 1981 TO 2010
CLIMATE RECORD PERIOD 1963 TO 2017


WEATHER ITEM   OBSERVED TIME   RECORD YEAR NORMAL DEPARTURE LAST
                VALUE   (LST)  VALUE       VALUE  FROM      YEAR
                                                  NORMAL
..................................................................
TEMPERATURE (F)
 YESTERDAY
  MAXIMUM         71    234 PM  80    1910  55     16       73
  MINIMUM         42    127 AM   6    1940  35      7       48
  AVERAGE         57                        45     12       61

PRECIPITATION (IN)
  YESTERDAY        T             1.04 1917   0.12  -0.12     0.06
  MONTH TO DATE    2.32                      2.74  -0.42     1.83
  SINCE JAN 1      8.69                      8.31   0.38     7.69

SNOWFALL (IN)
  YESTERDAY        0.0
  MONTH TO DATE    5.4
  SINCE SEP 1     24.3
  SNOW DEPTH       0

DEGREE DAYS
 HEATING
  YESTERDAY        8                        20    -12        4
  MONTH TO DATE  643                       577     66      365
  SINCE MAR 1    643                       577     66      365
  SINCE JUL 1   3777                      4578   -801     3740

 COOLING
  YESTERDAY        0                         0      0        0
  MONTH TO DATE    0                         0      0        2
  SINCE MAR 1      0                         0      0        2
  SINCE JAN 1      0                         0      0        2
..................................................................


WIND (MPH)
  HIGHEST WIND SPEED    17   HIGHEST WIND DIRECTION     W (290)
  HIGHEST GUST SPEED    23   HIGHEST GUST DIRECTION     W (260)
  AVERAGE WIND SPEED     9.3


SKY COVER
  POSSIBLE SUNSHINE  MM
  AVERAGE SKY COVER 0.6


WEATHER CONDITIONS
 THE FOLLOWING WEATHER WAS RECORDED YESTERDAY.
  LIGHT RAIN


RELATIVE HUMIDITY (PERCENT)
 HIGHEST    57           900 PM
 LOWEST     39          1200 AM
 AVERAGE    48

..........................................................


THE BECKLEY WV CLIMATE NORMALS FOR TODAY
                         NORMAL    RECORD    YEAR
 MAXIMUM TEMPERATURE (F)   55        82      1954
 MINIMUM TEMPERATURE (F)   35         5      1940


SUNRISE AND SUNSET
MARCH 25 2017.........SUNRISE   720 AM EDT   SUNSET   741 PM EDT
MARCH 26 2017.........SUNRISE   718 AM EDT   SUNSET   742 PM EDT


-  INDICATES NEGATIVE NUMBERS.
R  INDICATES RECORD WAS SET OR TIED.
MM INDICATES DATA IS MISSING.
T  INDICATES TRACE AMOUNT.




$$
