000
CDUS41 KRLX 280731
CLIBKW


CLIMATE REPORT
NATIONAL WEATHER SERVICE CHARLESTON WV
322 AM EDT SAT MAR 28 2015


...................................

...THE BECKLEY WV CLIMATE SUMMARY FOR MARCH 27 2015...

CLIMATE NORMAL PERIOD 1981 TO 2010
CLIMATE RECORD PERIOD 1963 TO 2015


WEATHER ITEM   OBSERVED TIME   RECORD YEAR NORMAL DEPARTURE LAST
                VALUE   (LST)  VALUE       VALUE  FROM      YEAR
                                                  NORMAL
..................................................................
TEMPERATURE (F)
 YESTERDAY
  MAXIMUM         42    249 PM  80    1998  56    -14       57
                                      1910
  MINIMUM         24   1159 PM   7    1955  35    -11       20
  AVERAGE         33                        46    -13       39

PRECIPITATION (IN)
  YESTERDAY        0.06          1.65 1994   0.12  -0.06     0.00
  MONTH TO DATE    5.56                      3.11   2.45     1.73
  SINCE JAN 1     12.21                      8.68   3.53     6.83

SNOWFALL (IN)
  YESTERDAY       MM
  MONTH TO DATE    6.9
  SINCE SEP 1     65.9
  SNOW DEPTH       0

DEGREE DAYS
 HEATING
  YESTERDAY       32                        19     13       26
  MONTH TO DATE  574                       636    -62      736
  SINCE MAR 1    574                       636    -62      736
  SINCE JUL 1   4907                      4637    270     4944

 COOLING
  YESTERDAY        0                         0      0        0
  MONTH TO DATE    0                         0      0        0
  SINCE MAR 1      0                         0      0        0
  SINCE JAN 1      0                         0      0        0
..................................................................


WIND (MPH)
  HIGHEST WIND SPEED    20   HIGHEST WIND DIRECTION     N (350)
  HIGHEST GUST SPEED    25   HIGHEST GUST DIRECTION    NW (330)
  AVERAGE WIND SPEED    11.5


SKY COVER
  POSSIBLE SUNSHINE  MM
  AVERAGE SKY COVER 0.9


WEATHER CONDITIONS
 THE FOLLOWING WEATHER WAS RECORDED YESTERDAY.
  LIGHT RAIN
  LIGHT SNOW
  FOG
  FOG W/VISIBILITY <= 1/4 MILE


RELATIVE HUMIDITY (PERCENT)
 HIGHEST   100           500 AM
 LOWEST     45           300 PM
 AVERAGE    73

..........................................................


THE BECKLEY WV CLIMATE NORMALS FOR TODAY
                         NORMAL    RECORD    YEAR
 MAXIMUM TEMPERATURE (F)   56        81      1989
 MINIMUM TEMPERATURE (F)   36         9      1982


SUNRISE AND SUNSET
MARCH 28 2015.........SUNRISE   716 AM EDT   SUNSET   744 PM EDT
MARCH 29 2015.........SUNRISE   715 AM EDT   SUNSET   744 PM EDT


-  INDICATES NEGATIVE NUMBERS.
R  INDICATES RECORD WAS SET OR TIED.
MM INDICATES DATA IS MISSING.
T  INDICATES TRACE AMOUNT.




$$
