000
CDUS41 KRLX 302212
CLIBKW


CLIMATE REPORT
NATIONAL WEATHER SERVICE CHARLESTON WV
611 PM EDT SUN AUG 30 2015


...................................

...THE BECKLEY WV CLIMATE SUMMARY FOR AUGUST 30 2015...
VALID TODAY AS OF 0500 PM LOCAL TIME.

CLIMATE NORMAL PERIOD 1981 TO 2010
CLIMATE RECORD PERIOD 1963 TO 2015


WEATHER ITEM   OBSERVED TIME   RECORD YEAR NORMAL DEPARTURE LAST
                VALUE   (LST)  VALUE       VALUE  FROM      YEAR
                                                  NORMAL
..................................................................
TEMPERATURE (F)
 TODAY
  MAXIMUM         77    254 PM  95    1953  78     -1       85
  MINIMUM         61    332 AM  39    1965  59      2       67
  AVERAGE         69                        68      1       76

PRECIPITATION (IN)
  TODAY            0.00          1.08 2006   0.09  -0.09     0.00
  MONTH TO DATE    2.65                      3.39  -0.74     4.02
  SINCE JUN 1     17.13                     12.42   4.71    10.29
  SINCE JAN 1     37.07                     29.58   7.49    24.41

DEGREE DAYS
 HEATING
  TODAY            0                         1     -1        0
  MONTH TO DATE   12                         6      6        7
  SINCE JUN 1     22                        53    -31       41
  SINCE JUL 1     12                        14     -2       29

 COOLING
  TODAY            4                         4      0       11
  MONTH TO DATE  148                       159    -11      118
  SINCE JUN 1    545                       451     94      440
  SINCE JAN 1    651                       492    159      515
..................................................................


WIND (MPH)
  HIGHEST WIND SPEED     8   HIGHEST WIND DIRECTION    SW (210)
  HIGHEST GUST SPEED    10   HIGHEST GUST DIRECTION    SW (210)
  AVERAGE WIND SPEED     1.5


SKY COVER
  POSSIBLE SUNSHINE  MM
  AVERAGE SKY COVER 0.2


WEATHER CONDITIONS
 THE FOLLOWING WEATHER WAS RECORDED TODAY.
  NO SIGNIFICANT WEATHER WAS OBSERVED.


RELATIVE HUMIDITY (PERCENT)
 HIGHEST    90           300 AM
 LOWEST     60           100 PM
 AVERAGE    75

..........................................................


THE BECKLEY WV CLIMATE NORMALS FOR TOMORROW
                         NORMAL    RECORD    YEAR
 MAXIMUM TEMPERATURE (F)   78        94      1953
                                             1932
 MINIMUM TEMPERATURE (F)   58        39      1897


SUNRISE AND SUNSET
AUGUST 30 2015........SUNRISE   653 AM EDT   SUNSET   757 PM EDT
AUGUST 31 2015........SUNRISE   653 AM EDT   SUNSET   756 PM EDT


-  INDICATES NEGATIVE NUMBERS.
R  INDICATES RECORD WAS SET OR TIED.
MM INDICATES DATA IS MISSING.
T  INDICATES TRACE AMOUNT.




$$
