000
CDUS41 KRLX 010716
CLIBKW


CLIMATE REPORT
NATIONAL WEATHER SERVICE CHARLESTON WV
315 AM EDT SAT OCT 1 2016


...................................

...THE BECKLEY WV CLIMATE SUMMARY FOR SEPTEMBER 30 2016...

CLIMATE NORMAL PERIOD 1981 TO 2010
CLIMATE RECORD PERIOD 1963 TO 2016


WEATHER ITEM   OBSERVED TIME   RECORD YEAR NORMAL DEPARTURE LAST
                VALUE   (LST)  VALUE       VALUE  FROM      YEAR
                                                  NORMAL
..................................................................
TEMPERATURE (F)
 YESTERDAY
  MAXIMUM         73    148 PM  92    1953  68      5       67
  MINIMUM         56   1159 PM  25    1935  48      8       59
  AVERAGE         65                        58      7       63

PRECIPITATION (IN)
  YESTERDAY        0.16          1.39 1964   0.10   0.06     0.05
  MONTH TO DATE    2.20                      3.01  -0.81     3.12
  SINCE JAN 1     37.33                     32.67   4.66    40.19

SNOWFALL (IN)
  YESTERDAY        0.0
  MONTH TO DATE    0.0
  SINCE SEP 1      0.0
  SNOW DEPTH       0

DEGREE DAYS
 HEATING
  YESTERDAY        0                         8     -8        2
  MONTH TO DATE   17                       113    -96       56
  SINCE SEP 1     17                       113    -96       56
  SINCE JUL 1     17                       134   -117       68

 COOLING
  YESTERDAY        0                         1     -1        0
  MONTH TO DATE  130                        57     73       96
  SINCE SEP 1    130                        57     73       96
  SINCE JAN 1    831                       550    281      754
..................................................................


WIND (MPH)
  HIGHEST WIND SPEED    18   HIGHEST WIND DIRECTION    SE (130)
  HIGHEST GUST SPEED    25   HIGHEST GUST DIRECTION    SE (120)
  AVERAGE WIND SPEED     5.9


SKY COVER
  POSSIBLE SUNSHINE  MM
  AVERAGE SKY COVER 0.8


WEATHER CONDITIONS
 THE FOLLOWING WEATHER WAS RECORDED YESTERDAY.
  THUNDERSTORM
  HEAVY RAIN
  LIGHT RAIN
  FOG
  FOG W/VISIBILITY <= 1/4 MILE


RELATIVE HUMIDITY (PERCENT)
 HIGHEST   100           400 AM
 LOWEST     61           200 PM
 AVERAGE    81

..........................................................


THE BECKLEY WV CLIMATE NORMALS FOR TODAY
                         NORMAL    RECORD    YEAR
 MAXIMUM TEMPERATURE (F)   68        85      1941
 MINIMUM TEMPERATURE (F)   48        27      1930


SUNRISE AND SUNSET
OCTOBER  1 2016.......SUNRISE   720 AM EDT   SUNSET   707 PM EDT
OCTOBER  2 2016.......SUNRISE   721 AM EDT   SUNSET   705 PM EDT


-  INDICATES NEGATIVE NUMBERS.
R  INDICATES RECORD WAS SET OR TIED.
MM INDICATES DATA IS MISSING.
T  INDICATES TRACE AMOUNT.




$$
