000
CDUS41 KRLX 160816
CLIBKW


CLIMATE REPORT
NATIONAL WEATHER SERVICE CHARLESTON WV
316 AM EST TUE JAN 16 2018


...................................

...THE BECKLEY WV CLIMATE SUMMARY FOR JANUARY 15 2018...

CLIMATE NORMAL PERIOD 1981 TO 2010
CLIMATE RECORD PERIOD 1963 TO 2018


WEATHER ITEM   OBSERVED TIME   RECORD YEAR NORMAL DEPARTURE LAST
                VALUE   (LST)  VALUE       VALUE  FROM      YEAR
                                                  NORMAL
..................................................................
TEMPERATURE (F)
 YESTERDAY
  MAXIMUM         35    505 PM  71    1932  39     -4       45
  MINIMUM         14    616 AM  -9    1994  23     -9       37
  AVERAGE         25                        31     -6       41

PRECIPITATION (IN)
  YESTERDAY        0.00          1.11 1995   0.09  -0.09     0.19
  MONTH TO DATE    1.50                      1.37   0.13     2.24
  SINCE JAN 1      1.50                      1.37   0.13     2.24

SNOWFALL (IN)
  YESTERDAY        0.0           4.5  1999   0.6   -0.6      0.0
  MONTH TO DATE    4.2                       8.2   -4.0      7.6
  SINCE SEP 1     14.1                      24.1  -10.0     12.6
  SNOW DEPTH       T

DEGREE DAYS
 HEATING
  YESTERDAY       40                        34      6       24
  MONTH TO DATE  622                       510    112      451
  SINCE DEC 1   1618                      1463    155     1371
  SINCE JUL 1   2601                      2603     -2     2146

 COOLING
  YESTERDAY        0                         0      0        0
  MONTH TO DATE    0                         0      0        0
  SINCE DEC 1      0                         0      0        0
  SINCE JAN 1      0                         0      0        0
..................................................................


WIND (MPH)
  HIGHEST WIND SPEED    17   HIGHEST WIND DIRECTION    SE (140)
  HIGHEST GUST SPEED    26   HIGHEST GUST DIRECTION    SE (150)
  AVERAGE WIND SPEED     9.3


SKY COVER
  POSSIBLE SUNSHINE  MM
  AVERAGE SKY COVER 0.4


WEATHER CONDITIONS
 THE FOLLOWING WEATHER WAS RECORDED YESTERDAY.
  NO SIGNIFICANT WEATHER WAS OBSERVED.


RELATIVE HUMIDITY (PERCENT)
 HIGHEST    69          1000 PM
 LOWEST     51           300 PM
 AVERAGE    60

..........................................................


THE BECKLEY WV CLIMATE NORMALS FOR TODAY
                         NORMAL    RECORD    YEAR
 MAXIMUM TEMPERATURE (F)   39        69      1932
 MINIMUM TEMPERATURE (F)   23       -15      1972


SUNRISE AND SUNSET
JANUARY 16 2018.......SUNRISE   738 AM EST   SUNSET   531 PM EST
JANUARY 17 2018.......SUNRISE   738 AM EST   SUNSET   532 PM EST


-  INDICATES NEGATIVE NUMBERS.
R  INDICATES RECORD WAS SET OR TIED.
MM INDICATES DATA IS MISSING.
T  INDICATES TRACE AMOUNT.




$$
