394
CDUS41 KRNK 230624
CLIBLF


CLIMATE REPORT
NATIONAL WEATHER SERVICE BLACKSBURG VA
120 AM EST MON JAN 23 2017


...................................

...THE BLUEFIELD WV CLIMATE SUMMARY FOR JANUARY 22 2017...

CLIMATE NORMAL PERIOD 1981 TO 2010
CLIMATE RECORD PERIOD 1959 TO 2017


WEATHER ITEM   OBSERVED TIME   RECORD YEAR NORMAL DEPARTURE LAST
                VALUE   (LST)  VALUE       VALUE  FROM      YEAR
                                                  NORMAL
..................................................................
TEMPERATURE (F)
 YESTERDAY
  MAXIMUM         55    241 PM  65    1999  42     13       28
  MINIMUM         46   1159 PM  -5    1970  26     20       MM
  AVERAGE         51                        34     17       MM

PRECIPITATION (IN)
  YESTERDAY        0.02          0.90 1987   0.09  -0.07     0.77
  MONTH TO DATE    2.47                      2.07   0.40     1.68
  SINCE DEC 1      5.67                      4.98   0.69     5.51
  SINCE JAN 1      2.47                      2.07   0.40     1.68

SNOWFALL (IN)
  YESTERDAY        0.0                                       8.2
  MONTH TO DATE    3.8                                      12.6
  SINCE DEC 1      9.7                                      12.7
  SINCE JUL 1      9.7                                      12.7
  SNOW DEPTH       0

DEGREE DAYS
 HEATING
  YESTERDAY       14                        31    -17       MM
  MONTH TO DATE  547                       682   -135      625
  SINCE DEC 1   1471                      1544    -73     1022
  SINCE JUL 1   2247                      2447   -200     1744

 COOLING
  YESTERDAY        0                         0      0       MM
  MONTH TO DATE    0                         0      0        0
  SINCE DEC 1      0                         0      0        3
  SINCE JAN 1      0                         0      0        0
..................................................................


WIND (MPH)
  HIGHEST WIND SPEED    20   HIGHEST WIND DIRECTION     E (100)
  HIGHEST GUST SPEED    32   HIGHEST GUST DIRECTION     E (100)
  AVERAGE WIND SPEED     6.9


SKY COVER
  AVERAGE SKY COVER 1.0


WEATHER CONDITIONS
 THE FOLLOWING WEATHER WAS RECORDED YESTERDAY.
  LIGHT RAIN
  FOG
  FOG W/VISIBILITY <= 1/4 MILE


RELATIVE HUMIDITY (PERCENT)
 HIGHEST   100           400 AM
 LOWEST     77           300 PM
 AVERAGE    89

..........................................................


THE BLUEFIELD WV CLIMATE NORMALS FOR TODAY
                         NORMAL    RECORD    YEAR
 MAXIMUM TEMPERATURE (F)   42        64      1967
 MINIMUM TEMPERATURE (F)   26        -6      1963


SUNRISE AND SUNSET
JANUARY 23 2017.......SUNRISE   734 AM EST   SUNSET   540 PM EST
JANUARY 24 2017.......SUNRISE   733 AM EST   SUNSET   541 PM EST


-  INDICATES NEGATIVE NUMBERS.
R  INDICATES RECORD WAS SET OR TIED.
MM INDICATES DATA IS MISSING.
T  INDICATES TRACE AMOUNT.

REMARKS:
DUE TO A POWER OUTAGE CAUSING A MISSING HIGH TEMPERATURE ON NOVEMBER
10...THE SEASONAL HEATING DEGREE DAY TOTAL AND DEPARTURE FROM
NORMAL WILL BE CALCULATED WITHOUT DATA FROM THIS DATE.

$$
RCS
