000
CDUS41 KRNK 030929
CLIBLF


CLIMATE REPORT
NATIONAL WEATHER SERVICE BLACKSBURG VA
515 AM EDT WED JUN 3 2015


...................................

...THE BLUEFIELD WV CLIMATE SUMMARY FOR JUNE 2 2015...

CLIMATE NORMAL PERIOD 1981 TO 2010
CLIMATE RECORD PERIOD 1959 TO 2015


WEATHER ITEM   OBSERVED TIME   RECORD YEAR NORMAL DEPARTURE LAST
                VALUE   (LST)  VALUE       VALUE  FROM      YEAR
                                                  NORMAL
..................................................................
TEMPERATURE (F)
 YESTERDAY
  MAXIMUM         73    159 PM  86    2009  76     -3       81
  MINIMUM         61    845 AM  40    2003  58      3       60
  AVERAGE         67                        67      0       71

PRECIPITATION (IN)
  YESTERDAY       MM             1.66 1991   0.15  MM        0.00
  MONTH TO DATE   MM                         0.30  MM        0.00
  SINCE JUN 1     MM                         0.30  MM        0.00
  SINCE JAN 1     15.79                     17.12  -1.33    11.66

SNOWFALL (IN)
  YESTERDAY        0.0                                       0.0
  MONTH TO DATE    0.0                                       0.0
  SINCE JUN 1      0.0                                       0.0
  SINCE JUL 1     39.7                                      47.0
  SNOW DEPTH       0

DEGREE DAYS
 HEATING
  YESTERDAY        0                         2     -2        0
  MONTH TO DATE    0                         4     -4        0
  SINCE JUN 1      0                         4     -4        0
  SINCE JUL 1   4835                      4570    265     4652

 COOLING
  YESTERDAY        2                         4     -2        6
  MONTH TO DATE    8                         7      1        9
  SINCE JUN 1      8                         7      1        9
  SINCE JAN 1    165                        98     67      138
..................................................................


WIND (MPH)
  HIGHEST WIND SPEED    10   HIGHEST WIND DIRECTION     N (10)
  HIGHEST GUST SPEED    14   HIGHEST GUST DIRECTION     N (350)
  AVERAGE WIND SPEED     3.6


SKY COVER
  AVERAGE SKY COVER 0.9


WEATHER CONDITIONS
 THE FOLLOWING WEATHER WAS RECORDED YESTERDAY.
  RAIN
  LIGHT RAIN
  FOG
  FOG W/VISIBILITY <= 1/4 MILE
  HAZE


RELATIVE HUMIDITY (PERCENT)
 HIGHEST    90          1200 AM
 LOWEST     61           200 PM
 AVERAGE    76

..........................................................


THE BLUEFIELD WV CLIMATE NORMALS FOR TODAY
                         NORMAL    RECORD    YEAR
 MAXIMUM TEMPERATURE (F)   76        83      2010
                                             2009
 MINIMUM TEMPERATURE (F)   58        44      1988


SUNRISE AND SUNSET
JUNE  3 2015..........SUNRISE   605 AM EDT   SUNSET   841 PM EDT
JUNE  4 2015..........SUNRISE   605 AM EDT   SUNSET   841 PM EDT


-  INDICATES NEGATIVE NUMBERS.
R  INDICATES RECORD WAS SET OR TIED.
MM INDICATES DATA IS MISSING.
T  INDICATES TRACE AMOUNT.

REMARKS:
DUE TO EQUIPMENT FAILURE RESULTING IN MISSING PRECIPIATION ON
JUNE 1, ALL MONTHLY AND SEASONAL PRECIPITATION DATA WILL BE
CALCULATED WITHOUT DATA FROM THAT DATE.

$$
