000
CDUS41 KRNK 061344
CLIBLF

CLIMATE REPORT
NATIONAL WEATHER SERVICE BLACKSBURG VA
117 AM EST SAT FEB 6 2016


...................................

...THE BLUEFIELD WV CLIMATE SUMMARY FOR FEBRUARY 5 2016...

CLIMATE NORMAL PERIOD 1981 TO 2010
CLIMATE RECORD PERIOD 1959 TO 2016


WEATHER ITEM   OBSERVED TIME   RECORD YEAR NORMAL DEPARTURE LAST
                VALUE   (LST)  VALUE       VALUE  FROM      YEAR
                                                  NORMAL
..................................................................
TEMPERATURE (F)
 YESTERDAY
  MAXIMUM         34    345 PM  65    1991  44    -10       40
  MINIMUM         20    819 AM  -9    1996  27     -7       14
  AVERAGE         27                        36     -9       27

PRECIPITATION (IN)
  YESTERDAY           T          1.20 2010   0.10  -0.10      T
  MONTH TO DATE    0.73                      0.48   0.25     0.41
  SINCE DEC 1      6.41                      6.29   0.12     4.28
  SINCE JAN 1      2.58                      3.38  -0.80     1.89

SNOWFALL (IN)
  YESTERDAY        T                                           T
  MONTH TO DATE    0.0                                       1.5
  SINCE DEC 1     18.7                                       4.5
  SINCE JUL 1     18.7                                       9.3
  SNOW DEPTH       0

DEGREE DAYS
 HEATING
  YESTERDAY       38                        29      9       38
  MONTH TO DATE  115                       149    -34      152
  SINCE DEC 1   1304                      1966   -662     1917
  SINCE JUL 1   2026                      2869   -843     3002

 COOLING
  YESTERDAY        0                         0      0        0
  MONTH TO DATE    0                         0      0        0
  SINCE DEC 1      3                         0      3        0
  SINCE JAN 1      0                         0      0        0
..................................................................


WIND (MPH)
  HIGHEST WIND SPEED    20   HIGHEST WIND DIRECTION    NW (300)
  HIGHEST GUST SPEED    27   HIGHEST GUST DIRECTION    NW (300)
  AVERAGE WIND SPEED     8.8


SKY COVER
  AVERAGE SKY COVER 0.3


WEATHER CONDITIONS
 THE FOLLOWING WEATHER WAS RECORDED YESTERDAY.
  LIGHT SNOW


RELATIVE HUMIDITY (PERCENT)
 HIGHEST    75           100 AM
 LOWEST     32           400 PM
 AVERAGE    54

..........................................................


THE BLUEFIELD WV CLIMATE NORMALS FOR TODAY
                         NORMAL    RECORD    YEAR
 MAXIMUM TEMPERATURE (F)   44        63      1990
 MINIMUM TEMPERATURE (F)   28         0      1988


SUNRISE AND SUNSET
FEBRUARY  6 2016......SUNRISE   724 AM EST   SUNSET   554 PM EST
FEBRUARY  7 2016......SUNRISE   723 AM EST   SUNSET   555 PM EST


-  INDICATES NEGATIVE NUMBERS.
R  INDICATES RECORD WAS SET OR TIED.
MM INDICATES DATA IS MISSING.
T  INDICATES TRACE AMOUNT.

REMARKS:

DUE TO AN EQUIPMENT OUTAGE AFFECTING THE TEMPERATURE ON DECEMBER 20-
21...JANUARY 19-20...AND JANUARY 22-25...ALL TEMPERATURE DATA AND
THE SEASONAL HEATING DEGREE DAY TOTAL AND DEPARTURE FROM NORMAL WILL
BE CALCULATED WITHOUT DATA FROM THESE DATES.

$$
