000
CDUS41 KRNK 232122
CLIBLF


CLIMATE REPORT
NATIONAL WEATHER SERVICE BLACKSBURG VA
519 PM EDT WED APR 23 2014


...................................

...THE BLUEFIELD WV CLIMATE SUMMARY FOR APRIL 23 2014...
VALID TODAY AS OF 0500 PM LOCAL TIME.

CLIMATE NORMAL PERIOD 1981 TO 2010
CLIMATE RECORD PERIOD 1959 TO 2014


WEATHER ITEM   OBSERVED TIME   RECORD YEAR NORMAL DEPARTURE LAST
                VALUE   (LST)  VALUE       VALUE  FROM      YEAR
                                                  NORMAL
..................................................................
TEMPERATURE (F)
 TODAY
  MAXIMUM         60    405 PM  83    2001  67     -7       72
  MINIMUM         41    603 AM  24    1986  48     -7       41
  AVERAGE         51                        57     -6

PRECIPITATION (IN)
  TODAY            0.00          1.34 1987   0.11  -0.11     0.00
  MONTH TO DATE    1.60                      2.51  -0.91     3.79
  SINCE MAR 1      3.56                      6.02  -2.46     7.21
  SINCE JAN 1      7.69                     11.68  -3.99    14.88

SNOWFALL (IN)
  TODAY            0.0
  MONTH TO DATE    0.4
  SINCE MAR 1      9.4
  SINCE JUL 1     47.0
  SNOW DEPTH       0

DEGREE DAYS
 HEATING
  TODAY           14                         9      5
  MONTH TO DATE  201                       268    -67
  SINCE MAR 1    903                       884     19
  SINCE JUL 1   4538                      4377    161

 COOLING
  TODAY            0                         1     -1
  MONTH TO DATE   15                        21     -6
  SINCE MAR 1     15                        25    -10
  SINCE JAN 1     15                        25    -10
..................................................................


WIND (MPH)
  HIGHEST WIND SPEED    20   HIGHEST WIND DIRECTION    NW (310)
  HIGHEST GUST SPEED    26   HIGHEST GUST DIRECTION     W (290)
  AVERAGE WIND SPEED    11.6


SKY COVER
  POSSIBLE SUNSHINE  MM
  AVERAGE SKY COVER 0.1


WEATHER CONDITIONS
 THE FOLLOWING WEATHER WAS RECORDED TODAY.
  NO SIGNIFICANT WEATHER WAS OBSERVED.


RELATIVE HUMIDITY (PERCENT)
 HIGHEST    62           700 AM
 LOWEST     22           300 PM
 AVERAGE    42

..........................................................


THE BLUEFIELD WV CLIMATE NORMALS FOR TOMORROW
                         NORMAL    RECORD    YEAR
 MAXIMUM TEMPERATURE (F)   68        82      2009
 MINIMUM TEMPERATURE (F)   48        28      2005


SUNRISE AND SUNSET
APRIL 23 2014.........SUNRISE   640 AM EDT   SUNSET   807 PM EDT
APRIL 24 2014.........SUNRISE   638 AM EDT   SUNSET   808 PM EDT


-  INDICATES NEGATIVE NUMBERS.
R  INDICATES RECORD WAS SET OR TIED.
MM INDICATES DATA IS MISSING.
T  INDICATES TRACE AMOUNT.




$$
