000
CDUS41 KRNK 112207
CLIBLF


CLIMATE REPORT
NATIONAL WEATHER SERVICE BLACKSBURG VA
506 PM EST MON DEC 11 2017


...................................

...THE BLUEFIELD WV CLIMATE SUMMARY FOR DECEMBER 11 2017...
VALID TODAY AS OF 0500 PM LOCAL TIME.

CLIMATE NORMAL PERIOD 1981 TO 2010
CLIMATE RECORD PERIOD 1959 TO 2017


WEATHER ITEM   OBSERVED TIME   RECORD YEAR NORMAL DEPARTURE LAST
                VALUE   (LST)  VALUE       VALUE  FROM      YEAR
                                                  NORMAL
..................................................................
TEMPERATURE (F)
 TODAY
  MAXIMUM         47    259 PM  69    2007  46      1       45
  MINIMUM         26    807 AM  -2    1962  30     -4       25
  AVERAGE         37                        38     -1       35

PRECIPITATION (IN)
  TODAY            0.00          1.53 2008   0.10  -0.10     0.00
  MONTH TO DATE    0.21                      1.08  -0.87     0.82
  SINCE DEC 1      0.21                      1.08  -0.87     0.82
  SINCE JAN 1     39.54                     37.80   1.74    32.45

SNOWFALL (IN)
  TODAY            0.0                                       0.0
  MONTH TO DATE    0.9                                       0.9
  SINCE DEC 1      0.9                                       0.9
  SINCE JUL 1      1.2                                       0.9
  SNOW DEPTH      MM

DEGREE DAYS
 HEATING
  TODAY           28                        27      1       30
  MONTH TO DATE  298                       279     19      355
  SINCE DEC 1    298                       279     19      355
  SINCE JUL 1   1325                      1182    143     1131

 COOLING
  TODAY            0                         0      0        0
  MONTH TO DATE    0                         0      0        0
  SINCE DEC 1      0                         0      0        0
  SINCE JAN 1    488                       853   -365      737
..................................................................


WIND (MPH)
  HIGHEST WIND SPEED    18   HIGHEST WIND DIRECTION     W (270)
  HIGHEST GUST SPEED    28   HIGHEST GUST DIRECTION     W (260)
  AVERAGE WIND SPEED    10.6


SKY COVER
  AVERAGE SKY COVER 0.2


WEATHER CONDITIONS
 THE FOLLOWING WEATHER WAS RECORDED TODAY.
  NO SIGNIFICANT WEATHER WAS OBSERVED.


RELATIVE HUMIDITY (PERCENT)
 HIGHEST    69           900 AM
 LOWEST     34           300 PM
 AVERAGE    52

..........................................................


THE BLUEFIELD WV CLIMATE NORMALS FOR TOMORROW
                         NORMAL    RECORD    YEAR
 MAXIMUM TEMPERATURE (F)   45        70      2015
 MINIMUM TEMPERATURE (F)   30        -7      1962


SUNRISE AND SUNSET
DECEMBER 11 2017......SUNRISE   729 AM EST   SUNSET   507 PM EST
DECEMBER 12 2017......SUNRISE   730 AM EST   SUNSET   508 PM EST


-  INDICATES NEGATIVE NUMBERS.
R  INDICATES RECORD WAS SET OR TIED.
MM INDICATES DATA IS MISSING.
T  INDICATES TRACE AMOUNT.




$$
