000
CDUS41 KRNK 122117
CLIBLF


CLIMATE REPORT
NATIONAL WEATHER SERVICE BLACKSBURG VA
514 PM EDT SAT JUL 12 2014


...................................

...THE BLUEFIELD WV CLIMATE SUMMARY FOR JULY 12 2014...
VALID TODAY AS OF 0500 PM LOCAL TIME.

CLIMATE NORMAL PERIOD 1981 TO 2010
CLIMATE RECORD PERIOD 1959 TO 2014


WEATHER ITEM   OBSERVED TIME   RECORD YEAR NORMAL DEPARTURE LAST
                VALUE   (LST)  VALUE       VALUE  FROM      YEAR
                                                  NORMAL
..................................................................
TEMPERATURE (F)
 TODAY
  MAXIMUM         87R   400 PM  87    2011  81      6       79
  MINIMUM         66    549 AM  50    1963  65      1       63
  AVERAGE         77                        73      4

PRECIPITATION (IN)
  TODAY            0.00          1.56 2010   0.14  -0.14     0.36
  MONTH TO DATE    0.44                      1.65  -1.21     1.70
  SINCE JUN 1      4.04                      5.79  -1.75     6.53
  SINCE JAN 1     15.70                     22.61  -6.91    25.06

SNOWFALL (IN)
  TODAY            0.0
  MONTH TO DATE    0.0
  SINCE JUN 1      0.0
  SINCE JUL 1      0.0
  SNOW DEPTH       0

DEGREE DAYS
 HEATING
  TODAY            0                         0      0
  MONTH TO DATE    0                         0      0
  SINCE JUN 1      2                        22    -20
  SINCE JUL 1      0                         0      0

 COOLING
  TODAY           12                         8      4
  MONTH TO DATE   98                        96      2
  SINCE JUN 1    319                       262     57
  SINCE JAN 1    448                       353     95
..................................................................


WIND (MPH)
  HIGHEST WIND SPEED    13   HIGHEST WIND DIRECTION    NW (310)
  HIGHEST GUST SPEED    17   HIGHEST GUST DIRECTION     W (280)
  AVERAGE WIND SPEED     2.4


SKY COVER
  POSSIBLE SUNSHINE  MM
  AVERAGE SKY COVER 0.3


WEATHER CONDITIONS
 THE FOLLOWING WEATHER WAS RECORDED TODAY.
  NO SIGNIFICANT WEATHER WAS OBSERVED.


RELATIVE HUMIDITY (PERCENT)
 HIGHEST    81           600 AM
 LOWEST     44           100 PM
 AVERAGE    63

..........................................................


THE BLUEFIELD WV CLIMATE NORMALS FOR TOMORROW
                         NORMAL    RECORD    YEAR
 MAXIMUM TEMPERATURE (F)   81        91      1993
 MINIMUM TEMPERATURE (F)   65        53      2001


SUNRISE AND SUNSET
JULY 12 2014..........SUNRISE   614 AM EDT   SUNSET   846 PM EDT
JULY 13 2014..........SUNRISE   615 AM EDT   SUNSET   846 PM EDT


-  INDICATES NEGATIVE NUMBERS.
R  INDICATES RECORD WAS SET OR TIED.
MM INDICATES DATA IS MISSING.
T  INDICATES TRACE AMOUNT.


REMARKS:
DUE TO A POWER FAILURE CAUSING A MISSING LOW TEMPERATURE ON MAY
30...THE SEASONAL TOTAL AND DEPARTURE FROM NORMAL FOR CDD WILL BE
CALCULATED WITHOUT DATA FROM THAT DATE.


$$
