000
CDUS41 KRNK 182106
CLIBLF


CLIMATE REPORT
NATIONAL WEATHER SERVICE BLACKSBURG VA
504 PM EDT WED OCT 18 2017


...................................

...THE BLUEFIELD WV CLIMATE SUMMARY FOR OCTOBER 18 2017...
VALID TODAY AS OF 0500 PM LOCAL TIME.

CLIMATE NORMAL PERIOD 1981 TO 2010
CLIMATE RECORD PERIOD 1959 TO 2017


WEATHER ITEM   OBSERVED TIME   RECORD YEAR NORMAL DEPARTURE LAST
                VALUE   (LST)  VALUE       VALUE  FROM      YEAR
                                                  NORMAL
..................................................................
TEMPERATURE (F)
 TODAY
  MAXIMUM         66    306 PM  79    2007  65      1       75
                                      2006
  MINIMUM         36    517 AM  27    1976  47    -11       57
  AVERAGE         51                        56     -5       66

PRECIPITATION (IN)
  TODAY            0.00          1.51 1966   0.08  -0.08     0.00
  MONTH TO DATE    1.57                      1.47   0.10     0.93
  SINCE SEP 1      2.41                      4.61  -2.20     1.81
  SINCE JAN 1     34.47                     33.00   1.47    28.70

SNOWFALL (IN)
  TODAY            0.0                                       0.0
  MONTH TO DATE    0.0                                       0.0
  SINCE SEP 1      0.0                                       0.0
  SINCE JUL 1      0.0                                       0.0
  SNOW DEPTH       0

DEGREE DAYS
 HEATING
  TODAY           14                        10      4        0
  MONTH TO DATE   77                       139    -62      130
  SINCE SEP 1    194                       212    -18      152
  SINCE JUL 1    220                       218      2      152

 COOLING
  TODAY            0                         0      0        1
  MONTH TO DATE   25                        16      9        1
  SINCE SEP 1     64                       114    -50      119
  SINCE JAN 1    488                       848   -360      727
..................................................................


WIND (MPH)
  HIGHEST WIND SPEED     9   HIGHEST WIND DIRECTION     S (200)
  HIGHEST GUST SPEED    13   HIGHEST GUST DIRECTION    SE (140)
  AVERAGE WIND SPEED     2.7


SKY COVER
  AVERAGE SKY COVER 0.0


WEATHER CONDITIONS
 THE FOLLOWING WEATHER WAS RECORDED TODAY.
  NO SIGNIFICANT WEATHER WAS OBSERVED.


RELATIVE HUMIDITY (PERCENT)
 HIGHEST    85           400 AM
 LOWEST     22           300 PM
 AVERAGE    54

..........................................................


THE BLUEFIELD WV CLIMATE NORMALS FOR TOMORROW
                         NORMAL    RECORD    YEAR
 MAXIMUM TEMPERATURE (F)   65        81      1984
 MINIMUM TEMPERATURE (F)   46        27      1972


SUNRISE AND SUNSET
OCTOBER 18 2017.......SUNRISE   736 AM EDT   SUNSET   643 PM EDT
OCTOBER 19 2017.......SUNRISE   737 AM EDT   SUNSET   642 PM EDT


-  INDICATES NEGATIVE NUMBERS.
R  INDICATES RECORD WAS SET OR TIED.
MM INDICATES DATA IS MISSING.
T  INDICATES TRACE AMOUNT.


$$

PW
