000
CDUS46 KSEW 050826
CLIBLI


CLIMATE REPORT
NATIONAL WEATHER SERVICE SEATTLE WA
126 AM PDT SAT SEP 5 2015


...................................

...THE BELLINGHAM WA AIRPORT CLIMATE SUMMARY FOR SEPTEMBER 4 2015...

CLIMATE NORMAL PERIOD 1981 TO 2010
CLIMATE RECORD PERIOD 1949 TO 2015


WEATHER ITEM   OBSERVED TIME   RECORD YEAR NORMAL DEPARTURE LAST
                VALUE   (LST)  VALUE       VALUE  FROM      YEAR
                                                  NORMAL
..................................................................
TEMPERATURE (F)
 YESTERDAY
  MAXIMUM         67    202 PM  83    1955  70     -3       70
                                      1949
  MINIMUM         45    640 AM  38    1952  50     -5       45
  AVERAGE         56                        60     -4       58

PRECIPITATION (IN)
  YESTERDAY        0.01          0.44 1960   0.05  -0.04     0.00
  MONTH TO DATE    0.92                      0.22   0.70     0.53
  SINCE OCT 1     32.75                     34.27  -1.52    30.61
  SINCE JAN 1     18.02                     20.57  -2.55    20.30

DEGREE DAYS
 HEATING
  YESTERDAY        9                         5      4        7
  MONTH TO DATE   32                        19     13       19
  SINCE SEP 1     32                        19     13       19

 COOLING
  YESTERDAY        0                         0      0        0
  MONTH TO DATE    0                         0      0        1
  SINCE SEP 1      0                         0      0        1
  SINCE JAN 1    193                        40    153      116
..................................................................


WIND (MPH)
  RESULTANT WIND SPEED   1   RESULTANT WIND DIRECTION   W (290)
  HIGHEST WIND SPEED    14   HIGHEST WIND DIRECTION     W (270)
  HIGHEST GUST SPEED    20   HIGHEST GUST DIRECTION     W (280)
  AVERAGE WIND SPEED     2.4


SKY COVER
  AVERAGE SKY COVER 0.4


WEATHER CONDITIONS
 THE FOLLOWING WEATHER WAS RECORDED YESTERDAY.
  FOG
  FOG W/VISIBILITY <= 1/4 MILE


RELATIVE HUMIDITY (PERCENT)
 HIGHEST   100           500 AM
 LOWEST     52           100 PM
 AVERAGE    76

..........................................................


THE BELLINGHAM WA AIRPORT CLIMATE NORMALS FOR TODAY
                         NORMAL    RECORD    YEAR
 MAXIMUM TEMPERATURE (F)   69        86      1973
 MINIMUM TEMPERATURE (F)   50        39      1956


SUNRISE AND SUNSET
SEPTEMBER  5 2015.....SUNRISE   632 AM PDT   SUNSET   744 PM PDT
SEPTEMBER  6 2015.....SUNRISE   634 AM PDT   SUNSET   742 PM PDT


-  INDICATES NEGATIVE NUMBERS.
R  INDICATES RECORD WAS SET OR TIED.
MM INDICATES DATA IS MISSING.
T  INDICATES TRACE AMOUNT.




$$
