048
CDUS46 KSEW 260833
CLIBLI


CLIMATE REPORT
NATIONAL WEATHER SERVICE SEATTLE WA
132 AM PDT SUN MAR 26 2017


...................................

...THE BELLINGHAM WA AIRPORT CLIMATE SUMMARY FOR MARCH 25 2017...

CLIMATE NORMAL PERIOD 1981 TO 2010
CLIMATE RECORD PERIOD 1949 TO 2017


WEATHER ITEM   OBSERVED TIME   RECORD YEAR NORMAL DEPARTURE LAST
                VALUE   (LST)  VALUE       VALUE  FROM      YEAR
                                                  NORMAL
..................................................................
TEMPERATURE (F)
 YESTERDAY
  MAXIMUM         51    411 PM  62    1960  54     -3       54
  MINIMUM         42   1159 PM  16    1996  38      4       38
  AVERAGE         47                        46      1       46

PRECIPITATION (IN)
  YESTERDAY        0.01          1.15 2015   0.11  -0.10      T
  MONTH TO DATE    4.44                      2.57   1.87     3.18
  SINCE OCT 1     29.56                     23.96   5.60    25.92
  SINCE JAN 1     10.44                     10.26   0.18    11.85

DEGREE DAYS
 HEATING
  YESTERDAY       18                        19     -1       19
  MONTH TO DATE  502                       529    -27      403
  SINCE MAR 1    502                       529    -27      403

 COOLING
  YESTERDAY        0                         0      0        0
  MONTH TO DATE    0                         0      0        0
  SINCE MAR 1      0                         0      0        0
  SINCE JAN 1      0                         0      0        0
..................................................................


WIND (MPH)
  RESULTANT WIND SPEED   7   RESULTANT WIND DIRECTION   S (160)
  HIGHEST WIND SPEED    21   HIGHEST WIND DIRECTION    SE (150)
  HIGHEST GUST SPEED    29   HIGHEST GUST DIRECTION    SE (150)
  AVERAGE WIND SPEED     6.9


SKY COVER
  AVERAGE SKY COVER 0.9


WEATHER CONDITIONS
 THE FOLLOWING WEATHER WAS RECORDED YESTERDAY.
  LIGHT RAIN


RELATIVE HUMIDITY (PERCENT)
 HIGHEST    96          1100 PM
 LOWEST     56           400 PM
 AVERAGE    76

..........................................................


THE BELLINGHAM WA AIRPORT CLIMATE NORMALS FOR TODAY
                         NORMAL    RECORD    YEAR
 MAXIMUM TEMPERATURE (F)   54        65      2015
                                             1994
 MINIMUM TEMPERATURE (F)   38        25      1955


SUNRISE AND SUNSET
MARCH 26 2017.........SUNRISE   700 AM PDT   SUNSET   733 PM PDT
MARCH 27 2017.........SUNRISE   657 AM PDT   SUNSET   734 PM PDT


-  INDICATES NEGATIVE NUMBERS.
R  INDICATES RECORD WAS SET OR TIED.
MM INDICATES DATA IS MISSING.
T  INDICATES TRACE AMOUNT.




$$
