000
CDUS46 KSEW 010127
CLIBLI


CLIMATE REPORT
NATIONAL WEATHER SERVICE SEATTLE WA
626 PM PDT WED AUG 31 2016


...................................

...THE BELLINGHAM WA AIRPORT CLIMATE SUMMARY FOR AUGUST 31 2016...
VALID TODAY AS OF 0600 PM LOCAL TIME.

CLIMATE NORMAL PERIOD 1981 TO 2010
CLIMATE RECORD PERIOD 1949 TO 2016


WEATHER ITEM   OBSERVED TIME   RECORD YEAR NORMAL DEPARTURE LAST
                VALUE   (LST)  VALUE       VALUE  FROM      YEAR
                                                  NORMAL
..................................................................
TEMPERATURE (F)
 TODAY
  MAXIMUM         65   1201 PM  86    1987  70     -5       70
  MINIMUM         57    109 AM  42    1969  51      6       59
                                      1966
  AVERAGE         61                        61      0       65

PRECIPITATION (IN)
  TODAY            0.14          0.73 2010   0.05   0.09     0.45
  MONTH TO DATE    0.20                      1.23  -1.03     1.53
  SINCE OCT 1     31.84                     34.05  -2.21    31.83
  SINCE JAN 1     17.77                     20.35  -2.58    17.10

DEGREE DAYS
 HEATING
  TODAY            4                         4      0        0
  MONTH TO DATE   39                        80    -41       23
  SINCE JUN 1    226                       398   -172      105

 COOLING
  TODAY            0                         0      0        0
  MONTH TO DATE   54                        17     37       55
  SINCE JUN 1    100                        40     60      193
  SINCE JAN 1    101                        40     61      193
..................................................................


WIND (MPH)
  RESULTANT WIND SPEED   1   RESULTANT WIND DIRECTION  SE (150)
  HIGHEST WIND SPEED    12   HIGHEST WIND DIRECTION     S (170)
  HIGHEST GUST SPEED    15   HIGHEST GUST DIRECTION     S (160)
  AVERAGE WIND SPEED     1.5


SKY COVER
  AVERAGE SKY COVER 1.0


WEATHER CONDITIONS
 THE FOLLOWING WEATHER WAS RECORDED TODAY.
  RAIN
  LIGHT RAIN
  FOG


RELATIVE HUMIDITY (PERCENT)
 HIGHEST    90          1000 AM
 LOWEST     63           300 AM
 AVERAGE    77

..........................................................


THE BELLINGHAM WA AIRPORT CLIMATE NORMALS FOR TOMORROW
                         NORMAL    RECORD    YEAR
 MAXIMUM TEMPERATURE (F)   70        82      1952
 MINIMUM TEMPERATURE (F)   51        39      1960


SUNRISE AND SUNSET
AUGUST 31 2016........SUNRISE   626 AM PDT   SUNSET   753 PM PDT
SEPTEMBER  1 2016.....SUNRISE   628 AM PDT   SUNSET   751 PM PDT


-  INDICATES NEGATIVE NUMBERS.
R  INDICATES RECORD WAS SET OR TIED.
MM INDICATES DATA IS MISSING.
T  INDICATES TRACE AMOUNT.




$$
