000
CDUS46 KSEW 270826
CLIBLI


CLIMATE REPORT
NATIONAL WEATHER SERVICE SEATTLE WA
126 AM PDT WED AUG 27 2014


...................................

...THE BELLINGHAM WA AIRPORT CLIMATE SUMMARY FOR AUGUST 26 2014...

CLIMATE NORMAL PERIOD 1981 TO 2010
CLIMATE RECORD PERIOD 1949 TO 2014


WEATHER ITEM   OBSERVED TIME   RECORD YEAR NORMAL DEPARTURE LAST
                VALUE   (LST)  VALUE       VALUE  FROM      YEAR
                                                  NORMAL
..................................................................
TEMPERATURE (F)
 YESTERDAY
  MAXIMUM         84R   301 PM  83    1986  71     13       75
  MINIMUM         57    525 AM  42    1949  52      5       60
  AVERAGE         71                        61     10       68

PRECIPITATION (IN)
  YESTERDAY        0.00          0.60 1960   0.04  -0.04     0.01
  MONTH TO DATE    0.67                      0.98  -0.31     0.54
  SINCE OCT 1     30.07                     33.80  -3.73    17.23
  SINCE JAN 1     19.76                     20.10  -0.34    15.45

DEGREE DAYS
 HEATING
  YESTERDAY        0                         4     -4        0
  MONTH TO DATE   10                        60    -50       23
  SINCE JUN 1    181                       362   -181      199

 COOLING
  YESTERDAY        6                         0      6        3
  MONTH TO DATE   57                         0     57       26
  SINCE JUN 1    109                        23     86       75
  SINCE JAN 1    110                        23     87       75
..................................................................


WIND (MPH)
  RESULTANT WIND SPEED   0   RESULTANT WIND DIRECTION  SW (210)
  HIGHEST WIND SPEED     8   HIGHEST WIND DIRECTION     W (290)
  HIGHEST GUST SPEED    12   HIGHEST GUST DIRECTION    NW (300)
  AVERAGE WIND SPEED     1.9


SKY COVER
  AVERAGE SKY COVER 0.1


WEATHER CONDITIONS
 THE FOLLOWING WEATHER WAS RECORDED YESTERDAY.
  FOG


RELATIVE HUMIDITY (PERCENT)
 HIGHEST    93           200 AM
 LOWEST     40           300 PM
 AVERAGE    67

..........................................................


THE BELLINGHAM WA AIRPORT CLIMATE NORMALS FOR TODAY
                         NORMAL    RECORD    YEAR
 MAXIMUM TEMPERATURE (F)   71        85      1994
 MINIMUM TEMPERATURE (F)   52        41      1954


SUNRISE AND SUNSET
AUGUST 27 2014........SUNRISE   620 AM PDT   SUNSET   802 PM PDT
AUGUST 28 2014........SUNRISE   621 AM PDT   SUNSET   800 PM PDT


-  INDICATES NEGATIVE NUMBERS.
R  INDICATES RECORD WAS SET OR TIED.
MM INDICATES DATA IS MISSING.
T  INDICATES TRACE AMOUNT.




$$
