000
CDUS46 KSEW 290827
CLIBLI


CLIMATE REPORT
NATIONAL WEATHER SERVICE SEATTLE WA
126 AM PDT SUN MAR 29 2015


...................................

...THE BELLINGHAM WA AIRPORT CLIMATE SUMMARY FOR MARCH 28 2015...

CLIMATE NORMAL PERIOD 1981 TO 2010
CLIMATE RECORD PERIOD 1949 TO 2015


WEATHER ITEM   OBSERVED TIME   RECORD YEAR NORMAL DEPARTURE LAST
                VALUE   (LST)  VALUE       VALUE  FROM      YEAR
                                                  NORMAL
..................................................................
TEMPERATURE (F)
 YESTERDAY
  MAXIMUM         58    204 PM  72    1994  54      4       56
  MINIMUM         50    529 AM  24    1954  38     12       45
  AVERAGE         54                        46      8       51

PRECIPITATION (IN)
  YESTERDAY        0.01          0.47 1971   0.11  -0.10     0.07
  MONTH TO DATE    4.09                      2.90   1.19     5.26
  SINCE OCT 1     26.79                     24.29   2.50    21.15
  SINCE JAN 1     12.06                     10.59   1.47    10.84

DEGREE DAYS
 HEATING
  YESTERDAY       11                        19     -8       14
  MONTH TO DATE  467                       586   -119      543
  SINCE MAR 1    467                       586   -119      543

 COOLING
  YESTERDAY        0                         0      0        0
  MONTH TO DATE    0                         0      0        0
  SINCE MAR 1      0                         0      0        0
  SINCE JAN 1      0                         0      0        0
..................................................................


WIND (MPH)
  RESULTANT WIND SPEED   5   RESULTANT WIND DIRECTION  SE (150)
  HIGHEST WIND SPEED    17   HIGHEST WIND DIRECTION    SE (150)
  HIGHEST GUST SPEED    25   HIGHEST GUST DIRECTION    SW (220)
  AVERAGE WIND SPEED     6.8


SKY COVER
  AVERAGE SKY COVER 0.9


WEATHER CONDITIONS
 THE FOLLOWING WEATHER WAS RECORDED YESTERDAY.
  LIGHT RAIN


RELATIVE HUMIDITY (PERCENT)
 HIGHEST    74           500 AM
 LOWEST     54          1100 PM
 AVERAGE    64

..........................................................


THE BELLINGHAM WA AIRPORT CLIMATE NORMALS FOR TODAY
                         NORMAL    RECORD    YEAR
 MAXIMUM TEMPERATURE (F)   54        76      2004
 MINIMUM TEMPERATURE (F)   38        22      1954


SUNRISE AND SUNSET
MARCH 29 2015.........SUNRISE   654 AM PDT   SUNSET   736 PM PDT
MARCH 30 2015.........SUNRISE   652 AM PDT   SUNSET   738 PM PDT


-  INDICATES NEGATIVE NUMBERS.
R  INDICATES RECORD WAS SET OR TIED.
MM INDICATES DATA IS MISSING.
T  INDICATES TRACE AMOUNT.




$$
