000
CDUS46 KSEW 050829
CLIBLI


CLIMATE REPORT
NATIONAL WEATHER SERVICE SEATTLE WA
128 AM PDT SUN JUL 5 2015


...................................

...THE BELLINGHAM WA AIRPORT CLIMATE SUMMARY FOR JULY 4 2015...

CLIMATE NORMAL PERIOD 1981 TO 2010
CLIMATE RECORD PERIOD 1949 TO 2015


WEATHER ITEM   OBSERVED TIME   RECORD YEAR NORMAL DEPARTURE LAST
                VALUE   (LST)  VALUE       VALUE  FROM      YEAR
                                                  NORMAL
..................................................................
TEMPERATURE (F)
 YESTERDAY
  MAXIMUM         80    443 PM  85    1958  70     10       70
  MINIMUM         59    442 AM  44    2011  52      7       50
                                      1986
  AVERAGE         70                        61      9       60

PRECIPITATION (IN)
  YESTERDAY        0.00          0.99 1987   0.05  -0.05      T
  MONTH TO DATE    0.00                      0.19  -0.19      T
  SINCE OCT 1     29.63                     31.83  -2.20    28.27
  SINCE JAN 1     14.90                     18.13  -3.23    17.96

DEGREE DAYS
 HEATING
  YESTERDAY        0                         4     -4        5
  MONTH TO DATE    0                        16    -16        9
  SINCE JUN 1     69                       217   -148      145

 COOLING
  YESTERDAY        5                         0      5        0
  MONTH TO DATE   24                         0     24        4
  SINCE JUN 1     72                         4     68        5
  SINCE JAN 1     72                         4     68        6
..................................................................


WIND (MPH)
  RESULTANT WIND SPEED   2   RESULTANT WIND DIRECTION   S (170)
  HIGHEST WIND SPEED    12   HIGHEST WIND DIRECTION     S (160)
  HIGHEST GUST SPEED    15   HIGHEST GUST DIRECTION     S (160)
  AVERAGE WIND SPEED     3.0


SKY COVER
  AVERAGE SKY COVER 0.0


WEATHER CONDITIONS
 THE FOLLOWING WEATHER WAS RECORDED YESTERDAY.
  NO SIGNIFICANT WEATHER WAS OBSERVED.


RELATIVE HUMIDITY (PERCENT)
 HIGHEST    73           600 AM
 LOWEST     35           600 PM
 AVERAGE    54

..........................................................


THE BELLINGHAM WA AIRPORT CLIMATE NORMALS FOR TODAY
                         NORMAL    RECORD    YEAR
 MAXIMUM TEMPERATURE (F)   70        87      1958
 MINIMUM TEMPERATURE (F)   53        41      1951


SUNRISE AND SUNSET
JULY  5 2015..........SUNRISE   514 AM PDT   SUNSET   915 PM PDT
JULY  6 2015..........SUNRISE   514 AM PDT   SUNSET   915 PM PDT


-  INDICATES NEGATIVE NUMBERS.
R  INDICATES RECORD WAS SET OR TIED.
MM INDICATES DATA IS MISSING.
T  INDICATES TRACE AMOUNT.




$$
