000
CDUS46 KSEW 230117
CLIBLI


CLIMATE REPORT
NATIONAL WEATHER SERVICE SEATTLE WA
517 PM PST WED NOV 22 2017


...................................

...THE BELLINGHAM WA AIRPORT CLIMATE SUMMARY FOR NOVEMBER 22 2017...
VALID TODAY AS OF 0500 PM LOCAL TIME.

CLIMATE NORMAL PERIOD 1981 TO 2010
CLIMATE RECORD PERIOD 1949 TO 2017


WEATHER ITEM   OBSERVED TIME   RECORD YEAR NORMAL DEPARTURE LAST
                VALUE   (LST)  VALUE       VALUE  FROM      YEAR
                                                  NORMAL
..................................................................
TEMPERATURE (F)
 TODAY
  MAXIMUM         68R  1252 PM  60    1995  48     20       54
                                      1949
  MINIMUM         47    355 AM  11    1985  35     12       44
  AVERAGE         58                        42     16       49

PRECIPITATION (IN)
  TODAY            0.19          0.92 2011   0.19   0.00     0.65
  MONTH TO DATE    4.11                      4.32  -0.21     5.27
  SINCE OCT 1      9.44                      8.00   1.44    12.67
  SINCE JAN 1     28.11                     30.13  -2.02    32.08

DEGREE DAYS
 HEATING
  TODAY            7                        23    -16       16
  MONTH TO DATE  454                       459     -5      282
  SINCE SEP 1   1049                      1166   -117      850

 COOLING
  TODAY            0                         0      0        0
  MONTH TO DATE    0                         0      0        0
  SINCE SEP 1     31                         2     29        0
  SINCE JAN 1     97                        42     55      101
..................................................................


WIND (MPH)
  RESULTANT WIND SPEED  18   RESULTANT WIND DIRECTION  SE (150)
  HIGHEST WIND SPEED    31   HIGHEST WIND DIRECTION    SE (150)
  HIGHEST GUST SPEED    42   HIGHEST GUST DIRECTION    SE (140)
  AVERAGE WIND SPEED    18.4


SKY COVER
  AVERAGE SKY COVER 0.9


WEATHER CONDITIONS
 THE FOLLOWING WEATHER WAS RECORDED TODAY.
  RAIN
  LIGHT RAIN
  FOG


RELATIVE HUMIDITY (PERCENT)
 HIGHEST   100           100 AM
 LOWEST     68          1200 PM
 AVERAGE    84

..........................................................


THE BELLINGHAM WA AIRPORT CLIMATE NORMALS FOR TOMORROW
                         NORMAL    RECORD    YEAR
 MAXIMUM TEMPERATURE (F)   48        61      1995
 MINIMUM TEMPERATURE (F)   35        10      1985


SUNRISE AND SUNSET
NOVEMBER 22 2017......SUNRISE   730 AM PST   SUNSET   422 PM PST
NOVEMBER 23 2017......SUNRISE   732 AM PST   SUNSET   421 PM PST


-  INDICATES NEGATIVE NUMBERS.
R  INDICATES RECORD WAS SET OR TIED.
MM INDICATES DATA IS MISSING.
T  INDICATES TRACE AMOUNT.




$$
