000
CDUS46 KSEW 170842
CLIBLI


CLIMATE REPORT
NATIONAL WEATHER SERVICE SEATTLE WA
1241 AM PST SAT FEB 17 2018


...................................

...THE BELLINGHAM WA AIRPORT CLIMATE SUMMARY FOR FEBRUARY 16 2018...

CLIMATE NORMAL PERIOD 1981 TO 2010
CLIMATE RECORD PERIOD 1949 TO 2018


WEATHER ITEM   OBSERVED TIME   RECORD YEAR NORMAL DEPARTURE LAST
                VALUE   (LST)  VALUE       VALUE  FROM      YEAR
                                                  NORMAL
..................................................................
TEMPERATURE (F)
 YESTERDAY
  MAXIMUM         46    310 PM  59    2017  48     -2       59
                                      1996
  MINIMUM         39    414 AM  15    1956  33      6       45
  AVERAGE         43                        41      2       52

PRECIPITATION (IN)
  YESTERDAY        0.34          3.21 1949   0.10   0.24     0.19
  MONTH TO DATE    3.03                      1.78   1.25     3.41
  SINCE OCT 1     25.65                     20.15   5.50    24.20
  SINCE JAN 1      8.03                      6.45   1.58     5.08

DEGREE DAYS
 HEATING
  YESTERDAY       22                        24     -2       13
  MONTH TO DATE  358                       395    -37      430
  SINCE DEC 1   1903                      2029   -126     2287

 COOLING
  YESTERDAY        0                         0      0        0
  MONTH TO DATE    0                         0      0        0
  SINCE DEC 1      0                         0      0        0
  SINCE JAN 1      0                         0      0        0
..................................................................


WIND (MPH)
  RESULTANT WIND SPEED  10   RESULTANT WIND DIRECTION   S (160)
  HIGHEST WIND SPEED    17   HIGHEST WIND DIRECTION     S (160)
  HIGHEST GUST SPEED    26   HIGHEST GUST DIRECTION     S (170)
  AVERAGE WIND SPEED     9.1


SKY COVER
  AVERAGE SKY COVER 0.9


WEATHER CONDITIONS
 THE FOLLOWING WEATHER WAS RECORDED YESTERDAY.
  LIGHT RAIN
  FOG


RELATIVE HUMIDITY (PERCENT)
 HIGHEST   100           700 AM
 LOWEST     79           100 AM
 AVERAGE    90

..........................................................


THE BELLINGHAM WA AIRPORT CLIMATE NORMALS FOR TODAY
                         NORMAL    RECORD    YEAR
 MAXIMUM TEMPERATURE (F)   48        59      2015
 MINIMUM TEMPERATURE (F)   33        17      1990


SUNRISE AND SUNSET
FEBRUARY 17 2018......SUNRISE   714 AM PST   SUNSET   535 PM PST
FEBRUARY 18 2018......SUNRISE   712 AM PST   SUNSET   536 PM PST


-  INDICATES NEGATIVE NUMBERS.
R  INDICATES RECORD WAS SET OR TIED.
MM INDICATES DATA IS MISSING.
T  INDICATES TRACE AMOUNT.




$$
