000
CDUS46 KSEW 300827
CLIBLI


CLIMATE REPORT
NATIONAL WEATHER SERVICE SEATTLE WA
126 AM PDT WED JUL 30 2014


...................................

...THE BELLINGHAM WA AIRPORT CLIMATE SUMMARY FOR JULY 29 2014...

CLIMATE NORMAL PERIOD 1981 TO 2010
CLIMATE RECORD PERIOD 1949 TO 2014


WEATHER ITEM   OBSERVED TIME   RECORD YEAR NORMAL DEPARTURE LAST
                VALUE   (LST)  VALUE       VALUE  FROM      YEAR
                                                  NORMAL
..................................................................
TEMPERATURE (F)
 YESTERDAY
  MAXIMUM         78    329 PM  96    2009  73      5       70
  MINIMUM         54    251 AM  44    1969  54      0       57
  AVERAGE         66                        63      3       64

PRECIPITATION (IN)
  YESTERDAY        0.00          0.40 1955   0.03  -0.03     0.00
  MONTH TO DATE    1.13                      1.12   0.01     0.05
  SINCE OCT 1     29.40                     32.76  -3.36    16.69
  SINCE JAN 1     19.09                     19.06   0.03    14.91

DEGREE DAYS
 HEATING
  YESTERDAY        0                         2     -2        1
  MONTH TO DATE   35                        81    -46       35
  SINCE JUN 1    171                       282   -111      170

 COOLING
  YESTERDAY        1                         0      1        0
  MONTH TO DATE   45                         0     45       35
  SINCE JUN 1     46                         4     42       49
  SINCE JAN 1     47                         4     43       49
..................................................................


WIND (MPH)
  RESULTANT WIND SPEED   5   RESULTANT WIND DIRECTION   S (180)
  HIGHEST WIND SPEED    12   HIGHEST WIND DIRECTION     S (170)
  HIGHEST GUST SPEED    16   HIGHEST GUST DIRECTION     S (190)
  AVERAGE WIND SPEED     5.6


SKY COVER
  AVERAGE SKY COVER 0.0


WEATHER CONDITIONS
 THE FOLLOWING WEATHER WAS RECORDED YESTERDAY.
  NO SIGNIFICANT WEATHER WAS OBSERVED.


RELATIVE HUMIDITY (PERCENT)
 HIGHEST    86           200 AM
 LOWEST     47           400 PM
 AVERAGE    67

..........................................................


THE BELLINGHAM WA AIRPORT CLIMATE NORMALS FOR TODAY
                         NORMAL    RECORD    YEAR
 MAXIMUM TEMPERATURE (F)   73        93      1965
 MINIMUM TEMPERATURE (F)   54        46      1986


SUNRISE AND SUNSET
JULY 30 2014..........SUNRISE   541 AM PDT   SUNSET   851 PM PDT
JULY 31 2014..........SUNRISE   543 AM PDT   SUNSET   850 PM PDT


-  INDICATES NEGATIVE NUMBERS.
R  INDICATES RECORD WAS SET OR TIED.
MM INDICATES DATA IS MISSING.
T  INDICATES TRACE AMOUNT.




$$
