000
CDUS46 KSEW 060833
CLIBLI


CLIMATE REPORT
NATIONAL WEATHER SERVICE SEATTLE WA
1233 AM PST TUE DEC 6 2016


...................................

...THE BELLINGHAM WA AIRPORT CLIMATE SUMMARY FOR DECEMBER 5 2016...

CLIMATE NORMAL PERIOD 1981 TO 2010
CLIMATE RECORD PERIOD 1949 TO 2016


WEATHER ITEM   OBSERVED TIME   RECORD YEAR NORMAL DEPARTURE LAST
                VALUE   (LST)  VALUE       VALUE  FROM      YEAR
                                                  NORMAL
..................................................................
TEMPERATURE (F)
 YESTERDAY
  MAXIMUM         40    242 PM  58    2006  45     -5       55
                                      1987
  MINIMUM         32   1159 PM  15    1956  33     -1       48
  AVERAGE         36                        39     -3       52

PRECIPITATION (IN)
  YESTERDAY        0.03          0.80 1991   0.15  -0.12     0.04
  MONTH TO DATE    1.00                      0.82   0.18     0.62
  SINCE OCT 1     16.16                     10.30   5.86     8.59
  SINCE JAN 1     35.57                     32.43   3.14    28.17

DEGREE DAYS
 HEATING
  YESTERDAY       29                        26      3       13
  MONTH TO DATE  120                       128     -8       76
  SINCE DEC 1    120                       128     -8       76

 COOLING
  YESTERDAY        0                         0      0        0
  MONTH TO DATE    0                         0      0        0
  SINCE DEC 1      0                         0      0        0
  SINCE JAN 1    101                        42     59      193
..................................................................


WIND (MPH)
  RESULTANT WIND SPEED   6   RESULTANT WIND DIRECTION   E (110)
  HIGHEST WIND SPEED    18   HIGHEST WIND DIRECTION    SE (140)
  HIGHEST GUST SPEED    23   HIGHEST GUST DIRECTION    SE (150)
  AVERAGE WIND SPEED     8.0


SKY COVER
  AVERAGE SKY COVER 0.8


WEATHER CONDITIONS
 THE FOLLOWING WEATHER WAS RECORDED YESTERDAY.
  LIGHT RAIN


RELATIVE HUMIDITY (PERCENT)
 HIGHEST   100           600 PM
 LOWEST     75          1100 PM
 AVERAGE    88

..........................................................


THE BELLINGHAM WA AIRPORT CLIMATE NORMALS FOR TODAY
                         NORMAL    RECORD    YEAR
 MAXIMUM TEMPERATURE (F)   45        58      1987
                                             1973
 MINIMUM TEMPERATURE (F)   33        12      1980


SUNRISE AND SUNSET
DECEMBER  6 2016......SUNRISE   749 AM PST   SUNSET   414 PM PST
DECEMBER  7 2016......SUNRISE   750 AM PST   SUNSET   414 PM PST


-  INDICATES NEGATIVE NUMBERS.
R  INDICATES RECORD WAS SET OR TIED.
MM INDICATES DATA IS MISSING.
T  INDICATES TRACE AMOUNT.




$$
