092
CDUS46 KSEW 220831
CLIBLI


CLIMATE REPORT
NATIONAL WEATHER SERVICE SEATTLE WA
131 AM PDT TUE AUG 22 2017


...................................

...THE BELLINGHAM WA AIRPORT CLIMATE SUMMARY FOR AUGUST 21 2017...

CLIMATE NORMAL PERIOD 1981 TO 2010
CLIMATE RECORD PERIOD 1949 TO 2017


WEATHER ITEM   OBSERVED TIME   RECORD YEAR NORMAL DEPARTURE LAST
                VALUE   (LST)  VALUE       VALUE  FROM      YEAR
                                                  NORMAL
..................................................................
TEMPERATURE (F)
 YESTERDAY
  MAXIMUM         79    315 PM  85    1958  72      7       67
  MINIMUM         50    531 AM  42    1955  53     -3       57
  AVERAGE         65                        62      3       62

PRECIPITATION (IN)
  YESTERDAY        0.00          0.75 2004   0.04  -0.04     0.00
  MONTH TO DATE    0.09                      0.75  -0.66     0.02
  SINCE OCT 1     36.03                     33.57   2.46    31.66
  SINCE JAN 1     16.91                     19.87  -2.96    17.59

DEGREE DAYS
 HEATING
  YESTERDAY        0                         3     -3        3
  MONTH TO DATE   20                        44    -24       22
  SINCE JUN 1    208                       346   -138      209

 COOLING
  YESTERDAY        0                         0      0        0
  MONTH TO DATE   24                         0     24       40
  SINCE JUN 1     48                        23     25       86
  SINCE JAN 1     50                        23     27       87
..................................................................


WIND (MPH)
  RESULTANT WIND SPEED   2   RESULTANT WIND DIRECTION   W (270)
  HIGHEST WIND SPEED    10   HIGHEST WIND DIRECTION     W (270)
  HIGHEST GUST SPEED    15   HIGHEST GUST DIRECTION     W (250)
  AVERAGE WIND SPEED     2.2


SKY COVER
  AVERAGE SKY COVER 0.0


WEATHER CONDITIONS
 THE FOLLOWING WEATHER WAS RECORDED YESTERDAY.
  NO SIGNIFICANT WEATHER WAS OBSERVED.


RELATIVE HUMIDITY (PERCENT)
 HIGHEST   100           200 AM
 LOWEST     43           200 PM
 AVERAGE    72

..........................................................


THE BELLINGHAM WA AIRPORT CLIMATE NORMALS FOR TODAY
                         NORMAL    RECORD    YEAR
 MAXIMUM TEMPERATURE (F)   71        86      1956
 MINIMUM TEMPERATURE (F)   53        43      1969


SUNRISE AND SUNSET
AUGUST 22 2017........SUNRISE   613 AM PDT   SUNSET   811 PM PDT
AUGUST 23 2017........SUNRISE   615 AM PDT   SUNSET   809 PM PDT


-  INDICATES NEGATIVE NUMBERS.
R  INDICATES RECORD WAS SET OR TIED.
MM INDICATES DATA IS MISSING.
T  INDICATES TRACE AMOUNT.




$$
