000
CDUS46 KSEW 240834
CLIBLI


CLIMATE REPORT
NATIONAL WEATHER SERVICE SEATTLE WA
1234 AM PST FRI FEB 24 2017


...................................

...THE BELLINGHAM WA AIRPORT CLIMATE SUMMARY FOR FEBRUARY 23 2017...

CLIMATE NORMAL PERIOD 1981 TO 2010
CLIMATE RECORD PERIOD 1949 TO 2017


WEATHER ITEM   OBSERVED TIME   RECORD YEAR NORMAL DEPARTURE LAST
                VALUE   (LST)  VALUE       VALUE  FROM      YEAR
                                                  NORMAL
..................................................................
TEMPERATURE (F)
 YESTERDAY
  MAXIMUM         44    353 PM  62    1983  49     -5       55
  MINIMUM         29   1206 AM  22    1952  34     -5       30
  AVERAGE         37                        41     -4       43

PRECIPITATION (IN)
  YESTERDAY        0.00          1.55 1986   0.11  -0.11     0.00
  MONTH TO DATE    3.70                      2.51   1.19     5.33
  SINCE OCT 1     24.49                     20.88   3.61    22.51
  SINCE JAN 1      5.37                      7.18  -1.81     8.44

DEGREE DAYS
 HEATING
  YESTERDAY       28                        24      4       22
  MONTH TO DATE  592                       563     29      446
  SINCE DEC 1   2449                      2197    252     1884

 COOLING
  YESTERDAY        0                         0      0        0
  MONTH TO DATE    0                         0      0        0
  SINCE DEC 1      0                         0      0        0
  SINCE JAN 1      0                         0      0        0
..................................................................


WIND (MPH)
  RESULTANT WIND SPEED   1   RESULTANT WIND DIRECTION   S (170)
  HIGHEST WIND SPEED     8   HIGHEST WIND DIRECTION    NW (300)
  HIGHEST GUST SPEED    12   HIGHEST GUST DIRECTION    SW (230)
  AVERAGE WIND SPEED     2.1


SKY COVER
  AVERAGE SKY COVER 0.6


WEATHER CONDITIONS
 THE FOLLOWING WEATHER WAS RECORDED YESTERDAY.
  FOG


RELATIVE HUMIDITY (PERCENT)
 HIGHEST   100           200 AM
 LOWEST     53           400 PM
 AVERAGE    77

..........................................................


THE BELLINGHAM WA AIRPORT CLIMATE NORMALS FOR TODAY
                         NORMAL    RECORD    YEAR
 MAXIMUM TEMPERATURE (F)   49        61      1986
 MINIMUM TEMPERATURE (F)   34        20      2011


SUNRISE AND SUNSET
FEBRUARY 24 2017......SUNRISE   701 AM PST   SUNSET   546 PM PST
FEBRUARY 25 2017......SUNRISE   659 AM PST   SUNSET   548 PM PST


-  INDICATES NEGATIVE NUMBERS.
R  INDICATES RECORD WAS SET OR TIED.
MM INDICATES DATA IS MISSING.
T  INDICATES TRACE AMOUNT.




$$
