000
CDUS43 KIND 280534
CLIBMG


CLIMATE REPORT
NATIONAL WEATHER SERVICE INDIANAPOLIS IN
133 AM EDT TUE MAR 28 2017


...................................

...THE BLOOMINGTON IN CLIMATE SUMMARY FOR MARCH 27 2017...

CLIMATE NORMAL PERIOD 1981 TO 2010
CLIMATE RECORD PERIOD 9999 TO 9999


WEATHER ITEM   OBSERVED TIME   NORMAL DEPARTURE LAST
                VALUE   (LST)  VALUE  FROM      YEAR
                                      NORMAL
......................................................
TEMPERATURE (F)
 YESTERDAY
  MAXIMUM         64    444 PM  59      5       76
  MINIMUM         40    528 AM  36      4       39
  AVERAGE         52            47      5       58

PRECIPITATION (IN)
  YESTERDAY        0.63          0.16   0.47     0.21
  MONTH TO DATE    3.90          3.17   0.73     3.80
  SINCE MAR 1      3.90          3.17   0.73     3.80
  SINCE JAN 1      8.94          9.24  -0.30     9.01

DEGREE DAYS
 HEATING
  YESTERDAY       13            18     -5        7
  MONTH TO DATE  570           619    -49      418
  SINCE MAR 1    570           619    -49      418
  SINCE JUL 1   3757          4687   -930     3738

 COOLING
  YESTERDAY        0             0      0        0
  MONTH TO DATE    2             0      2        0
  SINCE MAR 1      2             0      2        0
  SINCE JAN 1      2             0      2        0
......................................................


WIND (MPH)
  HIGHEST WIND SPEED    15   HIGHEST WIND DIRECTION    SE (140)
  HIGHEST GUST SPEED    17   HIGHEST GUST DIRECTION    SE (140)
  AVERAGE WIND SPEED     4.2


SKY COVER
  AVERAGE SKY COVER 0.5


WEATHER CONDITIONS
 THE FOLLOWING WEATHER WAS RECORDED YESTERDAY.
  HEAVY RAIN
  RAIN
  LIGHT RAIN
  FOG
  FOG W/VISIBILITY <= 1/4 MILE


RELATIVE HUMIDITY (PERCENT)
 HIGHEST   100           400 AM
 LOWEST     67           400 PM
 AVERAGE    84

..........................................................


THE BLOOMINGTON IN CLIMATE NORMALS FOR TODAY
                         NORMAL
 MAXIMUM TEMPERATURE (F)   59
 MINIMUM TEMPERATURE (F)   36


SUNRISE AND SUNSET
MARCH 28 2017.........SUNRISE   737 AM EDT   SUNSET   807 PM EDT
MARCH 29 2017.........SUNRISE   735 AM EDT   SUNSET   808 PM EDT


-  INDICATES NEGATIVE NUMBERS.
R  INDICATES RECORD WAS SET OR TIED.
MM INDICATES DATA IS MISSING.
T  INDICATES TRACE AMOUNT.




$$
