000
CDUS43 KIND 050539
CLIBMG


CLIMATE REPORT
NATIONAL WEATHER SERVICE INDIANAPOLIS IN
139 AM EDT SUN JUL 5 2015


...................................

...THE BLOOMINGTON IN CLIMATE SUMMARY FOR JULY 4 2015...

CLIMATE NORMAL PERIOD 1981 TO 2010
CLIMATE RECORD PERIOD 9999 TO 9999


WEATHER ITEM   OBSERVED TIME   NORMAL DEPARTURE LAST
                VALUE   (LST)  VALUE  FROM      YEAR
                                      NORMAL
......................................................
TEMPERATURE (F)
 YESTERDAY
  MAXIMUM         83    405 PM  84     -1       79
  MINIMUM         62    208 AM  64     -2       53
  AVERAGE         73            74     -1       66

PRECIPITATION (IN)
  YESTERDAY        0.00          0.15  -0.15     0.00
  MONTH TO DATE    0.02          0.61  -0.59     0.08
  SINCE JUN 1     10.59          5.50   5.09     5.25
  SINCE JAN 1     25.15         25.39  -0.24    23.85

DEGREE DAYS
 HEATING
  YESTERDAY        0             0      0        0
  MONTH TO DATE    0             0      0        0
  SINCE JUN 1     17            15      2        3
  SINCE JUL 1      0             0      0        0

 COOLING
  YESTERDAY        8             9     -1        1
  MONTH TO DATE   25            36    -11       20
  SINCE JUN 1    274           244     30      293
  SINCE JAN 1    401           326     75      419
......................................................


WIND (MPH)
  HIGHEST WIND SPEED     7   HIGHEST WIND DIRECTION    NE (30)
  HIGHEST GUST SPEED    10   HIGHEST GUST DIRECTION     N (20)
  AVERAGE WIND SPEED     1.9


SKY COVER
  AVERAGE SKY COVER 0.4


WEATHER CONDITIONS
 THE FOLLOWING WEATHER WAS RECORDED YESTERDAY.
  FOG


RELATIVE HUMIDITY (PERCENT)
 HIGHEST   100          1200 AM
 LOWEST     51           500 PM
 AVERAGE    76

..........................................................


THE BLOOMINGTON IN CLIMATE NORMALS FOR TODAY
                         NORMAL
 MAXIMUM TEMPERATURE (F)   84
 MINIMUM TEMPERATURE (F)   64


SUNRISE AND SUNSET
JULY  5 2015..........SUNRISE   626 AM EDT   SUNSET   916 PM EDT
JULY  6 2015..........SUNRISE   627 AM EDT   SUNSET   916 PM EDT


-  INDICATES NEGATIVE NUMBERS.
R  INDICATES RECORD WAS SET OR TIED.
MM INDICATES DATA IS MISSING.
T  INDICATES TRACE AMOUNT.




$$
