000
CDUS43 KIND 240534
CLIBMG


CLIMATE REPORT
NATIONAL WEATHER SERVICE INDIANAPOLIS IN
1233 AM EST WED JAN 24 2018


...................................

...THE BLOOMINGTON IN CLIMATE SUMMARY FOR JANUARY 23 2018...

CLIMATE NORMAL PERIOD 1981 TO 2010
CLIMATE RECORD PERIOD 9999 TO 9999


WEATHER ITEM   OBSERVED TIME   NORMAL DEPARTURE LAST
                VALUE   (LST)  VALUE  FROM      YEAR
                                      NORMAL
......................................................
TEMPERATURE (F)
 YESTERDAY
  MAXIMUM         45   1237 AM  39      6       51
  MINIMUM         31    923 PM  20     11       39
  AVERAGE         38            30      8       45

PRECIPITATION (IN)
  YESTERDAY        0.05          0.08  -0.03     0.00
  MONTH TO DATE    2.20          2.62  -0.42     3.88
  SINCE DEC 1      3.39          6.16  -2.77     6.36
  SINCE JAN 1      2.20          2.62  -0.42     3.88

DEGREE DAYS
 HEATING
  YESTERDAY       27            35     -8       20
  MONTH TO DATE  943           827    116      655
  SINCE DEC 1   1979          1844    135     1681
  SINCE JUL 1   2896          2900     -4     2364

 COOLING
  YESTERDAY        0             0      0        0
  MONTH TO DATE    0             0      0        0
  SINCE DEC 1      0             0      0        0
  SINCE JAN 1      0             0      0        0
......................................................


WIND (MPH)
  HIGHEST WIND SPEED    25   HIGHEST WIND DIRECTION    SW (240)
  HIGHEST GUST SPEED    32   HIGHEST GUST DIRECTION    SW (230)
  AVERAGE WIND SPEED    10.6


SKY COVER
  AVERAGE SKY COVER 1.0


WEATHER CONDITIONS
 THE FOLLOWING WEATHER WAS RECORDED YESTERDAY.
  LIGHT RAIN
  LIGHT SNOW
  FOG


RELATIVE HUMIDITY (PERCENT)
 HIGHEST    92           900 AM
 LOWEST     58          1200 AM
 AVERAGE    75

..........................................................


THE BLOOMINGTON IN CLIMATE NORMALS FOR TODAY
                         NORMAL
 MAXIMUM TEMPERATURE (F)   39
 MINIMUM TEMPERATURE (F)   20


SUNRISE AND SUNSET
JANUARY 24 2018.......SUNRISE   759 AM EST   SUNSET   558 PM EST
JANUARY 25 2018.......SUNRISE   759 AM EST   SUNSET   559 PM EST


-  INDICATES NEGATIVE NUMBERS.
R  INDICATES RECORD WAS SET OR TIED.
MM INDICATES DATA IS MISSING.
T  INDICATES TRACE AMOUNT.




$$
