000
CDUS44 KOHX 190120
CLIBNA


CLIMATE REPORT
NATIONAL WEATHER SERVICE NASHVILLE TN
720 PM CST SAT NOV 18 2017


...................................

...THE NASHVILLE CLIMATE SUMMARY FOR NOVEMBER 18 2017...
VALID TODAY AS OF 0700 PM LOCAL TIME.

CLIMATE NORMAL PERIOD 1981 TO 2010
CLIMATE RECORD PERIOD 1871 TO 2017


WEATHER ITEM   OBSERVED TIME   RECORD YEAR NORMAL DEPARTURE
                VALUE   (LST)  VALUE       VALUE  FROM
                                                  NORMAL
...............................................................
TEMPERATURE (F)
 TODAY
  MAXIMUM         68    425 PM  80    1985  59      9
  MINIMUM         55    559 PM  15    1959  39     16
  AVERAGE         62                        49     13

PRECIPITATION (IN)
  TODAY            0.38          1.62 1984   0.15   0.23
  MONTH TO DATE    4.22                      2.35   1.87
  SINCE JAN 1     48.12                     41.05   7.07

SNOWFALL (IN)
  TODAY            0.0           T    2014
  MONTH TO DATE    0.0
  SINCE SEP 1      0.0
  SINCE JUL 1      0.0

DEGREE DAYS
 HEATING
  TODAY            3                              -13
  MONTH TO DATE  178                              -59
  SINCE SEP 1    353                              -99
  SINCE JUL 1    353                              -99

 COOLING
  TODAY            0                                0
  MONTH TO DATE   23                               23
  SINCE SEP 1    343                               77
  SINCE JAN 1   1923                              283
...............................................................


WIND (MPH)
  HIGHEST WIND SPEED    36   HIGHEST WIND DIRECTION     W (290)
  HIGHEST GUST SPEED    51   HIGHEST GUST DIRECTION    NW (300)
  AVERAGE WIND SPEED    17.3




RELATIVE HUMIDITY (PERCENT)
 HIGHEST    87
 LOWEST     44
 AVERAGE    66

..........................................................


THE NASHVILLE CLIMATE NORMALS FOR TOMORROW
                         NORMAL    RECORD    YEAR
 MAXIMUM TEMPERATURE (F)   59        80      1942
 MINIMUM TEMPERATURE (F)   38        14      1914


SUNRISE AND SUNSET
NOVEMBER 18 2017......SUNRISE   627 AM CST   SUNSET   437 PM CST
NOVEMBER 19 2017......SUNRISE   628 AM CST   SUNSET   436 PM CST


-  INDICATES NEGATIVE NUMBERS.
R  INDICATES RECORD WAS SET OR TIED.
MM INDICATES DATA IS MISSING.
T  INDICATES TRACE AMOUNT.




$$
