000
CDUS44 KOHX 011312
CLIBNA

CLIMATE REPORT
NATIONAL WEATHER SERVICE NASHVILLE TN
811 AM CDT TUE SEP 1 2015


...................................

...THE NASHVILLE CLIMATE SUMMARY FOR AUGUST 31 2015...

CLIMATE NORMAL PERIOD 1981 TO 2010
CLIMATE RECORD PERIOD 1871 TO 2015


WEATHER ITEM   OBSERVED TIME   RECORD YEAR NORMAL DEPARTURE
                VALUE   (LST)  VALUE       VALUE  FROM
                                                  NORMAL
...............................................................
TEMPERATURE (F)
 YESTERDAY
  MAXIMUM         88    403 PM 101    1951  87      1
  MINIMUM         65    514 AM  47    1946  66     -1
  AVERAGE         77                        77      0

PRECIPITATION (IN)
  YESTERDAY        0.00          2.27 1944   0.09  -0.09
  MONTH TO DATE    2.99                      3.17  -0.18
  SINCE JUN 1     13.44                     10.95   2.49
  SINCE JAN 1     34.44                     32.25   2.19

SNOWFALL (IN)
  YESTERDAY        0.0           0.0  2002   0.0    0.0
                                      2001
                                      2000
  MONTH TO DATE    0.0                       0.0    0.0
  SINCE JUN 1      0.0                       0.0    0.0
  SINCE JUL 1      0.0                       0.0    0.0
  SNOW DEPTH       0

DEGREE DAYS
 HEATING
  YESTERDAY        0                                0
  MONTH TO DATE    0                                0
  SINCE JUN 1      0                               -3
  SINCE JUL 1      0                                0

 COOLING
  YESTERDAY       12                                0
  MONTH TO DATE  387                              -38
  SINCE JUN 1   1279                               84
  SINCE JAN 1   1535                              161
...............................................................


WIND (MPH)
  HIGHEST WIND SPEED    10   HIGHEST WIND DIRECTION     E (80)
  HIGHEST GUST SPEED    15   HIGHEST GUST DIRECTION     E (110)
  AVERAGE WIND SPEED     2.3




RELATIVE HUMIDITY (PERCENT)
 HIGHEST    93
 LOWEST     40
 AVERAGE    67

LOW SINCE MIDNIGHT...................................67
PRECIPITATION SINCE MIDNIGHT.........................0.00

THE NATIONAL HIGH TEMPERATURE YESTERDAY WAS 112 AT DEATH VALLEY, CA.
THE NATIONAL LOW TEMPERATUREY YESTERDAY WAS 27 AT WEST YELLOWSTONE,
MT.

..........................................................


THE NASHVILLE CLIMATE NORMALS FOR TODAY
                         NORMAL    RECORD    YEAR
 MAXIMUM TEMPERATURE (F)   87       102      1953
 MINIMUM TEMPERATURE (F)   66        50      1946


SUNRISE AND SUNSET
SEPTEMBER  1 2015.....SUNRISE   618 AM CDT   SUNSET   715 PM CDT
SEPTEMBER  2 2015.....SUNRISE   619 AM CDT   SUNSET   713 PM CDT


-  INDICATES NEGATIVE NUMBERS.
R  INDICATES RECORD WAS SET OR TIED.
MM INDICATES DATA IS MISSING.
T  INDICATES TRACE AMOUNT.




$$
