000
CDUS44 KOHX 070728
CLIBNA

CLIMATE REPORT
NATIONAL WEATHER SERVICE NASHVILLE TN
222 AM CDT TUE JUL 7 2015


...................................

...THE NASHVILLE CLIMATE SUMMARY FOR JULY 6 2015...

CLIMATE NORMAL PERIOD 1981 TO 2010
CLIMATE RECORD PERIOD 1871 TO 2015


WEATHER ITEM   OBSERVED TIME   RECORD YEAR NORMAL DEPARTURE
                VALUE   (LST)  VALUE       VALUE  FROM
                                                  NORMAL
...............................................................
TEMPERATURE (F)
 YESTERDAY
  MAXIMUM         87    320 PM 105    2012  89     -2
  MINIMUM         69    518 AM  54    1972  69      0
  AVERAGE         78                        79     -1

PRECIPITATION (IN)
  YESTERDAY        0.00          1.18 2013   0.12  -0.12
  MONTH TO DATE    3.80                      0.74   3.06
  SINCE JUN 1      7.18                      4.88   2.30
  SINCE JAN 1     28.18                     26.18   2.00

SNOWFALL (IN)
  YESTERDAY        0.0           0.0  2002   0.0    0.0
                                      2001
  MONTH TO DATE    0.0                       0.0    0.0
  SINCE JUN 1      0.0                       0.0    0.0
  SINCE JUL 1      0.0                       0.0    0.0
  SNOW DEPTH       0

DEGREE DAYS
 HEATING
  YESTERDAY        0                                0
  MONTH TO DATE    0                                0
  SINCE JUN 1      0                               -3
  SINCE JUL 1      0                                0

 COOLING
  YESTERDAY       13                               -1
  MONTH TO DATE   67                              -17
  SINCE JUN 1    460                               52
  SINCE JAN 1    716                              129
...............................................................


WIND (MPH)
  HIGHEST WIND SPEED    15   HIGHEST WIND DIRECTION     S (190)
  HIGHEST GUST SPEED    18   HIGHEST GUST DIRECTION     S (190)
  AVERAGE WIND SPEED     4.6




RELATIVE HUMIDITY (PERCENT)
 HIGHEST   100
 LOWEST     59
 AVERAGE    80

..........................................................


THE NASHVILLE CLIMATE NORMALS FOR TODAY
                         NORMAL    RECORD    YEAR
 MAXIMUM TEMPERATURE (F)   89       104      2012
 MINIMUM TEMPERATURE (F)   69        57      1983
                                             1972


SUNRISE AND SUNSET
JULY  7 2015..........SUNRISE   536 AM CDT   SUNSET   807 PM CDT
JULY  8 2015..........SUNRISE   537 AM CDT   SUNSET   807 PM CDT


-  INDICATES NEGATIVE NUMBERS.
R  INDICATES RECORD WAS SET OR TIED.
MM INDICATES DATA IS MISSING.
T  INDICATES TRACE AMOUNT.




$$
