000
CDUS44 KOHX 282124
CLIBNA


CLIMATE REPORT
NATIONAL WEATHER SERVICE NASHVILLE TN
424 PM CDT SUN AUG 28 2016


...................................

...THE NASHVILLE CLIMATE SUMMARY FOR AUGUST 28 2016...
VALID TODAY AS OF 0400 PM LOCAL TIME.

CLIMATE NORMAL PERIOD 1981 TO 2010
CLIMATE RECORD PERIOD 1871 TO 2016


WEATHER ITEM   OBSERVED TIME   RECORD YEAR NORMAL DEPARTURE
                VALUE   (LST)  VALUE       VALUE  FROM
                                                  NORMAL
...............................................................
TEMPERATURE (F)
 TODAY
  MAXIMUM         96    147 PM 103    1990  88      8
  MINIMUM         71    544 AM  52    1968  67      4
  AVERAGE         84                        78      6

PRECIPITATION (IN)
  TODAY            0.00          4.10 1963   0.09  -0.09
  MONTH TO DATE    6.44                      2.88   3.56
  SINCE JAN 1     31.62                     31.96  -0.34

SNOWFALL (IN)
  TODAY            0.0           0.0  2002
                                      2001
                                      2000
  MONTH TO DATE    0.0
  SINCE JUN 1      0.0
  SINCE JUL 1      0.0

DEGREE DAYS
 HEATING
  TODAY            0                                0
  MONTH TO DATE    0                                0
  SINCE JUN 1      0                               -3
  SINCE JUL 1      0                                0

 COOLING
  TODAY           19                                7
  MONTH TO DATE  466                               82
  SINCE JUN 1   1453                              299
  SINCE JAN 1   1690                              357
...............................................................


WIND (MPH)
  HIGHEST WIND SPEED     8   HIGHEST WIND DIRECTION     N (350)
  HIGHEST GUST SPEED    17   HIGHEST GUST DIRECTION    NW (310)
  AVERAGE WIND SPEED     1.8



WEATHER CONDITIONS
 THE FOLLOWING WEATHER WAS RECORDED TODAY.
  FOG


RELATIVE HUMIDITY (PERCENT)
 HIGHEST    93
 LOWEST     39
 AVERAGE    66

..........................................................


THE NASHVILLE CLIMATE NORMALS FOR TOMORROW
                         NORMAL    RECORD    YEAR
 MAXIMUM TEMPERATURE (F)   88       100      1897
 MINIMUM TEMPERATURE (F)   67        49      1986


SUNRISE AND SUNSET
AUGUST 28 2016........SUNRISE   616 AM CDT   SUNSET   719 PM CDT
AUGUST 29 2016........SUNRISE   616 AM CDT   SUNSET   718 PM CDT


-  INDICATES NEGATIVE NUMBERS.
R  INDICATES RECORD WAS SET OR TIED.
MM INDICATES DATA IS MISSING.
T  INDICATES TRACE AMOUNT.




$$
