000
CDUS44 KOHX 230710
CLIBNA


CLIMATE REPORT
NATIONAL WEATHER SERVICE NASHVILLE TN
109 AM CST TUE JAN 23 2018


...................................

...THE NASHVILLE CLIMATE SUMMARY FOR JANUARY 22 2018...

CLIMATE NORMAL PERIOD 1981 TO 2010
CLIMATE RECORD PERIOD 1871 TO 2018


WEATHER ITEM   OBSERVED TIME   RECORD YEAR NORMAL DEPARTURE
                VALUE   (LST)  VALUE       VALUE  FROM
                                                  NORMAL
...............................................................
TEMPERATURE (F)
 YESTERDAY
  MAXIMUM         63    638 PM  72    1929  47     16
  MINIMUM         51   1159 PM  -2    1885  28     23
  AVERAGE         57                        38     19

PRECIPITATION (IN)
  YESTERDAY        0.17          2.77 1999   0.13   0.04
  MONTH TO DATE    1.04                      2.63  -1.59
  SINCE JAN 1      1.04                      2.63  -1.59

SNOWFALL (IN)
  YESTERDAY        0.0           8.0  2016
  MONTH TO DATE    2.2
  SINCE DEC 1      2.2
  SINCE JUL 1      2.2

DEGREE DAYS
 HEATING
  YESTERDAY        8                              -19
  MONTH TO DATE  698                               90
  SINCE DEC 1   1456                               85
  SINCE JUL 1   2030                              -15

 COOLING
  YESTERDAY        0                                0
  MONTH TO DATE    0                                0
  SINCE DEC 1      0                               -1
  SINCE JAN 1      0                                0
...............................................................


WIND (MPH)
  HIGHEST WIND SPEED    30   HIGHEST WIND DIRECTION     S (190)
  HIGHEST GUST SPEED    41   HIGHEST GUST DIRECTION     S (180)
  AVERAGE WIND SPEED    14.9




RELATIVE HUMIDITY (PERCENT)
 HIGHEST    84
 LOWEST     36

..........................................................


THE NASHVILLE CLIMATE NORMALS FOR TODAY
                         NORMAL    RECORD    YEAR
 MAXIMUM TEMPERATURE (F)   47        73      1943
                                             1909
 MINIMUM TEMPERATURE (F)   28       -13      1963


SUNRISE AND SUNSET
JANUARY 23 2018.......SUNRISE   654 AM CST   SUNSET   504 PM CST
JANUARY 24 2018.......SUNRISE   653 AM CST   SUNSET   505 PM CST


-  INDICATES NEGATIVE NUMBERS.
R  INDICATES RECORD WAS SET OR TIED.
MM INDICATES DATA IS MISSING.
T  INDICATES TRACE AMOUNT.




$$
