000
CDUS44 KOHX 282242
CLIBNA

CLIMATE REPORT
NATIONAL WEATHER SERVICE NASHVILLE TN
541 PM CDT SAT MAR 28 2015


...................................

...THE NASHVILLE CLIMATE SUMMARY FOR MARCH 28 2015...
VALID TODAY AS OF 0500 PM LOCAL TIME.

CLIMATE NORMAL PERIOD 1981 TO 2010
CLIMATE RECORD PERIOD 1871 TO 2015


WEATHER ITEM   OBSERVED TIME   RECORD YEAR NORMAL DEPARTURE
                VALUE   (LST)  VALUE       VALUE  FROM
                                                  NORMAL
...............................................................
TEMPERATURE (F)
 TODAY
  MAXIMUM         48    403 PM  85    2012  65    -17
                                      1907
  MINIMUM         27    553 AM  23    1955  42    -15
  AVERAGE         38                        54    -16

PRECIPITATION (IN)
  TODAY            0.00          3.67 1902   0.14  -0.14
  MONTH TO DATE    4.26                      3.70   0.56
  SINCE MAR 1      4.26                      3.70   0.56
  SINCE JAN 1     11.08                     11.39  -0.31

SNOWFALL (IN)
  TODAY            0.0           0.1  1899   0.0    0.0
  MONTH TO DATE    2.9                       0.8    2.1
  SINCE MAR 1      2.9                       0.8    2.1
  SINCE JUL 1      6.1                       6.2   -0.1
  SNOW DEPTH       0

DEGREE DAYS
 HEATING
  TODAY           27                               15
  MONTH TO DATE  409                              -30
  SINCE MAR 1    409                              -30
  SINCE JUL 1   3599                              222

 COOLING
  TODAY            0                                0
  MONTH TO DATE    2                                2
  SINCE MAR 1      2                                2
  SINCE JAN 1      2                                2
...............................................................


WIND (MPH)
  HIGHEST WIND SPEED    14   HIGHEST WIND DIRECTION    NW (330)
  HIGHEST GUST SPEED    17   HIGHEST GUST DIRECTION    NW (330)
  AVERAGE WIND SPEED     8.3




RELATIVE HUMIDITY (PERCENT)
 HIGHEST    69
 LOWEST     21
 AVERAGE    45

..........................................................


THE NASHVILLE CLIMATE NORMALS FOR TOMORROW
                         NORMAL    RECORD    YEAR
 MAXIMUM TEMPERATURE (F)   65        85      1895
 MINIMUM TEMPERATURE (F)   42        22      1966


SUNRISE AND SUNSET
MARCH 28 2015.........SUNRISE   639 AM CDT   SUNSET   705 PM CDT
MARCH 29 2015.........SUNRISE   638 AM CDT   SUNSET   706 PM CDT


-  INDICATES NEGATIVE NUMBERS.
R  INDICATES RECORD WAS SET OR TIED.
MM INDICATES DATA IS MISSING.
T  INDICATES TRACE AMOUNT.




$$
