000
CDUS45 KBOI 270937
CLIBNO


CLIMATE REPORT
NATIONAL WEATHER SERVICE BOISE ID
337 AM MDT MON MAR 27 2017


...................................

...THE BURNS OR CLIMATE SUMMARY FOR MARCH 26 2017...

CLIMATE NORMAL PERIOD 1981 TO 2010
CLIMATE RECORD PERIOD 1938 TO 2017


WEATHER ITEM   OBSERVED TIME   RECORD YEAR NORMAL DEPARTURE LAST
                VALUE   (LST)  VALUE       VALUE  FROM      YEAR
                                                  NORMAL
..................................................................
TEMPERATURE (F)
 YESTERDAY
  MAXIMUM         47    233 PM  71    1966  52     -5       50
  MINIMUM         28    522 AM   7    1975  27      1       18
  AVERAGE         38                        40     -2       34

PRECIPITATION (IN)
  YESTERDAY        0.14          0.74 1940   0.03   0.11     0.00
  MONTH TO DATE    1.27                      0.93   0.34     1.33
  SINCE OCT 1      9.78                      6.64   3.14     7.92
  SINCE JAN 1      6.27                      3.14   3.13     3.05

DEGREE DAYS
 HEATING
  YESTERDAY       27                        25      2       31
  MONTH TO DATE  672                       734    -62      625
  SINCE MAR 1    672                       734    -62      625
  SINCE JUL 1   6546                      6262    284     5786

 COOLING
  YESTERDAY        0                         0      0        0
  MONTH TO DATE    0                         0      0        0
  SINCE MAR 1      0                         0      0        0
  SINCE JAN 1      0                         0      0        0
..................................................................


WIND (MPH)
  HIGHEST WIND SPEED    21   HIGHEST WIND DIRECTION     S (160)
  HIGHEST GUST SPEED    26   HIGHEST GUST DIRECTION    SW (240)
  AVERAGE WIND SPEED     7.6


SKY COVER
  POSSIBLE SUNSHINE  MM
  AVERAGE SKY COVER 0.9


WEATHER CONDITIONS
 THE FOLLOWING WEATHER WAS RECORDED YESTERDAY.
  LIGHT RAIN


RELATIVE HUMIDITY (PERCENT)
 HIGHEST    92           400 AM
 LOWEST     65           300 PM
 AVERAGE    79

..........................................................


THE BURNS OR CLIMATE NORMALS FOR TODAY
                         NORMAL    RECORD    YEAR
 MAXIMUM TEMPERATURE (F)   53        76      2015
 MINIMUM TEMPERATURE (F)   27        10      1975


SUNRISE AND SUNSET
MARCH 27 2017.........SUNRISE   646 AM PDT   SUNSET   717 PM PDT
MARCH 28 2017.........SUNRISE   644 AM PDT   SUNSET   718 PM PDT


-  INDICATES NEGATIVE NUMBERS.
R  INDICATES RECORD WAS SET OR TIED.
MM INDICATES DATA IS MISSING.
T  INDICATES TRACE AMOUNT.




$$
