000
CDUS45 KBOI 230935
CLIBNO


CLIMATE REPORT
NATIONAL WEATHER SERVICE BOISE ID
335 AM MDT WED JUL 23 2014


...................................

...THE BURNS OR CLIMATE SUMMARY FOR JULY 22 2014...

CLIMATE NORMAL PERIOD 1981 TO 2010
CLIMATE RECORD PERIOD 1939 TO 2014


WEATHER ITEM   OBSERVED TIME   RECORD YEAR NORMAL DEPARTURE LAST
                VALUE   (LST)  VALUE       VALUE  FROM      YEAR
                                                  NORMAL
..................................................................
TEMPERATURE (F)
 YESTERDAY
  MAXIMUM         88    206 PM 106    2003  88      0       97
  MINIMUM         46    456 AM  38    2001  48     -2       47
                                      1999
                                      1972
  AVERAGE         67                        68     -1       72

PRECIPITATION (IN)
  YESTERDAY        T             0.70 1987   0.01  -0.01     0.00
  MONTH TO DATE    0.32                      0.29   0.03      T
  SINCE OCT 1      6.69                     10.01  -3.32     7.31
  SINCE JAN 1      5.72                      6.51  -0.79     3.41

DEGREE DAYS
 HEATING
  YESTERDAY        0                         1     -1        0
  MONTH TO DATE    0                        48    -48        3
  SINCE JUN 1    185                       266    -81      191
  SINCE JUL 1      0                        48    -48        3

 COOLING
  YESTERDAY        2                         4     -2        7
  MONTH TO DATE  150                        70     80      166
  SINCE JUN 1    158                        90     68      220
  SINCE JAN 1    158                        93     65      221
..................................................................


WIND (MPH)
  HIGHEST WIND SPEED    24   HIGHEST WIND DIRECTION    SE (130)
  HIGHEST GUST SPEED    30   HIGHEST GUST DIRECTION    SE (120)
  AVERAGE WIND SPEED     8.8


SKY COVER
  POSSIBLE SUNSHINE  MM
  AVERAGE SKY COVER 0.2


WEATHER CONDITIONS
 THE FOLLOWING WEATHER WAS RECORDED YESTERDAY.
  THUNDERSTORM
  LIGHT RAIN


RELATIVE HUMIDITY (PERCENT)
 HIGHEST    93           500 AM
 LOWEST     17           400 PM
 AVERAGE    55

..........................................................


THE BURNS OR CLIMATE NORMALS FOR TODAY
                         NORMAL    RECORD    YEAR
 MAXIMUM TEMPERATURE (F)   88       103      2003
 MINIMUM TEMPERATURE (F)   48        37      2011


SUNRISE AND SUNSET
JULY 23 2014..........SUNRISE   536 AM PDT   SUNSET   828 PM PDT
JULY 24 2014..........SUNRISE   537 AM PDT   SUNSET   827 PM PDT


-  INDICATES NEGATIVE NUMBERS.
R  INDICATES RECORD WAS SET OR TIED.
MM INDICATES DATA IS MISSING.
T  INDICATES TRACE AMOUNT.




$$
