000
CDUS45 KBOI 180127
CLIBOI


CLIMATE REPORT
NATIONAL WEATHER SERVICE BOISE ID
627 PM MST SAT FEB 17 2018


...................................

...THE BOISE ID CLIMATE SUMMARY FOR FEBRUARY 17 2018...
VALID TODAY AS OF 0600 PM LOCAL TIME.

CLIMATE NORMAL PERIOD 1981 TO 2010
CLIMATE RECORD PERIOD 1875 TO 2018


WEATHER ITEM   OBSERVED TIME   RECORD YEAR NORMAL DEPARTURE LAST
                VALUE   (LST)  VALUE       VALUE  FROM      YEAR
                                                  NORMAL
..................................................................
TEMPERATURE (F)
 TODAY
  MAXIMUM         48    553 PM  66    1930  45      3       51
  MINIMUM         31    334 AM   4    1993  29      2       36
  AVERAGE         40                        37      3       44

PRECIPITATION (IN)
  TODAY            0.00          1.02 1891   0.04  -0.04     0.06
  MONTH TO DATE    0.24                      0.59  -0.35     0.77
  SINCE OCT 1      4.99                      5.48  -0.49     7.23
  SINCE JAN 1      1.60                      1.83  -0.23     3.73

DEGREE DAYS
 HEATING
  TODAY           25                        28     -3       21
  MONTH TO DATE  400                       509   -109      455
  SINCE DEC 1   2355                      2616   -261     3084
  SINCE JUL 1   3579                      3870   -291     3989

 COOLING
  TODAY            0                         0      0        0
  MONTH TO DATE    0                         0      0        0
  SINCE DEC 1      0                         0      0        0
  SINCE JAN 1      0                         0      0        0
..................................................................


WIND (MPH)
  HIGHEST WIND SPEED    22   HIGHEST WIND DIRECTION    SE (130)
  HIGHEST GUST SPEED    29   HIGHEST GUST DIRECTION    SE (130)
  AVERAGE WIND SPEED    12.0



WEATHER CONDITIONS
 THE FOLLOWING WEATHER WAS RECORDED TODAY.
  NO SIGNIFICANT WEATHER WAS OBSERVED.


RELATIVE HUMIDITY (PERCENT)
 HIGHEST    78           300 AM
 LOWEST     49           500 PM
 AVERAGE    64

..........................................................


THE BOISE ID CLIMATE NORMALS FOR TOMORROW
                         NORMAL    RECORD    YEAR
 MAXIMUM TEMPERATURE (F)   46        65      1958
 MINIMUM TEMPERATURE (F)   29         0      1882


SUNRISE AND SUNSET
FEBRUARY 17 2018......SUNRISE   740 AM MST   SUNSET   618 PM MST
FEBRUARY 18 2018......SUNRISE   739 AM MST   SUNSET   619 PM MST


-  INDICATES NEGATIVE NUMBERS.
R  INDICATES RECORD WAS SET OR TIED.
MM INDICATES DATA IS MISSING.
T  INDICATES TRACE AMOUNT.




$$
