000
CDUS45 KBOI 280121
CLIBOI


CLIMATE REPORT
NATIONAL WEATHER SERVICE BOISE ID
620 PM MST MON FEB 27 2017


...................................

...THE BOISE ID CLIMATE SUMMARY FOR FEBRUARY 27 2017...
VALID TODAY AS OF 0600 PM LOCAL TIME.

CLIMATE NORMAL PERIOD 1981 TO 2010
CLIMATE RECORD PERIOD 1875 TO 2017


WEATHER ITEM   OBSERVED TIME   RECORD YEAR NORMAL DEPARTURE LAST
                VALUE   (LST)  VALUE       VALUE  FROM      YEAR
                                                  NORMAL
..................................................................
TEMPERATURE (F)
 TODAY
  MAXIMUM         36    306 PM  65    1992  49    -13       56
  MINIMUM         27    842 AM  -8    1890  31     -4       41
  AVERAGE         32                        40     -8       49

PRECIPITATION (IN)
  TODAY            T             0.48 1878   0.04  -0.04     0.18
  MONTH TO DATE    1.13                      0.95   0.18     0.67
  SINCE OCT 1      7.59                      5.84   1.75     5.84
  SINCE JAN 1      4.09                      2.19   1.90     1.50

DEGREE DAYS
 HEATING
  TODAY           33                        25      8       16
  MONTH TO DATE  722                       773    -51      650
  SINCE DEC 1   3351                      2880    471     2639
  SINCE JUL 1   4256                      4134    122     3711

 COOLING
  TODAY            0                         0      0        0
  MONTH TO DATE    0                         0      0        0
  SINCE DEC 1      0                         0      0        0
  SINCE JAN 1      0                         0      0        0
..................................................................


WIND (MPH)
  HIGHEST WIND SPEED    15   HIGHEST WIND DIRECTION    SE (120)
  HIGHEST GUST SPEED    30   HIGHEST GUST DIRECTION     N (340)
  AVERAGE WIND SPEED     6.6



WEATHER CONDITIONS
 THE FOLLOWING WEATHER WAS RECORDED TODAY.
  SNOW
  LIGHT SNOW
  FOG


RELATIVE HUMIDITY (PERCENT)
 HIGHEST    92           800 AM
 LOWEST     52           100 PM
 AVERAGE    72

..........................................................


THE BOISE ID CLIMATE NORMALS FOR TOMORROW
                         NORMAL    RECORD    YEAR
 MAXIMUM TEMPERATURE (F)   50        66      1992
                                             1988
 MINIMUM TEMPERATURE (F)   31        -1      1890


SUNRISE AND SUNSET
FEBRUARY 27 2017......SUNRISE   724 AM MST   SUNSET   632 PM MST
FEBRUARY 28 2017......SUNRISE   722 AM MST   SUNSET   633 PM MST


-  INDICATES NEGATIVE NUMBERS.
R  INDICATES RECORD WAS SET OR TIED.
MM INDICATES DATA IS MISSING.
T  INDICATES TRACE AMOUNT.




$$
