000
CDUS45 KBOI 230932
CLIBOI


CLIMATE REPORT
NATIONAL WEATHER SERVICE BOISE ID
332 AM MDT WED APR 23 2014


...................................

...THE BOISE ID CLIMATE SUMMARY FOR APRIL 22 2014...

CLIMATE NORMAL PERIOD 1981 TO 2010
CLIMATE RECORD PERIOD 1878 TO 2014


WEATHER ITEM   OBSERVED TIME   RECORD YEAR NORMAL DEPARTURE LAST
                VALUE   (LST)  VALUE       VALUE  FROM      YEAR
                                                  NORMAL
..................................................................
TEMPERATURE (F)
 YESTERDAY
  MAXIMUM         61   1223 AM  91    2012  64     -3       57
  MINIMUM         37   1153 PM  24    1968  40     -3       37
  AVERAGE         49                        52     -3       47

PRECIPITATION (IN)
  YESTERDAY        0.36          0.62 1882   0.05   0.31     0.00
  MONTH TO DATE    1.13                      0.90   0.23     0.95
  SINCE OCT 1      9.39                      8.17   1.22     5.80
  SINCE JAN 1      6.48                      4.52   1.96     3.15

SNOWFALL (IN)
  YESTERDAY       MM             1.6  1899   0.0   MM        0.0
  MONTH TO DATE    0.0                       0.3   -0.3       T
  SINCE OCT 1     14.4                      19.2   -4.8     16.0
  SINCE JUL 1     14.4                      19.2   -4.8     16.0
  SNOW DEPTH       0

DEGREE DAYS
 HEATING
  YESTERDAY       16                        13      3       18
  MONTH TO DATE  293                       334    -41      354
  SINCE MAR 1    881                       970    -89      964
  SINCE JUL 1   5221                      5129     92     5061

 COOLING
  YESTERDAY        0                         0      0        0
  MONTH TO DATE    0                         0      0        0
  SINCE MAR 1      0                         0      0        0
  SINCE JAN 1      0                         0      0        0
..................................................................


WIND (MPH)
  HIGHEST WIND SPEED    21   HIGHEST WIND DIRECTION     W (280)
  HIGHEST GUST SPEED    28   HIGHEST GUST DIRECTION     W (280)
  AVERAGE WIND SPEED     8.7


SKY COVER
  POSSIBLE SUNSHINE  MM
  AVERAGE SKY COVER 0.7


WEATHER CONDITIONS
 THE FOLLOWING WEATHER WAS RECORDED YESTERDAY.
  HEAVY RAIN
  RAIN
  LIGHT RAIN
  FOG


RELATIVE HUMIDITY (PERCENT)
 HIGHEST    86           800 AM
 LOWEST     36          1200 AM
 AVERAGE    61

..........................................................


THE BOISE ID CLIMATE NORMALS FOR TODAY
                         NORMAL    RECORD    YEAR
 MAXIMUM TEMPERATURE (F)   64        91      2012
 MINIMUM TEMPERATURE (F)   41        25      1992


SUNRISE AND SUNSET
APRIL 23 2014.........SUNRISE   649 AM MDT   SUNSET   838 PM MDT
APRIL 24 2014.........SUNRISE   648 AM MDT   SUNSET   839 PM MDT


-  INDICATES NEGATIVE NUMBERS.
R  INDICATES RECORD WAS SET OR TIED.
MM INDICATES DATA IS MISSING.
T  INDICATES TRACE AMOUNT.




$$
