000
CDUS45 KBOI 220932
CLIBOI


CLIMATE REPORT
NATIONAL WEATHER SERVICE BOISE ID
332 AM MDT FRI AUG 22 2014


...................................

...THE BOISE ID CLIMATE SUMMARY FOR AUGUST 21 2014...

CLIMATE NORMAL PERIOD 1981 TO 2010
CLIMATE RECORD PERIOD 1878 TO 2014


WEATHER ITEM   OBSERVED TIME   RECORD YEAR NORMAL DEPARTURE LAST
                VALUE   (LST)  VALUE       VALUE  FROM      YEAR
                                                  NORMAL
..................................................................
TEMPERATURE (F)
 YESTERDAY
  MAXIMUM         83    455 PM 101    2005  89     -6       92
                                      1897
  MINIMUM         58    623 AM  43    1918  59     -1       62
  AVERAGE         71                        74     -3       77

PRECIPITATION (IN)
  YESTERDAY        0.00          0.15 1923   0.00   0.00     0.00
  MONTH TO DATE    0.06                      0.15  -0.09     0.01
  SINCE OCT 1     11.42                     11.06   0.36     7.12
  SINCE JAN 1      8.51                      7.41   1.10     4.47

SNOWFALL (IN)
  YESTERDAY        0.0           0.0  2006   0.0    0.0      0.0
  MONTH TO DATE    0.0                       0.0    0.0      0.0
  SINCE OCT 1     14.4                      19.2   -4.8     16.0
  SINCE JUL 1      0.0                       0.0    0.0      0.0
  SNOW DEPTH       0

DEGREE DAYS
 HEATING
  YESTERDAY        0                         0      0        0
  MONTH TO DATE    0                         0      0        0
  SINCE JUN 1     36                        72    -36       35
  SINCE JUL 1      0                         8     -8        0

 COOLING
  YESTERDAY        6                         9     -3       12
  MONTH TO DATE  296                       231     65      283
  SINCE JUN 1    912                       712    200      990
  SINCE JAN 1    936                       756    180     1037
..................................................................


WIND (MPH)
  HIGHEST WIND SPEED    14   HIGHEST WIND DIRECTION    SE (120)
  HIGHEST GUST SPEED    17   HIGHEST GUST DIRECTION    SE (120)
  AVERAGE WIND SPEED     6.0


SKY COVER
  POSSIBLE SUNSHINE  MM
  AVERAGE SKY COVER 0.1


WEATHER CONDITIONS
 THE FOLLOWING WEATHER WAS RECORDED YESTERDAY.
  NO SIGNIFICANT WEATHER WAS OBSERVED.


RELATIVE HUMIDITY (PERCENT)
 HIGHEST    60           300 AM
 LOWEST     15           600 PM
 AVERAGE    38

..........................................................


THE BOISE ID CLIMATE NORMALS FOR TODAY
                         NORMAL    RECORD    YEAR
 MAXIMUM TEMPERATURE (F)   88       101      1950
 MINIMUM TEMPERATURE (F)   59        39      1892


SUNRISE AND SUNSET
AUGUST 22 2014........SUNRISE   658 AM MDT   SUNSET   837 PM MDT
AUGUST 23 2014........SUNRISE   659 AM MDT   SUNSET   835 PM MDT


-  INDICATES NEGATIVE NUMBERS.
R  INDICATES RECORD WAS SET OR TIED.
MM INDICATES DATA IS MISSING.
T  INDICATES TRACE AMOUNT.




$$
