000
CDUS45 KBOI 020931
CLIBOI


CLIMATE REPORT
NATIONAL WEATHER SERVICE BOISE ID
330 AM MDT TUE JUN 2 2015


...................................

...THE BOISE ID CLIMATE SUMMARY FOR JUNE 1 2015...

CLIMATE NORMAL PERIOD 1981 TO 2010
CLIMATE RECORD PERIOD 1878 TO 2015


WEATHER ITEM   OBSERVED TIME   RECORD YEAR NORMAL DEPARTURE LAST
                VALUE   (LST)  VALUE       VALUE  FROM      YEAR
                                                  NORMAL
..................................................................
TEMPERATURE (F)
 YESTERDAY
  MAXIMUM         85    446 PM  99    2001  76      9       80
  MINIMUM         60   1153 PM  31    1984  51      9       46
  AVERAGE         73                        63     10       63

PRECIPITATION (IN)
  YESTERDAY        0.01          0.89 1902   0.04  -0.03     0.00
  MONTH TO DATE    0.01                      0.04  -0.03     0.00
  SINCE OCT 1     10.71                      9.93   0.78    11.01
  SINCE JAN 1      4.80                      6.28  -1.48     8.10

SNOWFALL (IN)
  YESTERDAY        0.0           T    1954   0.0    0.0      0.0
  MONTH TO DATE    0.0                       0.0    0.0      0.0
  SINCE OCT 1     13.3                      19.2   -5.9     14.4
  SINCE JUL 1     13.3                      19.2   -5.9     14.4
  SNOW DEPTH       0

DEGREE DAYS
 HEATING
  YESTERDAY        0                         4     -4        2
  MONTH TO DATE    0                         4     -4        2
  SINCE JUN 1      0                         4     -4        2
  SINCE JUL 1   4586                      5454   -868     5511

 COOLING
  YESTERDAY        8                         2      6        0
  MONTH TO DATE    8                         2      6        0
  SINCE JUN 1      8                         2      6        0
  SINCE JAN 1     43                        46     -3       24
..................................................................


WIND (MPH)
  HIGHEST WIND SPEED    25   HIGHEST WIND DIRECTION     E (90)
  HIGHEST GUST SPEED    31   HIGHEST GUST DIRECTION    SE (150)
  AVERAGE WIND SPEED    10.3


SKY COVER
  POSSIBLE SUNSHINE  MM
  AVERAGE SKY COVER 0.3


WEATHER CONDITIONS
 THE FOLLOWING WEATHER WAS RECORDED YESTERDAY.
  THUNDERSTORM
  LIGHT RAIN


RELATIVE HUMIDITY (PERCENT)
 HIGHEST    56          1100 PM
 LOWEST     20           400 PM
 AVERAGE    38

..........................................................


THE BOISE ID CLIMATE NORMALS FOR TODAY
                         NORMAL    RECORD    YEAR
 MAXIMUM TEMPERATURE (F)   77        97      2007
                                             1986
 MINIMUM TEMPERATURE (F)   51        33      1892


SUNRISE AND SUNSET
JUNE  2 2015..........SUNRISE   606 AM MDT   SUNSET   920 PM MDT
JUNE  3 2015..........SUNRISE   606 AM MDT   SUNSET   921 PM MDT


-  INDICATES NEGATIVE NUMBERS.
R  INDICATES RECORD WAS SET OR TIED.
MM INDICATES DATA IS MISSING.
T  INDICATES TRACE AMOUNT.




$$
