000
CDUS45 KBOI 260932
CLIBOI


CLIMATE REPORT
NATIONAL WEATHER SERVICE BOISE ID
331 AM MDT WED APR 26 2017


...................................

...THE BOISE ID CLIMATE SUMMARY FOR APRIL 25 2017...

CLIMATE NORMAL PERIOD 1981 TO 2010
CLIMATE RECORD PERIOD 1875 TO 2017


WEATHER ITEM   OBSERVED TIME   RECORD YEAR NORMAL DEPARTURE LAST
                VALUE   (LST)  VALUE       VALUE  FROM      YEAR
                                                  NORMAL
..................................................................
TEMPERATURE (F)
 YESTERDAY
  MAXIMUM         58    535 PM  92    1946  65     -7       63
  MINIMUM         41    701 AM  26    1961  41      0       44
                                      1921
  AVERAGE         50                        53     -3       54

PRECIPITATION (IN)
  YESTERDAY        0.03          0.51 1900   0.04  -0.01     0.00
  MONTH TO DATE    1.66                      1.02   0.64     0.69
  SINCE OCT 1     12.20                      8.29   3.91     7.99
  SINCE JAN 1      8.70                      4.64   4.06     3.65

SNOWFALL (IN)
  YESTERDAY       MM             1.0  1967   0.0   MM        0.0
  MONTH TO DATE    0.1                       0.3   -0.2      0.0
  SINCE OCT 1     39.1                      19.2   19.9     10.9
  SINCE JUL 1     39.1                      19.2   19.9     10.9
  SNOW DEPTH       0

DEGREE DAYS
 HEATING
  YESTERDAY       15                        12      3       11
  MONTH TO DATE  379                       372      7      205
  SINCE MAR 1    871                      1008   -137      740
  SINCE JUL 1   5158                      5167     -9     4489

 COOLING
  YESTERDAY        0                         0      0        0
  MONTH TO DATE    0                         0      0        5
  SINCE MAR 1      0                         0      0        5
  SINCE JAN 1      0                         0      0        5
..................................................................


WIND (MPH)
  HIGHEST WIND SPEED    21   HIGHEST WIND DIRECTION    NW (300)
  HIGHEST GUST SPEED    25   HIGHEST GUST DIRECTION    NW (320)
  AVERAGE WIND SPEED    10.5


SKY COVER
  POSSIBLE SUNSHINE  MM
  AVERAGE SKY COVER 0.7


WEATHER CONDITIONS
 THE FOLLOWING WEATHER WAS RECORDED YESTERDAY.
  LIGHT RAIN


RELATIVE HUMIDITY (PERCENT)
 HIGHEST    89          1200 AM
 LOWEST     36           500 PM
 AVERAGE    63

..........................................................


THE BOISE ID CLIMATE NORMALS FOR TODAY
                         NORMAL    RECORD    YEAR
 MAXIMUM TEMPERATURE (F)   65        92      1898
 MINIMUM TEMPERATURE (F)   41        24      1985


SUNRISE AND SUNSET
APRIL 26 2017.........SUNRISE   644 AM MDT   SUNSET   842 PM MDT
APRIL 27 2017.........SUNRISE   643 AM MDT   SUNSET   843 PM MDT


-  INDICATES NEGATIVE NUMBERS.
R  INDICATES RECORD WAS SET OR TIED.
MM INDICATES DATA IS MISSING.
T  INDICATES TRACE AMOUNT.




$$
