000
CDUS45 KBOI 180122
CLIBOI


CLIMATE REPORT
NATIONAL WEATHER SERVICE BOISE ID
621 PM MST TUE JAN 17 2017


...................................

...THE BOISE ID CLIMATE SUMMARY FOR JANUARY 17 2017...
VALID TODAY AS OF 0600 PM LOCAL TIME.

CLIMATE NORMAL PERIOD 1981 TO 2010
CLIMATE RECORD PERIOD 1875 TO 2017


WEATHER ITEM   OBSERVED TIME   RECORD YEAR NORMAL DEPARTURE LAST
                VALUE   (LST)  VALUE       VALUE  FROM      YEAR
                                                  NORMAL
..................................................................
TEMPERATURE (F)
 TODAY
  MAXIMUM         16    356 PM  58    1923  38    -22       45
  MINIMUM         -1    616 AM -20    1883  25    -26       25
  AVERAGE          8                        31    -23       35

PRECIPITATION (IN)
  TODAY            0.00          0.84 1953   0.04  -0.04     0.02
  MONTH TO DATE    2.13                      0.74   1.39     0.28
  SINCE OCT 1      5.63                      4.39   1.24     4.62
  SINCE JAN 1      2.13                      0.74   1.39     0.28

DEGREE DAYS
 HEATING
  TODAY           57                        34     23       30
  MONTH TO DATE  803                       588    215      594
  SINCE DEC 1   2087                      1649    438     1617
  SINCE JUL 1   2992                      2903     89     2689

 COOLING
  TODAY            0                         0      0        0
  MONTH TO DATE    0                         0      0        0
  SINCE DEC 1      0                         0      0        0
  SINCE JAN 1      0                         0      0        0
..................................................................


WIND (MPH)
  HIGHEST WIND SPEED    13   HIGHEST WIND DIRECTION     W (280)
  HIGHEST GUST SPEED    21   HIGHEST GUST DIRECTION     W (270)
  AVERAGE WIND SPEED     3.2



WEATHER CONDITIONS
 THE FOLLOWING WEATHER WAS RECORDED TODAY.
  FOG
  HAZE


RELATIVE HUMIDITY (PERCENT)
 HIGHEST    95           100 AM
 LOWEST     67           100 PM
 AVERAGE    81

..........................................................


THE BOISE ID CLIMATE NORMALS FOR TOMORROW
                         NORMAL    RECORD    YEAR
 MAXIMUM TEMPERATURE (F)   38        57      1998
 MINIMUM TEMPERATURE (F)   25       -27      1883


SUNRISE AND SUNSET
JANUARY 17 2017.......SUNRISE   814 AM MST   SUNSET   537 PM MST
JANUARY 18 2017.......SUNRISE   813 AM MST   SUNSET   538 PM MST


-  INDICATES NEGATIVE NUMBERS.
R  INDICATES RECORD WAS SET OR TIED.
MM INDICATES DATA IS MISSING.
T  INDICATES TRACE AMOUNT.




$$
