000
CDUS45 KBOI 280122
CLIBOI


CLIMATE REPORT
NATIONAL WEATHER SERVICE BOISE ID
721 PM MDT MON JUL 27 2015


...................................

...THE BOISE ID CLIMATE SUMMARY FOR JULY 27 2015...
VALID TODAY AS OF 0600 PM LOCAL TIME.

CLIMATE NORMAL PERIOD 1981 TO 2010
CLIMATE RECORD PERIOD 1878 TO 2015


WEATHER ITEM   OBSERVED TIME   RECORD YEAR NORMAL DEPARTURE LAST
                VALUE   (LST)  VALUE       VALUE  FROM      YEAR
                                                  NORMAL
..................................................................
TEMPERATURE (F)
 TODAY
  MAXIMUM         75    542 PM 108    1975  93    -18       99
                                      1934
  MINIMUM         56    707 AM  46    1918  62     -6       62
  AVERAGE         66                        78    -12       81

PRECIPITATION (IN)
  TODAY            0.00          0.06 1941   0.01  -0.01     0.00
  MONTH TO DATE    0.97                      0.29   0.68     0.08
  SINCE OCT 1     11.84                     10.87   0.97    11.36
  SINCE JAN 1      5.93                      7.22  -1.29     8.45

DEGREE DAYS
 HEATING
  TODAY            0                         0      0        0
  MONTH TO DATE    0                         4     -4        0
  SINCE JUN 1      2                        68    -66       36
  SINCE JUL 1      0                         4     -4        0

 COOLING
  TODAY            1                        13    -12       16
  MONTH TO DATE  328                       291     37      426
  SINCE JUN 1    666                       430    236      538
  SINCE JAN 1    701                       474    227      562
..................................................................


WIND (MPH)
  HIGHEST WIND SPEED    24   HIGHEST WIND DIRECTION    NW (300)
  HIGHEST GUST SPEED    31   HIGHEST GUST DIRECTION     W (280)
  AVERAGE WIND SPEED    15.2



WEATHER CONDITIONS
 THE FOLLOWING WEATHER WAS RECORDED TODAY.
  NO SIGNIFICANT WEATHER WAS OBSERVED.


RELATIVE HUMIDITY (PERCENT)
 HIGHEST    59           700 AM
 LOWEST     19           500 PM
 AVERAGE    39

..........................................................


THE BOISE ID CLIMATE NORMALS FOR TOMORROW
                         NORMAL    RECORD    YEAR
 MAXIMUM TEMPERATURE (F)   93       106      1934
 MINIMUM TEMPERATURE (F)   62        45      1959
                                             1948


SUNRISE AND SUNSET
JULY 27 2015..........SUNRISE   629 AM MDT   SUNSET   913 PM MDT
JULY 28 2015..........SUNRISE   630 AM MDT   SUNSET   912 PM MDT


-  INDICATES NEGATIVE NUMBERS.
R  INDICATES RECORD WAS SET OR TIED.
MM INDICATES DATA IS MISSING.
T  INDICATES TRACE AMOUNT.




$$
