000
CDUS45 KBOI 270931
CLIBOI


CLIMATE REPORT
NATIONAL WEATHER SERVICE BOISE ID
231 AM MST FRI FEB 27 2015


...................................

...THE BOISE ID CLIMATE SUMMARY FOR FEBRUARY 26 2015...

CLIMATE NORMAL PERIOD 1981 TO 2010
CLIMATE RECORD PERIOD 1878 TO 2015


WEATHER ITEM   OBSERVED TIME   RECORD YEAR NORMAL DEPARTURE LAST
                VALUE   (LST)  VALUE       VALUE  FROM      YEAR
                                                  NORMAL
..................................................................
TEMPERATURE (F)
 YESTERDAY
  MAXIMUM         50    410 PM  66    1950  49      1       59
  MINIMUM         37   1159 PM   0    1890  30      7       34
  AVERAGE         44                        40      4       47

PRECIPITATION (IN)
  YESTERDAY        0.01          0.64 1930   0.03  -0.02     0.00
  MONTH TO DATE    1.30                      0.91   0.39     2.08
  SINCE OCT 1      8.04                      5.80   2.24     5.80
  SINCE JAN 1      2.13                      2.15  -0.02     2.89

SNOWFALL (IN)
  YESTERDAY        0.0           6.7  1930   0.1   -0.1      0.0
  MONTH TO DATE    0.2                       2.7   -2.5      4.2
  SINCE OCT 1     13.3                      17.5   -4.2     14.4
  SINCE JUL 1     13.3                      17.5   -4.2     14.4
  SNOW DEPTH       0

DEGREE DAYS
 HEATING
  YESTERDAY       21                        25     -4       18
  MONTH TO DATE  535                       748   -213      681
  SINCE DEC 1   2409                      2855   -446     3008
  SINCE JUL 1   3548                      4109   -561     4302

 COOLING
  YESTERDAY        0                         0      0        0
  MONTH TO DATE    0                         0      0        0
  SINCE DEC 1      0                         0      0        0
  SINCE JAN 1      0                         0      0        0
..................................................................


WIND (MPH)
  HIGHEST WIND SPEED    17   HIGHEST WIND DIRECTION    NW (300)
  HIGHEST GUST SPEED    21   HIGHEST GUST DIRECTION    NW (310)
  AVERAGE WIND SPEED     7.4


SKY COVER
  POSSIBLE SUNSHINE  MM
  AVERAGE SKY COVER 0.9


WEATHER CONDITIONS
 THE FOLLOWING WEATHER WAS RECORDED YESTERDAY.
  LIGHT RAIN


RELATIVE HUMIDITY (PERCENT)
 HIGHEST    85           800 AM
 LOWEST     46           400 PM
 AVERAGE    66

..........................................................


THE BOISE ID CLIMATE NORMALS FOR TODAY
                         NORMAL    RECORD    YEAR
 MAXIMUM TEMPERATURE (F)   49        65      1992
 MINIMUM TEMPERATURE (F)   31        -8      1890


SUNRISE AND SUNSET
FEBRUARY 27 2015......SUNRISE   725 AM MST   SUNSET   631 PM MST
FEBRUARY 28 2015......SUNRISE   723 AM MST   SUNSET   632 PM MST


-  INDICATES NEGATIVE NUMBERS.
R  INDICATES RECORD WAS SET OR TIED.
MM INDICATES DATA IS MISSING.
T  INDICATES TRACE AMOUNT.




$$
