000
CDUS45 KBOI 030123
CLIBOI


CLIMATE REPORT
NATIONAL WEATHER SERVICE BOISE ID
623 PM MST FRI DEC 2 2016


...................................

...THE BOISE ID CLIMATE SUMMARY FOR DECEMBER 2 2016...
VALID TODAY AS OF 0600 PM LOCAL TIME.

CLIMATE NORMAL PERIOD 1981 TO 2010
CLIMATE RECORD PERIOD 1875 TO 2016


WEATHER ITEM   OBSERVED TIME   RECORD YEAR NORMAL DEPARTURE LAST
                VALUE   (LST)  VALUE       VALUE  FROM      YEAR
                                                  NORMAL
..................................................................
TEMPERATURE (F)
 TODAY
  MAXIMUM         38    329 PM  62    2012  40     -2       30
                                      1926
  MINIMUM         19    615 AM   9    1983  27     -8       14
  AVERAGE         29                        33     -4       22

PRECIPITATION (IN)
  TODAY            0.00          0.66 1901   0.05  -0.05      T
  MONTH TO DATE    0.00                      0.10  -0.10      T
  SINCE OCT 1      1.51                      2.20  -0.69     2.63
  SINCE JAN 1      6.69                     10.28  -3.59     9.25

DEGREE DAYS
 HEATING
  TODAY           36                        32      4       43
  MONTH TO DATE   67                        63      4       95
  SINCE DEC 1     67                        63      4       95
  SINCE JUL 1    972                      1317   -345     1167

 COOLING
  TODAY            0                         0      0        0
  MONTH TO DATE    0                         0      0        0
  SINCE DEC 1      0                         0      0        0
  SINCE JAN 1   1001                       942     59     1280
..................................................................


WIND (MPH)
  HIGHEST WIND SPEED     8   HIGHEST WIND DIRECTION     W (260)
  HIGHEST GUST SPEED    11   HIGHEST GUST DIRECTION    SE (140)
  AVERAGE WIND SPEED     3.3



WEATHER CONDITIONS
 THE FOLLOWING WEATHER WAS RECORDED TODAY.
  FOG


RELATIVE HUMIDITY (PERCENT)
 HIGHEST    96           300 AM
 LOWEST     52           300 PM
 AVERAGE    74

..........................................................


THE BOISE ID CLIMATE NORMALS FOR TOMORROW
                         NORMAL    RECORD    YEAR
 MAXIMUM TEMPERATURE (F)   40        61      2007
 MINIMUM TEMPERATURE (F)   26        14      1891


SUNRISE AND SUNSET
DECEMBER  2 2016......SUNRISE   800 AM MST   SUNSET   509 PM MST
DECEMBER  3 2016......SUNRISE   801 AM MST   SUNSET   509 PM MST


-  INDICATES NEGATIVE NUMBERS.
R  INDICATES RECORD WAS SET OR TIED.
MM INDICATES DATA IS MISSING.
T  INDICATES TRACE AMOUNT.




$$
