000
CDUS45 KRIW 180747
CLIBPI


CLIMATE REPORT
NATIONAL WEATHER SERVICE RIVERTON WY
1246 AM MST SAT NOV 18 2017


...................................

...THE BIG PINEY WY CLIMATE SUMMARY FOR NOVEMBER 17 2017...

CLIMATE NORMAL PERIOD 1981 TO 2010
CLIMATE RECORD PERIOD 1976 TO 2017


WEATHER ITEM   OBSERVED TIME   RECORD YEAR NORMAL DEPARTURE LAST
                VALUE   (LST)  VALUE       VALUE  FROM      YEAR
                                                  NORMAL
..................................................................
TEMPERATURE (F)
 YESTERDAY
  MAXIMUM         35   1229 AM  60    1999  37     -2       30
  MINIMUM          4   1121 PM -16    1978   9     -5       14
  AVERAGE         20                        23     -3       22

PRECIPITATION (IN)
  YESTERDAY        0.07          0.15 1988   0.01   0.06     0.03
  MONTH TO DATE    0.23                      0.13   0.10     0.22
  SINCE SEP 1      1.96                      1.44   0.52     4.25
  SINCE JAN 1      9.06                      6.10   2.96    11.73

DEGREE DAYS
 HEATING
  YESTERDAY       45                        42      3       43
  MONTH TO DATE  597                       641    -44      484
  SINCE SEP 1   1904                      1928    -24     1621
  SINCE JUL 1   2091                      2221   -130     1904

 COOLING
  YESTERDAY        0                         0      0        0
  MONTH TO DATE    0                         0      0        0
  SINCE SEP 1      0                         0      0        0
  SINCE JAN 1     27                        35     -8       23
..................................................................


WIND (MPH)
  HIGHEST WIND SPEED    26   HIGHEST WIND DIRECTION     N (10)
  HIGHEST GUST SPEED    32   HIGHEST GUST DIRECTION     N (10)
  AVERAGE WIND SPEED     8.2


SKY COVER
  POSSIBLE SUNSHINE  MM
  AVERAGE SKY COVER 0.7


WEATHER CONDITIONS
 THE FOLLOWING WEATHER WAS RECORDED YESTERDAY.
  LIGHT RAIN
  LIGHT SNOW
  FOG
  FOG W/VISIBILITY <= 1/4 MILE


RELATIVE HUMIDITY (PERCENT)
 HIGHEST   100           100 AM
 LOWEST     75           100 PM
 AVERAGE    88

..........................................................


THE BIG PINEY WY CLIMATE NORMALS FOR TODAY
                         NORMAL    RECORD    YEAR
 MAXIMUM TEMPERATURE (F)   36        59      2008
 MINIMUM TEMPERATURE (F)    9       -10      1980


SUNRISE AND SUNSET
NOVEMBER 18 2017......SUNRISE   716 AM MST   SUNSET   455 PM MST
NOVEMBER 19 2017......SUNRISE   717 AM MST   SUNSET   454 PM MST


-  INDICATES NEGATIVE NUMBERS.
R  INDICATES RECORD WAS SET OR TIED.
MM INDICATES DATA IS MISSING.
T  INDICATES TRACE AMOUNT.




$$
