000
CDUS45 KRIW 020738
CLIBPI


CLIMATE REPORT
NATIONAL WEATHER SERVICE RIVERTON WY
128 AM MDT TUE JUN 2 2015


...................................

...THE BIG PINEY WY CLIMATE SUMMARY FOR JUNE 1 2015...

CLIMATE NORMAL PERIOD 1981 TO 2010
CLIMATE RECORD PERIOD 1976 TO 2015


WEATHER ITEM   OBSERVED TIME   RECORD YEAR NORMAL DEPARTURE LAST
                VALUE   (LST)  VALUE       VALUE  FROM      YEAR
                                                  NORMAL
..................................................................
TEMPERATURE (F)
 YESTERDAY
  MAXIMUM         79    258 PM  81    2001  67     12       67
                                      1977
  MINIMUM         42   1159 PM  19    2000  34      8       38
  AVERAGE         61                        51     10       53

PRECIPITATION (IN)
  YESTERDAY        0.00          0.36 2005   0.03  -0.03     0.00
  MONTH TO DATE    0.00                      0.03  -0.03     0.00
  SINCE JUN 1      0.00                      0.03  -0.03     0.00
  SINCE JAN 1      2.98                      2.50   0.48     1.15

DEGREE DAYS
 HEATING
  YESTERDAY        4                        14    -10       12
  MONTH TO DATE    4                        14    -10       12
  SINCE JUN 1      4                        14    -10       12
  SINCE JUL 1   8393                     10140  -1747     9371

 COOLING
  YESTERDAY        0                         0      0        0
  MONTH TO DATE    0                         0      0        0
  SINCE JUN 1      0                         0      0        0
  SINCE JAN 1      0                         0      0        0
..................................................................


WIND (MPH)
  HIGHEST WIND SPEED    43   HIGHEST WIND DIRECTION    NW (330)
  HIGHEST GUST SPEED    52   HIGHEST GUST DIRECTION     N (340)
  AVERAGE WIND SPEED    11.6


SKY COVER
  POSSIBLE SUNSHINE  MM
  AVERAGE SKY COVER 0.2


WEATHER CONDITIONS
 THE FOLLOWING WEATHER WAS RECORDED YESTERDAY.
  THUNDERSTORM


RELATIVE HUMIDITY (PERCENT)
 HIGHEST    86          1200 AM
 LOWEST     23           300 PM
 AVERAGE    55

..........................................................


THE BIG PINEY WY CLIMATE NORMALS FOR TODAY
                         NORMAL    RECORD    YEAR
 MAXIMUM TEMPERATURE (F)   67        85      1977
 MINIMUM TEMPERATURE (F)   34        27      2000
                                             1996
                                             1989


SUNRISE AND SUNSET
JUNE  2 2015..........SUNRISE   545 AM MDT   SUNSET   852 PM MDT
JUNE  3 2015..........SUNRISE   545 AM MDT   SUNSET   853 PM MDT


-  INDICATES NEGATIVE NUMBERS.
R  INDICATES RECORD WAS SET OR TIED.
MM INDICATES DATA IS MISSING.
T  INDICATES TRACE AMOUNT.




$$
