000
CDUS45 KRIW 020734
CLIBPI


CLIMATE REPORT
NATIONAL WEATHER SERVICE RIVERTON WY
134 AM MDT SUN AUG 2 2015


...................................

...THE BIG PINEY WY CLIMATE SUMMARY FOR AUGUST 1 2015...

CLIMATE NORMAL PERIOD 1981 TO 2010
CLIMATE RECORD PERIOD 1976 TO 2015


WEATHER ITEM   OBSERVED TIME   RECORD YEAR NORMAL DEPARTURE LAST
                VALUE   (LST)  VALUE       VALUE  FROM      YEAR
                                                  NORMAL
..................................................................
TEMPERATURE (F)
 YESTERDAY
  MAXIMUM         86    454 PM  90    2008  82      4       81
                                      1998
  MINIMUM         45    524 AM  33    1995  43      2       47
                                      1986
  AVERAGE         66                        63      3       64

PRECIPITATION (IN)
  YESTERDAY        0.00          0.55 2005   0.02  -0.02      T
  MONTH TO DATE    0.00                      0.02  -0.02      T
  SINCE JUN 1      1.96                      1.52   0.44     0.62
  SINCE JAN 1      4.94                      3.99   0.95     1.77

DEGREE DAYS
 HEATING
  YESTERDAY        0                         3     -3        1
  MONTH TO DATE    0                         3     -3        1
  SINCE JUN 1    293                       425   -132      402
  SINCE JUL 1    158                       120     38       55

 COOLING
  YESTERDAY        1                         1      0        0
  MONTH TO DATE    1                         1      0        0
  SINCE JUN 1     43                        25     18       26
  SINCE JAN 1     43                        25     18       26
..................................................................


WIND (MPH)
  HIGHEST WIND SPEED    21   HIGHEST WIND DIRECTION    NW (320)
  HIGHEST GUST SPEED    28   HIGHEST GUST DIRECTION    NW (330)
  AVERAGE WIND SPEED     6.4


SKY COVER
  POSSIBLE SUNSHINE  MM
  AVERAGE SKY COVER 0.0


WEATHER CONDITIONS
 THE FOLLOWING WEATHER WAS RECORDED YESTERDAY.
  NO SIGNIFICANT WEATHER WAS OBSERVED.


RELATIVE HUMIDITY (PERCENT)
 HIGHEST    54           600 AM
 LOWEST      8           300 PM
 AVERAGE    31

..........................................................


THE BIG PINEY WY CLIMATE NORMALS FOR TODAY
                         NORMAL    RECORD    YEAR
 MAXIMUM TEMPERATURE (F)   82        89      2003
                                             2001
 MINIMUM TEMPERATURE (F)   43        34      1990


SUNRISE AND SUNSET
AUGUST  2 2015........SUNRISE   613 AM MDT   SUNSET   839 PM MDT
AUGUST  3 2015........SUNRISE   614 AM MDT   SUNSET   838 PM MDT


-  INDICATES NEGATIVE NUMBERS.
R  INDICATES RECORD WAS SET OR TIED.
MM INDICATES DATA IS MISSING.
T  INDICATES TRACE AMOUNT.




$$
