000
CDUS45 KRIW 250033
CLIBPI


CLIMATE REPORT
NATIONAL WEATHER SERVICE RIVERTON WY
533 PM MST FRI FEB 24 2017


...................................

...THE BIG PINEY WY CLIMATE SUMMARY FOR FEBRUARY 24 2017...
VALID TODAY AS OF 0500 PM LOCAL TIME.

CLIMATE NORMAL PERIOD 1981 TO 2010
CLIMATE RECORD PERIOD 1976 TO 2017


WEATHER ITEM   OBSERVED TIME   RECORD YEAR NORMAL DEPARTURE LAST
                VALUE   (LST)  VALUE       VALUE  FROM      YEAR
                                                  NORMAL
..................................................................
TEMPERATURE (F)
 TODAY
  MAXIMUM         21        MM  49    1981  32    -11       40
  MINIMUM          9        MM -15    1997   4      5        6
  AVERAGE         15

PRECIPITATION (IN)
  TODAY            T             0.20 1998   0.01  -0.01     0.00
  MONTH TO DATE    0.68                      0.30   0.38     0.11
  SINCE DEC 1      2.22                      0.91   1.31     0.26
  SINCE JAN 1      1.67                      0.61   1.06     0.15

DEGREE DAYS
 HEATING
  TODAY           50                        47      3       42
  MONTH TO DATE 1064                      1226   -162      964
  SINCE DEC 1   4716                      4524    192     4208
  SINCE JUL 1   7165                      7339   -174     6689

 COOLING
  TODAY            0                         0      0        0
  MONTH TO DATE    0                         0      0        0
  SINCE DEC 1      0                         0      0        0
  SINCE JAN 1      0                         0      0        0
..................................................................


WIND (MPH)
  HIGHEST WIND SPEED    12   HIGHEST WIND DIRECTION     S (200)
  HIGHEST GUST SPEED    MM   HIGHEST GUST DIRECTION    MM
  AVERAGE WIND SPEED     3.3


SKY COVER
  POSSIBLE SUNSHINE  MM
  AVERAGE SKY COVER 0.7


WEATHER CONDITIONS
 THE FOLLOWING WEATHER WAS RECORDED TODAY.
  LIGHT SNOW


RELATIVE HUMIDITY (PERCENT)
 HIGHEST    91           700 AM
 LOWEST     52           100 PM
 AVERAGE    72

..........................................................


THE BIG PINEY WY CLIMATE NORMALS FOR TOMORROW
                         NORMAL    RECORD    YEAR
 MAXIMUM TEMPERATURE (F)   32        51      1981
 MINIMUM TEMPERATURE (F)    4       -12      1997


SUNRISE AND SUNSET
FEBRUARY 24 2017......SUNRISE   703 AM MST   SUNSET   604 PM MST
FEBRUARY 25 2017......SUNRISE   702 AM MST   SUNSET   606 PM MST


-  INDICATES NEGATIVE NUMBERS.
R  INDICATES RECORD WAS SET OR TIED.
MM INDICATES DATA IS MISSING.
T  INDICATES TRACE AMOUNT.




$$
