000
CDUS45 KRIW 060743
CLIBPI


CLIMATE REPORT
NATIONAL WEATHER SERVICE RIVERTON WY
131 AM MDT MON JUL 6 2015


...................................

...THE BIG PINEY WY CLIMATE SUMMARY FOR JULY 5 2015...

CLIMATE NORMAL PERIOD 1981 TO 2010
CLIMATE RECORD PERIOD 1976 TO 2015


WEATHER ITEM   OBSERVED TIME   RECORD YEAR NORMAL DEPARTURE LAST
                VALUE   (LST)  VALUE       VALUE  FROM      YEAR
                                                  NORMAL
..................................................................
TEMPERATURE (F)
 YESTERDAY
  MAXIMUM         68    504 PM  90    2001  79    -11       89
  MINIMUM         55    335 AM  32    2010  42     13       42
                                      2000
                                      1994
  AVERAGE         62                        60      2       66

PRECIPITATION (IN)
  YESTERDAY        0.02          0.23 2013   0.02   0.00     0.00
  MONTH TO DATE    0.02                      0.10  -0.08     0.11
  SINCE JUN 1      0.25                      0.89  -0.64     0.29
  SINCE JAN 1      3.23                      3.36  -0.13     1.44

DEGREE DAYS
 HEATING
  YESTERDAY        3                         5     -2        0
  MONTH TO DATE    3                        27    -24       21
  SINCE JUN 1    138                       332   -194      368
  SINCE JUL 1      3                        27    -24       21

 COOLING
  YESTERDAY        0                         0      0        1
  MONTH TO DATE   18                         0     18        1
  SINCE JUN 1     42                         2     40        1
  SINCE JAN 1     42                         2     40        1
..................................................................


WIND (MPH)
  HIGHEST WIND SPEED    23   HIGHEST WIND DIRECTION     N (20)
  HIGHEST GUST SPEED    29   HIGHEST GUST DIRECTION     N (10)
  AVERAGE WIND SPEED     6.4


SKY COVER
  POSSIBLE SUNSHINE  MM
  AVERAGE SKY COVER 0.7


WEATHER CONDITIONS
 THE FOLLOWING WEATHER WAS RECORDED YESTERDAY.
  LIGHT RAIN
  FOG


RELATIVE HUMIDITY (PERCENT)
 HIGHEST    86          1000 PM
 LOWEST     46          1200 AM
 AVERAGE    66

..........................................................


THE BIG PINEY WY CLIMATE NORMALS FOR TODAY
                         NORMAL    RECORD    YEAR
 MAXIMUM TEMPERATURE (F)   79        90      2007
 MINIMUM TEMPERATURE (F)   42        28      2000


SUNRISE AND SUNSET
JULY  6 2015..........SUNRISE   549 AM MDT   SUNSET   901 PM MDT
JULY  7 2015..........SUNRISE   550 AM MDT   SUNSET   900 PM MDT


-  INDICATES NEGATIVE NUMBERS.
R  INDICATES RECORD WAS SET OR TIED.
MM INDICATES DATA IS MISSING.
T  INDICATES TRACE AMOUNT.




$$
