000
CDUS45 KRIW 010738
CLIBPI


CLIMATE REPORT
NATIONAL WEATHER SERVICE RIVERTON WY
127 AM MDT SUN MAY 1 2016


...................................

...THE BIG PINEY WY CLIMATE SUMMARY FOR APRIL 30 2016...

CLIMATE NORMAL PERIOD 1981 TO 2010
CLIMATE RECORD PERIOD 1976 TO 2016


WEATHER ITEM   OBSERVED TIME   RECORD YEAR NORMAL DEPARTURE LAST
                VALUE   (LST)  VALUE       VALUE  FROM      YEAR
                                                  NORMAL
..................................................................
TEMPERATURE (F)
 YESTERDAY
  MAXIMUM         48    208 PM  72    1987  57     -9       67
  MINIMUM         29   1145 PM  -5    1984  25      4       32
  AVERAGE         39                        41     -2       50

PRECIPITATION (IN)
  YESTERDAY        0.01          0.29 1999   0.02  -0.01     0.00
  MONTH TO DATE    1.07                      0.53   0.54     0.56
  SINCE MAR 1      1.89                      0.97   0.92     0.62
  SINCE JAN 1      2.06                      1.63   0.43     0.68

DEGREE DAYS
 HEATING
  YESTERDAY       26                        24      2       15
  MONTH TO DATE  744                       836    -92      780
  SINCE MAR 1   1808                      2008   -200     1710
  SINCE JUL 1   8662                      9531   -869     7810

 COOLING
  YESTERDAY        0                         0      0        0
  MONTH TO DATE    0                         0      0        0
  SINCE MAR 1      0                         0      0        0
  SINCE JAN 1      0                         0      0        0
..................................................................


WIND (MPH)
  HIGHEST WIND SPEED    22   HIGHEST WIND DIRECTION     S (190)
  HIGHEST GUST SPEED    26   HIGHEST GUST DIRECTION    SW (220)
  AVERAGE WIND SPEED     7.8


SKY COVER
  POSSIBLE SUNSHINE  MM
  AVERAGE SKY COVER 0.8


WEATHER CONDITIONS
 THE FOLLOWING WEATHER WAS RECORDED YESTERDAY.
  LIGHT RAIN
  LIGHT SNOW
  FOG


RELATIVE HUMIDITY (PERCENT)
 HIGHEST   100           500 AM
 LOWEST     53          1100 AM
 AVERAGE    77

..........................................................


THE BIG PINEY WY CLIMATE NORMALS FOR TODAY
                         NORMAL    RECORD    YEAR
 MAXIMUM TEMPERATURE (F)   57        74      2000
 MINIMUM TEMPERATURE (F)   26        10      2011


SUNRISE AND SUNSET
MAY  1 2016...........SUNRISE   614 AM MDT   SUNSET   821 PM MDT
MAY  2 2016...........SUNRISE   613 AM MDT   SUNSET   822 PM MDT


-  INDICATES NEGATIVE NUMBERS.
R  INDICATES RECORD WAS SET OR TIED.
MM INDICATES DATA IS MISSING.
T  INDICATES TRACE AMOUNT.




$$
