374
CDUS45 KRIW 230735
CLIBPI


CLIMATE REPORT
NATIONAL WEATHER SERVICE RIVERTON WY
1235 AM MST TUE JAN 23 2018


...................................

...THE BIG PINEY WY CLIMATE SUMMARY FOR JANUARY 22 2018...

CLIMATE NORMAL PERIOD 1981 TO 2010
CLIMATE RECORD PERIOD 1976 TO 2018


WEATHER ITEM   OBSERVED TIME   RECORD YEAR NORMAL DEPARTURE LAST
                VALUE   (LST)  VALUE       VALUE  FROM      YEAR
                                                  NORMAL
..................................................................
TEMPERATURE (F)
 YESTERDAY
  MAXIMUM         24    409 PM  46    1994  26     -2       16
  MINIMUM         -6    707 AM -27    2008  -4     -2       -5
  AVERAGE          9                        11     -2        6

PRECIPITATION (IN)
  YESTERDAY        0.00          0.09 2010   0.01  -0.01     0.09
                                      2010
                                      2017
  MONTH TO DATE    0.05                      0.23  -0.18     0.62
  SINCE DEC 1      0.12                      0.53  -0.41     1.17
  SINCE JAN 1      0.05                      0.23  -0.18     0.62

DEGREE DAYS
 HEATING
  YESTERDAY       56                        54      2       59
  MONTH TO DATE  947                      1188   -241     1411
  SINCE DEC 1   2271                      2812   -541     3139
  SINCE JUL 1   4827                      5627   -800     5588

 COOLING
  YESTERDAY        0                         0      0        0
  MONTH TO DATE    0                         0      0        0
  SINCE DEC 1      0                         0      0        0
  SINCE JAN 1      0                         0      0        0
..................................................................


WIND (MPH)
  HIGHEST WIND SPEED    10   HIGHEST WIND DIRECTION     N (350)
  HIGHEST GUST SPEED    12   HIGHEST GUST DIRECTION    SE (150)
  AVERAGE WIND SPEED     3.7


SKY COVER
  POSSIBLE SUNSHINE  MM
  AVERAGE SKY COVER 0.4


WEATHER CONDITIONS
 THE FOLLOWING WEATHER WAS RECORDED YESTERDAY.
  NO SIGNIFICANT WEATHER WAS OBSERVED.


RELATIVE HUMIDITY (PERCENT)
 HIGHEST    96          1000 PM
 LOWEST     55           300 PM
 AVERAGE    76

..........................................................


THE BIG PINEY WY CLIMATE NORMALS FOR TODAY
                         NORMAL    RECORD    YEAR
 MAXIMUM TEMPERATURE (F)   26        45      1977
 MINIMUM TEMPERATURE (F)   -4       -33      1984


SUNRISE AND SUNSET
JANUARY 23 2018.......SUNRISE   742 AM MST   SUNSET   523 PM MST
JANUARY 24 2018.......SUNRISE   742 AM MST   SUNSET   524 PM MST


-  INDICATES NEGATIVE NUMBERS.
R  INDICATES RECORD WAS SET OR TIED.
MM INDICATES DATA IS MISSING.
T  INDICATES TRACE AMOUNT.




$$
