000
CDUS44 KLCH 311005
CLIBPT


CLIMATE REPORT
NATIONAL WEATHER SERVICE LAKE CHARLES, LA
405 AM CST SAT JAN 31 2015


...................................

...THE BEAUMONT PORT ARTHUR CLIMATE SUMMARY FOR JANUARY 30 2015...

CLIMATE NORMAL PERIOD 1981 TO 2010
CLIMATE RECORD PERIOD 1901 TO 2015


WEATHER ITEM   OBSERVED TIME   RECORD YEAR NORMAL DEPARTURE LAST
                VALUE   (LST)  VALUE       VALUE  FROM      YEAR
                                                  NORMAL
..................................................................
TEMPERATURE (F)
 YESTERDAY
  MAXIMUM         65    336 PM  82    1911  63      2       58
                                      1903
  MINIMUM         48   1126 PM  20    1966  44      4       24
  AVERAGE         57                        54      3       41

PRECIPITATION (IN)
  YESTERDAY        0.00          1.55 1972   0.16  -0.16     0.00
  MONTH TO DATE    5.99                      5.11   0.88     1.27
  SINCE DEC 1      9.13                     10.40  -1.27     2.56
  SINCE JAN 1      5.99                      5.11   0.88     1.27

SNOWFALL (IN)
  YESTERDAY        0.0           1.8  1949   0.0    0.0      0.0
  MONTH TO DATE    0.0                       0.0    0.0      0.3
  SINCE DEC 1      0.0                       T      0.0      0.3
  SINCE JUL 1      0.0                       T      0.0      0.3
  SNOW DEPTH       0

DEGREE DAYS
 HEATING
  YESTERDAY        8                        12     -4       24
  MONTH TO DATE  432                       382     50      497
  SINCE DEC 1    680                       737    -57      910
  SINCE JUL 1    917                       932    -15     1152

 COOLING
  YESTERDAY        0                         0      0        0
  MONTH TO DATE    0                         0      0        0
  SINCE DEC 1     20                        22     -2       24
  SINCE JAN 1      0                         0      0        0
..................................................................


WIND (MPH)
  HIGHEST WIND SPEED    21   HIGHEST WIND DIRECTION    NE (30)
  HIGHEST GUST SPEED    25   HIGHEST GUST DIRECTION    NE (30)
  AVERAGE WIND SPEED    10.0


SKY COVER
  POSSIBLE SUNSHINE  MM
  AVERAGE SKY COVER 0.0


WEATHER CONDITIONS
 THE FOLLOWING WEATHER WAS RECORDED YESTERDAY.
  NO SIGNIFICANT WEATHER WAS OBSERVED.


RELATIVE HUMIDITY (PERCENT)
 HIGHEST    72          1200 AM
 LOWEST     32           400 PM
 AVERAGE    52

..........................................................


THE BEAUMONT PORT ARTHUR CLIMATE NORMALS FOR TODAY
                         NORMAL    RECORD    YEAR
 MAXIMUM TEMPERATURE (F)   63        81      1911
 MINIMUM TEMPERATURE (F)   44        15      1949


SUNRISE AND SUNSET
JANUARY 31 2015.......SUNRISE   707 AM CST   SUNSET   552 PM CST
FEBRUARY  1 2015......SUNRISE   706 AM CST   SUNSET   553 PM CST


-  INDICATES NEGATIVE NUMBERS.
R  INDICATES RECORD WAS SET OR TIED.
MM INDICATES DATA IS MISSING.
T  INDICATES TRACE AMOUNT.




$$
