143
CDUS44 KLCH 231245
CLIBPT


CLIMATE REPORT
NATIONAL WEATHER SERVICE LAKE CHARLES, LA
645 AM CST MON JAN 23 2017


...................................

...THE BEAUMONT PORT ARTHUR CLIMATE SUMMARY FOR JANUARY 22 2017...

CLIMATE NORMAL PERIOD 1981 TO 2010
CLIMATE RECORD PERIOD 1901 TO 2017


WEATHER ITEM   OBSERVED TIME   RECORD YEAR NORMAL DEPARTURE LAST
                VALUE   (LST)  VALUE       VALUE  FROM      YEAR
                                                  NORMAL
..................................................................
TEMPERATURE (F)
 YESTERDAY
  MAXIMUM         71    315 PM  81    1909  62      9       53
  MINIMUM         56    745 AM  18    1935  43     13       37
  AVERAGE         64                        53     11       45

PRECIPITATION (IN)
  YESTERDAY        0.00          2.28 2015   0.16  -0.16     0.00
  MONTH TO DATE    0.94                      3.84  -2.90     3.02
  SINCE DEC 1     13.96                      9.13   4.83     7.16
  SINCE JAN 1      0.94                      3.84  -2.90     3.02

SNOWFALL (IN)
  YESTERDAY        0.0           T    1940   0.0    0.0      0.0
                                      1935
                                      1928
  MONTH TO DATE    0.0                       0.0    0.0      0.0
  SINCE DEC 1      0.0                       T      0.0      0.0
  SINCE JUL 1      0.0                       T      0.0      0.0
  SNOW DEPTH       0

DEGREE DAYS
 HEATING
  YESTERDAY        1                        13    -12       20
  MONTH TO DATE  124                       286   -162      280
  SINCE DEC 1    345                       641   -296      465
  SINCE JUL 1    415                       836   -421      529

 COOLING
  YESTERDAY        0                         0      0        0
  MONTH TO DATE   73                         0     73        0
  SINCE DEC 1    143                        22    121       68
  SINCE JAN 1     73                         0     73        0
..................................................................


WIND (MPH)
  HIGHEST WIND SPEED    33   HIGHEST WIND DIRECTION    NW (310)
  HIGHEST GUST SPEED    44   HIGHEST GUST DIRECTION    NW (310)
  AVERAGE WIND SPEED    16.0


SKY COVER
  POSSIBLE SUNSHINE  MM
  AVERAGE SKY COVER 0.4


WEATHER CONDITIONS
 THE FOLLOWING WEATHER WAS RECORDED YESTERDAY.
  NO SIGNIFICANT WEATHER WAS OBSERVED.


RELATIVE HUMIDITY (PERCENT)
 HIGHEST    93          1200 AM
 LOWEST     34          1000 AM
 AVERAGE    64

..........................................................


THE BEAUMONT PORT ARTHUR CLIMATE NORMALS FOR TODAY
                         NORMAL    RECORD    YEAR
 MAXIMUM TEMPERATURE (F)   62        82      1943
 MINIMUM TEMPERATURE (F)   43        17      1940


SUNRISE AND SUNSET
JANUARY 23 2017.......SUNRISE   710 AM CST   SUNSET   546 PM CST
JANUARY 24 2017.......SUNRISE   710 AM CST   SUNSET   547 PM CST


-  INDICATES NEGATIVE NUMBERS.
R  INDICATES RECORD WAS SET OR TIED.
MM INDICATES DATA IS MISSING.
T  INDICATES TRACE AMOUNT.




$$
