618
CDUS44 KLCH 270905
CLIBPT


CLIMATE REPORT
NATIONAL WEATHER SERVICE LAKE CHARLES, LA
304 AM CST MON FEB 27 2017


...................................

...THE BEAUMONT PORT ARTHUR CLIMATE SUMMARY FOR FEBRUARY 26 2017...

CLIMATE NORMAL PERIOD 1981 TO 2010
CLIMATE RECORD PERIOD 1901 TO 2017


WEATHER ITEM   OBSERVED TIME   RECORD YEAR NORMAL DEPARTURE LAST
                VALUE   (LST)  VALUE       VALUE  FROM      YEAR
                                                  NORMAL
..................................................................
TEMPERATURE (F)
 YESTERDAY
  MAXIMUM         74    205 PM  85    1986  68      6       64
  MINIMUM         48    351 AM  27    1960  49     -1       40
  AVERAGE         61                        58      3       52

PRECIPITATION (IN)
  YESTERDAY        0.00          2.85 1987   0.11  -0.11     0.00
  MONTH TO DATE    1.11                      3.34  -2.23     1.97
  SINCE DEC 1     15.07                     13.89   1.18    10.10
  SINCE JAN 1      2.05                      8.60  -6.55     5.96

SNOWFALL (IN)
  YESTERDAY        0.0           0.0    MM   0.0    0.0      0.0
  MONTH TO DATE    0.0                       0.0    0.0      0.0
  SINCE DEC 1      0.0                       T      0.0      0.0
  SINCE JUL 1      0.0                       T      0.0      0.0
  SNOW DEPTH       0

DEGREE DAYS
 HEATING
  YESTERDAY        4                         8     -4       13
  MONTH TO DATE   65                       256   -191      189
  SINCE DEC 1    485                      1004   -519      745
  SINCE JUL 1    555                      1199   -644      809

 COOLING
  YESTERDAY        0                         1     -1        0
  MONTH TO DATE   97                        14     83       23
  SINCE DEC 1    243                        47    196       97
  SINCE JAN 1    173                        25    148       29
..................................................................


WIND (MPH)
  HIGHEST WIND SPEED    21   HIGHEST WIND DIRECTION    SE (120)
  HIGHEST GUST SPEED    27   HIGHEST GUST DIRECTION     E (110)
  AVERAGE WIND SPEED    12.4


SKY COVER
  POSSIBLE SUNSHINE  MM
  AVERAGE SKY COVER 0.5


WEATHER CONDITIONS
 THE FOLLOWING WEATHER WAS RECORDED YESTERDAY.
  NO SIGNIFICANT WEATHER WAS OBSERVED.


RELATIVE HUMIDITY (PERCENT)
 HIGHEST    87           700 PM
 LOWEST     54          1200 AM
 AVERAGE    71

..........................................................


THE BEAUMONT PORT ARTHUR CLIMATE NORMALS FOR TODAY
                         NORMAL    RECORD    YEAR
 MAXIMUM TEMPERATURE (F)   68        83      1956
 MINIMUM TEMPERATURE (F)   49        21      2002


SUNRISE AND SUNSET
FEBRUARY 27 2017......SUNRISE   644 AM CST   SUNSET   614 PM CST
FEBRUARY 28 2017......SUNRISE   643 AM CST   SUNSET   615 PM CST


-  INDICATES NEGATIVE NUMBERS.
R  INDICATES RECORD WAS SET OR TIED.
MM INDICATES DATA IS MISSING.
T  INDICATES TRACE AMOUNT.




$$
