000
CDUS44 KLCH 230859
CLIBPT


CLIMATE REPORT
NATIONAL WEATHER SERVICE LAKE CHARLES, LA
359 AM CDT WED APR 23 2014


...................................

...THE BEAUMONT PORT ARTHUR CLIMATE SUMMARY FOR APRIL 22 2014...

CLIMATE NORMAL PERIOD 1981 TO 2010
CLIMATE RECORD PERIOD 1901 TO 2014


WEATHER ITEM   OBSERVED TIME   RECORD YEAR NORMAL DEPARTURE LAST
                VALUE   (LST)  VALUE       VALUE  FROM      YEAR
                                                  NORMAL
..................................................................
TEMPERATURE (F)
 YESTERDAY
  MAXIMUM         86    431 PM  89    2006  79      7       78
  MINIMUM         64   1129 PM  43    1931  61      3       53
  AVERAGE         75                        70      5       66

PRECIPITATION (IN)
  YESTERDAY        T             2.11 1974   0.12  -0.12     0.00
  MONTH TO DATE    1.98                      2.23  -0.25     5.17
  SINCE MAR 1      4.27                      5.76  -1.49     6.28
  SINCE JAN 1     10.99                     14.60  -3.61    17.80

SNOWFALL (IN)
  YESTERDAY        0.0           0.0    MM   0.0    0.0      0.0
  MONTH TO DATE    0.0                       0.0    0.0      0.0
  SINCE MAR 1      0.0                       0.0    0.0      0.0
  SINCE JUL 1      0.3                       T      0.3      0.0
  SNOW DEPTH       0

DEGREE DAYS
 HEATING
  YESTERDAY        0                         1     -1        0
  MONTH TO DATE   37                        37      0       65
  SINCE MAR 1    241                       185     56      266
  SINCE JUL 1   1710                      1398    312     1238

 COOLING
  YESTERDAY       10                         6      4        1
  MONTH TO DATE   79                        93    -14       62
  SINCE MAR 1    102                       148    -46      105
  SINCE JAN 1    126                       174    -48      135
..................................................................


WIND (MPH)
  HIGHEST WIND SPEED    12   HIGHEST WIND DIRECTION     S (180)
  HIGHEST GUST SPEED    14   HIGHEST GUST DIRECTION    SW (230)
  AVERAGE WIND SPEED     4.4


SKY COVER
  POSSIBLE SUNSHINE  MM
  AVERAGE SKY COVER 0.7


WEATHER CONDITIONS
 THE FOLLOWING WEATHER WAS RECORDED YESTERDAY.
  FOG
  FOG W/VISIBILITY <= 1/4 MILE


RELATIVE HUMIDITY (PERCENT)
 HIGHEST   100          1100 PM
 LOWEST     42           400 PM
 AVERAGE    71

..........................................................


THE BEAUMONT PORT ARTHUR CLIMATE NORMALS FOR TODAY
                         NORMAL    RECORD    YEAR
 MAXIMUM TEMPERATURE (F)   80        91      1919
 MINIMUM TEMPERATURE (F)   61        45      1927


SUNRISE AND SUNSET
APRIL 23 2014.........SUNRISE   641 AM CDT   SUNSET   748 PM CDT
APRIL 24 2014.........SUNRISE   640 AM CDT   SUNSET   749 PM CDT


-  INDICATES NEGATIVE NUMBERS.
R  INDICATES RECORD WAS SET OR TIED.
MM INDICATES DATA IS MISSING.
T  INDICATES TRACE AMOUNT.




$$
