353
CDUS43 KDVN 201020
CLIBRL


CLIMATE REPORT
NATIONAL WEATHER SERVICE QUAD CITIES IA IL
418 AM CST TUE FEB 20 2018


...................................

...THE BURLINGTON IA CLIMATE SUMMARY FOR FEBRUARY 19 2018...

CLIMATE NORMAL PERIOD 1981 TO 2010
CLIMATE RECORD PERIOD 1897 TO 2018


WEATHER ITEM   OBSERVED TIME   RECORD YEAR NORMAL DEPARTURE LAST
                VALUE   (LST)  VALUE       VALUE  FROM      YEAR
                                                  NORMAL
..................................................................
TEMPERATURE (F)
 YESTERDAY
  MAXIMUM         64    152 PM  73    2017  40     24       73
  MINIMUM         39   1149 PM  -9    1936  23     16       35
  AVERAGE         52                        31     21       54

PRECIPITATION (IN)
  YESTERDAY        1.21         MM      MM   0.06   1.15     0.00
  MONTH TO DATE    1.71                      0.99   0.72     0.08
  SINCE DEC 1      2.65                      4.32  -1.67     2.52
  SINCE JAN 1      2.32                      2.23   0.09     1.54

DEGREE DAYS
 HEATING
  YESTERDAY       13                        34    -21       11
  MONTH TO DATE  787                       689     98      528
  SINCE DEC 1   3207                      3017    190     2789
  SINCE JUL 1   4258                      4090    168     3545

 COOLING
  YESTERDAY        0                         0      0        0
  MONTH TO DATE    0                         0      0        0
  SINCE DEC 1      0                         0      0        0
  SINCE JAN 1      0                         0      0        0
..................................................................


WIND (MPH)
  HIGHEST WIND SPEED    22   HIGHEST WIND DIRECTION     S (190)
  HIGHEST GUST SPEED    31   HIGHEST GUST DIRECTION     S (180)
  AVERAGE WIND SPEED    11.5


SKY COVER
  POSSIBLE SUNSHINE  MM
  AVERAGE SKY COVER 1.0


WEATHER CONDITIONS
 THE FOLLOWING WEATHER WAS RECORDED YESTERDAY.
  THUNDERSTORM
  HEAVY RAIN
  RAIN
  LIGHT RAIN
  FOG


RELATIVE HUMIDITY (PERCENT)
 HIGHEST   100           800 AM
 LOWEST     58          1200 AM
 AVERAGE    79

..........................................................


THE BURLINGTON IA CLIMATE NORMALS FOR TODAY
                         NORMAL    RECORD    YEAR
 MAXIMUM TEMPERATURE (F)   40        74      2017
 MINIMUM TEMPERATURE (F)   23        -7      1929


SUNRISE AND SUNSET
FEBRUARY 20 2018......SUNRISE   652 AM CST   SUNSET   545 PM CST
FEBRUARY 21 2018......SUNRISE   650 AM CST   SUNSET   546 PM CST


-  INDICATES NEGATIVE NUMBERS.
R  INDICATES RECORD WAS SET OR TIED.
MM INDICATES DATA IS MISSING.
T  INDICATES TRACE AMOUNT.




$$
