000
CDUS43 KDVN 290921
CLIBRL


CLIMATE REPORT
NATIONAL WEATHER SERVICE QUAD CITIES IA IL
420 AM CDT FRI MAY 29 2015


...................................

...THE BURLINGTON IA CLIMATE SUMMARY FOR MAY 28 2015...

CLIMATE NORMAL PERIOD 1981 TO 2010
CLIMATE RECORD PERIOD 1897 TO 2015


WEATHER ITEM   OBSERVED TIME   RECORD YEAR NORMAL DEPARTURE LAST
                VALUE   (LST)  VALUE       VALUE  FROM      YEAR
                                                  NORMAL
..................................................................
TEMPERATURE (F)
 YESTERDAY
  MAXIMUM         82    349 PM  94    2006  78      4       88
  MINIMUM         58    353 AM  37    1947  57      1       59
  AVERAGE         70                        68      2       74

PRECIPITATION (IN)
  YESTERDAY        0.00         MM      MM   0.14  -0.14      T
  MONTH TO DATE    3.71                      4.39  -0.68     1.29
  SINCE MAR 1      5.61                     10.94  -5.33     6.50
  SINCE JAN 1      8.03                     13.80  -5.77    10.87

DEGREE DAYS
 HEATING
  YESTERDAY        0                         2     -2        0
  MONTH TO DATE   90                       120    -30      143
  SINCE MAR 1   1154                      1204    -50     1501
  SINCE JUL 1   6085                      5582    503     6824

 COOLING
  YESTERDAY        5                         5      0        9
  MONTH TO DATE   81                        69     12       97
  SINCE MAR 1     84                        89     -5      105
  SINCE JAN 1     84                        89     -5      105
..................................................................


WIND (MPH)
  HIGHEST WIND SPEED    15   HIGHEST WIND DIRECTION    SW (230)
  HIGHEST GUST SPEED    22   HIGHEST GUST DIRECTION    SE (150)
  AVERAGE WIND SPEED     6.0


SKY COVER
  POSSIBLE SUNSHINE  MM
  AVERAGE SKY COVER 0.1


WEATHER CONDITIONS
 THE FOLLOWING WEATHER WAS RECORDED YESTERDAY.
  NO SIGNIFICANT WEATHER WAS OBSERVED.


RELATIVE HUMIDITY (PERCENT)
 HIGHEST   100           400 AM
 LOWEST     42           300 PM
 AVERAGE    71

..........................................................


THE BURLINGTON IA CLIMATE NORMALS FOR TODAY
                         NORMAL    RECORD    YEAR
 MAXIMUM TEMPERATURE (F)   79        98      1934
 MINIMUM TEMPERATURE (F)   57        36      1947


SUNRISE AND SUNSET
MAY 29 2015...........SUNRISE   537 AM CDT   SUNSET   827 PM CDT
MAY 30 2015...........SUNRISE   536 AM CDT   SUNSET   828 PM CDT


-  INDICATES NEGATIVE NUMBERS.
R  INDICATES RECORD WAS SET OR TIED.
MM INDICATES DATA IS MISSING.
T  INDICATES TRACE AMOUNT.




$$
