000
CDUS43 KDVN 121021
CLIBRL


CLIMATE REPORT
NATIONAL WEATHER SERVICE QUAD CITIES IA IL
420 AM CST TUE DEC 12 2017


...................................

...THE BURLINGTON IA CLIMATE SUMMARY FOR DECEMBER 11 2017...

CLIMATE NORMAL PERIOD 1981 TO 2010
CLIMATE RECORD PERIOD 1897 TO 2017


WEATHER ITEM   OBSERVED TIME   RECORD YEAR NORMAL DEPARTURE LAST
                VALUE   (LST)  VALUE       VALUE  FROM      YEAR
                                                  NORMAL
..................................................................
TEMPERATURE (F)
 YESTERDAY
  MAXIMUM         48    124 PM  67    1949  38     10       39
  MINIMUM         27    344 AM -10    1972  22      5       28
  AVERAGE         38                        30      8       34

PRECIPITATION (IN)
  YESTERDAY        0.01         MM      MM   0.07  -0.06     0.09
  MONTH TO DATE    0.01                      0.84  -0.83     0.60
  SINCE DEC 1      0.01                      0.84  -0.83     0.60
  SINCE JAN 1     31.47                     37.23  -5.76    32.22

DEGREE DAYS
 HEATING
  YESTERDAY       27                        35     -8       31
  MONTH TO DATE  321                       363    -42      376
  SINCE DEC 1    321                       363    -42      376
  SINCE JUL 1   1372                      1436    -64     1132

 COOLING
  YESTERDAY        0                         0      0        0
  MONTH TO DATE    0                         0      0        0
  SINCE DEC 1      0                         0      0        0
  SINCE JAN 1   1068                      1207   -139     1276
..................................................................


WIND (MPH)
  HIGHEST WIND SPEED    29   HIGHEST WIND DIRECTION    NW (300)
  HIGHEST GUST SPEED    40   HIGHEST GUST DIRECTION    NW (320)
  AVERAGE WIND SPEED    13.0


SKY COVER
  POSSIBLE SUNSHINE  MM
  AVERAGE SKY COVER 0.4


WEATHER CONDITIONS
 THE FOLLOWING WEATHER WAS RECORDED YESTERDAY.
  LIGHT RAIN
  FOG
  HAZE


RELATIVE HUMIDITY (PERCENT)
 HIGHEST    85           300 AM
 LOWEST     42          1200 PM
 AVERAGE    64

..........................................................


THE BURLINGTON IA CLIMATE NORMALS FOR TODAY
                         NORMAL    RECORD    YEAR
 MAXIMUM TEMPERATURE (F)   38        66      1991
 MINIMUM TEMPERATURE (F)   22       -10      1989


SUNRISE AND SUNSET
DECEMBER 12 2017......SUNRISE   720 AM CST   SUNSET   437 PM CST
DECEMBER 13 2017......SUNRISE   720 AM CST   SUNSET   437 PM CST


-  INDICATES NEGATIVE NUMBERS.
R  INDICATES RECORD WAS SET OR TIED.
MM INDICATES DATA IS MISSING.
T  INDICATES TRACE AMOUNT.




$$
