000
CDUS43 KDVN 272122
CLIBRL


CLIMATE REPORT
NATIONAL WEATHER SERVICE QUAD CITIES IA IL
421 PM CDT WED AUG 27 2014


...................................

...THE BURLINGTON IA CLIMATE SUMMARY FOR AUGUST 27 2014...
VALID TODAY AS OF 0400 PM LOCAL TIME.

CLIMATE NORMAL PERIOD 1981 TO 2010
CLIMATE RECORD PERIOD 1897 TO 2014


WEATHER ITEM   OBSERVED TIME   RECORD YEAR NORMAL DEPARTURE LAST
                VALUE   (LST)  VALUE       VALUE  FROM      YEAR
                                                  NORMAL
..................................................................
TEMPERATURE (F)
 TODAY
  MAXIMUM         78    259 PM  97    1955  84     -6       96
  MINIMUM         70    620 AM  44    1915  64      6       71
  AVERAGE         74                        74      0       84

PRECIPITATION (IN)
  TODAY            0.05         MM      MM   0.14  -0.09     0.00
  MONTH TO DATE    4.38                      3.69   0.69      T
  SINCE JUN 1     15.85                     12.41   3.44     3.86
  SINCE JAN 1     27.24                     26.67   0.57    27.06

DEGREE DAYS
 HEATING
  TODAY            0                         0      0        0
  MONTH TO DATE    0                         0      0        3
  SINCE JUN 1      9                        14     -5       26
  SINCE JUL 1      7                         1      6       11

 COOLING
  TODAY            9                         9      0       19
  MONTH TO DATE  232                       280    -48      218
  SINCE JUN 1    669                       906   -237      723
  SINCE JAN 1    807                      1009   -202      822
..................................................................


WIND (MPH)
  HIGHEST WIND SPEED    12   HIGHEST WIND DIRECTION    NE (40)
  HIGHEST GUST SPEED    13   HIGHEST GUST DIRECTION    NE (50)
  AVERAGE WIND SPEED     6.5


SKY COVER
  POSSIBLE SUNSHINE  MM
  AVERAGE SKY COVER 0.3


WEATHER CONDITIONS
 THE FOLLOWING WEATHER WAS RECORDED TODAY.
  THUNDERSTORM
  LIGHT RAIN
  FOG


RELATIVE HUMIDITY (PERCENT)
 HIGHEST    93           200 AM
 LOWEST     76          1100 AM
 AVERAGE    85

..........................................................


THE BURLINGTON IA CLIMATE NORMALS FOR TOMORROW
                         NORMAL    RECORD    YEAR
 MAXIMUM TEMPERATURE (F)   84        97      2013
 MINIMUM TEMPERATURE (F)   63        42      1986


SUNRISE AND SUNSET
AUGUST 27 2014........SUNRISE   626 AM CDT   SUNSET   745 PM CDT
AUGUST 28 2014........SUNRISE   627 AM CDT   SUNSET   743 PM CDT


-  INDICATES NEGATIVE NUMBERS.
R  INDICATES RECORD WAS SET OR TIED.
MM INDICATES DATA IS MISSING.
T  INDICATES TRACE AMOUNT.




$$
