000
CDUS43 KDVN 250912
CLIBRL


CLIMATE REPORT
NATIONAL WEATHER SERVICE QUAD CITIES IA IL
411 AM CDT SAT MAR 25 2017


...................................

...THE BURLINGTON IA CLIMATE SUMMARY FOR MARCH 24 2017...

CLIMATE NORMAL PERIOD 1981 TO 2010
CLIMATE RECORD PERIOD 1897 TO 2017


WEATHER ITEM   OBSERVED TIME   RECORD YEAR NORMAL DEPARTURE LAST
                VALUE   (LST)  VALUE       VALUE  FROM      YEAR
                                                  NORMAL
..................................................................
TEMPERATURE (F)
 YESTERDAY
  MAXIMUM         77    119 PM  82    1910  56     21       48
  MINIMUM         50    439 AM   4    1974  35     15       32
  AVERAGE         64                        45     19       40

PRECIPITATION (IN)
  YESTERDAY        0.34         MM      MM   0.09   0.25     0.30
  MONTH TO DATE    1.19                      2.11  -0.92     2.37
  SINCE MAR 1      1.19                      2.11  -0.92     2.37
  SINCE JAN 1      3.05                      4.97  -1.92     3.75

DEGREE DAYS
 HEATING
  YESTERDAY        1                        20    -19       25
  MONTH TO DATE  572                       600    -28      458
  SINCE MAR 1    572                       600    -28      458
  SINCE JUL 1   4266                      4978   -712     4340

 COOLING
  YESTERDAY        0                         0      0        0
  MONTH TO DATE    0                         0      0        1
  SINCE MAR 1      0                         0      0        1
  SINCE JAN 1      0                         0      0        1
..................................................................


WIND (MPH)
  HIGHEST WIND SPEED    30   HIGHEST WIND DIRECTION    SW (210)
  HIGHEST GUST SPEED    36   HIGHEST GUST DIRECTION    SW (220)
  AVERAGE WIND SPEED    12.3


SKY COVER
  POSSIBLE SUNSHINE  MM
  AVERAGE SKY COVER 0.4


WEATHER CONDITIONS
 THE FOLLOWING WEATHER WAS RECORDED YESTERDAY.
  RAIN
  LIGHT RAIN
  FOG


RELATIVE HUMIDITY (PERCENT)
 HIGHEST   100          1000 PM
 LOWEST     33          1200 PM
 AVERAGE    67

..........................................................


THE BURLINGTON IA CLIMATE NORMALS FOR TODAY
                         NORMAL    RECORD    YEAR
 MAXIMUM TEMPERATURE (F)   56        84      1907
 MINIMUM TEMPERATURE (F)   35         5      1960


SUNRISE AND SUNSET
MARCH 25 2017.........SUNRISE   659 AM CDT   SUNSET   722 PM CDT
MARCH 26 2017.........SUNRISE   657 AM CDT   SUNSET   723 PM CDT


-  INDICATES NEGATIVE NUMBERS.
R  INDICATES RECORD WAS SET OR TIED.
MM INDICATES DATA IS MISSING.
T  INDICATES TRACE AMOUNT.




$$
