000
CDUS43 KDVN 230908
CLIBRL


CLIMATE REPORT
NATIONAL WEATHER SERVICE QUAD CITIES IA IL
407 AM CDT WED APR 23 2014


...................................

...THE BURLINGTON IA CLIMATE SUMMARY FOR APRIL 22 2014...

CLIMATE NORMAL PERIOD 1981 TO 2010
CLIMATE RECORD PERIOD 1897 TO 2014


WEATHER ITEM   OBSERVED TIME   RECORD YEAR NORMAL DEPARTURE LAST
                VALUE   (LST)  VALUE       VALUE  FROM      YEAR
                                                  NORMAL
..................................................................
TEMPERATURE (F)
 YESTERDAY
  MAXIMUM         65    430 PM  89    1980  67     -2       69
  MINIMUM         44    604 AM  27    1986  45     -1       47
  AVERAGE         55                        56     -1       58

PRECIPITATION (IN)
  YESTERDAY        0.00         MM      MM   0.14  -0.14     0.03
  MONTH TO DATE    2.32                      2.58  -0.26     5.30
  SINCE MAR 1      3.49                      5.37  -1.88     7.25
  SINCE JAN 1      7.86                      8.23  -0.37    11.22

DEGREE DAYS
 HEATING
  YESTERDAY       10                        10      0        7
  MONTH TO DATE  323                       290     33      362
  SINCE MAR 1   1288                      1018    270     1317
  SINCE JUL 1   6611                      5396   1215     5688

 COOLING
  YESTERDAY        0                         1     -1        0
  MONTH TO DATE    8                        12     -4        0
  SINCE MAR 1      8                        14     -6        0
  SINCE JAN 1      8                        14     -6        0
..................................................................


WIND (MPH)
  HIGHEST WIND SPEED    21   HIGHEST WIND DIRECTION     N (340)
  HIGHEST GUST SPEED    26   HIGHEST GUST DIRECTION     N (340)
  AVERAGE WIND SPEED    11.9


SKY COVER
  POSSIBLE SUNSHINE  MM
  AVERAGE SKY COVER 0.0


WEATHER CONDITIONS
 THE FOLLOWING WEATHER WAS RECORDED YESTERDAY.
  NO SIGNIFICANT WEATHER WAS OBSERVED.


RELATIVE HUMIDITY (PERCENT)
 HIGHEST    76           300 AM
 LOWEST     24           300 PM
 AVERAGE    50

..........................................................


THE BURLINGTON IA CLIMATE NORMALS FOR TODAY
                         NORMAL    RECORD    YEAR
 MAXIMUM TEMPERATURE (F)   67        84      1960
 MINIMUM TEMPERATURE (F)   45        24      1910


SUNRISE AND SUNSET
APRIL 23 2014.........SUNRISE   614 AM CDT   SUNSET   752 PM CDT
APRIL 24 2014.........SUNRISE   612 AM CDT   SUNSET   753 PM CDT


-  INDICATES NEGATIVE NUMBERS.
R  INDICATES RECORD WAS SET OR TIED.
MM INDICATES DATA IS MISSING.
T  INDICATES TRACE AMOUNT.




$$
