000
CDUS43 KDVN 290928
CLIBRL


CLIMATE REPORT
NATIONAL WEATHER SERVICE QUAD CITIES IA IL
425 AM CDT SUN MAY 29 2016


...................................

...THE BURLINGTON IA CLIMATE SUMMARY FOR MAY 28 2016...

CLIMATE NORMAL PERIOD 1981 TO 2010
CLIMATE RECORD PERIOD 1897 TO 2016


WEATHER ITEM   OBSERVED TIME   RECORD YEAR NORMAL DEPARTURE LAST
                VALUE   (LST)  VALUE       VALUE  FROM      YEAR
                                                  NORMAL
..................................................................
TEMPERATURE (F)
 YESTERDAY
  MAXIMUM         81    350 PM  94    2006  78      3       82
  MINIMUM         66   1158 PM  37    1947  57      9       58
  AVERAGE         74                        68      6       70

PRECIPITATION (IN)
  YESTERDAY        0.03         MM      MM   0.14  -0.11     0.00
  MONTH TO DATE    2.57                      4.39  -1.82     3.71
  SINCE MAR 1      9.04                     10.94  -1.90     5.61
  SINCE JAN 1     10.42                     13.80  -3.38     8.03

DEGREE DAYS
 HEATING
  YESTERDAY        0                         2     -2        0
  MONTH TO DATE  158                       120     38       90
  SINCE MAR 1   1114                      1204    -90     1154
  SINCE JUL 1   4996                      5582   -586     6085

 COOLING
  YESTERDAY        9                         5      4        5
  MONTH TO DATE   57                        69    -12       81
  SINCE MAR 1     75                        89    -14       84
  SINCE JAN 1     75                        89    -14       84
..................................................................


WIND (MPH)
  HIGHEST WIND SPEED    26   HIGHEST WIND DIRECTION    SW (210)
  HIGHEST GUST SPEED    34   HIGHEST GUST DIRECTION     S (200)
  AVERAGE WIND SPEED    13.1


SKY COVER
  POSSIBLE SUNSHINE  MM
  AVERAGE SKY COVER 0.6


WEATHER CONDITIONS
 THE FOLLOWING WEATHER WAS RECORDED YESTERDAY.
  LIGHT RAIN
  FOG


RELATIVE HUMIDITY (PERCENT)
 HIGHEST   100           400 AM
 LOWEST     58           400 PM
 AVERAGE    79

..........................................................


THE BURLINGTON IA CLIMATE NORMALS FOR TODAY
                         NORMAL    RECORD    YEAR
 MAXIMUM TEMPERATURE (F)   79        98      1934
 MINIMUM TEMPERATURE (F)   57        36      1947


SUNRISE AND SUNSET
MAY 29 2016...........SUNRISE   536 AM CDT   SUNSET   828 PM CDT
MAY 30 2016...........SUNRISE   536 AM CDT   SUNSET   829 PM CDT


-  INDICATES NEGATIVE NUMBERS.
R  INDICATES RECORD WAS SET OR TIED.
MM INDICATES DATA IS MISSING.
T  INDICATES TRACE AMOUNT.




$$
