000
CDUS43 KDVN 111010
CLIBRL


CLIMATE REPORT
NATIONAL WEATHER SERVICE QUAD CITIES IA IL
408 AM CST SUN DEC 11 2016


...................................

...THE BURLINGTON IA CLIMATE SUMMARY FOR DECEMBER 10 2016...

CLIMATE NORMAL PERIOD 1981 TO 2010
CLIMATE RECORD PERIOD 1897 TO 2016


WEATHER ITEM   OBSERVED TIME   RECORD YEAR NORMAL DEPARTURE LAST
                VALUE   (LST)  VALUE       VALUE  FROM      YEAR
                                                  NORMAL
..................................................................
TEMPERATURE (F)
 YESTERDAY
  MAXIMUM         30   1159 PM  61    1979  39     -9       58
  MINIMUM         21    331 AM -12    1919  22     -1       40
  AVERAGE         26                        30     -4       49

PRECIPITATION (IN)
  YESTERDAY        T            MM      MM   0.08  -0.08     0.00
  MONTH TO DATE    0.51                      0.77  -0.26     0.03
  SINCE DEC 1      0.51                      0.77  -0.26     0.03
  SINCE JAN 1     32.13                     37.16  -5.03    37.76

DEGREE DAYS
 HEATING
  YESTERDAY       39                        35      4       16
  MONTH TO DATE  345                       328     17      249
  SINCE DEC 1    345                       328     17      249
  SINCE JUL 1   1101                      1401   -300     1166

 COOLING
  YESTERDAY        0                         0      0        0
  MONTH TO DATE    0                         0      0        0
  SINCE DEC 1      0                         0      0        0
  SINCE JAN 1   1276                      1207     69     1093
..................................................................


WIND (MPH)
  HIGHEST WIND SPEED    14   HIGHEST WIND DIRECTION    SE (140)
  HIGHEST GUST SPEED    19   HIGHEST GUST DIRECTION    SE (140)
  AVERAGE WIND SPEED     6.6


SKY COVER
  POSSIBLE SUNSHINE  MM
  AVERAGE SKY COVER 1.0


WEATHER CONDITIONS
 THE FOLLOWING WEATHER WAS RECORDED YESTERDAY.
  LIGHT SNOW
  FOG


RELATIVE HUMIDITY (PERCENT)
 HIGHEST    81           700 AM
 LOWEST     50          1200 PM
 AVERAGE    66

..........................................................


THE BURLINGTON IA CLIMATE NORMALS FOR TODAY
                         NORMAL    RECORD    YEAR
 MAXIMUM TEMPERATURE (F)   38        67      1949
 MINIMUM TEMPERATURE (F)   22       -10      1972


SUNRISE AND SUNSET
DECEMBER 11 2016......SUNRISE   719 AM CST   SUNSET   437 PM CST
DECEMBER 12 2016......SUNRISE   720 AM CST   SUNSET   437 PM CST


-  INDICATES NEGATIVE NUMBERS.
R  INDICATES RECORD WAS SET OR TIED.
MM INDICATES DATA IS MISSING.
T  INDICATES TRACE AMOUNT.




$$
