000
CDUS43 KDVN 161025
CLIBRL


CLIMATE REPORT
NATIONAL WEATHER SERVICE QUAD CITIES IA IL
423 AM CST MON JAN 16 2017


...................................

...THE BURLINGTON IA CLIMATE SUMMARY FOR JANUARY 15 2017...

CLIMATE NORMAL PERIOD 1981 TO 2010
CLIMATE RECORD PERIOD 1897 TO 2017


WEATHER ITEM   OBSERVED TIME   RECORD YEAR NORMAL DEPARTURE LAST
                VALUE   (LST)  VALUE       VALUE  FROM      YEAR
                                                  NORMAL
..................................................................
TEMPERATURE (F)
 YESTERDAY
  MAXIMUM         33    428 PM  59    1953  34     -1       42
  MINIMUM         25   1228 AM -18    2009  17      8       21
                                      1994
  AVERAGE         29                        26      3       32

PRECIPITATION (IN)
  YESTERDAY        T            MM      MM   0.04  -0.04      T
  MONTH TO DATE    0.22                      0.62  -0.40     0.34
  SINCE DEC 1      1.20                      2.71  -1.51     4.85
  SINCE JAN 1      0.22                      0.62  -0.40     0.34

DEGREE DAYS
 HEATING
  YESTERDAY       36                        39     -3       33
  MONTH TO DATE  629                       585     44      574
  SINCE DEC 1   1788                      1698     90     1368
  SINCE JUL 1   2544                      2771   -227     2285

 COOLING
  YESTERDAY        0                         0      0        0
  MONTH TO DATE    0                         0      0        0
  SINCE DEC 1      0                         0      0        0
  SINCE JAN 1      0                         0      0        0
..................................................................


WIND (MPH)
  HIGHEST WIND SPEED     9   HIGHEST WIND DIRECTION     E (90)
  HIGHEST GUST SPEED    13   HIGHEST GUST DIRECTION     E (90)
  AVERAGE WIND SPEED     4.0


SKY COVER
  POSSIBLE SUNSHINE  MM
  AVERAGE SKY COVER 0.9


WEATHER CONDITIONS
 THE FOLLOWING WEATHER WAS RECORDED YESTERDAY.
  LT FREEZING RAIN
  FOG
  HAZE


RELATIVE HUMIDITY (PERCENT)
 HIGHEST    88          1200 AM
 LOWEST     59          1200 PM
 AVERAGE    74

..........................................................


THE BURLINGTON IA CLIMATE NORMALS FOR TODAY
                         NORMAL    RECORD    YEAR
 MAXIMUM TEMPERATURE (F)   34        63      1900
 MINIMUM TEMPERATURE (F)   17       -21      2009


SUNRISE AND SUNSET
JANUARY 16 2017.......SUNRISE   726 AM CST   SUNSET   503 PM CST
JANUARY 17 2017.......SUNRISE   725 AM CST   SUNSET   504 PM CST


-  INDICATES NEGATIVE NUMBERS.
R  INDICATES RECORD WAS SET OR TIED.
MM INDICATES DATA IS MISSING.
T  INDICATES TRACE AMOUNT.




$$
