000
CDUS44 KBRO 310729
CLIBRO


CLIMATE REPORT
NATIONAL WEATHER SERVICE BROWNSVILLE TX
128 AM CST SAT JAN 31 2015


...................................

...THE BROWNSVILLE CLIMATE SUMMARY FOR JANUARY 30 2015...

CLIMATE NORMAL PERIOD 1981 TO 2010
CLIMATE RECORD PERIOD 1878 TO 2015


WEATHER ITEM   OBSERVED TIME   RECORD YEAR NORMAL DEPARTURE LAST
                VALUE   (LST)  VALUE       VALUE  FROM      YEAR
                                                  NORMAL
..................................................................
TEMPERATURE (F)
 YESTERDAY
  MAXIMUM         72    324 PM  90    1971  72      0       69
  MINIMUM         59    639 AM  25    1951  53      6       44
                                      1949
  AVERAGE         66                        62      4       57

PRECIPITATION (IN)
  YESTERDAY        0.00          2.60 1924   0.05  -0.05     0.00
  MONTH TO DATE    3.56                      1.23   2.33     0.68
  SINCE DEC 1      4.99                      2.38   2.61     4.20
  SINCE JAN 1      3.56                      1.23   2.33     0.68

SNOWFALL (IN)
  YESTERDAY        0.0           0.0  2002   0.0
                                      1998
                                      2000
  MONTH TO DATE    0.0                       0.0
  SINCE DEC 1      0.0                       0.0
  SINCE JUL 1      0.0                       0.0

DEGREE DAYS
 HEATING
  YESTERDAY        0                         5     -5        8
  MONTH TO DATE  291                       171    120      233
  SINCE DEC 1    363                       336     27      450
  SINCE JUL 1    476                       390     86      558

 COOLING
  YESTERDAY        1                         2     -1        0
  MONTH TO DATE    9                        60    -51       20
  SINCE DEC 1    118                       140    -22       97
  SINCE JAN 1      9                        60    -51       20
..................................................................


WIND (MPH)
  HIGHEST WIND SPEED    18   HIGHEST WIND DIRECTION    NE (50)
  HIGHEST GUST SPEED    24   HIGHEST GUST DIRECTION    NE (30)
  AVERAGE WIND SPEED     7.6


SKY COVER
  POSSIBLE SUNSHINE  MM
  AVERAGE SKY COVER 0.5


WEATHER CONDITIONS
 THE FOLLOWING WEATHER WAS RECORDED YESTERDAY.
  FOG
  FOG W/VISIBILITY <= 1/4 MILE


RELATIVE HUMIDITY (PERCENT)
 HIGHEST   100          1200 AM
 LOWEST     68           500 PM
 AVERAGE    84

..........................................................


THE BROWNSVILLE CLIMATE NORMALS FOR TODAY
                         NORMAL    RECORD    YEAR
 MAXIMUM TEMPERATURE (F)   72        93      1971
 MINIMUM TEMPERATURE (F)   53        23      1949


SUNRISE AND SUNSET
JANUARY 31 2015.......SUNRISE   714 AM CST   SUNSET   612 PM CST
FEBRUARY  1 2015......SUNRISE   714 AM CST   SUNSET   613 PM CST


-  INDICATES NEGATIVE NUMBERS.
R  INDICATES RECORD WAS SET OR TIED.
MM INDICATES DATA IS MISSING.
T  INDICATES TRACE AMOUNT.




$$
