735
CDUS44 KBRO 230627
CLIBRO


CLIMATE REPORT
NATIONAL WEATHER SERVICE BROWNSVILLE TX
127 AM CDT TUE MAY 23 2017


...................................

...THE BROWNSVILLE CLIMATE SUMMARY FOR MAY 22 2017...

CLIMATE NORMAL PERIOD 1981 TO 2010
CLIMATE RECORD PERIOD 1878 TO 2017


WEATHER ITEM   OBSERVED TIME   RECORD YEAR NORMAL DEPARTURE LAST
                VALUE   (LST)  VALUE       VALUE  FROM      YEAR
                                                  NORMAL
..................................................................
TEMPERATURE (F)
 YESTERDAY
  MAXIMUM         98    146 PM 102    1916  90      8       89
  MINIMUM         81   1159 PM  60    1911  73      8       78
  AVERAGE         90                        82      8       84

PRECIPITATION (IN)
  YESTERDAY        T             2.25 1945   0.09  -0.09     0.00
  MONTH TO DATE    0.03                      1.82  -1.79     1.58
  SINCE MAR 1      2.50                      4.59  -2.09     7.51
  SINCE JAN 1      4.04                      6.94  -2.90     9.39

SNOWFALL (IN)
  YESTERDAY        0.0           0.0  2002   0.0
                                      2001
                                      2000
  MONTH TO DATE    0.0                       0.0
  SINCE MAR 1      0.0                       0.0
  SINCE JUL 1      0.0                       0.0

DEGREE DAYS
 HEATING
  YESTERDAY        0                         0      0        0
  MONTH TO DATE    0                         0      0        0
  SINCE MAR 1      2                        51    -49       14
  SINCE JUL 1    201                       554   -353      374

 COOLING
  YESTERDAY       25                        16      9       19
  MONTH TO DATE  374                       321     53      313
  SINCE MAR 1   1084                       797    287      881
  SINCE JAN 1   1471                       938    533      989
..................................................................


WIND (MPH)
  HIGHEST WIND SPEED    24   HIGHEST WIND DIRECTION    SE (140)
  HIGHEST GUST SPEED    30   HIGHEST GUST DIRECTION    SE (140)
  AVERAGE WIND SPEED    11.7


SKY COVER
  POSSIBLE SUNSHINE  MM
  AVERAGE SKY COVER 0.5


WEATHER CONDITIONS
 THE FOLLOWING WEATHER WAS RECORDED YESTERDAY.
  LIGHT RAIN


RELATIVE HUMIDITY (PERCENT)
 HIGHEST    91           700 AM
 LOWEST     46           300 PM
 AVERAGE    69

..........................................................


THE BROWNSVILLE CLIMATE NORMALS FOR TODAY
                         NORMAL    RECORD    YEAR
 MAXIMUM TEMPERATURE (F)   90        95      2011
                                             1988
                                             1916
 MINIMUM TEMPERATURE (F)   74        58      1883


SUNRISE AND SUNSET
MAY 23 2017...........SUNRISE   640 AM CDT   SUNSET   813 PM CDT
MAY 24 2017...........SUNRISE   640 AM CDT   SUNSET   814 PM CDT


-  INDICATES NEGATIVE NUMBERS.
R  INDICATES RECORD WAS SET OR TIED.
MM INDICATES DATA IS MISSING.
T  INDICATES TRACE AMOUNT.




$$
