000
CDUS44 KBRO 292135
CLIBRO


CLIMATE REPORT
NATIONAL WEATHER SERVICE BROWNSVILLE TX
435 PM CDT WED MAR 29 2017


...................................

...THE BROWNSVILLE CLIMATE SUMMARY FOR MARCH 29 2017...
VALID TODAY AS OF 0400 PM LOCAL TIME.

CLIMATE NORMAL PERIOD 1981 TO 2010
CLIMATE RECORD PERIOD 1878 TO 2017


WEATHER ITEM   OBSERVED TIME   RECORD YEAR NORMAL DEPARTURE LAST
                VALUE   (LST)  VALUE       VALUE  FROM      YEAR
                                                  NORMAL
..................................................................
TEMPERATURE (F)
 TODAY
  MAXIMUM         88    202 PM  98    1928  81      7       79
  MINIMUM         76    342 AM  39    1894  62     14       69
  AVERAGE         82                        72     10       74

PRECIPITATION (IN)
  TODAY            0.00          1.05 1988   0.04  -0.04     0.00
  MONTH TO DATE    1.84                      1.15   0.69     2.67
  SINCE MAR 1      1.84                      1.15   0.69     2.67
  SINCE JAN 1      3.38                      3.50  -0.12     4.55

SNOWFALL (IN)
  TODAY            0.0          90.0  2001   0.0
  MONTH TO DATE    0.0                       0.0
  SINCE MAR 1      0.0                       0.0
  SINCE JUL 1      0.0                       0.0

DEGREE DAYS
 HEATING
  TODAY            0                         1     -1        0
  MONTH TO DATE    2                        42    -40       13
  SINCE MAR 1      2                        42    -40       13
  SINCE JUL 1    201                       545   -344      373

 COOLING
  TODAY           17                         7     10        9
  MONTH TO DATE  279                       159    120      211
  SINCE MAR 1    279                       159    120      211
  SINCE JAN 1    666                       300    366      319
..................................................................


WIND (MPH)
  HIGHEST WIND SPEED    31   HIGHEST WIND DIRECTION     S (170)
  HIGHEST GUST SPEED    39   HIGHEST GUST DIRECTION     S (170)
  AVERAGE WIND SPEED    15.9


SKY COVER
  POSSIBLE SUNSHINE  MM
  AVERAGE SKY COVER 1.0


WEATHER CONDITIONS
 THE FOLLOWING WEATHER WAS RECORDED TODAY.
  NO SIGNIFICANT WEATHER WAS OBSERVED.


RELATIVE HUMIDITY (PERCENT)
 HIGHEST    88           200 AM
 LOWEST     65           200 PM
 AVERAGE    77

..........................................................


THE BROWNSVILLE CLIMATE NORMALS FOR TOMORROW
                         NORMAL    RECORD    YEAR
 MAXIMUM TEMPERATURE (F)   81       100      1989
 MINIMUM TEMPERATURE (F)   62        38      1930


SUNRISE AND SUNSET
MARCH 29 2017.........SUNRISE   724 AM CDT   SUNSET   745 PM CDT
MARCH 30 2017.........SUNRISE   723 AM CDT   SUNSET   746 PM CDT


-  INDICATES NEGATIVE NUMBERS.
R  INDICATES RECORD WAS SET OR TIED.
MM INDICATES DATA IS MISSING.
T  INDICATES TRACE AMOUNT.




$$
