000
CDUS44 KBRO 190628
CLIBRO


CLIMATE REPORT
NATIONAL WEATHER SERVICE BROWNSVILLE TX
126 AM CDT FRI SEP 19 2014


...................................

...THE BROWNSVILLE CLIMATE SUMMARY FOR SEPTEMBER 18 2014...

CLIMATE NORMAL PERIOD 1981 TO 2010
CLIMATE RECORD PERIOD 1878 TO 2014


WEATHER ITEM   OBSERVED TIME   RECORD YEAR NORMAL DEPARTURE LAST
                VALUE   (LST)  VALUE       VALUE  FROM      YEAR
                                                  NORMAL
..................................................................
TEMPERATURE (F)
 YESTERDAY
  MAXIMUM         92    111 PM  97    1980  90      2       89
  MINIMUM         77    344 AM  59    1901  73      4       76
  AVERAGE         85                        81      4       83

PRECIPITATION (IN)
  YESTERDAY        0.00          7.90 1984   0.20  -0.20     0.24
  MONTH TO DATE    8.51                      3.52   4.99    11.53
  SINCE SEP 1      8.51                      3.52   4.99    11.53
  SINCE JAN 1     18.03                     18.33  -0.30    21.58

DEGREE DAYS
 HEATING
  YESTERDAY        0                         0      0        0
  MONTH TO DATE    0                         0      0        0
  SINCE SEP 1      0                         0      0        0
  SINCE JUL 1      0                         0      0        0

 COOLING
  YESTERDAY       20                        16      4       18
  MONTH TO DATE  330                       321      9      326
  SINCE SEP 1    330                       321      9      326
  SINCE JAN 1   3150                      3228    -78     3359
..................................................................


WIND (MPH)
  HIGHEST WIND SPEED    21   HIGHEST WIND DIRECTION    SE (150)
  HIGHEST GUST SPEED    26   HIGHEST GUST DIRECTION     S (160)
  AVERAGE WIND SPEED     9.5


SKY COVER
  POSSIBLE SUNSHINE  MM
  AVERAGE SKY COVER 0.1


WEATHER CONDITIONS
 THE FOLLOWING WEATHER WAS RECORDED YESTERDAY.
  NO SIGNIFICANT WEATHER WAS OBSERVED.


RELATIVE HUMIDITY (PERCENT)
 HIGHEST    97           500 AM
 LOWEST     64          1200 PM
 AVERAGE    81

..........................................................


THE BROWNSVILLE CLIMATE NORMALS FOR TODAY
                         NORMAL    RECORD    YEAR
 MAXIMUM TEMPERATURE (F)   90        98      1947
                                             1900
 MINIMUM TEMPERATURE (F)   73        58      1901


SUNRISE AND SUNSET
SEPTEMBER 19 2014.....SUNRISE   717 AM CDT   SUNSET   729 PM CDT
SEPTEMBER 20 2014.....SUNRISE   717 AM CDT   SUNSET   728 PM CDT


-  INDICATES NEGATIVE NUMBERS.
R  INDICATES RECORD WAS SET OR TIED.
MM INDICATES DATA IS MISSING.
T  INDICATES TRACE AMOUNT.

$$
