424
CDUS44 KBRO 212229
CLIBRO


CLIMATE REPORT
NATIONAL WEATHER SERVICE BROWNSVILLE TX
428 PM CST SAT JAN 21 2017


...................................

...THE BROWNSVILLE CLIMATE SUMMARY FOR JANUARY 21 2017...
VALID TODAY AS OF 0400 PM LOCAL TIME.

CLIMATE NORMAL PERIOD 1981 TO 2010
CLIMATE RECORD PERIOD 1878 TO 2017


WEATHER ITEM   OBSERVED TIME   RECORD YEAR NORMAL DEPARTURE LAST
                VALUE   (LST)  VALUE       VALUE  FROM      YEAR
                                                  NORMAL
..................................................................
TEMPERATURE (F)
 TODAY
  MAXIMUM         95R   310 PM  90    1920  71     24       80
  MINIMUM         56   1206 AM  26    1883  52      4       54
  AVERAGE         76                        61     15       67

PRECIPITATION (IN)
  TODAY            0.00          1.73 1966   0.05  -0.05     0.00
  MONTH TO DATE    0.04                      0.80  -0.76     1.81
  SINCE DEC 1      1.71                      1.95  -0.24     1.97
  SINCE JAN 1      0.04                      0.80  -0.76     1.81

SNOWFALL (IN)
  TODAY            0.0           0.0  2002   0.0
                                      1998
                                      2000
  MONTH TO DATE    0.0                       0.0
  SINCE DEC 1      0.0                       0.0
  SINCE JUL 1      0.0                       0.0

DEGREE DAYS
 HEATING
  TODAY            0                         6     -6        0
  MONTH TO DATE   57                       126    -69      144
  SINCE DEC 1    147                       291   -144      204
  SINCE JUL 1    155                       345   -190      226

 COOLING
  TODAY           11                         2      9        2
  MONTH TO DATE  119                        42     77       11
  SINCE DEC 1    295                       122    173      145
  SINCE JAN 1    119                        42     77       11
..................................................................


WIND (MPH)
  HIGHEST WIND SPEED    15   HIGHEST WIND DIRECTION     S (190)
  HIGHEST GUST SPEED    20   HIGHEST GUST DIRECTION     S (170)
  AVERAGE WIND SPEED     7.0


SKY COVER
  POSSIBLE SUNSHINE  MM
  AVERAGE SKY COVER 0.5


WEATHER CONDITIONS
 THE FOLLOWING WEATHER WAS RECORDED TODAY.
  FOG
  FOG W/VISIBILITY <= 1/4 MILE


RELATIVE HUMIDITY (PERCENT)
 HIGHEST   100          1200 AM
 LOWEST     15           300 PM
 AVERAGE    58

..........................................................


THE BROWNSVILLE CLIMATE NORMALS FOR TOMORROW
                         NORMAL    RECORD    YEAR
 MAXIMUM TEMPERATURE (F)   71        87      1972
 MINIMUM TEMPERATURE (F)   52        25      1935


SUNRISE AND SUNSET
JANUARY 21 2017.......SUNRISE   717 AM CST   SUNSET   605 PM CST
JANUARY 22 2017.......SUNRISE   717 AM CST   SUNSET   606 PM CST


-  INDICATES NEGATIVE NUMBERS.
R  INDICATES RECORD WAS SET OR TIED.
MM INDICATES DATA IS MISSING.
T  INDICATES TRACE AMOUNT.




$$
