000
CDUS44 KBRO 140626
CLIBRO


CLIMATE REPORT
NATIONAL WEATHER SERVICE BROWNSVILLE TX
125 AM CDT MON JUL 14 2014


...................................

...THE BROWNSVILLE CLIMATE SUMMARY FOR JULY 13 2014...

CLIMATE NORMAL PERIOD 1981 TO 2010
CLIMATE RECORD PERIOD 1878 TO 2014


WEATHER ITEM   OBSERVED TIME   RECORD YEAR NORMAL DEPARTURE LAST
                VALUE   (LST)  VALUE       VALUE  FROM      YEAR
                                                  NORMAL
..................................................................
TEMPERATURE (F)
 YESTERDAY
  MAXIMUM         92    147 PM  98    1918  93     -1       96
                                      1906
                                      1900
  MINIMUM         75    627 AM  63    1901  76     -1       76
  AVERAGE         84                        85     -1       86

PRECIPITATION (IN)
  YESTERDAY        0.00          2.39 1975   0.08  -0.08      T
  MONTH TO DATE    1.64                      1.02   0.62     0.45
  SINCE JUN 1      2.28                      3.59  -1.31     1.30
  SINCE JAN 1      7.61                     11.35  -3.74     6.90

SNOWFALL (IN)
  YESTERDAY        0.0          MM    2001   0.0
  MONTH TO DATE    0.0                       0.0
  SINCE JUN 1      0.0                       0.0
  SINCE JUL 1      0.0                       0.0

DEGREE DAYS
 HEATING
  YESTERDAY        0                         0      0        0
  MONTH TO DATE    0                         0      0        0
  SINCE JUN 1      0                         0      0        0
  SINCE JUL 1      0                         0      0        0

 COOLING
  YESTERDAY       19                        20     -1       21
  MONTH TO DATE  235                       260    -25      259
  SINCE JUN 1    832                       827      5      882
  SINCE JAN 1   1754                      1920   -166     2004
..................................................................


WIND (MPH)
  HIGHEST WIND SPEED    17   HIGHEST WIND DIRECTION     E (90)
  HIGHEST GUST SPEED    22   HIGHEST GUST DIRECTION     E (90)
  AVERAGE WIND SPEED     5.5


SKY COVER
  POSSIBLE SUNSHINE  MM
  AVERAGE SKY COVER 0.1


WEATHER CONDITIONS
 THE FOLLOWING WEATHER WAS RECORDED YESTERDAY.
  NO SIGNIFICANT WEATHER WAS OBSERVED.


RELATIVE HUMIDITY (PERCENT)
 HIGHEST   100           200 AM
 LOWEST     52          1200 PM
 AVERAGE    76

..........................................................


THE BROWNSVILLE CLIMATE NORMALS FOR TODAY
                         NORMAL    RECORD    YEAR
 MAXIMUM TEMPERATURE (F)   93       100      2000
 MINIMUM TEMPERATURE (F)   76        61      1901


SUNRISE AND SUNSET
JULY 14 2014..........SUNRISE   647 AM CDT   SUNSET   824 PM CDT
JULY 15 2014..........SUNRISE   648 AM CDT   SUNSET   824 PM CDT


-  INDICATES NEGATIVE NUMBERS.
R  INDICATES RECORD WAS SET OR TIED.
MM INDICATES DATA IS MISSING.
T  INDICATES TRACE AMOUNT.




$$
