000
CDUS44 KBRO 290633
CLIBRO


CLIMATE REPORT
NATIONAL WEATHER SERVICE BROWNSVILLE TX
125 AM CDT FRI AUG 29 2014


...................................

...THE BROWNSVILLE CLIMATE SUMMARY FOR AUGUST 28 2014...

CLIMATE NORMAL PERIOD 1981 TO 2010
CLIMATE RECORD PERIOD 1878 TO 2014


WEATHER ITEM   OBSERVED TIME   RECORD YEAR NORMAL DEPARTURE LAST
                VALUE   (LST)  VALUE       VALUE  FROM      YEAR
                                                  NORMAL
..................................................................
TEMPERATURE (F)
 YESTERDAY
  MAXIMUM         96    244 PM 101    2011  94      2       94
  MINIMUM         79    521 AM  63    1896  76      3       75
  AVERAGE         88                        85      3       85

PRECIPITATION (IN)
  YESTERDAY        T             2.92 1938   0.11  -0.11     0.00
  MONTH TO DATE    0.21                      2.08  -1.87     1.38
  SINCE JUN 1      2.49                      6.69  -4.20     4.36
  SINCE JAN 1      7.82                     14.45  -6.63     9.96

DEGREE DAYS
 HEATING
  YESTERDAY        0                         0      0        0
  MONTH TO DATE    0                         0      0        0
  SINCE JUN 1      0                         0      0        0
  SINCE JUL 1      0                         0      0        0

 COOLING
  YESTERDAY       23                        20      3       20
  MONTH TO DATE  621                       576     45      596
  SINCE JUN 1   1842                      1761     81     1851
  SINCE JAN 1   2764                      2854    -90     2973
..................................................................


WIND (MPH)
  HIGHEST WIND SPEED    16   HIGHEST WIND DIRECTION    NE (50)
  HIGHEST GUST SPEED    24   HIGHEST GUST DIRECTION    NW (310)
  AVERAGE WIND SPEED     8.4


SKY COVER
  POSSIBLE SUNSHINE  MM
  AVERAGE SKY COVER 0.6


WEATHER CONDITIONS
 THE FOLLOWING WEATHER WAS RECORDED YESTERDAY.
  LIGHT RAIN


RELATIVE HUMIDITY (PERCENT)
 HIGHEST    94          1200 AM
 LOWEST     52           200 PM
 AVERAGE    73

..........................................................


THE BROWNSVILLE CLIMATE NORMALS FOR TODAY
                         NORMAL    RECORD    YEAR
 MAXIMUM TEMPERATURE (F)   93       104      2012
 MINIMUM TEMPERATURE (F)   76        66      1958


SUNRISE AND SUNSET
AUGUST 29 2014........SUNRISE   709 AM CDT   SUNSET   752 PM CDT
AUGUST 30 2014........SUNRISE   709 AM CDT   SUNSET   751 PM CDT


-  INDICATES NEGATIVE NUMBERS.
R  INDICATES RECORD WAS SET OR TIED.
MM INDICATES DATA IS MISSING.
T  INDICATES TRACE AMOUNT.

$$
