000
CDAK49 PABR 310906
CLIBRW

CLIMATE REPORT
NATIONAL WEATHER SERVICE BARROW, AK
106 AM AKDT THU JUL 31 2014

...................................
...THE BARROW WSO AP CLIMATE SUMMARY FOR JULY 30 2014...

CLIMATE NORMAL PERIOD  1981 TO  2010
CLIMATE RECORD PERIOD  1915 TO  2014

WEATHER ITEM   OBSERVED TIME    RECORD YEAR NORMAL DEPARTURE LAST
               VALUE    (LST)   VALUE       VALUE  FROM      YEAR
                                                   NORMAL
...................................................................
TEMPERATURE
YESTERDAY
 MAXIMUM            50  0329 PM    72  2009     46       4     55
 MINIMUM            31  1257 AM    28  1959     35      -4     39
 AVERAGE            41                          41       0     47

PRECIPITATION
(INCHES)
 YESTERDAY           T           0.56  1942   0.03   -0.03   0.11
 MONTH TO DATE    0.96                        0.94    0.02   1.68
 SINCE JUN 1      2.43                        1.26    1.17   2.45
 SINCE JAN 1      4.05                        1.96    2.09   3.67

SNOWFALL
(INCHES)
 YESTERDAY         0.0            2.0  1945    0.0     0.0    0.0
 MONTH TO DATE     0.9                         0.2     0.7    0.0
 SINCE JUN 1       1.8                         0.9     0.9    0.3
 SINCE JUL 1       0.9                         0.2     0.7    0.0
 SNOW DEPTH (IN)     0                                          0

DEGREE DAYS
 HEATING
  YESTERDAY         24                          24       0     18
  MONTH TO DATE    810                         723      87    606
  SINCE JUN 1     1743                        1603     140   1384
  SINCE JUL 1      810                         723      87    606

 COOLING
  YESTERDAY          0                           0       0      0
  MONTH TO DATE      0                           0       0      0
  SINCE JUN 1        0                           0       0      0
  SINCE JAN 1        0                           0       0      0
...................................................................

WIND (MPH)
 HIGHEST WIND SPEED    22     HIGHEST WIND DIRECTION    130
 HIGHEST GUST SPEED    25     HIGHEST GUST DIRECTION    130
 AVERAGE WIND SPEED  14.2

WEATHER CONDITIONS
 THE FOLLOWING WEATHER WAS RECORDED YESTERDAY.
  FOG
RAIN


RELATIVE HUMIDITY
 HIGHEST RH     100 PERCENT       09:01 AM
 LOWEST  RH     77 PERCENT       01:53 PM
 AVERAGE RH     93 PERCENT       MM
...................................................................

THE BARROW CLIMATE NORMALS FOR TODAY
                           NORMAL    RECORD   YEAR
 MAXIMUM TEMPERATURE (F)     46        64     1978
 MINIMUM TEMPERATURE (F)     35        27     1929

SUNRISE AND SUNSET
 JUL 31 2014..........SUNRISE  **.**      SUNSET **.**
 AUG 1 2014..........SUNRISE  **.**      SUNSET  2:04 AM

-  INDICATES NEGATIVE NUMBERS.
R  INDICATES RECORD HAS BEEN SET OR TIED.
MM INDICATES DATA IS MISSING.
T  INDICATES TRACE OF PRECIPITATION.

&&
-------------------------------------------------------------------

AMOUNT OF DAYLIGHT TODAY  (HOUR:MIN)........24 HOURS 00 MINUTES
GAIN/LOSS SINCE YESTERDAY (HOUR:MIN:SEC)....+0:00:00

$$
DZB JUL 14
