000
CDAK49 PABR 300904
CLIBRW

CLIMATE REPORT
NATIONAL WEATHER SERVICE BARROW, AK
104 AM AKDT TUE JUN 30 2015

...................................
...THE BARROW WSO AP CLIMATE SUMMARY FOR JUNE 29 2015...

CLIMATE NORMAL PERIOD  1981 TO  2010
CLIMATE RECORD PERIOD  1915 TO  2015

WEATHER ITEM   OBSERVED TIME    RECORD YEAR NORMAL DEPARTURE LAST
               VALUE    (LST)   VALUE       VALUE  FROM      YEAR
                                                   NORMAL
...................................................................
TEMPERATURE
YESTERDAY
 MAXIMUM            59  1257 PM    67  1998     46      13     47
 MINIMUM            44  1232 AM    25  1926     34      10     36
 AVERAGE            52                          40      12     42

PRECIPITATION
(INCHES)
 YESTERDAY        0.01           0.31  1958   0.02   -0.01   0.00
 MONTH TO DATE    0.81                        0.30    0.51   1.14
 SINCE JUN 1      0.81                        0.30    0.51   1.14
 SINCE JAN 1      2.77                        1.00    1.77   2.76

SNOWFALL
(INCHES)
 YESTERDAY         0.0            0.5  1932    0.0     0.0    0.0
 MONTH TO DATE     1.0                         0.7     0.3    0.9
 SINCE JUN 1       1.0                         0.7     0.3    0.9
 SINCE JUL 1      55.9                        37.7    18.2   54.2
 SNOW DEPTH (IN)     0                                          0

DEGREE DAYS
 HEATING
  YESTERDAY         13                          25     -12     23
  MONTH TO DATE    726                         855    -129    910
  SINCE JUN 1      726                         855    -129    910
  SINCE JUL 1    18099                       19362   -1263  17810

 COOLING
  YESTERDAY          0                           0       0      0
  MONTH TO DATE      0                           0       0      0
  SINCE JUN 1        0                           0       0      0
  SINCE JAN 1        0                           0       0      0
...................................................................

WIND (MPH)
 HIGHEST WIND SPEED    17     HIGHEST WIND DIRECTION    310
 HIGHEST GUST SPEED    20     HIGHEST GUST DIRECTION    310
 AVERAGE WIND SPEED   5.8

SKY COVER
  POSSIBLE SUNSHINE    MM          AVERAGE SKY COVER     MM

WEATHER CONDITIONS
 THE FOLLOWING WEATHER WAS RECORDED YESTERDAY.
  FOG
RAIN


RELATIVE HUMIDITY
 HIGHEST RH     MM PERCENT       MM
 LOWEST  RH     MM PERCENT       MM
 AVERAGE RH     MM PERCENT       MM
...................................................................

THE BARROW CLIMATE NORMALS FOR TODAY
                           NORMAL    RECORD   YEAR
 MAXIMUM TEMPERATURE (F)     46        70     1942
 MINIMUM TEMPERATURE (F)     34        26     1943

SUNRISE AND SUNSET
 JUN 30 2015..........SUNRISE  **.**      SUNSET **.**
 JUL 1 2015..........SUNRISE  **.**      SUNSET **.**

-  INDICATES NEGATIVE NUMBERS.
R  INDICATES RECORD HAS BEEN SET OR TIED.
MM INDICATES DATA IS MISSING.
T  INDICATES TRACE OF PRECIPITATION.

&&
-------------------------------------------------------------------

AMOUNT OF DAYLIGHT TODAY  (HOUR:MIN)........24 HOURS 00 MINUTES
GAIN/LOSS SINCE YESTERDAY (HOUR:MIN:SEC)....+0:00:00

$$
DZB JUN 15
