000
CDAK49 PABR 270913
CLIBRW

CLIMATE REPORT
NATIONAL WEATHER SERVICE BARROW, AK
113 AM AKDT SAT AUG 27 2016

...................................
...THE BARROW WSO AP CLIMATE SUMMARY FOR AUGUST 26 2016...

CLIMATE NORMAL PERIOD  1981 TO  2010
CLIMATE RECORD PERIOD  1915 TO  2016

WEATHER ITEM   OBSERVED TIME    RECORD YEAR NORMAL DEPARTURE LAST
               VALUE    (LST)   VALUE       VALUE  FROM      YEAR
                                                   NORMAL
...................................................................
TEMPERATURE
YESTERDAY
 MAXIMUM            54  0534 PM    65  1929     42      12     46
 MINIMUM            40  1116 PM    21  1991     33       7     36
 AVERAGE            47                          38       9     41

PRECIPITATION
(INCHES)
 YESTERDAY        0.00           0.38  1957   0.03   -0.03      T
 MONTH TO DATE    0.84                        0.89   -0.05   1.46
 SINCE JUN 1      2.33                        2.19    0.14   2.52
 SINCE JAN 1      3.66                        2.89    0.77   4.48

SNOWFALL
(INCHES)
 YESTERDAY         0.0            1.3  1933    0.0     0.0      T
 MONTH TO DATE     2.1                         0.6     1.5    0.2
 SINCE JUN 1       4.8                         1.5     3.3    1.2
 SINCE JUL 1       2.1                         0.8     1.3    0.2
 SNOW DEPTH (IN)     0                                          0

DEGREE DAYS
 HEATING
  YESTERDAY         18                          27      -9     24
  MONTH TO DATE    662                         668      -6    680
  SINCE JUN 1     2125                        2295    -170   2173
  SINCE JUL 1     1315                        1415    -100   1431

 COOLING
  YESTERDAY          0                           0       0      0
  MONTH TO DATE      0                           0       0      0
  SINCE JUN 1        0                           0       0      0
  SINCE JAN 1        0                           0       0      0
...................................................................

WIND (MPH)
 HIGHEST WIND SPEED    16     HIGHEST WIND DIRECTION    230
 HIGHEST GUST SPEED    20     HIGHEST GUST DIRECTION    220
 AVERAGE WIND SPEED   9.2

WEATHER CONDITIONS
 THE FOLLOWING WEATHER WAS RECORDED YESTERDAY.
  NO SIGNIFICANT WEATHER WAS OBSERVED.

RELATIVE HUMIDITY
 HIGHEST RH     93 PERCENT  AT 1210 AM AKST
 LOWEST  RH     54 PERCENT  AT  525 PM AKST
 AVERAGE RH     71 PERCENT
...................................................................

THE BARROW CLIMATE NORMALS FOR TODAY
                           NORMAL    RECORD   YEAR
 MAXIMUM TEMPERATURE (F)     42        63     1929
 MINIMUM TEMPERATURE (F)     33        22     1932

SUNRISE AND SUNSET
 AUG 27 2016..........SUNRISE  6:14 AM      SUNSET 10:40 PM
 AUG 28 2016..........SUNRISE  6:19 AM      SUNSET 10:35 PM

-  INDICATES NEGATIVE NUMBERS.
R  INDICATES RECORD HAS BEEN SET OR TIED.
MM INDICATES DATA IS MISSING.
T  INDICATES TRACE OF PRECIPITATION.

&&
-------------------------------------------------------------------

AMOUNT OF DAYLIGHT TODAY  (HOUR:MIN)........16 HOURS 26 MINUTES
GAIN/LOSS SINCE YESTERDAY (HOUR:MIN:SEC)....-0:10:20

$$
RFL AUG 16
