637
CDAK49 PAFG 280942
CLIBRW

CLIMATE REPORT
NATIONAL WEATHER SERVICE FAIRBANKS AK
142 AM AKDT WED JUN 28 2017


...................................

...THE BARROW AK CLIMATE SUMMARY FOR JUNE 27 2017...

CLIMATE NORMAL PERIOD 1981 TO 2010
CLIMATE RECORD PERIOD 1920 TO 2017


WEATHER ITEM   OBSERVED TIME   RECORD YEAR NORMAL DEPARTURE LAST
                VALUE   (LST)  VALUE       VALUE  FROM      YEAR
                                                  NORMAL
..................................................................
TEMPERATURE (F)
 YESTERDAY
  MAXIMUM         53   1206 PM  62    1986  45      8       55
  MINIMUM         36   1159 PM  20    1931  34      2       32
  AVERAGE         45                        39      6       44

PRECIPITATION (IN)
  YESTERDAY        0.00          0.31 2014   0.02  -0.02     0.00
  MONTH TO DATE    0.26                      0.27  -0.01     0.69
  SINCE JUN 1      0.26                      0.27  -0.01     0.69
  SINCE JAN 1      2.37                      0.97   1.40     4.04

SNOWFALL (IN)
  YESTERDAY        0.0           0.1  1967   0.0    0.0      0.0
  MONTH TO DATE    0.5                       0.7   -0.2      1.9
  SINCE JUN 1      0.5                       0.7   -0.2      1.9
  SINCE JUL 1     40.7                      37.7    3.0     12.2
  SNOW DEPTH       0

DEGREE DAYS
 HEATING
  YESTERDAY       20                        26     -6       21
  MONTH TO DATE  835                       805     30      740
  SINCE JUN 1    835                       805     30      740
  SINCE JUL 1  17021                     19324  -2303    16842

 COOLING
  YESTERDAY        0                         0      0        0
  MONTH TO DATE    0                         0      0        0
  SINCE JUN 1      0                         0      0        0
  SINCE JAN 1      0                         0      0        0
..................................................................


WIND (MPH)
  HIGHEST GUST SPEED    24   HIGHEST GUST DIRECTION     E (70)


SKY COVER
  AVERAGE SKY COVER 0.2


WEATHER CONDITIONS
 THE FOLLOWING WEATHER WAS RECORDED YESTERDAY.
  NO SIGNIFICANT WEATHER WAS OBSERVED.


RELATIVE HUMIDITY (PERCENT)
 HIGHEST    93
 LOWEST     71
 AVERAGE    82

..........................................................


THE BARROW AK CLIMATE NORMALS FOR TODAY
                         NORMAL    RECORD    YEAR
 MAXIMUM TEMPERATURE (F)   45        65      2016
                                             1998
                                             1991
 MINIMUM TEMPERATURE (F)   34        26      1979
                                             1976
                                             1921


SUNRISE AND SUNSET
JUNE 28 2017..........SUN ABOVE VISIBLE HORIZON.
JUNE 29 2017..........SUN ABOVE VISIBLE HORIZON.

-  INDICATES NEGATIVE NUMBERS.
R  INDICATES RECORD WAS SET OR TIED.
MM INDICATES DATA IS MISSING.
T  INDICATES TRACE AMOUNT.

&&

SNOW DEPTH IS MEASURED AT 3AM AKST/4AM AKDT.

----------------------------
AVAILABLE DAYLIGHT

AMOUNT OF DAYLIGHT TODAY  (HOUR:MIN)........24:00
GAIN/LOSS SINCE YESTERDAY (HOUR:MIN:SEC)....+0:00:00

$$
JUN 17
