000
CDAK49 PABR 290905
CLIBRW

CLIMATE REPORT
NATIONAL WEATHER SERVICE BARROW, AK
1205 AM AKST THU JAN 29 2015

...................................
...THE BARROW WSO AP CLIMATE SUMMARY FOR JANUARY 28 2015...

CLIMATE NORMAL PERIOD  1981 TO  2010
CLIMATE RECORD PERIOD  1915 TO  2015

WEATHER ITEM   OBSERVED TIME    RECORD YEAR NORMAL DEPARTURE LAST
               VALUE    (LST)   VALUE       VALUE  FROM      YEAR
                                                   NORMAL
...................................................................
TEMPERATURE
YESTERDAY
 MAXIMUM           -13  0656 AM    34  1963     -8      -5      4
 MINIMUM           -30  0336 PM   -45  1989    -20     -10      0
 AVERAGE           -22                         -14      -8      2

PRECIPITATION
(INCHES)
 YESTERDAY        0.00           0.60  1937   0.01   -0.01   0.00
 MONTH TO DATE    0.22                        0.12    0.10   0.18
 SINCE DEC 1      0.42                        0.26    0.16   1.35
 SINCE JAN 1      0.22                        0.12    0.10   0.18

SNOWFALL
(INCHES)
 YESTERDAY         0.0            3.7  1937    0.0     0.0    0.0
 MONTH TO DATE     4.2                         2.3     1.9    3.4
 SINCE DEC 1       7.2                         5.8     1.4   16.5
 SINCE JUL 1      38.3                        26.1    12.2   40.4
 SNOW DEPTH (IN)     7                                          8

DEGREE DAYS
 HEATING
  YESTERDAY         87                          79       8     63
  MONTH TO DATE   2129                        2192     -63   2047
  SINCE DEC 1     4331                        4449    -118   4120
  SINCE JUL 1     9933                       10399    -466   9519

 COOLING
  YESTERDAY          0                           0       0      0
  MONTH TO DATE      0                           0       0      0
  SINCE DEC 1        0                           0       0      0
  SINCE JAN 1        0                           0       0      0
...................................................................

WIND (MPH)
 HIGHEST WIND SPEED    12     HIGHEST WIND DIRECTION    270
 HIGHEST GUST SPEED    13     HIGHEST GUST DIRECTION    270
 AVERAGE WIND SPEED   6.2

WEATHER CONDITIONS
 THE FOLLOWING WEATHER WAS RECORDED YESTERDAY.
  FOG


RELATIVE HUMIDITY
 HIGHEST RH     90 PERCENT       09:53 AM
 LOWEST  RH     68 PERCENT       02:53 PM
 AVERAGE RH     81 PERCENT       MM
...................................................................

THE BARROW CLIMATE NORMALS FOR TODAY
                           NORMAL    RECORD   YEAR
 MAXIMUM TEMPERATURE (F)     -8        35     1963
 MINIMUM TEMPERATURE (F)    -20       -48     1989

SUNRISE AND SUNSET
 JAN 29 2015..........SUNRISE 11:59 AM      SUNSET  3:24 PM
 JAN 30 2015..........SUNRISE 11:51 AM      SUNSET  3:32 PM

-  INDICATES NEGATIVE NUMBERS.
R  INDICATES RECORD HAS BEEN SET OR TIED.
MM INDICATES DATA IS MISSING.
T  INDICATES TRACE OF PRECIPITATION.

&&
-------------------------------------------------------------------

AMOUNT OF DAYLIGHT TODAY  (HOUR:MIN)........3 HOURS 25 MINUTES
GAIN/LOSS SINCE YESTERDAY (HOUR:MIN:SEC)....+0:16:45

$$
DZB JAN 15
