191
CDAK49 PABR 130924
CLIBRW

CLIMATE REPORT
NATIONAL WEATHER SERVICE BARROW, AK
1225 AM AKST SAT FEB 13 2016

...................................
...THE BARROW WSO AP CLIMATE SUMMARY FOR FEBRUARY 12 2016...

CLIMATE NORMAL PERIOD  1981 TO  2010
CLIMATE RECORD PERIOD  1915 TO  2016

WEATHER ITEM   OBSERVED TIME    RECORD YEAR NORMAL DEPARTURE LAST
               VALUE    (LST)   VALUE       VALUE  FROM      YEAR
                                                   NORMAL
...................................................................
TEMPERATURE
YESTERDAY
 MAXIMUM             7  1202 PM    29  1989     -8      15    -16
 MINIMUM             0  1159 PM   -51  1925    -20      20    -22
 AVERAGE             4                         -14      18    -19

PRECIPITATION
(INCHES)
 YESTERDAY        0.57           0.57  2016   0.01    0.56   0.00
 MONTH TO DATE    0.57                        0.06    0.51   0.08
 SINCE DEC 1      0.91                        0.33    0.58   0.54
 SINCE JAN 1      0.87                        0.19    0.68   0.34

SNOWFALL
(INCHES)
 YESTERDAY         5.7            5.7  2016    0.1     5.6    0.0
 MONTH TO DATE     5.9                         1.1     4.8    1.1
 SINCE DEC 1      13.7                         7.2     6.5    8.7
 SINCE JUL 1      26.9                        27.5    -0.6   39.8
 SNOW DEPTH (IN)    11                                          6

DEGREE DAYS
 HEATING
  YESTERDAY         61                          79     -18     84
  MONTH TO DATE    866                         948     -82    962
  SINCE DEC 1     5213                        5634    -421   5500
  SINCE JUL 1    11027                       11584    -557  11142

 COOLING
  YESTERDAY          0                           0       0      0
  MONTH TO DATE      0                           0       0      0
  SINCE DEC 1        0                           0       0      0
  SINCE JAN 1        0                           0       0      0
...................................................................

WIND (MPH)
 HIGHEST WIND SPEED    41     HIGHEST WIND DIRECTION     70
 HIGHEST GUST SPEED    49     HIGHEST GUST DIRECTION     70
 AVERAGE WIND SPEED  29.9

SKY COVER
  POSSIBLE SUNSHINE    MM          AVERAGE SKY COVER     MM

WEATHER CONDITIONS
 THE FOLLOWING WEATHER WAS RECORDED YESTERDAY.
  SNOW
  BLOWING SNOW
  DENSE FOG

...................................................................

THE BARROW CLIMATE NORMALS FOR TODAY
                           NORMAL    RECORD   YEAR
 MAXIMUM TEMPERATURE (F)     -8        30     1959
 MINIMUM TEMPERATURE (F)    -20       -44     1964

SUNRISE AND SUNSET
 FEB 13 2016..........SUNRISE 1025 AM      SUNSET  500 PM
 FEB 14 2016..........SUNRISE 1019 AM      SUNSET  505 PM

-  INDICATES NEGATIVE NUMBERS.
R  INDICATES RECORD HAS BEEN SET OR TIED.
MM INDICATES DATA IS MISSING.
T  INDICATES TRACE OF PRECIPITATION.

&&
-------------------------------------------------------------------

AMOUNT OF DAYLIGHT TODAY  (HOUR:MIN)........6 HOURS 35 MINUTES
GAIN/LOSS SINCE YESTERDAY (HOUR:MIN:SEC)....+0:11:06

$$
*** FEB 16
