000
CDAK49 PAFG 250946
CLIBRW

CLIMATE REPORT
NATIONAL WEATHER SERVICE FAIRBANKS AK
146 AM AKDT SUN SEP 25 2016


...................................

...THE BARROW AK CLIMATE SUMMARY FOR SEPTEMBER 24 2016...

CLIMATE NORMAL PERIOD 1981 TO 2010
CLIMATE RECORD PERIOD 1920 TO 2016


WEATHER ITEM   OBSERVED TIME   RECORD YEAR NORMAL DEPARTURE LAST
                VALUE   (LST)  VALUE       VALUE  FROM      YEAR
                                                  NORMAL
..................................................................
TEMPERATURE (F)
 YESTERDAY
  MAXIMUM         37    528 PM  53    1995  33      4       MM
  MINIMUM         27    721 AM   3    1985  26      1       MM
  AVERAGE         32                        29      3       MM

PRECIPITATION (IN)
  YESTERDAY        T             0.45 1943   0.02  -0.02     0.02
  MONTH TO DATE    0.45                      0.61  -0.16     0.24
  SINCE SEP 1      0.45                      0.61  -0.16     0.24
  SINCE JAN 1      6.10                      3.66   2.44     4.67

SNOWFALL (IN)
  YESTERDAY        T             1.5  1921   0.2   -0.2     MM
  MONTH TO DATE    1.7                       3.1   -1.4      0.8
  SINCE SEP 1      1.7                       3.1   -1.4      0.8
  SINCE JUL 1      3.5                       4.2   -0.7      0.8
  SNOW DEPTH       0

DEGREE DAYS
 HEATING
  YESTERDAY       33                        36     -3       MM
  MONTH TO DATE  728                       761    -33      622
  SINCE SEP 1    728                       761    -33      622
  SINCE JUL 1   2157                      2316   -159     1825

 COOLING
  YESTERDAY        0                         0      0       MM
  MONTH TO DATE    0                         0      0        0
  SINCE SEP 1      0                         0      0        0
  SINCE JAN 1      0                         0      0        0
..................................................................


WIND (MPH)
  HIGHEST GUST SPEED    22   HIGHEST GUST DIRECTION    SW (230)


SKY COVER
  AVERAGE SKY COVER 0.6


WEATHER CONDITIONS
 THE FOLLOWING WEATHER WAS RECORDED YESTERDAY.
  LIGHT RAIN
  LIGHT SNOW
  FOG
  FOG W/VISIBILITY <= 1/4 MILE
  HAZE


RELATIVE HUMIDITY (PERCENT)
 HIGHEST    92
 LOWEST     78
 AVERAGE    85

..........................................................


THE BARROW AK CLIMATE NORMALS FOR TODAY
                         NORMAL    RECORD    YEAR
 MAXIMUM TEMPERATURE (F)   32        46      1984
 MINIMUM TEMPERATURE (F)   25         7      1924


SUNRISE AND SUNSET
SEPTEMBER 25 2016.....SUNRISE   823 AM AKDT  SUNSET   813 PM AKDT
SEPTEMBER 26 2016.....SUNRISE   827 AM AKDT  SUNSET   808 PM AKDT

-  INDICATES NEGATIVE NUMBERS.
R  INDICATES RECORD WAS SET OR TIED.
MM INDICATES DATA IS MISSING.
T  INDICATES TRACE AMOUNT.

&&

SNOW DEPTH IS MEASURED AT 3AM AKST/4AM AKDT.

----------------------------
AVAILABLE DAYLIGHT

AMOUNT OF DAYLIGHT TODAY  (HOUR:MIN)........11:50
GAIN/LOSS SINCE YESTERDAY (HOUR:MIN:SEC)....-0:09:11

$$
RF SEP 16
