000
CDAK49 PABR 050059
CLIBRW

CLIMATE REPORT
NATIONAL WEATHER SERVICE BARROW, AK
459 PM AKDT FRI SEP 4 2015

...................................
...THE BARROW WSO AP CLIMATE SUMMARY FOR SEPTEMBER 4 2015...
VALID TODAY AS OF 2:00 PM LOCAL TIME

CLIMATE NORMAL PERIOD  1981 TO  2010
CLIMATE RECORD PERIOD  1915 TO  2015

WEATHER ITEM   OBSERVED TIME    RECORD YEAR NORMAL DEPARTURE LAST
               VALUE    (LST)   VALUE       VALUE  FROM      YEAR
                                                   NORMAL
...................................................................
TEMPERATURE
TODAY
 MAXIMUM            37  0253 PM    62  1957     40      -3     34
 MINIMUM            33  0559 AM    19  1975     32       1     31
 AVERAGE            35                          36      -1     33

PRECIPITATION
(INCHES)
 TODAY            0.00           0.34  1949   0.03   -0.03   0.01
 MONTH TO DATE    0.05                        0.12   -0.07   0.45
 SINCE SEP 1      0.05                        0.12   -0.07   0.45
 SINCE JAN 1      4.76                        3.17    1.59   5.00

SNOWFALL
(INCHES)
 TODAY             0.0            1.5  1944    0.1    -0.1    0.1
 MONTH TO DATE     0.0                         0.3    -0.3    4.6
 SINCE SEP 1       0.0                         0.3    -0.3    4.6
 SINCE JUL 1       0.8                         1.4    -0.6    6.0
 SNOW DEPTH (IN)     0                                          T

DEGREE DAYS
 HEATING
  TODAY             30                          29       1     32
  MONTH TO DATE    111                         115      -4    126
  SINCE SEP 1      111                         115      -4    126
  SINCE JUL 1     1689                        1669      20   1792

 COOLING
  TODAY              0                           0       0      0
  MONTH TO DATE      0                           0       0      0
  SINCE SEP 1        0                           0       0      0
  SINCE JAN 1        0                           0       0      0
...................................................................

WIND (MPH)
 HIGHEST WIND SPEED    28     HIGHEST WIND DIRECTION    110
 HIGHEST GUST SPEED    34     HIGHEST GUST DIRECTION    110
 AVERAGE WIND SPEED    MM

WEATHER CONDITIONS
 THE FOLLOWING WEATHER WAS RECORDED TODAY.
 FOG

RELATIVE HUMIDITY
 HIGHEST RH     MM PERCENT       MM
 LOWEST  RH     MM PERCENT       MM
 AVERAGE RH     MM PERCENT       MM
...................................................................

THE BARROW CLIMATE NORMALS FOR TOMORROW
                        NORMAL    RECORD   YEAR
 MAXIMUM TEMPERATURE      40        61     2006
 MINIMUM TEMPERATURE      32        20     1983

SUNRISE AND SUNSET
 SEP 4 2015..........SUNRISE  6:48 AM      SUNSET 10:02 PM
 SEP 5 2015..........SUNRISE  6:53 AM      SUNSET  9:57 PM

-  INDICATES NEGATIVE NUMBERS.
R  INDICATES RECORD HAS BEEN SET OR TIED.
MM INDICATES DATA IS MISSING.
T  INDICATES TRACE OF PRECIPITATION.

&&
-------------------------------------------------------------------

AMOUNT OF DAYLIGHT TODAY  (HOUR:MIN)........15 HOURS 14 MINUTES
GAIN/LOSS SINCE YESTERDAY (HOUR:MIN:SEC)....-0:09:45

$$
RFL SEP 15
