845
CDAK49 PABR 010006
CLIBRW

CLIMATE REPORT
NATIONAL WEATHER SERVICE BARROW, AK
406 PM AKDT SAT APR 30 2016

...................................
...THE BARROW WSO AP CLIMATE SUMMARY FOR APRIL 30 2016...
VALID TODAY AS OF 400 PM LOCAL TIME

CLIMATE NORMAL PERIOD  1981 TO  2010
CLIMATE RECORD PERIOD  1915 TO  2016

WEATHER ITEM   OBSERVED TIME    RECORD YEAR NORMAL DEPARTURE LAST
               VALUE    (LST)   VALUE       VALUE  FROM      YEAR
                                                   NORMAL
...................................................................
TEMPERATURE
TODAY
 MAXIMUM            28   159 PM    39  2009     18      10     17
 MINIMUM            26   708 AM   -18  1936      6      20      9
 AVERAGE            27                          12      15     13

PRECIPITATION
(INCHES)
 TODAY            0.02           0.03  1984   0.01    0.01      T
 MONTH TO DATE    0.07                        0.16   -0.09   0.46
 SINCE MAR 1      0.11                        0.25   -0.14   0.74
 SINCE JAN 1      1.26                        0.52    0.74   1.31

SNOWFALL
(INCHES)
 TODAY             0.2            0.4  2002    0.1     0.1    0.3
 MONTH TO DATE     1.2                         3.2    -2.0    7.2
 SINCE MAR 1       2.2                         5.3    -3.1   10.6
 SINCE JUL 1      32.1                        34.3    -2.2   53.7
 SNOW DEPTH (IN)     4                                          7

DEGREE DAYS
 HEATING
  TODAY             38                          53     -15     52
  MONTH TO DATE   1638                        1895    -257   1749
  SINCE MAR 1     3869                        4299    -430   4089
  SINCE JUL 1    16030                       17147   -1117  16300

 COOLING
  TODAY              0                           0       0      0
  MONTH TO DATE      0                           0       0      0
  SINCE MAR 1        0                           0       0      0
  SINCE JAN 1        0                           0       0      0
...................................................................

WIND (MPH)
 HIGHEST WIND SPEED    14     HIGHEST WIND DIRECTION     70
 HIGHEST GUST SPEED    15     HIGHEST GUST DIRECTION     60
 AVERAGE WIND SPEED    MM

SKY COVER
  POSSIBLE SUNSHINE  MM            AVERAGE SKY COVER MM

WEATHER CONDITIONS
 THE FOLLOWING WEATHER WAS RECORDED TODAY.
  SNOW
  DENSE FOG

...................................................................

THE BARROW CLIMATE NORMALS FOR TOMORROW
                        NORMAL    RECORD   YEAR
 MAXIMUM TEMPERATURE      18        37     2014
 MINIMUM TEMPERATURE       6       -17     1922

SUNRISE AND SUNSET
 APR 30 2016..........SUNRISE  437 AM      SUNSET 1218 AM
 MAY  1 2016..........SUNRISE  430 AM      SUNSET 1226 AM

-  INDICATES NEGATIVE NUMBERS.
R  INDICATES RECORD HAS BEEN SET OR TIED.
MM INDICATES DATA IS MISSING.
T  INDICATES TRACE OF PRECIPITATION.

&&
-------------------------------------------------------------------

AMOUNT OF DAYLIGHT TODAY  (HOUR:MIN)........19 HOURS 41 MINUTES
GAIN/LOSS SINCE YESTERDAY (HOUR:MIN:SEC)....+0:13:51

$$
*** APR 16
