000
CDUS43 KGRR 170521
CLIBTL


CLIMATE REPORT
NATIONAL WEATHER SERVICE GRAND RAPIDS, MI
121 AM EDT TUE OCT 17 2017


...................................

...THE BATTLE CREEK MI CLIMATE SUMMARY FOR OCTOBER 16 2017...

CLIMATE NORMAL PERIOD 1981 TO 2010
CLIMATE RECORD PERIOD 1998 TO 2017


WEATHER ITEM   OBSERVED TIME   NORMAL DEPARTURE LAST
                VALUE   (LST)  VALUE  FROM      YEAR
                                      NORMAL
......................................................
TEMPERATURE (F)
 YESTERDAY
  MAXIMUM         58    425 PM  61     -3       67
  MINIMUM         42    922 PM  39      3       63
  AVERAGE         50            50      0       65

PRECIPITATION (IN)
  YESTERDAY        0.05          0.10  -0.05     0.80
  MONTH TO DATE    8.24          1.67   6.57     1.62
  SINCE SEP 1      8.65          5.32   3.33     3.67
  SINCE JAN 1     30.25         26.86   3.39    27.13

DEGREE DAYS
 HEATING
  YESTERDAY       15            15      0        0
  MONTH TO DATE   71           204   -133       93
  SINCE SEP 1    158           360   -202      136
  SINCE JUL 1    178           401   -223      144

 COOLING
  YESTERDAY        0             0      0        0
  MONTH TO DATE   13             2     11       12
  SINCE SEP 1    146            57     89      104
  SINCE JAN 1    733           575    158      720
......................................................


WIND (MPH)
  RESULTANT WIND SPEED   2   RESULTANT WIND DIRECTION  SW (240)
  HIGHEST WIND SPEED    15   HIGHEST WIND DIRECTION     W (260)
  HIGHEST GUST SPEED    23   HIGHEST GUST DIRECTION     W (270)
  AVERAGE WIND SPEED     5.4


SKY COVER
  AVERAGE SKY COVER 0.6


WEATHER CONDITIONS
 THE FOLLOWING WEATHER WAS RECORDED YESTERDAY.
  LIGHT RAIN


RELATIVE HUMIDITY (PERCENT)
 HIGHEST   100           200 AM
 LOWEST     47           400 PM
 AVERAGE    74

..........................................................


THE BATTLE CREEK MI CLIMATE NORMALS FOR TODAY
                         NORMAL
 MAXIMUM TEMPERATURE (F)   61
 MINIMUM TEMPERATURE (F)   39


SUNRISE AND SUNSET
OCTOBER 17 2017.......SUNRISE   756 AM EDT   SUNSET   655 PM EDT
OCTOBER 18 2017.......SUNRISE   757 AM EDT   SUNSET   654 PM EDT


-  INDICATES NEGATIVE NUMBERS.
R  INDICATES RECORD WAS SET OR TIED.
MM INDICATES DATA IS MISSING.
T  INDICATES TRACE AMOUNT.




$$
