000
CDUS43 KGRR 310525
CLIBTL


CLIMATE REPORT
NATIONAL WEATHER SERVICE GRAND RAPIDS, MI
122 AM EDT TUE MAY 31 2016


...................................

...THE BATTLE CREEK MI CLIMATE SUMMARY FOR MAY 30 2016...

CLIMATE NORMAL PERIOD 1981 TO 2010
CLIMATE RECORD PERIOD 1998 TO 2016


WEATHER ITEM   OBSERVED TIME   NORMAL DEPARTURE LAST
                VALUE   (LST)  VALUE  FROM      YEAR
                                      NORMAL
......................................................
TEMPERATURE (F)
 YESTERDAY
  MAXIMUM         82    317 PM  75      7       74
  MINIMUM         59    522 AM  50      9       51
  AVERAGE         71            62      9       63

PRECIPITATION (IN)
  YESTERDAY        0.00          0.13  -0.13     0.54
  MONTH TO DATE    2.80          3.65  -0.85     4.26
  SINCE MAR 1      8.24          8.36  -0.12     6.33
  SINCE JAN 1      9.84         11.36  -1.52     7.34

DEGREE DAYS
 HEATING
  YESTERDAY        0             5     -5        2
  MONTH TO DATE  241           242     -1      133
  SINCE MAR 1   1500          1666   -166     1569
  SINCE JUL 1   5415          6631  -1216     6774

 COOLING
  YESTERDAY        6             2      4        0
  MONTH TO DATE   49            30     19       73
  SINCE MAR 1     51            37     14       73
  SINCE JAN 1     51            37     14       73
......................................................


WIND (MPH)
  RESULTANT WIND SPEED   4   RESULTANT WIND DIRECTION   W (290)
  HIGHEST WIND SPEED    16   HIGHEST WIND DIRECTION     W (280)
  HIGHEST GUST SPEED    23   HIGHEST GUST DIRECTION     W (280)
  AVERAGE WIND SPEED     6.2


SKY COVER
  AVERAGE SKY COVER 0.1


WEATHER CONDITIONS
 THE FOLLOWING WEATHER WAS RECORDED YESTERDAY.
  NO SIGNIFICANT WEATHER WAS OBSERVED.


RELATIVE HUMIDITY (PERCENT)
 HIGHEST    90           600 AM
 LOWEST     36           400 PM
 AVERAGE    63

..........................................................


THE BATTLE CREEK MI CLIMATE NORMALS FOR TODAY
                         NORMAL
 MAXIMUM TEMPERATURE (F)   75
 MINIMUM TEMPERATURE (F)   51


SUNRISE AND SUNSET
MAY 31 2016...........SUNRISE   607 AM EDT   SUNSET   911 PM EDT
JUNE  1 2016..........SUNRISE   607 AM EDT   SUNSET   911 PM EDT


-  INDICATES NEGATIVE NUMBERS.
R  INDICATES RECORD WAS SET OR TIED.
MM INDICATES DATA IS MISSING.
T  INDICATES TRACE AMOUNT.




$$
