881
CDUS43 KGRR 152235
CLIBTL


CLIMATE REPORT
NATIONAL WEATHER SERVICE GRAND RAPIDS, MI
534 PM EST FRI DEC 15 2017


...................................

...THE BATTLE CREEK MI CLIMATE SUMMARY FOR DECEMBER 15 2017...
VALID TODAY AS OF 0500 PM LOCAL TIME.

CLIMATE NORMAL PERIOD 1981 TO 2010
CLIMATE RECORD PERIOD 1998 TO 2017


WEATHER ITEM   OBSERVED TIME   NORMAL DEPARTURE LAST
                VALUE   (LST)  VALUE  FROM      YEAR
                                      NORMAL
......................................................
TEMPERATURE (F)
 TODAY
  MAXIMUM         26    457 PM  35     -9       16
  MINIMUM         19    643 AM  20     -1        2
  AVERAGE         23            27     -4        9

PRECIPITATION (IN)
  TODAY            T             0.07  -0.07      T
  MONTH TO DATE    0.35          1.00  -0.65     0.63
  SINCE DEC 1      0.35          1.00  -0.65     0.63
  SINCE JAN 1     37.06         32.16   4.90    31.01

DEGREE DAYS
 HEATING
  TODAY           42            38      4       56
  MONTH TO DATE  518           529    -11      562
  SINCE DEC 1    518           529    -11      562
  SINCE JUL 1   1713          1967   -254     1405

 COOLING
  TODAY            0             0      0        0
  MONTH TO DATE    0             0      0        0
  SINCE DEC 1      0             0      0        0
  SINCE JAN 1    735           578    157      727
......................................................


WIND (MPH)
  RESULTANT WIND SPEED  11   RESULTANT WIND DIRECTION  SW (220)
  HIGHEST WIND SPEED    24   HIGHEST WIND DIRECTION     W (260)
  HIGHEST GUST SPEED    33   HIGHEST GUST DIRECTION     W (260)
  AVERAGE WIND SPEED    12.0


SKY COVER
  AVERAGE SKY COVER 1.0


WEATHER CONDITIONS
 THE FOLLOWING WEATHER WAS RECORDED TODAY.
  LIGHT SNOW
  FOG


RELATIVE HUMIDITY (PERCENT)
 HIGHEST    84          1200 AM
 LOWEST     63           400 PM
 AVERAGE    74

..........................................................


THE BATTLE CREEK MI CLIMATE NORMALS FOR TOMORROW
                         NORMAL
 MAXIMUM TEMPERATURE (F)   35
 MINIMUM TEMPERATURE (F)   19


SUNRISE AND SUNSET
DECEMBER 15 2017......SUNRISE   803 AM EST   SUNSET   509 PM EST
DECEMBER 16 2017......SUNRISE   804 AM EST   SUNSET   510 PM EST


-  INDICATES NEGATIVE NUMBERS.
R  INDICATES RECORD WAS SET OR TIED.
MM INDICATES DATA IS MISSING.
T  INDICATES TRACE AMOUNT.




$$
