000
CDUS43 KGRR 230526
CLIBTL


CLIMATE REPORT
NATIONAL WEATHER SERVICE GRAND RAPIDS, MI
125 AM EDT SAT MAY 23 2015


...................................

...THE BATTLE CREEK MI CLIMATE SUMMARY FOR MAY 22 2015...

CLIMATE NORMAL PERIOD 1981 TO 2010
CLIMATE RECORD PERIOD 1998 TO 2015


WEATHER ITEM   OBSERVED TIME   NORMAL DEPARTURE LAST
                VALUE   (LST)  VALUE  FROM      YEAR
                                      NORMAL
......................................................
TEMPERATURE (F)
 YESTERDAY
  MAXIMUM         69    333 PM  72     -3       70
  MINIMUM         46    617 AM  48     -2       53
  AVERAGE         58            60     -2       62

PRECIPITATION (IN)
  YESTERDAY        0.00          0.13  -0.13     0.00
  MONTH TO DATE    2.59          2.63  -0.04     2.29
  SINCE MAR 1      4.66          7.34  -2.68     5.58
  SINCE JAN 1      5.67         10.34  -4.67     7.11

DEGREE DAYS
 HEATING
  YESTERDAY        7             6      1        3
  MONTH TO DATE  126           198    -72      203
  SINCE MAR 1   1562          1622    -60     1889
  SINCE JUL 1   6767          6587    180     7343

 COOLING
  YESTERDAY        0             1     -1        0
  MONTH TO DATE   40            16     24       27
  SINCE MAR 1     40            23     17       27
  SINCE JAN 1     40            23     17       27
......................................................


WIND (MPH)
  RESULTANT WIND SPEED   6   RESULTANT WIND DIRECTION   N (340)
  HIGHEST WIND SPEED    20   HIGHEST WIND DIRECTION    NW (330)
  HIGHEST GUST SPEED    23   HIGHEST GUST DIRECTION    NW (300)
  AVERAGE WIND SPEED     7.9


SKY COVER
  AVERAGE SKY COVER 0.2


WEATHER CONDITIONS
 THE FOLLOWING WEATHER WAS RECORDED YESTERDAY.
  NO SIGNIFICANT WEATHER WAS OBSERVED.


RELATIVE HUMIDITY (PERCENT)
 HIGHEST    59           200 AM
 LOWEST     25           900 AM
 AVERAGE    42

..........................................................


THE BATTLE CREEK MI CLIMATE NORMALS FOR TODAY
                         NORMAL
 MAXIMUM TEMPERATURE (F)   73
 MINIMUM TEMPERATURE (F)   48


SUNRISE AND SUNSET
MAY 23 2015...........SUNRISE   613 AM EDT   SUNSET   903 PM EDT
MAY 24 2015...........SUNRISE   612 AM EDT   SUNSET   904 PM EDT


-  INDICATES NEGATIVE NUMBERS.
R  INDICATES RECORD WAS SET OR TIED.
MM INDICATES DATA IS MISSING.
T  INDICATES TRACE AMOUNT.




$$
