000
CDUS43 KGRR 272157
CLIBTL


CLIMATE REPORT
NATIONAL WEATHER SERVICE GRAND RAPIDS, MI
556 PM EDT MON JUL 27 2015


...................................

...THE BATTLE CREEK MI CLIMATE SUMMARY FOR JULY 27 2015...
VALID TODAY AS OF 0500 PM LOCAL TIME.

CLIMATE NORMAL PERIOD 1981 TO 2010
CLIMATE RECORD PERIOD 1998 TO 2015


WEATHER ITEM   OBSERVED TIME   NORMAL DEPARTURE LAST
                VALUE   (LST)  VALUE  FROM      YEAR
                                      NORMAL
......................................................
TEMPERATURE (F)
 TODAY
  MAXIMUM         88    359 PM  82      6       87
  MINIMUM         64    557 AM  59      5       62
  AVERAGE         76            71      5       75

PRECIPITATION (IN)
  TODAY            0.00          0.11  -0.11     0.51
  MONTH TO DATE    4.21          2.91   1.30     4.13
  SINCE JUN 1     12.78          6.14   6.64     9.70
  SINCE JAN 1     21.03         17.62   3.41    17.66

DEGREE DAYS
 HEATING
  TODAY            0             0      0        0
  MONTH TO DATE    7             6      1       13
  SINCE JUN 1     30            63    -33       31
  SINCE JUL 1      7             6      1       13

 COOLING
  TODAY           11             6      5       10
  MONTH TO DATE  159           174    -15      101
  SINCE JUN 1    299           300     -1      277
  SINCE JAN 1    372           338     34      329
......................................................


WIND (MPH)
  RESULTANT WIND SPEED   3   RESULTANT WIND DIRECTION   E (90)
  HIGHEST WIND SPEED    13   HIGHEST WIND DIRECTION    SE (140)
  HIGHEST GUST SPEED    17   HIGHEST GUST DIRECTION    SE (140)
  AVERAGE WIND SPEED     3.2


SKY COVER
  AVERAGE SKY COVER 0.0


WEATHER CONDITIONS
 THE FOLLOWING WEATHER WAS RECORDED TODAY.
  NO SIGNIFICANT WEATHER WAS OBSERVED.


RELATIVE HUMIDITY (PERCENT)
 HIGHEST    93           200 AM
 LOWEST     43          1200 PM
 AVERAGE    68

..........................................................


THE BATTLE CREEK MI CLIMATE NORMALS FOR TOMORROW
                         NORMAL
 MAXIMUM TEMPERATURE (F)   82
 MINIMUM TEMPERATURE (F)   59


SUNRISE AND SUNSET
JULY 27 2015..........SUNRISE   628 AM EDT   SUNSET   906 PM EDT
JULY 28 2015..........SUNRISE   629 AM EDT   SUNSET   905 PM EDT


-  INDICATES NEGATIVE NUMBERS.
R  INDICATES RECORD WAS SET OR TIED.
MM INDICATES DATA IS MISSING.
T  INDICATES TRACE AMOUNT.




$$

JAM
