000
CDUS45 KMSO 282330
CLIBTM


CLIMATE REPORT
NATIONAL WEATHER SERVICE MISSOULA, MT
430 PM MST SAT FEB 28 2015


...................................

...THE BUTTE MT CLIMATE SUMMARY FOR FEBRUARY 28 2015...
VALID TODAY AS OF 0400 PM LOCAL TIME.

CLIMATE NORMAL PERIOD 1981 TO 2010
CLIMATE RECORD PERIOD 1895 TO 2015


WEATHER ITEM   OBSERVED TIME   RECORD YEAR NORMAL DEPARTURE LAST
                VALUE   (LST)  VALUE       VALUE  FROM      YEAR
                                                  NORMAL
..................................................................
TEMPERATURE (F)
 TODAY
  MAXIMUM         21    259 PM  58    1992  39    -18       29
  MINIMUM         10    926 AM -33    1960  13     -3       -4
  AVERAGE         16                        26    -10       13

PRECIPITATION (IN)
  TODAY            T             0.70 1906   0.02  -0.02     0.07
  MONTH TO DATE    0.13                      0.43  -0.30     0.63
  SINCE OCT 1      2.69                      2.79  -0.10     1.90
  SINCE JAN 1      0.30                      0.90  -0.60     0.86

SNOWFALL (IN)
  TODAY           MM
  MONTH TO DATE   MM
  SINCE JAN 1     MM
  SINCE JUL 1     MM
  SNOW DEPTH      MM

DEGREE DAYS
 HEATING
  TODAY           49                        39     10       52
  MONTH TO DATE  984                      1199   -215     1412
  SINCE DEC 1   3549                      4079   -530     4118
  SINCE JUL 1   5879                      6569   -690     6378

 COOLING
  TODAY            0                         0      0        0
  MONTH TO DATE    0                         0      0        0
  SINCE DEC 1      0                         0      0        0
  SINCE JAN 1      0                         0      0        0
..................................................................


WIND (MPH)
  HIGHEST WIND SPEED     9   HIGHEST WIND DIRECTION    NW (310)
  HIGHEST GUST SPEED    13   HIGHEST GUST DIRECTION    NW (310)
  AVERAGE WIND SPEED     3.9


SKY COVER
  POSSIBLE SUNSHINE  MM
  AVERAGE SKY COVER 0.7


WEATHER CONDITIONS
 THE FOLLOWING WEATHER WAS RECORDED TODAY.
  LIGHT SNOW
  HAZE


RELATIVE HUMIDITY (PERCENT)
 HIGHEST    76           300 AM
 LOWEST     56           200 PM
 AVERAGE    66

..........................................................


THE BUTTE MT CLIMATE NORMALS FOR TOMORROW
                         NORMAL    RECORD    YEAR
 MAXIMUM TEMPERATURE (F)   39        58      1901
 MINIMUM TEMPERATURE (F)   13       -22      1976


SUNRISE AND SUNSET
FEBRUARY 28 2015......SUNRISE   711 AM MST   SUNSET   615 PM MST
MARCH  1 2015.........SUNRISE   709 AM MST   SUNSET   616 PM MST


-  INDICATES NEGATIVE NUMBERS.
R  INDICATES RECORD WAS SET OR TIED.
MM INDICATES DATA IS MISSING.
T  INDICATES TRACE AMOUNT.




$$
