000
CDUS45 KMSO 290738
CLIBTM


CLIMATE REPORT
NATIONAL WEATHER SERVICE MISSOULA, MT
137 AM MDT WED MAR 29 2017


...................................

...THE BUTTE MT CLIMATE SUMMARY FOR MARCH 28 2017...

CLIMATE NORMAL PERIOD 1981 TO 2010
CLIMATE RECORD PERIOD 1895 TO 2017


WEATHER ITEM   OBSERVED TIME   RECORD YEAR NORMAL DEPARTURE LAST
                VALUE   (LST)  VALUE       VALUE  FROM      YEAR
                                                  NORMAL
..................................................................
TEMPERATURE (F)
 YESTERDAY
  MAXIMUM         49    429 PM  66    1986  47      2       41
  MINIMUM         24    634 AM -17    1975  23      1       20
  AVERAGE         37                        35      2       31

PRECIPITATION (IN)
  YESTERDAY        0.00          0.40 1909   0.03  -0.03     0.00
  MONTH TO DATE    0.89                      0.67   0.22     0.45
  SINCE OCT 1      4.90                      3.46   1.44     3.66
  SINCE JAN 1      1.68                      1.57   0.11     0.92

SNOWFALL (IN)
  YESTERDAY       MM
  MONTH TO DATE    0.0
  SINCE JAN 1      0.0
  SINCE JUL 1      0.0
  SNOW DEPTH      MM

DEGREE DAYS
 HEATING
  YESTERDAY       28                        30     -2       34
  MONTH TO DATE  769                       953   -184      877
  SINCE MAR 1    769                       953   -184      877
  SINCE JUL 1   7553                      7522     31     7274

 COOLING
  YESTERDAY        0                         0      0        0
  MONTH TO DATE    0                         0      0        0
  SINCE MAR 1      0                         0      0        0
  SINCE JAN 1      0                         0      0        0
..................................................................


WIND (MPH)
  HIGHEST WIND SPEED    15   HIGHEST WIND DIRECTION    NW (310)
  HIGHEST GUST SPEED    20   HIGHEST GUST DIRECTION     W (290)
  AVERAGE WIND SPEED     4.8


SKY COVER
  POSSIBLE SUNSHINE  MM
  AVERAGE SKY COVER 0.3


WEATHER CONDITIONS
 THE FOLLOWING WEATHER WAS RECORDED YESTERDAY.
  NO SIGNIFICANT WEATHER WAS OBSERVED.


RELATIVE HUMIDITY (PERCENT)
 HIGHEST    88           600 AM
 LOWEST     29           400 PM
 AVERAGE    59

..........................................................


THE BUTTE MT CLIMATE NORMALS FOR TODAY
                         NORMAL    RECORD    YEAR
 MAXIMUM TEMPERATURE (F)   47        68      1978
 MINIMUM TEMPERATURE (F)   24       -11      1987


SUNRISE AND SUNSET
MARCH 29 2017.........SUNRISE   715 AM MDT   SUNSET   755 PM MDT
MARCH 30 2017.........SUNRISE   713 AM MDT   SUNSET   756 PM MDT


-  INDICATES NEGATIVE NUMBERS.
R  INDICATES RECORD WAS SET OR TIED.
MM INDICATES DATA IS MISSING.
T  INDICATES TRACE AMOUNT.




$$
