000
CDUS45 KMSO 010740
CLIBTM


CLIMATE REPORT
NATIONAL WEATHER SERVICE MISSOULA, MT
138 AM MDT WED OCT 1 2014


...................................

...THE BUTTE MT CLIMATE SUMMARY FOR SEPTEMBER 30 2014...

CLIMATE NORMAL PERIOD 1981 TO 2010
CLIMATE RECORD PERIOD 1895 TO 2014


WEATHER ITEM   OBSERVED TIME   RECORD YEAR NORMAL DEPARTURE LAST
                VALUE   (LST)  VALUE       VALUE  FROM      YEAR
                                                  NORMAL
..................................................................
TEMPERATURE (F)
 YESTERDAY
  MAXIMUM         54    311 PM  84    1992  62     -8       50
  MINIMUM         37   1136 PM  13    1985  31      6       33
  AVERAGE         46                        46      0       42

PRECIPITATION (IN)
  YESTERDAY        0.05          0.51 2009   0.03   0.02     0.38
  MONTH TO DATE    0.97                      1.00  -0.03     2.99
  SINCE OCT 1     13.48                     12.77   0.71    11.91
  SINCE JAN 1     12.44                     10.88   1.56    10.28

SNOWFALL (IN)
  YESTERDAY       MM
  MONTH TO DATE   MM
  SINCE JAN 1     MM
  SINCE JUL 1     MM
  SNOW DEPTH      MM

DEGREE DAYS
 HEATING
  YESTERDAY       19                        19      0       23
  MONTH TO DATE  368                       393    -25      308
  SINCE SEP 1    368                       393    -25      308
  SINCE JUL 1    531                       621    -90      375

 COOLING
  YESTERDAY        0                         0      0        0
  MONTH TO DATE    1                         2     -1        8
  SINCE SEP 1      1                         2     -1        8
  SINCE JAN 1     78                        81     -3      104
..................................................................


WIND (MPH)
  HIGHEST WIND SPEED    25   HIGHEST WIND DIRECTION    NW (310)
  HIGHEST GUST SPEED    33   HIGHEST GUST DIRECTION    NW (300)
  AVERAGE WIND SPEED     8.2


SKY COVER
  POSSIBLE SUNSHINE  MM
  AVERAGE SKY COVER 0.8


WEATHER CONDITIONS
 THE FOLLOWING WEATHER WAS RECORDED YESTERDAY.
  LIGHT RAIN


RELATIVE HUMIDITY (PERCENT)
 HIGHEST    93          1200 AM
 LOWEST     41           300 PM
 AVERAGE    67

..........................................................


THE BUTTE MT CLIMATE NORMALS FOR TODAY
                         NORMAL    RECORD    YEAR
 MAXIMUM TEMPERATURE (F)   61        83      1992
 MINIMUM TEMPERATURE (F)   31        12      1950


SUNRISE AND SUNSET
OCTOBER  1 2014.......SUNRISE   728 AM MDT   SUNSET   710 PM MDT
OCTOBER  2 2014.......SUNRISE   730 AM MDT   SUNSET   708 PM MDT


-  INDICATES NEGATIVE NUMBERS.
R  INDICATES RECORD WAS SET OR TIED.
MM INDICATES DATA IS MISSING.
T  INDICATES TRACE AMOUNT.




$$
