000
CDUS45 KMSO 280739
CLIBTM


CLIMATE REPORT
NATIONAL WEATHER SERVICE MISSOULA, MT
138 AM MDT THU JUL 28 2016


...................................

...THE BUTTE MT CLIMATE SUMMARY FOR JULY 27 2016...

CLIMATE NORMAL PERIOD 1981 TO 2010
CLIMATE RECORD PERIOD 1895 TO 2016


WEATHER ITEM   OBSERVED TIME   RECORD YEAR NORMAL DEPARTURE LAST
                VALUE   (LST)  VALUE       VALUE  FROM      YEAR
                                                  NORMAL
..................................................................
TEMPERATURE (F)
 YESTERDAY
  MAXIMUM         86    355 PM  95    1999  83      3       58
                                      1935
  MINIMUM         41    539 AM  38    1963  47     -6       44
  AVERAGE         64                        65     -1       51

PRECIPITATION (IN)
  YESTERDAY        0.00          0.76 2015   0.04  -0.04     0.76
  MONTH TO DATE    0.94                      1.18  -0.24     1.86
  SINCE OCT 1      8.14                     10.24  -2.10     8.53
  SINCE JAN 1      5.40                      8.35  -2.95     6.14

SNOWFALL (IN)
  YESTERDAY       MM
  MONTH TO DATE   MM
  SINCE JAN 1     MM
  SINCE JUL 1     MM
  SNOW DEPTH      MM

DEGREE DAYS
 HEATING
  YESTERDAY        1                         2     -1       14
  MONTH TO DATE  133                        91     42       81
  SINCE JUN 1    322                       378    -56      229
  SINCE JUL 1    133                        91     42       81

 COOLING
  YESTERDAY        0                         2     -2        0
  MONTH TO DATE   17                        41    -24       20
  SINCE JUN 1     40                        48     -8       66
  SINCE JAN 1     40                        48     -8       66
..................................................................


WIND (MPH)
  HIGHEST WIND SPEED    17   HIGHEST WIND DIRECTION     N (20)
  HIGHEST GUST SPEED    20   HIGHEST GUST DIRECTION     N (20)
  AVERAGE WIND SPEED     4.6


SKY COVER
  POSSIBLE SUNSHINE  MM
  AVERAGE SKY COVER 0.1


WEATHER CONDITIONS
 THE FOLLOWING WEATHER WAS RECORDED YESTERDAY.
  NO SIGNIFICANT WEATHER WAS OBSERVED.


RELATIVE HUMIDITY (PERCENT)
 HIGHEST    83           400 AM
 LOWEST     19           300 PM
 AVERAGE    51

..........................................................


THE BUTTE MT CLIMATE NORMALS FOR TODAY
                         NORMAL    RECORD    YEAR
 MAXIMUM TEMPERATURE (F)   83        96      1999
 MINIMUM TEMPERATURE (F)   46        29      1949


SUNRISE AND SUNSET
JULY 28 2016..........SUNRISE   609 AM MDT   SUNSET   904 PM MDT
JULY 29 2016..........SUNRISE   610 AM MDT   SUNSET   902 PM MDT


-  INDICATES NEGATIVE NUMBERS.
R  INDICATES RECORD WAS SET OR TIED.
MM INDICATES DATA IS MISSING.
T  INDICATES TRACE AMOUNT.




$$
