000
CDUS45 KMSO 162235
CLIBTM


CLIMATE REPORT
NATIONAL WEATHER SERVICE MISSOULA, MT
435 PM MDT WED APR 16 2014


...................................

...THE BUTTE MT CLIMATE SUMMARY FOR APRIL 16 2014...
VALID TODAY AS OF 0400 PM LOCAL TIME.

CLIMATE NORMAL PERIOD 1981 TO 2010
CLIMATE RECORD PERIOD 1895 TO 2014


WEATHER ITEM   OBSERVED TIME   RECORD YEAR NORMAL DEPARTURE LAST
                VALUE   (LST)  VALUE       VALUE  FROM      YEAR
                                                  NORMAL
..................................................................
TEMPERATURE (F)
 TODAY
  MAXIMUM         45    229 PM  74    1994  52     -7       30
  MINIMUM         27    632 AM   2    1896  26      1       16
  AVERAGE         36                        39     -3       23

PRECIPITATION (IN)
  TODAY            0.00          0.44 2006   0.04  -0.04     0.00
  MONTH TO DATE    T                         0.58  -0.58     0.17
  SINCE OCT 1      3.15                      4.13  -0.98     2.46
  SINCE JAN 1      2.11                      2.24  -0.13     0.83

SNOWFALL (IN)
  TODAY           MM
  MONTH TO DATE   MM
  SINCE JAN 1     MM
  SINCE JUL 1     MM
  SNOW DEPTH      MM

DEGREE DAYS
 HEATING
  TODAY           29                        26      3       42
  MONTH TO DATE  433                       443    -10      472
  SINCE MAR 1   1501                      1485     16     1509
  SINCE JUL 1   7879                      8054   -175     7887

 COOLING
  TODAY            0                         0      0        0
  MONTH TO DATE    0                         0      0        0
  SINCE MAR 1      0                         0      0        0
  SINCE JAN 1      0                         0      0        0
..................................................................


WIND (MPH)
  HIGHEST WIND SPEED    15   HIGHEST WIND DIRECTION    NW (320)
  HIGHEST GUST SPEED    19   HIGHEST GUST DIRECTION    NW (330)
  AVERAGE WIND SPEED     5.1


SKY COVER
  POSSIBLE SUNSHINE  MM
  AVERAGE SKY COVER 0.8


WEATHER CONDITIONS
 THE FOLLOWING WEATHER WAS RECORDED TODAY.
  HAZE


RELATIVE HUMIDITY (PERCENT)
 HIGHEST    69           500 AM
 LOWEST     34          1200 PM
 AVERAGE    52

..........................................................


THE BUTTE MT CLIMATE NORMALS FOR TOMORROW
                         NORMAL    RECORD    YEAR
 MAXIMUM TEMPERATURE (F)   52        75      1936
 MINIMUM TEMPERATURE (F)   26        11      1896


SUNRISE AND SUNSET
APRIL 16 2014.........SUNRISE   642 AM MDT   SUNSET   818 PM MDT
APRIL 17 2014.........SUNRISE   640 AM MDT   SUNSET   820 PM MDT


-  INDICATES NEGATIVE NUMBERS.
R  INDICATES RECORD WAS SET OR TIED.
MM INDICATES DATA IS MISSING.
T  INDICATES TRACE AMOUNT.




$$
