000
CDUS45 KMSO 052236
CLIBTM


CLIMATE REPORT
NATIONAL WEATHER SERVICE MISSOULA, MT
434 PM MDT THU MAY 5 2016


...................................

...THE BUTTE MT CLIMATE SUMMARY FOR MAY 5 2016...
VALID TODAY AS OF 0400 PM LOCAL TIME.

CLIMATE NORMAL PERIOD 1981 TO 2010
CLIMATE RECORD PERIOD 1895 TO 2016


WEATHER ITEM   OBSERVED TIME   RECORD YEAR NORMAL DEPARTURE LAST
                VALUE   (LST)  VALUE       VALUE  FROM      YEAR
                                                  NORMAL
..................................................................
TEMPERATURE (F)
 TODAY
  MAXIMUM         74    228 PM  82    1966  58     16       61
  MINIMUM         39    603 AM  15    2010  31      8       35
  AVERAGE         57                        44     13       48

PRECIPITATION (IN)
  TODAY            0.00          0.48 1924   0.05  -0.05     0.13
  MONTH TO DATE    0.00                      0.24  -0.24     0.13
  SINCE OCT 1      4.82                      4.96  -0.14     4.11
  SINCE JAN 1      2.08                      3.07  -0.99     1.72

SNOWFALL (IN)
  TODAY           MM
  MONTH TO DATE   MM
  SINCE JAN 1     MM
  SINCE JUL 1     MM
  SNOW DEPTH      MM

DEGREE DAYS
 HEATING
  TODAY            8                        21    -13       17
  MONTH TO DATE   71                       107    -36       82
  SINCE MAR 1   1689                      1929   -240     1706
  SINCE JUL 1   8086                      8498   -412     7587

 COOLING
  TODAY            0                         0      0        0
  MONTH TO DATE    0                         0      0        0
  SINCE MAR 1      0                         0      0        0
  SINCE JAN 1      0                         0      0        0
..................................................................


WIND (MPH)
  HIGHEST WIND SPEED    17   HIGHEST WIND DIRECTION     S (190)
  HIGHEST GUST SPEED    21   HIGHEST GUST DIRECTION     S (200)
  AVERAGE WIND SPEED     4.0


SKY COVER
  POSSIBLE SUNSHINE  MM
  AVERAGE SKY COVER 0.1


WEATHER CONDITIONS
 THE FOLLOWING WEATHER WAS RECORDED TODAY.
  NO SIGNIFICANT WEATHER WAS OBSERVED.


RELATIVE HUMIDITY (PERCENT)
 HIGHEST    79           500 AM
 LOWEST     17           300 PM
 AVERAGE    48

..........................................................


THE BUTTE MT CLIMATE NORMALS FOR TOMORROW
                         NORMAL    RECORD    YEAR
 MAXIMUM TEMPERATURE (F)   58        82      1992
 MINIMUM TEMPERATURE (F)   31        16      1968


SUNRISE AND SUNSET
MAY  5 2016...........SUNRISE   610 AM MDT   SUNSET   844 PM MDT
MAY  6 2016...........SUNRISE   609 AM MDT   SUNSET   845 PM MDT


-  INDICATES NEGATIVE NUMBERS.
R  INDICATES RECORD WAS SET OR TIED.
MM INDICATES DATA IS MISSING.
T  INDICATES TRACE AMOUNT.




$$
