251
CDUS44 KLIX 252218
CLIBTR


CLIMATE REPORT
NATIONAL WEATHER SERVICE NEW ORLEANS
NATIONAL WEATHER SERVICE NEW ORL
417 PM CST SUN FEB 25 2018


...................................

...THE BATON ROUGE  ASOS CLIMATE SUMMARY FOR FEBRUARY 25 2018...
VALID TODAY AS OF 0400 PM LOCAL TIME.

CLIMATE NORMAL PERIOD 1981 TO 2010
CLIMATE RECORD PERIOD 1894 TO 2018


WEATHER ITEM   OBSERVED TIME   RECORD YEAR NORMAL DEPARTURE LAST
                VALUE   (LST)  VALUE       VALUE  FROM      YEAR
                                                  NORMAL
..................................................................
TEMPERATURE (F)
 TODAY
  MAXIMUM         74    133 PM  84    1977  68      6       70
                                      1962
  MINIMUM         58    839 AM  25    1965  47     11       45
                                      1914
  AVERAGE         66

PRECIPITATION (IN)
  TODAY            0.06          2.06 1985   0.16  -0.10     0.00
  MONTH TO DATE    2.89                      4.55  -1.66     1.28
  SINCE DEC 1     16.00                     15.87   0.13    20.67
  SINCE JAN 1     10.06                     10.27  -0.21    10.96

SNOWFALL (IN)
  TODAY            0.0
  MONTH TO DATE    0.0
  SINCE DEC 1      4.0
  SINCE JUL 1      4.0
  SNOW DEPTH       0

DEGREE DAYS
 HEATING
  TODAY            0                         8     -8        7
  MONTH TO DATE  108                       271   -163       88
  SINCE DEC 1   1078                      1076      2      581
  SINCE JUL 1   1285                      1311    -26      694

 COOLING
  TODAY            1                         1      0        0
  MONTH TO DATE  107                        23     84       70
  SINCE DEC 1    125                        58     67      189
  SINCE JAN 1    107                        36     71      124
..................................................................


WIND (MPH)
  HIGHEST WIND SPEED    20   HIGHEST WIND DIRECTION     S (180)
  HIGHEST GUST SPEED    25   HIGHEST GUST DIRECTION     S (180)
  AVERAGE WIND SPEED    12.1


SKY COVER
  POSSIBLE SUNSHINE  MM
  AVERAGE SKY COVER 0.9


WEATHER CONDITIONS
 THE FOLLOWING WEATHER WAS RECORDED TODAY.
  RAIN
  LIGHT RAIN
  FOG


RELATIVE HUMIDITY (PERCENT)
 HIGHEST    93           900 AM
 LOWEST     64           100 PM
 AVERAGE    79

..........................................................


THE BATON ROUGE  ASOS CLIMATE NORMALS FOR TOMORROW
                         NORMAL    RECORD    YEAR
 MAXIMUM TEMPERATURE (F)   68        84      1996
 MINIMUM TEMPERATURE (F)   47        23      1914


SUNRISE AND SUNSET
FEBRUARY 25 2018......SUNRISE   635 AM CST   SUNSET   600 PM CST
FEBRUARY 26 2018......SUNRISE   634 AM CST   SUNSET   601 PM CST


-  INDICATES NEGATIVE NUMBERS.
R  INDICATES RECORD WAS SET OR TIED.
MM INDICATES DATA IS MISSING.
T  INDICATES TRACE AMOUNT.




$$
