000
CDUS44 KLIX 232121
CLIBTR


CLIMATE REPORT
NATIONAL WEATHER SERVICE NEW ORLEANS
420 PM CDT FRI JUN 23 2017


...................................

...THE BATON ROUGE  ASOS CLIMATE SUMMARY FOR JUNE 23 2017...
VALID TODAY AS OF 0400 PM LOCAL TIME.

CLIMATE NORMAL PERIOD 1981 TO 2010
CLIMATE RECORD PERIOD 1894 TO 2017


WEATHER ITEM   OBSERVED TIME   RECORD YEAR NORMAL DEPARTURE LAST
                VALUE   (LST)  VALUE       VALUE  FROM      YEAR
                                                  NORMAL
..................................................................
TEMPERATURE (F)
 TODAY
  MAXIMUM         90    258 PM  99    2009  92     -2       94
  MINIMUM         78   1151 AM  60    1902  73      5       72
  AVERAGE         84

PRECIPITATION (IN)
  TODAY            0.12          1.90 1911   0.22  -0.10     0.00
  MONTH TO DATE    6.60                      4.83   1.77     6.41
  SINCE JUN 1      6.60                      4.83   1.77     6.41
  SINCE JAN 1     38.25                     29.35   8.90    36.62

SNOWFALL (IN)
  TODAY            0.0
  MONTH TO DATE    0.0
  SINCE JUN 1      0.0
  SINCE JUL 1      0.0
  SNOW DEPTH       0

DEGREE DAYS
 HEATING
  TODAY            0                         0      0        0
  MONTH TO DATE    0                         0      0        0
  SINCE JUN 1      0                         0      0        0
  SINCE JUL 1    809                      1555   -746     1079

 COOLING
  TODAY           19                        17      2       18
  MONTH TO DATE  330                       363    -33      378
  SINCE JUN 1    330                       363    -33      378
  SINCE JAN 1   1067                       928    139      954
..................................................................


WIND (MPH)
  HIGHEST WIND SPEED    24   HIGHEST WIND DIRECTION    SW (230)
  HIGHEST GUST SPEED    32   HIGHEST GUST DIRECTION     S (190)
  AVERAGE WIND SPEED    13.1


SKY COVER
  POSSIBLE SUNSHINE  MM
  AVERAGE SKY COVER 0.8


WEATHER CONDITIONS
 THE FOLLOWING WEATHER WAS RECORDED TODAY.
  THUNDERSTORM
  HEAVY RAIN
  LIGHT RAIN
  FOG
  HAZE


RELATIVE HUMIDITY (PERCENT)
 HIGHEST    97           100 AM
 LOWEST     68           200 PM
 AVERAGE    83

..........................................................


THE BATON ROUGE  ASOS CLIMATE NORMALS FOR TOMORROW
                         NORMAL    RECORD    YEAR
 MAXIMUM TEMPERATURE (F)   92       100      2009
 MINIMUM TEMPERATURE (F)   73        62      1902


SUNRISE AND SUNSET
JUNE 23 2017..........SUNRISE   603 AM CDT   SUNSET   811 PM CDT
JUNE 24 2017..........SUNRISE   604 AM CDT   SUNSET   811 PM CDT


-  INDICATES NEGATIVE NUMBERS.
R  INDICATES RECORD WAS SET OR TIED.
MM INDICATES DATA IS MISSING.
T  INDICATES TRACE AMOUNT.




$$
