000
CDUS44 KLIX 242223
CLIBTR


CLIMATE REPORT
NATIONAL WEATHER SERVICE NEW ORLEANS
422 PM CST FRI NOV 24 2017


...................................

...THE BATON ROUGE  ASOS CLIMATE SUMMARY FOR NOVEMBER 24 2017...
VALID TODAY AS OF 0400 PM LOCAL TIME.

CLIMATE NORMAL PERIOD 1981 TO 2010
CLIMATE RECORD PERIOD 1894 TO 2017


WEATHER ITEM   OBSERVED TIME   RECORD YEAR NORMAL DEPARTURE LAST
                VALUE   (LST)  VALUE       VALUE  FROM      YEAR
                                                  NORMAL
..................................................................
TEMPERATURE (F)
 TODAY
  MAXIMUM         66    242 PM  85    1973  69     -3       76
                                      1913
  MINIMUM         33    705 AM  24    1970  47    -14       47
  AVERAGE         50

PRECIPITATION (IN)
  TODAY            0.00          1.74 1986   0.13  -0.13     0.00
  MONTH TO DATE    1.92                      3.24  -1.32     0.57
  SINCE SEP 1      5.62                     12.48  -6.86     3.66
  SINCE JAN 1     61.01                     54.19   6.82    78.81

SNOWFALL (IN)
  TODAY            0.0
  MONTH TO DATE    0.0
  SINCE SEP 1      0.0
  SINCE JUL 1      0.0
  SNOW DEPTH       0

DEGREE DAYS
 HEATING
  TODAY           15                         8      7        3
  MONTH TO DATE  111                       136    -25       78
  SINCE SEP 1    168                       182    -14       85
  SINCE JUL 1    168                       182    -14       85

 COOLING
  TODAY            0                         1     -1        0
  MONTH TO DATE   75                        43     32       60
  SINCE SEP 1    713                       632     81      832
  SINCE JAN 1   2972                      2793    179     3108
..................................................................


WIND (MPH)
  HIGHEST WIND SPEED     7   HIGHEST WIND DIRECTION     W (290)
  HIGHEST GUST SPEED    14   HIGHEST GUST DIRECTION    SW (230)
  AVERAGE WIND SPEED     1.9


SKY COVER
  POSSIBLE SUNSHINE  MM
  AVERAGE SKY COVER 0.0


WEATHER CONDITIONS
 THE FOLLOWING WEATHER WAS RECORDED TODAY.
  NO SIGNIFICANT WEATHER WAS OBSERVED.


RELATIVE HUMIDITY (PERCENT)
 HIGHEST    96           400 AM
 LOWEST     19           300 PM
 AVERAGE    58

..........................................................


THE BATON ROUGE  ASOS CLIMATE NORMALS FOR TOMORROW
                         NORMAL    RECORD    YEAR
 MAXIMUM TEMPERATURE (F)   69        84      1921
                                             1910
                                             1904
 MINIMUM TEMPERATURE (F)   46        24      1938


SUNRISE AND SUNSET
NOVEMBER 24 2017......SUNRISE   638 AM CST   SUNSET   504 PM CST
NOVEMBER 25 2017......SUNRISE   639 AM CST   SUNSET   504 PM CST


-  INDICATES NEGATIVE NUMBERS.
R  INDICATES RECORD WAS SET OR TIED.
MM INDICATES DATA IS MISSING.
T  INDICATES TRACE AMOUNT.




$$
