989
CDUS44 KLIX 180802
CLIBTR


CLIMATE REPORT
NATIONAL WEATHER SERVICE NEW ORLEANS
202 AM CST WED JAN 18 2017


...................................

...THE BATON ROUGE  ASOS CLIMATE SUMMARY FOR JANUARY 17 2017...

CLIMATE NORMAL PERIOD 1981 TO 2010
CLIMATE RECORD PERIOD 1894 TO 2017


WEATHER ITEM   OBSERVED TIME   RECORD YEAR NORMAL DEPARTURE LAST
                VALUE   (LST)  VALUE       VALUE  FROM      YEAR
                                                  NORMAL
..................................................................
TEMPERATURE (F)
 YESTERDAY
  MAXIMUM         82    233 PM  83    1907  62     20       55
  MINIMUM         63   1053 PM  18    1977  41     22       37
  AVERAGE         73                        52     21       46

PRECIPITATION (IN)
  YESTERDAY        0.00          2.12 1925   0.19  -0.19      T
  MONTH TO DATE    2.94                      3.07  -0.13     3.08
  SINCE DEC 1     12.65                      8.67   3.98     9.41
  SINCE JAN 1      2.94                      3.07  -0.13     3.08

SNOWFALL (IN)
  YESTERDAY        0.0
  MONTH TO DATE    0.0
  SINCE DEC 1      0.0
  SINCE JUL 1      0.0
  SNOW DEPTH       0

DEGREE DAYS
 HEATING
  YESTERDAY        0                        14    -14       19
  MONTH TO DATE  135                       238   -103      255
  SINCE DEC 1    406                       619   -213      434
  SINCE JUL 1    519                       854   -335      545

 COOLING
  YESTERDAY        8                         0      8        0
  MONTH TO DATE   36                         3     33        0
  SINCE DEC 1    101                        25     76       87
  SINCE JAN 1     36                         3     33        0
..................................................................


WIND (MPH)
  HIGHEST WIND SPEED    16   HIGHEST WIND DIRECTION     S (190)
  HIGHEST GUST SPEED    20   HIGHEST GUST DIRECTION     S (160)
  AVERAGE WIND SPEED     6.9


SKY COVER
  POSSIBLE SUNSHINE  MM
  AVERAGE SKY COVER 0.7


WEATHER CONDITIONS
 THE FOLLOWING WEATHER WAS RECORDED YESTERDAY.
  FOG


RELATIVE HUMIDITY (PERCENT)
 HIGHEST   100           500 AM
 LOWEST     54           200 PM
 AVERAGE    77

..........................................................


THE BATON ROUGE  ASOS CLIMATE NORMALS FOR TODAY
                         NORMAL    RECORD    YEAR
 MAXIMUM TEMPERATURE (F)   62        84      1907
 MINIMUM TEMPERATURE (F)   41        16      1948


SUNRISE AND SUNSET
JANUARY 18 2017.......SUNRISE   702 AM CST   SUNSET   529 PM CST
JANUARY 19 2017.......SUNRISE   701 AM CST   SUNSET   530 PM CST


-  INDICATES NEGATIVE NUMBERS.
R  INDICATES RECORD WAS SET OR TIED.
MM INDICATES DATA IS MISSING.
T  INDICATES TRACE AMOUNT.




$$
