000
CDUS44 KLIX 262219
CLIBTR


CLIMATE REPORT
NATIONAL WEATHER SERVICE NEW ORLEANS
417 PM CST FRI DEC 26 2014


...................................

...THE BATON ROUGE  ASOS CLIMATE SUMMARY FOR DECEMBER 26 2014...
VALID TODAY AS OF 0400 PM LOCAL TIME.

CLIMATE NORMAL PERIOD 1981 TO 2010
CLIMATE RECORD PERIOD 1894 TO 2014


WEATHER ITEM   OBSERVED TIME   RECORD YEAR NORMAL DEPARTURE LAST
                VALUE   (LST)  VALUE       VALUE  FROM      YEAR
                                                  NORMAL
..................................................................
TEMPERATURE (F)
 TODAY
  MAXIMUM         63    259 PM  83    2008  63      0       60
  MINIMUM         43    334 AM  15    1983  42      1       32
  AVERAGE         53

PRECIPITATION (IN)
  TODAY            T             2.89 1982   0.19  -0.19     0.00
  MONTH TO DATE    4.36                      4.67  -0.31     3.20
  SINCE DEC 1      4.36                      4.67  -0.31     3.20
  SINCE JAN 1     60.39                     59.72   0.67    68.34

SNOWFALL (IN)
  TODAY            0.0
  MONTH TO DATE    0.0
  SINCE DEC 1      0.0
  SINCE JUL 1      0.0
  SNOW DEPTH       0

DEGREE DAYS
 HEATING
  TODAY           12                        14     -2       19
  MONTH TO DATE  228                       311    -83      352
  SINCE DEC 1    228                       311    -83      352
  SINCE JUL 1    569                       546     23      639

 COOLING
  TODAY            0                         1     -1        0
  MONTH TO DATE   13                        26    -13       44
  SINCE DEC 1     13                        26    -13       44
  SINCE JAN 1   2693                      2827   -134     2710
..................................................................


WIND (MPH)
  HIGHEST WIND SPEED    15   HIGHEST WIND DIRECTION     E (100)
  HIGHEST GUST SPEED    19   HIGHEST GUST DIRECTION     E (110)
  AVERAGE WIND SPEED     6.8


SKY COVER
  POSSIBLE SUNSHINE  MM
  AVERAGE SKY COVER 0.4


WEATHER CONDITIONS
 THE FOLLOWING WEATHER WAS RECORDED TODAY.
  LIGHT RAIN


RELATIVE HUMIDITY (PERCENT)
 HIGHEST    86           600 AM
 LOWEST     67           200 PM
 AVERAGE    77

..........................................................


THE BATON ROUGE  ASOS CLIMATE NORMALS FOR TOMORROW
                         NORMAL    RECORD    YEAR
 MAXIMUM TEMPERATURE (F)   63        82      2008
 MINIMUM TEMPERATURE (F)   42        22      1935


SUNRISE AND SUNSET
DECEMBER 26 2014......SUNRISE   700 AM CST   SUNSET   511 PM CST
DECEMBER 27 2014......SUNRISE   700 AM CST   SUNSET   511 PM CST


-  INDICATES NEGATIVE NUMBERS.
R  INDICATES RECORD WAS SET OR TIED.
MM INDICATES DATA IS MISSING.
T  INDICATES TRACE AMOUNT.


$$
