000
CDUS44 KLIX 230709
CLIBTR


CLIMATE REPORT
NATIONAL WEATHER SERVICE NEW ORLEANS
208 AM CDT SAT AUG 23 2014


...................................

...THE BATON ROUGE  ASOS CLIMATE SUMMARY FOR AUGUST 22 2014...

CLIMATE NORMAL PERIOD 1981 TO 2010
CLIMATE RECORD PERIOD 1894 TO 2014


WEATHER ITEM   OBSERVED TIME   RECORD YEAR NORMAL DEPARTURE LAST
                VALUE   (LST)  VALUE       VALUE  FROM      YEAR
                                                  NORMAL
..................................................................
TEMPERATURE (F)
 YESTERDAY
  MAXIMUM         95    328 PM 100    1980  93      2       92
                                      1921
  MINIMUM         74    558 AM  61    1961  73      1       73
                                      1956
                                      1940
  AVERAGE         85                        83      2       83

PRECIPITATION (IN)
  YESTERDAY        T             2.37 1968   0.19  -0.19      T
  MONTH TO DATE    2.04                      4.25  -2.21     2.95
  SINCE JUN 1     19.18                     15.62   3.56    14.07
  SINCE JAN 1     43.52                     40.14   3.38    52.25

SNOWFALL (IN)
  YESTERDAY        0.0
  MONTH TO DATE    0.0
  SINCE JUN 1      0.0
  SINCE JUL 1      0.0
  SNOW DEPTH       0

DEGREE DAYS
 HEATING
  YESTERDAY        0                         0      0        0
  MONTH TO DATE    0                         0      0        0
  SINCE JUN 1      0                         0      0        0
  SINCE JUL 1      0                         0      0        0

 COOLING
  YESTERDAY       20                        18      2       18
  MONTH TO DATE  388                       396     -8      393
  SINCE JUN 1   1361                      1436    -75     1409
  SINCE JAN 1   1867                      2001   -134     1832
..................................................................


WIND (MPH)
  HIGHEST WIND SPEED     8   HIGHEST WIND DIRECTION     W (280)
  HIGHEST GUST SPEED    10   HIGHEST GUST DIRECTION    SW (240)
  AVERAGE WIND SPEED     1.8


SKY COVER
  POSSIBLE SUNSHINE  MM
  AVERAGE SKY COVER 0.2


WEATHER CONDITIONS
 THE FOLLOWING WEATHER WAS RECORDED YESTERDAY.
  FOG


RELATIVE HUMIDITY (PERCENT)
 HIGHEST   100           100 AM
 LOWEST     49           100 PM
 AVERAGE    75

..........................................................


THE BATON ROUGE  ASOS CLIMATE NORMALS FOR TODAY
                         NORMAL    RECORD    YEAR
 MAXIMUM TEMPERATURE (F)   92       101      1921
 MINIMUM TEMPERATURE (F)   73        60      1956


SUNRISE AND SUNSET
AUGUST 23 2014........SUNRISE   636 AM CDT   SUNSET   738 PM CDT
AUGUST 24 2014........SUNRISE   637 AM CDT   SUNSET   737 PM CDT


-  INDICATES NEGATIVE NUMBERS.
R  INDICATES RECORD WAS SET OR TIED.
MM INDICATES DATA IS MISSING.
T  INDICATES TRACE AMOUNT.




$$
