000
CDUS44 KLIX 050702
CLIBTR


CLIMATE REPORT
NATIONAL WEATHER SERVICE NEW ORLEANS
201 AM CDT THU MAY 5 2016


...................................

...THE BATON ROUGE  ASOS CLIMATE SUMMARY FOR MAY 4 2016...

CLIMATE NORMAL PERIOD 1981 TO 2010
CLIMATE RECORD PERIOD 1894 TO 2016


WEATHER ITEM   OBSERVED TIME   RECORD YEAR NORMAL DEPARTURE LAST
                VALUE   (LST)  VALUE       VALUE  FROM      YEAR
                                                  NORMAL
..................................................................
TEMPERATURE (F)
 YESTERDAY
  MAXIMUM         79    252 PM  94    1952  84     -5       84
  MINIMUM         54    411 AM  40    2013  62     -8       57
  AVERAGE         67                        73     -6       71

PRECIPITATION (IN)
  YESTERDAY        0.00          4.75 2007   0.16  -0.16     0.00
  MONTH TO DATE    1.79                      0.58   1.21     0.00
  SINCE MAR 1     16.53                      9.45   7.08    11.46
  SINCE JAN 1     25.84                     20.21   5.63    21.21

SNOWFALL (IN)
  YESTERDAY        0.0
  MONTH TO DATE    0.0
  SINCE MAR 1      0.0
  SINCE JUL 1      0.0
  SNOW DEPTH       0

DEGREE DAYS
 HEATING
  YESTERDAY        0                         0      0        0
  MONTH TO DATE    0                         0      0        0
  SINCE MAR 1     88                       218   -130       99
  SINCE JUL 1   1079                      1553   -474     1641

 COOLING
  YESTERDAY        2                         8     -6        6
  MONTH TO DATE   18                        31    -13       24
  SINCE MAR 1    274                       231     43      331
  SINCE JAN 1    291                       262     29      335
..................................................................


WIND (MPH)
  HIGHEST WIND SPEED    16   HIGHEST WIND DIRECTION     W (280)
  HIGHEST GUST SPEED    24   HIGHEST GUST DIRECTION     N (350)
  AVERAGE WIND SPEED     5.6


SKY COVER
  POSSIBLE SUNSHINE  MM
  AVERAGE SKY COVER 0.0


WEATHER CONDITIONS
 THE FOLLOWING WEATHER WAS RECORDED YESTERDAY.
  NO SIGNIFICANT WEATHER WAS OBSERVED.


RELATIVE HUMIDITY (PERCENT)
 HIGHEST    86           400 AM
 LOWEST     30           300 PM
 AVERAGE    58

..........................................................


THE BATON ROUGE  ASOS CLIMATE NORMALS FOR TODAY
                         NORMAL    RECORD    YEAR
 MAXIMUM TEMPERATURE (F)   84        95      1952
 MINIMUM TEMPERATURE (F)   62        45      1954


SUNRISE AND SUNSET
MAY  5 2016...........SUNRISE   617 AM CDT   SUNSET   746 PM CDT
MAY  6 2016...........SUNRISE   616 AM CDT   SUNSET   746 PM CDT


-  INDICATES NEGATIVE NUMBERS.
R  INDICATES RECORD WAS SET OR TIED.
MM INDICATES DATA IS MISSING.
T  INDICATES TRACE AMOUNT.




$$
