000
CDUS44 KLIX 030813
CLIBTR


CLIMATE REPORT
NATIONAL WEATHER SERVICE NEW ORLEANS
210 AM CST TUE MAR 3 2015


...................................

...THE BATON ROUGE  ASOS CLIMATE SUMMARY FOR MARCH 2 2015...

CLIMATE NORMAL PERIOD 1981 TO 2010
CLIMATE RECORD PERIOD 1894 TO 2015


WEATHER ITEM   OBSERVED TIME   RECORD YEAR NORMAL DEPARTURE LAST
                VALUE   (LST)  VALUE       VALUE  FROM      YEAR
                                                  NORMAL
..................................................................
TEMPERATURE (F)
 YESTERDAY
  MAXIMUM         66    140 PM  93    1909  69     -3       82
  MINIMUM         56   1159 PM  22    1980  48      8       62
  AVERAGE         61                        58      3       72

PRECIPITATION (IN)
  YESTERDAY        0.25          2.76 1930   0.16   0.09     0.00
  MONTH TO DATE    1.39                      0.32   1.07     0.00
  SINCE MAR 1      1.39                      0.32   1.07     0.00
  SINCE JAN 1     11.14                     11.08   0.06     9.27

SNOWFALL (IN)
  YESTERDAY        0.0
  MONTH TO DATE    0.0
  SINCE MAR 1      0.0
  SINCE JUL 1      T
  SNOW DEPTH       0

DEGREE DAYS
 HEATING
  YESTERDAY        4                         8     -4        0
  MONTH TO DATE   10                        16     -6        0
  SINCE MAR 1     10                        16     -6        0
  SINCE JUL 1   1552                      1351    201     1706

 COOLING
  YESTERDAY        0                         1     -1        7
  MONTH TO DATE    0                         2     -2        9
  SINCE MAR 1      0                         2     -2        9
  SINCE JAN 1      4                        33    -29       29
..................................................................


WIND (MPH)
  HIGHEST WIND SPEED    13   HIGHEST WIND DIRECTION     E (80)
  HIGHEST GUST SPEED    16   HIGHEST GUST DIRECTION     E (80)
  AVERAGE WIND SPEED     3.7


SKY COVER
  POSSIBLE SUNSHINE  MM
  AVERAGE SKY COVER 1.0


WEATHER CONDITIONS
 THE FOLLOWING WEATHER WAS RECORDED YESTERDAY.
  HEAVY RAIN
  RAIN
  LIGHT RAIN
  FOG
  FOG W/VISIBILITY <= 1/4 MILE


RELATIVE HUMIDITY (PERCENT)
 HIGHEST   100           100 AM
 LOWEST     93          1000 AM
 AVERAGE    97

..........................................................


THE BATON ROUGE  ASOS CLIMATE NORMALS FOR TODAY
                         NORMAL    RECORD    YEAR
 MAXIMUM TEMPERATURE (F)   70        86      1909
 MINIMUM TEMPERATURE (F)   48        20      1980


SUNRISE AND SUNSET
MARCH  3 2015.........SUNRISE   629 AM CST   SUNSET   605 PM CST
MARCH  4 2015.........SUNRISE   628 AM CST   SUNSET   605 PM CST


-  INDICATES NEGATIVE NUMBERS.
R  INDICATES RECORD WAS SET OR TIED.
MM INDICATES DATA IS MISSING.
T  INDICATES TRACE AMOUNT.




$$
