000
CDUS41 KBTV 220538
CLIBTV


CLIMATE REPORT
NATIONAL WEATHER SERVICE BURLINGTON VT
137 AM EDT FRI MAY 22 2015


...................................

...THE BURLINGTON VT CLIMATE SUMMARY FOR MAY 21 2015...

CLIMATE NORMAL PERIOD 1981 TO 2010
CLIMATE RECORD PERIOD 1884 TO 2015


WEATHER ITEM   OBSERVED TIME   RECORD YEAR NORMAL DEPARTURE LAST
                VALUE   (LST)  VALUE       VALUE  FROM      YEAR
                                                  NORMAL
..................................................................
TEMPERATURE (F)
 YESTERDAY
  MAXIMUM         69    419 PM  92    1911  69      0       78
  MINIMUM         41    113 AM  29    1964  47     -6       45
  AVERAGE         55                        58     -3       62

PRECIPITATION (IN)
  YESTERDAY        0.00          2.38 1889   0.12  -0.12     0.00
  MONTH TO DATE    1.31                      2.23  -0.92     2.35
  SINCE MAR 1      4.85                      7.27  -2.42     7.89
  SINCE JAN 1      7.23                     11.09  -3.86    12.17

SNOWFALL (IN)
  YESTERDAY        0.0           0.0  2002   0.0    0.0      0.0
                                      2001
  MONTH TO DATE    0.0                       0.0    0.0      0.0
  SINCE MAR 1      7.5                      20.4  -12.9     28.2
  SINCE JUL 1     83.4                      81.2    2.2     86.5
  SNOW DEPTH       0

DEGREE DAYS
 HEATING
  YESTERDAY       10                         8      2        3
  MONTH TO DATE   98                       224   -126      159
  SINCE MAR 1   1887                      1888     -1     2086
  SINCE JUL 1   7404                      7298    106     7551

 COOLING
  YESTERDAY        0                         1     -1        0
  MONTH TO DATE   38                         4     34       20
  SINCE MAR 1     38                         6     32       20
  SINCE JAN 1     38                         6     32       20
..................................................................


WIND (MPH)
  HIGHEST WIND SPEED    20   HIGHEST WIND DIRECTION     S (190)
  HIGHEST GUST SPEED    25   HIGHEST GUST DIRECTION     S (180)
  AVERAGE WIND SPEED     7.8


SKY COVER
  POSSIBLE SUNSHINE  MM
  AVERAGE SKY COVER 0.5


WEATHER CONDITIONS
 THE FOLLOWING WEATHER WAS RECORDED YESTERDAY.
  NO SIGNIFICANT WEATHER WAS OBSERVED.


RELATIVE HUMIDITY (PERCENT)
 HIGHEST    70           100 AM
 LOWEST     27           400 PM
 AVERAGE    49

..........................................................


THE BURLINGTON VT CLIMATE NORMALS FOR TODAY
                         NORMAL    RECORD    YEAR
 MAXIMUM TEMPERATURE (F)   69        93      1977
 MINIMUM TEMPERATURE (F)   47        31      1936


SUNRISE AND SUNSET
MAY 22 2015...........SUNRISE   518 AM EDT   SUNSET   821 PM EDT
MAY 23 2015...........SUNRISE   518 AM EDT   SUNSET   822 PM EDT


-  INDICATES NEGATIVE NUMBERS.
R  INDICATES RECORD WAS SET OR TIED.
MM INDICATES DATA IS MISSING.
T  INDICATES TRACE AMOUNT.

&&

LAKE CHAMPLAIN DATA:
LEVEL...............96.92 FEET
TEMPERATURE.........52 DEGREES

MOUNT MANSFIELD DATA:
HIGH................52 DEGREES
LOW.................31 DEGREES
PRECIPITATION.......TRACE
NEW SNOW............NONE
SNOW AT STAKE.......5 INCHES

$$
