000
CDUS41 KBTV 150617
CLIBTV


CLIMATE REPORT
NATIONAL WEATHER SERVICE BURLINGTON VT
116 AM EST FRI DEC 15 2017


...................................

...THE BURLINGTON VT CLIMATE SUMMARY FOR DECEMBER 14 2017...

CLIMATE NORMAL PERIOD 1981 TO 2010
CLIMATE RECORD PERIOD 1884 TO 2017


WEATHER ITEM   OBSERVED TIME   RECORD YEAR NORMAL DEPARTURE LAST
                VALUE   (LST)  VALUE       VALUE  FROM      YEAR
                                                  NORMAL
..................................................................
TEMPERATURE (F)
 YESTERDAY
  MAXIMUM         17    319 PM  63    1901  34    -17       34
  MINIMUM          3   1150 PM -11    1933  19    -16       21
  AVERAGE         10                        26    -16       28

PRECIPITATION (IN)
  YESTERDAY        0.00          1.31 1977   0.07  -0.07     0.02
  MONTH TO DATE    0.88                      1.18  -0.30     1.05
  SINCE DEC 1      0.88                      1.18  -0.30     1.05
  SINCE JAN 1     38.60                     35.62   2.98    26.43

SNOWFALL (IN)
  YESTERDAY        0.0          11.1  1915   0.5   -0.5      0.3
  MONTH TO DATE    8.7                       7.0    1.7      7.5
  SINCE DEC 1      8.7                       7.0    1.7      7.5
  SINCE JUL 1     11.7                      12.4   -0.7     11.8
  SNOW DEPTH       6

DEGREE DAYS
 HEATING
  YESTERDAY       55                        39     16       37
  MONTH TO DATE  466                       501    -35      454
  SINCE DEC 1    466                       501    -35      454
  SINCE JUL 1   1605                      2046   -441     1659

 COOLING
  YESTERDAY        0                         0      0        0
  MONTH TO DATE    0                         0      0        0
  SINCE DEC 1      0                         0      0        0
  SINCE JAN 1    652                       491    161      855
..................................................................


WIND (MPH)
  HIGHEST WIND SPEED    21   HIGHEST WIND DIRECTION    NW (310)
  HIGHEST GUST SPEED    25   HIGHEST GUST DIRECTION    NW (310)
  AVERAGE WIND SPEED     7.2


SKY COVER
  POSSIBLE SUNSHINE  MM
  AVERAGE SKY COVER 0.2


WEATHER CONDITIONS
 THE FOLLOWING WEATHER WAS RECORDED YESTERDAY.
  NO SIGNIFICANT WEATHER WAS OBSERVED.


RELATIVE HUMIDITY (PERCENT)
 HIGHEST    73           100 AM
 LOWEST     39           300 PM
 AVERAGE    56

..........................................................


THE BURLINGTON VT CLIMATE NORMALS FOR TODAY
                         NORMAL    RECORD    YEAR
 MAXIMUM TEMPERATURE (F)   33        62      1901
 MINIMUM TEMPERATURE (F)   19       -12      1943


SUNRISE AND SUNSET
DECEMBER 15 2017......SUNRISE   722 AM EST   SUNSET   414 PM EST
DECEMBER 16 2017......SUNRISE   723 AM EST   SUNSET   414 PM EST


-  INDICATES NEGATIVE NUMBERS.
R  INDICATES RECORD WAS SET OR TIED.
MM INDICATES DATA IS MISSING.
T  INDICATES TRACE AMOUNT.







&&

LAKE CHAMPLAIN DATA:
LEVEL...............94.72 FEET
TEMPERATURE.........41 DEGREES

MOUNT MANSFIELD DATA:
HIGH................1 DEGREES
LOW.................-6 DEGREES
PRECIPITATION.......0.04 INCHES
NEW SNOW............0.7 INCHES
SNOW AT STAKE.......32 INCHES

$$
