000
CDUS41 KBTV 232119
CLIBTV


CLIMATE REPORT
NATIONAL WEATHER SERVICE BURLINGTON VT
519 PM EDT WED APR 23 2014


...................................

...THE BURLINGTON VT CLIMATE SUMMARY FOR APRIL 23 2014...
VALID TODAY AS OF 0500 PM LOCAL TIME.

CLIMATE NORMAL PERIOD 1981 TO 2010
CLIMATE RECORD PERIOD 1884 TO 2014


WEATHER ITEM   OBSERVED TIME   RECORD YEAR NORMAL DEPARTURE LAST
                VALUE   (LST)  VALUE       VALUE  FROM      YEAR
                                                  NORMAL
..................................................................
TEMPERATURE (F)
 TODAY
  MAXIMUM         50    157 PM  85    1885  59     -9       58
  MINIMUM         43    628 AM  23    1930  38      5       31
  AVERAGE         47                        48     -1       45

PRECIPITATION (IN)
  TODAY            0.04          1.08 2012   0.09  -0.05     0.00
  MONTH TO DATE    2.74                      2.12   0.62     1.99
  SINCE MAR 1      4.62                      4.34   0.28     4.04
  SINCE JAN 1      8.90                      8.16   0.74     6.47

SNOWFALL (IN)
  TODAY            0.0           4.9  1993   0.1   -0.1      0.0
  MONTH TO DATE    2.8                       4.1   -1.3      1.0
  SINCE MAR 1     28.2                      19.9    8.3     17.2
  SINCE JUL 1     86.5                      80.7    5.8     82.9
  SNOW DEPTH       0

DEGREE DAYS
 HEATING
  TODAY           18                        17      1       20
  MONTH TO DATE  467                       503    -36      521
  SINCE MAR 1   1789                      1557    232     1509
  SINCE JUL 1   7254                      6967    287     6387

 COOLING
  TODAY            0                         0      0        0
  MONTH TO DATE    0                         0      0        0
  SINCE MAR 1      0                         0      0        0
  SINCE JAN 1      0                         0      0        0
..................................................................


WIND (MPH)
  HIGHEST WIND SPEED    24   HIGHEST WIND DIRECTION    NW (310)
  HIGHEST GUST SPEED    31   HIGHEST GUST DIRECTION    NW (310)
  AVERAGE WIND SPEED    14.6


SKY COVER
  POSSIBLE SUNSHINE  MM
  AVERAGE SKY COVER 1.0


WEATHER CONDITIONS
 THE FOLLOWING WEATHER WAS RECORDED TODAY.
  LIGHT RAIN
  FOG


RELATIVE HUMIDITY (PERCENT)
 HIGHEST    89           600 AM
 LOWEST     52           200 PM
 AVERAGE    71

..........................................................


THE BURLINGTON VT CLIMATE NORMALS FOR TOMORROW
                         NORMAL    RECORD    YEAR
 MAXIMUM TEMPERATURE (F)   59        80      2001
 MINIMUM TEMPERATURE (F)   38        23      1930


SUNRISE AND SUNSET
APRIL 23 2014.........SUNRISE   556 AM EDT   SUNSET   747 PM EDT
APRIL 24 2014.........SUNRISE   554 AM EDT   SUNSET   748 PM EDT


-  INDICATES NEGATIVE NUMBERS.
R  INDICATES RECORD WAS SET OR TIED.
MM INDICATES DATA IS MISSING.
T  INDICATES TRACE AMOUNT.




$$
