000
CDUS41 KBTV 010535
CLIBTV


CLIMATE REPORT
NATIONAL WEATHER SERVICE BURLINGTON VT
135 AM EDT WED JUN 1 2016


...................................

...THE BURLINGTON VT CLIMATE SUMMARY FOR MAY 31 2016...

CLIMATE NORMAL PERIOD 1981 TO 2010
CLIMATE RECORD PERIOD 1884 TO 2016


WEATHER ITEM   OBSERVED TIME   RECORD YEAR NORMAL DEPARTURE LAST
                VALUE   (LST)  VALUE       VALUE  FROM      YEAR
                                                  NORMAL
..................................................................
TEMPERATURE (F)
 YESTERDAY
  MAXIMUM         84    259 PM  91    2013  72     12       70
  MINIMUM         63    509 AM  25    1961  50     13       48
  AVERAGE         74                        61     13       59

PRECIPITATION (IN)
  YESTERDAY        0.00          1.34 1998   0.12  -0.12     0.50
  MONTH TO DATE    2.46                      3.45  -0.99     2.92
  SINCE MAR 1      6.52                      8.49  -1.97     6.46
  SINCE JAN 1     10.85                     12.31  -1.46     8.84

SNOWFALL (IN)
  YESTERDAY        0.0           T    1945   0.0    0.0      0.0
  MONTH TO DATE    T                         T      0.0      0.0
  SINCE MAR 1      5.3                      20.4  -15.1      7.5
  SINCE JUL 1     34.3                      81.2  -46.9     83.4
  SNOW DEPTH       0

DEGREE DAYS
 HEATING
  YESTERDAY        0                         5     -5        6
  MONTH TO DATE  231                       286    -55      130
  SINCE MAR 1   1794                      1951   -157     1919
  SINCE JUL 1   6178                      7361  -1183     7436

 COOLING
  YESTERDAY        9                         1      8        0
  MONTH TO DATE   72                        17     55       93
  SINCE MAR 1     72                        19     53       93
  SINCE JAN 1     72                        19     53       93
..................................................................


WIND (MPH)
  HIGHEST WIND SPEED    21   HIGHEST WIND DIRECTION    NW (330)
  HIGHEST GUST SPEED    25   HIGHEST GUST DIRECTION     N (340)
  AVERAGE WIND SPEED    10.2


SKY COVER
  POSSIBLE SUNSHINE  MM
  AVERAGE SKY COVER 0.3


WEATHER CONDITIONS
 THE FOLLOWING WEATHER WAS RECORDED YESTERDAY.
  NO SIGNIFICANT WEATHER WAS OBSERVED.


RELATIVE HUMIDITY (PERCENT)
 HIGHEST    67           500 AM
 LOWEST     28           100 PM
 AVERAGE    48

..........................................................


THE BURLINGTON VT CLIMATE NORMALS FOR TODAY
                         NORMAL    RECORD    YEAR
 MAXIMUM TEMPERATURE (F)   72        90      2013
                                             2011
 MINIMUM TEMPERATURE (F)   51        33      1924


SUNRISE AND SUNSET
JUNE  1 2016..........SUNRISE   511 AM EDT   SUNSET   831 PM EDT
JUNE  2 2016..........SUNRISE   510 AM EDT   SUNSET   831 PM EDT


-  INDICATES NEGATIVE NUMBERS.
R  INDICATES RECORD WAS SET OR TIED.
MM INDICATES DATA IS MISSING.
T  INDICATES TRACE AMOUNT.

&&

LAKE CHAMPLAIN DATA:
LEVEL...............95.92 FEET
TEMPERATURE.........65 DEGREES

MOUNT MANSFIELD DATA:
HIGH................68 DEGREES
LOW.................48 DEGREES
PRECIPITATION.......NONE

$$
