000
CDUS41 KBUF 141026
CLIBUF


CLIMATE REPORT
NATIONAL WEATHER SERVICE BUFFALO NY
525 AM EST SUN FEB 14 2016


...................................

...THE BUFFALO NY CLIMATE SUMMARY FOR FEBRUARY 13 2016...

CLIMATE NORMAL PERIOD 1981 TO 2010
CLIMATE RECORD PERIOD 1871 TO 2016


WEATHER ITEM   OBSERVED TIME   RECORD YEAR NORMAL DEPARTURE LAST
                VALUE   (LST)  VALUE       VALUE  FROM      YEAR
                                                  NORMAL
..................................................................
TEMPERATURE (F)
 YESTERDAY
  MAXIMUM         15   1204 AM  61    1984  33    -18       13
  MINIMUM         -4   1021 AM  -9    1914  19    -23       -5
  AVERAGE          6                        26    -20        4

PRECIPITATION (IN)
  YESTERDAY        0.04          1.34 1938   0.09  -0.05     0.02
  MONTH TO DATE    1.17                      1.14   0.03     1.80
  SINCE DEC 1      5.88                      8.21  -2.33     6.54
  SINCE JAN 1      2.98                      4.32  -1.34     4.39

SNOWFALL (IN)
  YESTERDAY        0.5           8.8  1995   0.6   -0.1      0.5
  MONTH TO DATE    8.6                       8.5    0.1     32.5
  SINCE DEC 1     35.2                      61.2  -26.0     68.8
  SINCE JUL 1     35.2                      70.0  -34.8     89.3
  SNOW DEPTH       5

DEGREE DAYS
 HEATING
  YESTERDAY       59                        39     20       61
  MONTH TO DATE  442                       518    -76      633
  SINCE DEC 1   2318                      2844   -526     2974
  SINCE JUL 1   3362                      4177   -815     4272

 COOLING
  YESTERDAY        0                         0      0        0
  MONTH TO DATE    0                         0      0        0
  SINCE DEC 1      0                         0      0        0
  SINCE JAN 1      0                         0      0        0
..................................................................


WIND (MPH)
  HIGHEST WIND SPEED    23   HIGHEST WIND DIRECTION    NW (310)
  HIGHEST GUST SPEED    30   HIGHEST GUST DIRECTION    NW (310)
  AVERAGE WIND SPEED    13.5


SKY COVER
  AVERAGE SKY COVER 1.0


WEATHER CONDITIONS
 THE FOLLOWING WEATHER WAS RECORDED YESTERDAY.
  SNOW
  LIGHT SNOW
  FOG
  HAZE
  BLOWING SNOW


RELATIVE HUMIDITY (PERCENT)
 HIGHEST    87           500 AM
 LOWEST     58           100 AM
 AVERAGE    73

..........................................................


THE BUFFALO NY CLIMATE NORMALS FOR TODAY
                         NORMAL    RECORD    YEAR
 MAXIMUM TEMPERATURE (F)   33        57      1946
 MINIMUM TEMPERATURE (F)   19       -13      1943


SUNRISE AND SUNSET
FEBRUARY 14 2016......SUNRISE   714 AM EST   SUNSET   544 PM EST
FEBRUARY 15 2016......SUNRISE   713 AM EST   SUNSET   546 PM EST


-  INDICATES NEGATIVE NUMBERS.
R  INDICATES RECORD WAS SET OR TIED.
MM INDICATES DATA IS MISSING.
T  INDICATES TRACE AMOUNT.




$$
