000
CDUS41 KBUF 051018
CLIBUF


CLIMATE REPORT
NATIONAL WEATHER SERVICE BUFFALO NY
616 AM EDT SUN JUL 5 2015


...................................

...THE BUFFALO NY CLIMATE SUMMARY FOR JULY 4 2015...

CLIMATE NORMAL PERIOD 1981 TO 2010
CLIMATE RECORD PERIOD 1871 TO 2015


WEATHER ITEM   OBSERVED TIME   RECORD YEAR NORMAL DEPARTURE LAST
                VALUE   (LST)  VALUE       VALUE  FROM      YEAR
                                                  NORMAL
..................................................................
TEMPERATURE (F)
 YESTERDAY
  MAXIMUM         77    452 PM  92    1988  79     -2       74
  MINIMUM         56    545 AM  46    1927  62     -6       56
  AVERAGE         67                        70     -3       65

PRECIPITATION (IN)
  YESTERDAY        0.00          2.19 2004   0.10  -0.10     0.00
  MONTH TO DATE    0.09                      0.40  -0.31     0.12
  SINCE JUN 1      5.12                      4.06   1.06     3.92
  SINCE JAN 1     17.75                     19.07  -1.32    21.45

SNOWFALL (IN)
  YESTERDAY        0.0           0.0    MM   0.0    0.0      0.0
  MONTH TO DATE    0.0                       0.0    0.0      0.0
  SINCE JUN 1      0.0                       0.0    0.0      0.0
  SINCE JUL 1      0.0                       0.0    0.0      0.0
  SNOW DEPTH       0

DEGREE DAYS
 HEATING
  YESTERDAY        0                         0      0        0
  MONTH TO DATE    2                         2      0        0
  SINCE JUN 1     52                        66    -14       28
  SINCE JUL 1      2                         2      0        0

 COOLING
  YESTERDAY        2                         6     -4        0
  MONTH TO DATE    3                        24    -21       27
  SINCE JUN 1     79                       127    -48      175
  SINCE JAN 1    170                       153     17      198
..................................................................


WIND (MPH)
  HIGHEST WIND SPEED    13   HIGHEST WIND DIRECTION    NW (330)
  HIGHEST GUST SPEED    19   HIGHEST GUST DIRECTION    NE (40)
  AVERAGE WIND SPEED     7.2


SKY COVER
  AVERAGE SKY COVER 0.4


WEATHER CONDITIONS
 THE FOLLOWING WEATHER WAS RECORDED YESTERDAY.
  HAZE


RELATIVE HUMIDITY (PERCENT)
 HIGHEST    80           400 AM
 LOWEST     33           500 PM
 AVERAGE    57

..........................................................


THE BUFFALO NY CLIMATE NORMALS FOR TODAY
                         NORMAL    RECORD    YEAR
 MAXIMUM TEMPERATURE (F)   80        95      1993
                                             1988
                                             1911
 MINIMUM TEMPERATURE (F)   62        47      1961


SUNRISE AND SUNSET
JULY  5 2015..........SUNRISE   542 AM EDT   SUNSET   857 PM EDT
JULY  6 2015..........SUNRISE   543 AM EDT   SUNSET   856 PM EDT


-  INDICATES NEGATIVE NUMBERS.
R  INDICATES RECORD WAS SET OR TIED.
MM INDICATES DATA IS MISSING.
T  INDICATES TRACE AMOUNT.




$$
