000
CDUS41 KBUF 241014
CLIBUF


CLIMATE REPORT
NATIONAL WEATHER SERVICE BUFFALO NY
614 AM EDT WED MAY 24 2017


...................................

...THE BUFFALO NY CLIMATE SUMMARY FOR MAY 23 2017...

CLIMATE NORMAL PERIOD 1981 TO 2010
CLIMATE RECORD PERIOD 1871 TO 2017


WEATHER ITEM   OBSERVED TIME   RECORD YEAR NORMAL DEPARTURE LAST
                VALUE   (LST)  VALUE       VALUE  FROM      YEAR
                                                  NORMAL
..................................................................
TEMPERATURE (F)
 YESTERDAY
  MAXIMUM         75    459 PM  90    1991  69      6       79
  MINIMUM         47    455 AM  33    1967  50     -3       48
  AVERAGE         61                        59      2       64

PRECIPITATION (IN)
  YESTERDAY        0.00          1.53 1940   0.13  -0.13     0.00
  MONTH TO DATE    4.00                      2.50   1.50     1.15
  SINCE MAR 1     14.74                      8.38   6.36     5.90
  SINCE JAN 1     19.92                     14.05   5.87    11.18

SNOWFALL (IN)
  YESTERDAY        0.0           0.0    MM   0.0    0.0      0.0
  MONTH TO DATE    0.0                       0.3   -0.3       T
  SINCE MAR 1     29.1                      15.9   13.2      8.0
  SINCE JUL 1     76.1                      94.7  -18.6     55.1
  SNOW DEPTH       0

DEGREE DAYS
 HEATING
  YESTERDAY        4                         7     -3        1
  MONTH TO DATE  265                       227     38      236
  SINCE MAR 1   1681                      1764    -83     1656
  SINCE JUL 1   5573                      6508   -935     5594

 COOLING
  YESTERDAY        0                         1     -1        0
  MONTH TO DATE   16                        11      5        2
  SINCE MAR 1     22                        14      8        2
  SINCE JAN 1     22                        14      8        2
..................................................................


WIND (MPH)
  HIGHEST WIND SPEED    16   HIGHEST WIND DIRECTION    SW (230)
  HIGHEST GUST SPEED    21   HIGHEST GUST DIRECTION    SW (220)
  AVERAGE WIND SPEED     7.5


SKY COVER
  AVERAGE SKY COVER 0.6


WEATHER CONDITIONS
 THE FOLLOWING WEATHER WAS RECORDED YESTERDAY.
  NO SIGNIFICANT WEATHER WAS OBSERVED.


RELATIVE HUMIDITY (PERCENT)
 HIGHEST    86           500 AM
 LOWEST     36           400 PM
 AVERAGE    61

..........................................................


THE BUFFALO NY CLIMATE NORMALS FOR TODAY
                         NORMAL    RECORD    YEAR
 MAXIMUM TEMPERATURE (F)   69        88      1922
 MINIMUM TEMPERATURE (F)   50        31      1963
                                             1925


SUNRISE AND SUNSET
MAY 24 2017...........SUNRISE   544 AM EDT   SUNSET   841 PM EDT
MAY 25 2017...........SUNRISE   543 AM EDT   SUNSET   841 PM EDT


-  INDICATES NEGATIVE NUMBERS.
R  INDICATES RECORD WAS SET OR TIED.
MM INDICATES DATA IS MISSING.
T  INDICATES TRACE AMOUNT.




$$
