000
CDUS41 KBUF 241024
CLIBUF


CLIMATE REPORT
NATIONAL WEATHER SERVICE BUFFALO NY
522 AM EST FRI FEB 24 2017


...................................

...THE BUFFALO NY CLIMATE SUMMARY FOR FEBRUARY 23 2017...

CLIMATE NORMAL PERIOD 1981 TO 2010
CLIMATE RECORD PERIOD 1871 TO 2017


WEATHER ITEM   OBSERVED TIME   RECORD YEAR NORMAL DEPARTURE LAST
                VALUE   (LST)  VALUE       VALUE  FROM      YEAR
                                                  NORMAL
..................................................................
TEMPERATURE (F)
 YESTERDAY
  MAXIMUM         60   1029 AM  62    1984  35     25       36
  MINIMUM         43   1159 PM  -7    2015  20     23       20
  AVERAGE         52                        28     24       28

PRECIPITATION (IN)
  YESTERDAY        T             0.94 1985   0.09  -0.09     0.00
  MONTH TO DATE    1.44                      2.02  -0.58     2.18
  SINCE DEC 1      8.42                      9.09  -0.67     6.89
  SINCE JAN 1      4.36                      5.20  -0.84     3.99

SNOWFALL (IN)
  YESTERDAY        0.0           3.8  1994   0.6   -0.6      0.0
  MONTH TO DATE    4.6                      14.5   -9.9     18.7
  SINCE DEC 1     45.7                      67.2  -21.5     45.3
  SINCE JUL 1     46.6                      76.0  -29.4     45.3
  SNOW DEPTH       0

DEGREE DAYS
 HEATING
  YESTERDAY       13                        37    -24       37
  MONTH TO DATE  735                       901   -166      839
  SINCE DEC 1   2820                      3227   -407     2715
  SINCE JUL 1   3790                      4560   -770     3759

 COOLING
  YESTERDAY        0                         0      0        0
  MONTH TO DATE    0                         0      0        0
  SINCE DEC 1      0                         0      0        0
  SINCE JAN 1      0                         0      0        0
..................................................................


WIND (MPH)
  HIGHEST WIND SPEED    29   HIGHEST WIND DIRECTION     W (260)
  HIGHEST GUST SPEED    36   HIGHEST GUST DIRECTION     W (260)
  AVERAGE WIND SPEED    12.8


SKY COVER
  AVERAGE SKY COVER 0.8


WEATHER CONDITIONS
 THE FOLLOWING WEATHER WAS RECORDED YESTERDAY.
  LIGHT RAIN
  FOG
  HAZE


RELATIVE HUMIDITY (PERCENT)
 HIGHEST    93           700 PM
 LOWEST     72           400 AM
 AVERAGE    83

..........................................................


THE BUFFALO NY CLIMATE NORMALS FOR TODAY
                         NORMAL    RECORD    YEAR
 MAXIMUM TEMPERATURE (F)   35        67      1906
 MINIMUM TEMPERATURE (F)   21       -10      1889


SUNRISE AND SUNSET
FEBRUARY 24 2017......SUNRISE   658 AM EST   SUNSET   558 PM EST
FEBRUARY 25 2017......SUNRISE   657 AM EST   SUNSET   600 PM EST


-  INDICATES NEGATIVE NUMBERS.
R  INDICATES RECORD WAS SET OR TIED.
MM INDICATES DATA IS MISSING.
T  INDICATES TRACE AMOUNT.




$$
