000
CDUS41 KBUF 242031
CLIBUF


CLIMATE REPORT
NATIONAL WEATHER SERVICE BUFFALO NY
430 PM EDT SAT JUN 24 2017


...................................

...THE BUFFALO NY CLIMATE SUMMARY FOR JUNE 24 2017...
VALID TODAY AS OF 0400 PM LOCAL TIME.

CLIMATE NORMAL PERIOD 1981 TO 2010
CLIMATE RECORD PERIOD 1871 TO 2017


WEATHER ITEM   OBSERVED TIME   RECORD YEAR NORMAL DEPARTURE LAST
                VALUE   (LST)  VALUE       VALUE  FROM      YEAR
                                                  NORMAL
..................................................................
TEMPERATURE (F)
 TODAY
  MAXIMUM         74    230 PM  92    1949  78     -4       83
  MINIMUM         63    512 AM  46    1932  60      3       51
                                      1915
  AVERAGE         69                        69      0       67

PRECIPITATION (IN)
  TODAY            0.00          2.78 1994   0.11  -0.11     0.00
  MONTH TO DATE    1.46                      3.00  -1.54     1.03
  SINCE JUN 1      1.46                      3.00  -1.54     1.03
  SINCE JAN 1     23.73                     18.01   5.72    12.27

SNOWFALL (IN)
  TODAY            0.0           0.0    MM   0.0    0.0      0.0
  MONTH TO DATE    0.0                       0.0    0.0      0.0
  SINCE JUN 1      0.0                       0.0    0.0      0.0
  SINCE JUL 1     76.1                      94.7  -18.6     55.1
  SNOW DEPTH       0

DEGREE DAYS
 HEATING
  TODAY            0                         1     -1        0
  MONTH TO DATE   41                        59    -18       42
  SINCE JUN 1     41                        59    -18       42
  SINCE JUL 1   5635                      6612   -977     5637

 COOLING
  TODAY            4                         5     -1        2
  MONTH TO DATE  109                        72     37       85
  SINCE JUN 1    109                        72     37       85
  SINCE JAN 1    136                        98     38      144
..................................................................


WIND (MPH)
  HIGHEST WIND SPEED    23   HIGHEST WIND DIRECTION     W (250)
  HIGHEST GUST SPEED    30   HIGHEST GUST DIRECTION    SW (230)
  AVERAGE WIND SPEED    11.1


SKY COVER
  AVERAGE SKY COVER 0.5


WEATHER CONDITIONS
 THE FOLLOWING WEATHER WAS RECORDED TODAY.
  THUNDERSTORM


RELATIVE HUMIDITY (PERCENT)
 HIGHEST    84           100 AM
 LOWEST     49           900 AM
 AVERAGE    67

..........................................................


THE BUFFALO NY CLIMATE NORMALS FOR TOMORROW
                         NORMAL    RECORD    YEAR
 MAXIMUM TEMPERATURE (F)   78        96      1988
 MINIMUM TEMPERATURE (F)   60        43      1979


SUNRISE AND SUNSET
JUNE 24 2017..........SUNRISE   537 AM EDT   SUNSET   858 PM EDT
JUNE 25 2017..........SUNRISE   537 AM EDT   SUNSET   858 PM EDT


-  INDICATES NEGATIVE NUMBERS.
R  INDICATES RECORD WAS SET OR TIED.
MM INDICATES DATA IS MISSING.
T  INDICATES TRACE AMOUNT.

$$
