000
CDUS41 KBUF 171022
CLIBUF


CLIMATE REPORT
NATIONAL WEATHER SERVICE BUFFALO NY
619 AM EDT THU AUG 17 2017


...................................

...THE BUFFALO NY CLIMATE SUMMARY FOR AUGUST 16 2017...

CLIMATE NORMAL PERIOD 1981 TO 2010
CLIMATE RECORD PERIOD 1871 TO 2017


WEATHER ITEM   OBSERVED TIME   RECORD YEAR NORMAL DEPARTURE LAST
                VALUE   (LST)  VALUE       VALUE  FROM      YEAR
                                                  NORMAL
..................................................................
TEMPERATURE (F)
 YESTERDAY
  MAXIMUM         78    258 PM  92    1935  79     -1       87
  MINIMUM         62    543 AM  44    1880  61      1       68
  AVERAGE         70                        70      0       78

PRECIPITATION (IN)
  YESTERDAY        0.00          2.71 1879   0.10  -0.10     0.72
  MONTH TO DATE    2.31                      1.72   0.59     1.28
  SINCE JUN 1      9.17                      8.61   0.56     4.39
  SINCE JAN 1     31.44                     23.62   7.82    15.63

SNOWFALL (IN)
  YESTERDAY        0.0           0.0    MM   0.0    0.0      0.0
  MONTH TO DATE    0.0                       0.0    0.0      0.0
  SINCE JUN 1      0.0                       0.0    0.0      0.0
  SINCE JUL 1      0.0                       0.0    0.0      0.0
  SNOW DEPTH       0

DEGREE DAYS
 HEATING
  YESTERDAY        0                         1     -1        0
  MONTH TO DATE    0                         1     -1        0
  SINCE JUN 1     50                        74    -24       42
  SINCE JUL 1      1                        10     -9        0

 COOLING
  YESTERDAY        5                         5      0       13
  MONTH TO DATE   88                        94     -6      203
  SINCE JUN 1    394                       394      0      624
  SINCE JAN 1    421                       420      1      683
..................................................................


WIND (MPH)
  HIGHEST WIND SPEED    12   HIGHEST WIND DIRECTION     N (20)
  HIGHEST GUST SPEED    15   HIGHEST GUST DIRECTION    NE (30)
  AVERAGE WIND SPEED     5.1


SKY COVER
  AVERAGE SKY COVER 0.5


WEATHER CONDITIONS
 THE FOLLOWING WEATHER WAS RECORDED YESTERDAY.
  FOG


RELATIVE HUMIDITY (PERCENT)
 HIGHEST    93          1200 AM
 LOWEST     54           200 PM
 AVERAGE    74

..........................................................


THE BUFFALO NY CLIMATE NORMALS FOR TODAY
                         NORMAL    RECORD    YEAR
 MAXIMUM TEMPERATURE (F)   79        93      1955
 MINIMUM TEMPERATURE (F)   61        46      1961


SUNRISE AND SUNSET
AUGUST 17 2017........SUNRISE   623 AM EDT   SUNSET   814 PM EDT
AUGUST 18 2017........SUNRISE   625 AM EDT   SUNSET   812 PM EDT


-  INDICATES NEGATIVE NUMBERS.
R  INDICATES RECORD WAS SET OR TIED.
MM INDICATES DATA IS MISSING.
T  INDICATES TRACE AMOUNT.




$$
