000
CDUS41 KBUF 240705
CLIBUF


CLIMATE REPORT
NATIONAL WEATHER SERVICE BUFFALO NY
305 AM EDT TUE OCT 24 2017


...................................

...THE BUFFALO NY CLIMATE SUMMARY FOR OCTOBER 23 2017...

CLIMATE NORMAL PERIOD 1981 TO 2010
CLIMATE RECORD PERIOD 1871 TO 2017


WEATHER ITEM   OBSERVED TIME   RECORD YEAR NORMAL DEPARTURE LAST
                VALUE   (LST)  VALUE       VALUE  FROM      YEAR
                                                  NORMAL
..................................................................
TEMPERATURE (F)
 YESTERDAY
  MAXIMUM         71   1011 PM  77    1991  56     15       58
  MINIMUM         60   1159 PM  24    1969  41     19       40
  AVERAGE         66                        48     18       49

PRECIPITATION (IN)
  YESTERDAY        0.03          1.81 1878   0.11  -0.08     0.00
  MONTH TO DATE    2.49                      2.64  -0.15     3.70
  SINCE SEP 1      5.66                      6.54  -0.88     7.23
  SINCE JAN 1     37.94                     31.70   6.24    25.75

SNOWFALL (IN)
  YESTERDAY        0.0           0.1  1969   0.0    0.0      0.0
  MONTH TO DATE    0.0                       0.5   -0.5      0.0
  SINCE SEP 1      0.0                       0.5   -0.5      0.0
  SINCE JUL 1      0.0                       0.5   -0.5      0.0
  SNOW DEPTH       0

DEGREE DAYS
 HEATING
  YESTERDAY        0                        17    -17       16
  MONTH TO DATE  116                       299   -183      171
  SINCE SEP 1    209                       434   -225      215
  SINCE JUL 1    225                       461   -236      215

 COOLING
  YESTERDAY        1                         0      1        0
  MONTH TO DATE   17                         0     17       12
  SINCE SEP 1    133                        53     80      121
  SINCE JAN 1    603                       540     63      939
..................................................................


WIND (MPH)
  HIGHEST WIND SPEED    28   HIGHEST WIND DIRECTION    SW (220)
  HIGHEST GUST SPEED    41   HIGHEST GUST DIRECTION    SW (210)
  AVERAGE WIND SPEED    12.7


SKY COVER
  AVERAGE SKY COVER 0.8


WEATHER CONDITIONS
 THE FOLLOWING WEATHER WAS RECORDED YESTERDAY.
  RAIN
  LIGHT RAIN


RELATIVE HUMIDITY (PERCENT)
 HIGHEST    67           200 AM
 LOWEST     53          1000 PM
 AVERAGE    60

..........................................................


THE BUFFALO NY CLIMATE NORMALS FOR TODAY
                         NORMAL    RECORD    YEAR
 MAXIMUM TEMPERATURE (F)   56        79      1975
 MINIMUM TEMPERATURE (F)   40        26      1889


SUNRISE AND SUNSET
OCTOBER 24 2017.......SUNRISE   740 AM EDT   SUNSET   618 PM EDT
OCTOBER 25 2017.......SUNRISE   741 AM EDT   SUNSET   616 PM EDT


-  INDICATES NEGATIVE NUMBERS.
R  INDICATES RECORD WAS SET OR TIED.
MM INDICATES DATA IS MISSING.
T  INDICATES TRACE AMOUNT.




$$
