000
CDUS46 KLOX 240911
CLIBUR


CLIMATE REPORT
NATIONAL WEATHER SERVICE LOS ANGELES/OXNARD CA
211 AM PDT SAT JUN 24 2017


...................................

...THE BOB HOPE AIRPORT (BURBANK) CA CLIMATE SUMMARY FOR JUNE 23 2017...

CLIMATE NORMAL PERIOD 1981 TO 2010
CLIMATE RECORD PERIOD 1939 TO 2017


WEATHER ITEM   OBSERVED TIME   RECORD YEAR NORMAL DEPARTURE LAST
                VALUE   (LST)  VALUE       VALUE  FROM      YEAR
                                                  NORMAL
..................................................................
TEMPERATURE (F)
 YESTERDAY
  MAXIMUM         84    317 PM 102    1976  82      2       84
  MINIMUM         63    549 AM  51    1943  60      3       63
                                      1941
  AVERAGE         74                        71      3       74

PRECIPITATION (IN)
  YESTERDAY        0.00          0.02 1944   0.00   0.00     0.00
  MONTH TO DATE    T                         0.10  -0.10      T
  SINCE OCT 1     13.83                     16.98  -3.15     7.66
  SINCE JAN 1      9.57                     12.54  -2.97     6.56

SNOWFALL (IN)
  YESTERDAY        0.0
  MONTH TO DATE    0.0
  SINCE JUN 1      0.0
  SINCE JUL 1      0.0

DEGREE DAYS
 HEATING
  YESTERDAY        0                         0      0        0
  MONTH TO DATE    4                        11     -7        2
  SINCE JUN 1      4                        11     -7        2
  SINCE JUL 1   1183                      1567   -384     1131

 COOLING
  YESTERDAY        9                         6      3        9
  MONTH TO DATE  158                        99     59      185
  SINCE JUN 1    158                        99     59      185
  SINCE JAN 1    403                       223    180      362
..................................................................


WIND (MPH)
  HIGHEST WIND SPEED    15   HIGHEST WIND DIRECTION     S (180)
  HIGHEST GUST SPEED    21   HIGHEST GUST DIRECTION    SE (150)
  AVERAGE WIND SPEED     6.7


SKY COVER
  POSSIBLE SUNSHINE  MM
  AVERAGE SKY COVER 0.3


WEATHER CONDITIONS
 THE FOLLOWING WEATHER WAS RECORDED YESTERDAY.
  FOG
  HAZE


RELATIVE HUMIDITY (PERCENT)
 HIGHEST    90          1200 AM
 LOWEST     47           300 PM
 AVERAGE    69

..........................................................


THE BOB HOPE AIRPORT (BURBANK) CA CLIMATE NORMALS FOR TODAY
                         NORMAL    RECORD    YEAR
 MAXIMUM TEMPERATURE (F)   83       107      1976
 MINIMUM TEMPERATURE (F)   60        47      1944


SUNRISE AND SUNSET
JUNE 24 2017..........SUNRISE   543 AM PDT   SUNSET   809 PM PDT
JUNE 25 2017..........SUNRISE   543 AM PDT   SUNSET   809 PM PDT


-  INDICATES NEGATIVE NUMBERS.
R  INDICATES RECORD WAS SET OR TIED.
MM INDICATES DATA IS MISSING.
T  INDICATES TRACE AMOUNT.




$$
