000
CDUS46 KLOX 300915
CLIBUR


CLIMATE REPORT
NATIONAL WEATHER SERVICE LOS ANGELES/OXNARD CA
215 AM PDT THU OCT 30 2014


...................................

...THE BOB HOPE AIRPORT (BURBANK) CA CLIMATE SUMMARY FOR OCTOBER 29 2014...

CLIMATE NORMAL PERIOD 1981 TO 2010
CLIMATE RECORD PERIOD 1939 TO 2014


WEATHER ITEM   OBSERVED TIME   RECORD YEAR NORMAL DEPARTURE LAST
                VALUE   (LST)  VALUE       VALUE  FROM      YEAR
                                                  NORMAL
..................................................................
TEMPERATURE (F)
 YESTERDAY
  MAXIMUM         88    212 PM  94    1965  77     11       64
  MINIMUM         56    621 AM  37    1970  51      5       52
  AVERAGE         72                        64      8       58

PRECIPITATION (IN)
  YESTERDAY        0.00          0.58 2000   0.04  -0.04     0.00
  MONTH TO DATE    0.00                      0.89  -0.89     0.10
  SINCE JUL 1      0.04                      1.21  -1.17     0.11
  SINCE JAN 1      4.95                     13.76  -8.81     2.71

SNOWFALL (IN)
  YESTERDAY        0.0
  MONTH TO DATE    0.0
  SINCE SEP 1      0.0
  SINCE JUL 1      0.0

DEGREE DAYS
 HEATING
  YESTERDAY        0                         3     -3        7
  MONTH TO DATE    0                        40    -40       23
  SINCE SEP 1      0                        46    -46       23
  SINCE JUL 1      0                        46    -46       23

 COOLING
  YESTERDAY        7                         2      5        0
  MONTH TO DATE  209                        98    111      128
  SINCE SEP 1    605                       347    258      529
  SINCE JAN 1   1905                      1229    676     1958
..................................................................


WIND (MPH)
  HIGHEST WIND SPEED    12   HIGHEST WIND DIRECTION     S (170)
  HIGHEST GUST SPEED    16   HIGHEST GUST DIRECTION    SE (150)
  AVERAGE WIND SPEED     2.9


SKY COVER
  POSSIBLE SUNSHINE  MM
  AVERAGE SKY COVER 0.0


WEATHER CONDITIONS
 THE FOLLOWING WEATHER WAS RECORDED YESTERDAY.
  NO SIGNIFICANT WEATHER WAS OBSERVED.


RELATIVE HUMIDITY (PERCENT)
 HIGHEST    67          1200 AM
 LOWEST     16          1200 PM
 AVERAGE    42

..........................................................


THE BOB HOPE AIRPORT (BURBANK) CA CLIMATE NORMALS FOR TODAY
                         NORMAL    RECORD    YEAR
 MAXIMUM TEMPERATURE (F)   77        96      1966
 MINIMUM TEMPERATURE (F)   51        33      1971


SUNRISE AND SUNSET
OCTOBER 30 2014.......SUNRISE   712 AM PDT   SUNSET   602 PM PDT
OCTOBER 31 2014.......SUNRISE   712 AM PDT   SUNSET   601 PM PDT


-  INDICATES NEGATIVE NUMBERS.
R  INDICATES RECORD WAS SET OR TIED.
MM INDICATES DATA IS MISSING.
T  INDICATES TRACE AMOUNT.




$$
