000
CDUS46 KLOX 270113
CLIBUR


CLIMATE REPORT
NATIONAL WEATHER SERVICE LOS ANGELES/OXNARD CA
612 PM PDT SUN MAR 26 2017


...................................

...THE BOB HOPE AIRPORT (BURBANK) CA CLIMATE SUMMARY FOR MARCH 26 2017...
VALID TODAY AS OF 0600 PM LOCAL TIME.

CLIMATE NORMAL PERIOD 1981 TO 2010
CLIMATE RECORD PERIOD 1939 TO 2017


WEATHER ITEM   OBSERVED TIME   RECORD YEAR NORMAL DEPARTURE LAST
                VALUE   (LST)  VALUE       VALUE  FROM      YEAR
                                                  NORMAL
..................................................................
TEMPERATURE (F)
 TODAY
  MAXIMUM         69    147 PM  98    1988  71     -2       77
  MINIMUM         51    713 AM  34    1977  47      4       54
  AVERAGE         60                        59      1       66

PRECIPITATION (IN)
  TODAY            0.00          2.34 1993   0.07  -0.07     0.00
  MONTH TO DATE    0.21                      2.66  -2.45     1.74
  SINCE OCT 1     13.61                     15.11  -1.50     7.21
  SINCE JAN 1      9.35                     10.67  -1.32     6.11

SNOWFALL (IN)
  TODAY            0.0
  MONTH TO DATE    0.0
  SINCE MAR 1      0.0
  SINCE JUL 1      0.0

DEGREE DAYS
 HEATING
  TODAY            5                         6     -1        0
  MONTH TO DATE   84                       187   -103       81
  SINCE MAR 1     84                       187   -103       81
  SINCE JUL 1   1077                      1328   -251      988

 COOLING
  TODAY            0                         0      0        1
  MONTH TO DATE   60                         0     60       16
  SINCE MAR 1     60                         0     60       16
  SINCE JAN 1     61                         6     55       71
..................................................................


WIND (MPH)
  HIGHEST WIND SPEED    13   HIGHEST WIND DIRECTION     S (190)
  HIGHEST GUST SPEED    16   HIGHEST GUST DIRECTION    SE (140)
  AVERAGE WIND SPEED     4.3


SKY COVER
  POSSIBLE SUNSHINE  MM
  AVERAGE SKY COVER 0.4


WEATHER CONDITIONS
 THE FOLLOWING WEATHER WAS RECORDED TODAY.
  FOG
  HAZE


RELATIVE HUMIDITY (PERCENT)
 HIGHEST    89           500 AM
 LOWEST     49           200 PM
 AVERAGE    69

..........................................................


THE BOB HOPE AIRPORT (BURBANK) CA CLIMATE NORMALS FOR TOMORROW
                         NORMAL    RECORD    YEAR
 MAXIMUM TEMPERATURE (F)   71        91      2015
                                             1986
 MINIMUM TEMPERATURE (F)   47        35      1945


SUNRISE AND SUNSET
MARCH 26 2017.........SUNRISE   648 AM PDT   SUNSET   710 PM PDT
MARCH 27 2017.........SUNRISE   647 AM PDT   SUNSET   711 PM PDT


-  INDICATES NEGATIVE NUMBERS.
R  INDICATES RECORD WAS SET OR TIED.
MM INDICATES DATA IS MISSING.
T  INDICATES TRACE AMOUNT.




$$
