000
CDUS43 KLMK 262043
CLIBWG


CLIMATE REPORT
NATIONAL WEATHER SERVICE LOUISVILLE KY
443 PM EDT SUN MAR 26 2017


...................................

...THE BOWLING GREEN CLIMATE SUMMARY FOR MARCH 26 2017...
VALID TODAY AS OF 0400 PM LOCAL TIME.

CLIMATE NORMAL PERIOD 1981 TO 2010
CLIMATE RECORD PERIOD 1870 TO 2017


WEATHER ITEM   OBSERVED TIME   RECORD YEAR NORMAL DEPARTURE LAST
                VALUE   (LST)  VALUE       VALUE  FROM      YEAR
                                                  NORMAL
..................................................................
TEMPERATURE (F)
 TODAY
  MAXIMUM         72    156 PM  87    1910  63      9       73
  MINIMUM         58    433 AM  14    1955  40     18       31
  AVERAGE         65                        52     13       52

PRECIPITATION (IN)
  TODAY            0.12          4.10 1913   0.15  -0.03     0.00
  MONTH TO DATE    2.73                      3.65  -0.92     2.40
  SINCE MAR 1      2.73                      3.65  -0.92     2.40
  SINCE JAN 1      9.31                     11.22  -1.91     8.98

SNOWFALL (IN)
  TODAY            0.0           0.5  2013   0.0    0.0      0.0
  MONTH TO DATE    T                         0.9   -0.9       T
  SINCE MAR 1      T                         0.9   -0.9       T
  SINCE JUL 1      0.7                       8.7   -8.0     24.0
  SNOW DEPTH       0

DEGREE DAYS
 HEATING
  TODAY            0                        14    -14       13
  MONTH TO DATE  417                       456    -39      309
  SINCE MAR 1    417                       456    -39      309
  SINCE JUL 1   2798                      3654   -856     2909

 COOLING
  TODAY            0                         0      0        0
  MONTH TO DATE    5                         0      5        0
  SINCE MAR 1      5                         0      5        0
  SINCE JAN 1      9                         0      9        0
..................................................................


WIND (MPH)
  HIGHEST WIND SPEED    17   HIGHEST WIND DIRECTION     S (200)
  HIGHEST GUST SPEED    23   HIGHEST GUST DIRECTION     S (190)
  AVERAGE WIND SPEED    11.1


SKY COVER
  POSSIBLE SUNSHINE  MM
  AVERAGE SKY COVER 0.9


WEATHER CONDITIONS
 THE FOLLOWING WEATHER WAS RECORDED TODAY.
  RAIN
  LIGHT RAIN
  FOG


RELATIVE HUMIDITY (PERCENT)
 HIGHEST    93           300 AM
 LOWEST     57           200 PM
 AVERAGE    75

..........................................................


THE BOWLING GREEN CLIMATE NORMALS FOR TOMORROW
                         NORMAL    RECORD    YEAR
 MAXIMUM TEMPERATURE (F)   64        90      1910
 MINIMUM TEMPERATURE (F)   40        15      1955
                                             1947


SUNRISE AND SUNSET
MARCH 26 2017.........SUNRISE   640 AM CDT   SUNSET   703 PM CDT
MARCH 27 2017.........SUNRISE   639 AM CDT   SUNSET   704 PM CDT


-  INDICATES NEGATIVE NUMBERS.
R  INDICATES RECORD WAS SET OR TIED.
MM INDICATES DATA IS MISSING.
T  INDICATES TRACE AMOUNT.




$$
