000
CDUS41 KLWX 242135
CLIBWI


CLIMATE REPORT
NATIONAL WEATHER SERVICE BALTIMORE MD/WASHINGTON DC
434 PM EST TUE JAN 24 2017


...................................

...THE BALTIMORE MD CLIMATE SUMMARY FOR JANUARY 24 2017...
VALID TODAY AS OF 0400 PM LOCAL TIME.

CLIMATE NORMAL PERIOD 1981 TO 2010
CLIMATE RECORD PERIOD 1870 TO 2017


WEATHER ITEM   OBSERVED TIME   RECORD YEAR NORMAL DEPARTURE LAST
                VALUE   (LST)  VALUE       VALUE  FROM      YEAR
                                                  NORMAL
..................................................................
TEMPERATURE (F)
 TODAY
  MAXIMUM         49    333 PM  74    1967  41      8       34
  MINIMUM         37    727 AM   1    1963  24     13       14
  AVERAGE         43                        33     10       24

PRECIPITATION (IN)
  TODAY            0.01          1.74 1896   0.10  -0.09      T
  MONTH TO DATE    2.69                      2.36   0.33     3.49
  SINCE DEC 1      5.46                      5.73  -0.27     9.34
  SINCE JAN 1      2.69                      2.36   0.33     3.49

SNOWFALL (IN)
  TODAY            0.0           5.8  1940   0.3   -0.3
  MONTH TO DATE    0.7                       4.9   -4.2
  SINCE JUL 1      0.7                       8.3   -7.6
  SNOW DEPTH       0

DEGREE DAYS
 HEATING
  TODAY           22                        32    -10       41
  MONTH TO DATE  621                       768   -147      792
  SINCE DEC 1   1439                      1645   -206     1281
  SINCE JUL 1   2138                      2549   -411     2001

 COOLING
  TODAY            0                         0      0        0
  MONTH TO DATE    0                         0      0        0
  SINCE DEC 1      0                         0      0        1
  SINCE JAN 1      0                         0      0        0
..................................................................


WIND (MPH)
  HIGHEST WIND SPEED    26   HIGHEST WIND DIRECTION    NW (310)
  HIGHEST GUST SPEED    39   HIGHEST GUST DIRECTION    NW (300)
  AVERAGE WIND SPEED    16.0


SKY COVER
  POSSIBLE SUNSHINE  MM
  AVERAGE SKY COVER 0.8


WEATHER CONDITIONS
 THE FOLLOWING WEATHER WAS RECORDED TODAY.
  RAIN
  LIGHT RAIN
  SNOW
  LIGHT SNOW
  FOG


RELATIVE HUMIDITY (PERCENT)
 HIGHEST   100           200 AM
 LOWEST     60           300 PM
 AVERAGE    80

..........................................................


THE BALTIMORE MD CLIMATE NORMALS FOR TOMORROW
                         NORMAL    RECORD    YEAR
 MAXIMUM TEMPERATURE (F)   42        75      1967
 MINIMUM TEMPERATURE (F)   24         0      1897


SUNRISE AND SUNSET
JANUARY 24 2017.......SUNRISE   720 AM EST   SUNSET   518 PM EST
JANUARY 25 2017.......SUNRISE   719 AM EST   SUNSET   520 PM EST


-  INDICATES NEGATIVE NUMBERS.
R  INDICATES RECORD WAS SET OR TIED.
MM INDICATES DATA IS MISSING.
T  INDICATES TRACE AMOUNT.




$$
