000
CDUS41 KLWX 192123
CLIBWI


CLIMATE REPORT
NATIONAL WEATHER SERVICE BALTIMORE MD/WASHINGTON DC
523 PM EDT FRI SEP 19 2014


...................................

...THE BALTIMORE MD CLIMATE SUMMARY FOR SEPTEMBER 19 2014...
VALID TODAY AS OF 0500 PM LOCAL TIME.

CLIMATE NORMAL PERIOD 1981 TO 2010
CLIMATE RECORD PERIOD 1870 TO 2014


WEATHER ITEM   OBSERVED TIME   RECORD YEAR NORMAL DEPARTURE LAST
                VALUE   (LST)  VALUE       VALUE  FROM      YEAR
                                                  NORMAL
..................................................................
TEMPERATURE (F)
 TODAY
  MAXIMUM         75    224 PM  94    1983  77     -2       77
                                      1896
  MINIMUM         51    222 AM  42    1959  56     -5       47
  AVERAGE         63                        67     -4       62

PRECIPITATION (IN)
  TODAY            0.00          1.90 1894   0.14  -0.14     0.00
  MONTH TO DATE    0.95                      2.47  -1.52     0.70
  SINCE SEP 1      0.95                      2.47  -1.52     0.70
  SINCE JAN 1     39.22                     30.32   8.90    26.27

SNOWFALL (IN)
  TODAY            0.0          MM      MM   0.0    0.0
  MONTH TO DATE    0.0                       0.0    0.0
  SINCE JUL 1      0.0                       0.0    0.0
  SNOW DEPTH       0

DEGREE DAYS
 HEATING
  TODAY            2                         2      0        3
  MONTH TO DATE   18                        14      4       24
  SINCE SEP 1     18                        14      4       24
  SINCE JUL 1     18                        15      3       24

 COOLING
  TODAY            0                         4     -4        0
  MONTH TO DATE  134                       108     26      139
  SINCE SEP 1    134                       108     26      139
  SINCE JAN 1   1051                      1118    -67     1284
..................................................................


WIND (MPH)
  HIGHEST WIND SPEED    16   HIGHEST WIND DIRECTION    NE (60)
  HIGHEST GUST SPEED    18   HIGHEST GUST DIRECTION    NE (60)
  AVERAGE WIND SPEED     7.2


SKY COVER
  POSSIBLE SUNSHINE  MM
  AVERAGE SKY COVER 0.4


WEATHER CONDITIONS
 THE FOLLOWING WEATHER WAS RECORDED TODAY.
  FOG


RELATIVE HUMIDITY (PERCENT)
 HIGHEST    93          1200 AM
 LOWEST     53           200 PM
 AVERAGE    73

..........................................................


THE BALTIMORE MD CLIMATE NORMALS FOR TOMORROW
                         NORMAL    RECORD    YEAR
 MAXIMUM TEMPERATURE (F)   76        92      1983
 MINIMUM TEMPERATURE (F)   56        42      1959
                                             1956


SUNRISE AND SUNSET
SEPTEMBER 19 2014.....SUNRISE   652 AM EDT   SUNSET   709 PM EDT
SEPTEMBER 20 2014.....SUNRISE   652 AM EDT   SUNSET   707 PM EDT


-  INDICATES NEGATIVE NUMBERS.
R  INDICATES RECORD WAS SET OR TIED.
MM INDICATES DATA IS MISSING.
T  INDICATES TRACE AMOUNT.




$$
