000
CDUS41 KLWX 192124
CLIBWI


CLIMATE REPORT
NATIONAL WEATHER SERVICE BALTIMORE MD/WASHINGTON DC
423 PM EST MON FEB 19 2018


...................................

...THE BALTIMORE MD CLIMATE SUMMARY FOR FEBRUARY 19 2018...
VALID TODAY AS OF 0400 PM LOCAL TIME.

CLIMATE NORMAL PERIOD 1981 TO 2010
CLIMATE RECORD PERIOD 1871 TO 2018


WEATHER ITEM   OBSERVED TIME   RECORD YEAR NORMAL DEPARTURE LAST
                VALUE   (LST)  VALUE       VALUE  FROM      YEAR
                                                  NORMAL
..................................................................
TEMPERATURE (F)
 TODAY
  MAXIMUM         44    359 PM  72    1997  46     -2       71
  MINIMUM         32   1242 AM   5    1903  27      5       49
  AVERAGE         38                        36      2       60

PRECIPITATION (IN)
  TODAY            0.01          1.76 1927   0.10  -0.09      T
  MONTH TO DATE    4.62                      1.95   2.67     0.46
  SINCE DEC 1      6.57                      8.37  -1.80     5.92
  SINCE JAN 1      5.62                      5.00   0.62     3.15

SNOWFALL (IN)
  TODAY            0.0          16.4  1979   0.3   -0.3
  MONTH TO DATE    2.2                       5.9   -3.7
  SINCE JUL 1      8.7                      16.1   -7.4
  SNOW DEPTH       0

DEGREE DAYS
 HEATING
  TODAY           27                        29     -2        5
  MONTH TO DATE  516                       573    -57      450
  SINCE DEC 1   2438                      2445     -7     2066
  SINCE JUL 1   3185                      3349   -164     2765

 COOLING
  TODAY            0                         0      0        0
  MONTH TO DATE    0                         0      0        0
  SINCE DEC 1      0                         0      0        0
  SINCE JAN 1      0                         0      0        0
..................................................................


WIND (MPH)
  HIGHEST WIND SPEED     7   HIGHEST WIND DIRECTION    SE (150)
  HIGHEST GUST SPEED     9   HIGHEST GUST DIRECTION     S (190)
  AVERAGE WIND SPEED     1.2


SKY COVER
  POSSIBLE SUNSHINE  MM
  AVERAGE SKY COVER 0.9


WEATHER CONDITIONS
 THE FOLLOWING WEATHER WAS RECORDED TODAY.
  LIGHT RAIN
  FOG


RELATIVE HUMIDITY (PERCENT)
 HIGHEST   100           200 AM
 LOWEST     89          1200 AM
 AVERAGE    95

..........................................................


THE BALTIMORE MD CLIMATE NORMALS FOR TOMORROW
                         NORMAL    RECORD    YEAR
 MAXIMUM TEMPERATURE (F)   46        76      1930
 MINIMUM TEMPERATURE (F)   27         1      2015


SUNRISE AND SUNSET
FEBRUARY 19 2018......SUNRISE   653 AM EST   SUNSET   548 PM EST
FEBRUARY 20 2018......SUNRISE   652 AM EST   SUNSET   549 PM EST


-  INDICATES NEGATIVE NUMBERS.
R  INDICATES RECORD WAS SET OR TIED.
MM INDICATES DATA IS MISSING.
T  INDICATES TRACE AMOUNT.




$$
