000
CDUS41 KLWX 220536
CLIBWI


CLIMATE REPORT
NATIONAL WEATHER SERVICE BALTIMORE MD/WASHINGTON DC
136 AM EDT SAT JUL 22 2017


...................................

...THE BALTIMORE MD CLIMATE SUMMARY FOR JULY 21 2017...

CLIMATE NORMAL PERIOD 1981 TO 2010
CLIMATE RECORD PERIOD 1871 TO 2017


WEATHER ITEM   OBSERVED TIME   RECORD YEAR NORMAL DEPARTURE LAST
                VALUE   (LST)  VALUE       VALUE  FROM      YEAR
                                                  NORMAL
..................................................................
TEMPERATURE (F)
 YESTERDAY
  MAXIMUM         93    306 PM 104    1930  87      6       90
  MINIMUM         75    505 AM  53    1966  67      8       63
  AVERAGE         84                        77      7       77

PRECIPITATION (IN)
  YESTERDAY        T             2.76 1887   0.14  -0.14     0.00
  MONTH TO DATE    2.66                      2.72  -0.06     3.14
  SINCE JUN 1      4.06                      6.18  -2.12     6.34
  SINCE JAN 1     21.19                     23.21  -2.02    24.19

SNOWFALL (IN)
  YESTERDAY        0.0          MM      MM   0.0    0.0
  MONTH TO DATE    0.0                       0.0    0.0
  SINCE JUL 1      0.0                       0.0    0.0
  SNOW DEPTH       0

DEGREE DAYS
 HEATING
  YESTERDAY        0                         0      0        0
  MONTH TO DATE    0                         0      0        0
  SINCE JUN 1     11                        15     -4        4
  SINCE JUL 1      0                         0      0        0

 COOLING
  YESTERDAY       19                        12      7       12
  MONTH TO DATE  322                       250     72      278
  SINCE JUN 1    601                       488    113      528
  SINCE JAN 1    709                       572    137      630
..................................................................


WIND (MPH)
  HIGHEST WIND SPEED    13   HIGHEST WIND DIRECTION    SE (140)
  HIGHEST GUST SPEED    17   HIGHEST GUST DIRECTION     N (350)
  AVERAGE WIND SPEED     4.6


SKY COVER
  POSSIBLE SUNSHINE  MM
  AVERAGE SKY COVER 0.7


WEATHER CONDITIONS
 THE FOLLOWING WEATHER WAS RECORDED YESTERDAY.
  LIGHT RAIN


RELATIVE HUMIDITY (PERCENT)
 HIGHEST    85          1100 PM
 LOWEST     47          1200 PM
 AVERAGE    66

..........................................................


THE BALTIMORE MD CLIMATE NORMALS FOR TODAY
                         NORMAL    RECORD    YEAR
 MAXIMUM TEMPERATURE (F)   87       106      2011
 MINIMUM TEMPERATURE (F)   67        53      1966


SUNRISE AND SUNSET
JULY 22 2017..........SUNRISE   559 AM EDT   SUNSET   827 PM EDT
JULY 23 2017..........SUNRISE   559 AM EDT   SUNSET   826 PM EDT


-  INDICATES NEGATIVE NUMBERS.
R  INDICATES RECORD WAS SET OR TIED.
MM INDICATES DATA IS MISSING.
T  INDICATES TRACE AMOUNT.




$$
