000
CDUS41 KLWX 230529
CLIBWI


CLIMATE REPORT
NATIONAL WEATHER SERVICE BALTIMORE MD/WASHINGTON DC
1229 AM EST THU NOV 23 2017


...................................

...THE BALTIMORE MD CLIMATE SUMMARY FOR NOVEMBER 22 2017...

CLIMATE NORMAL PERIOD 1981 TO 2010
CLIMATE RECORD PERIOD 1871 TO 2017


WEATHER ITEM   OBSERVED TIME   RECORD YEAR NORMAL DEPARTURE LAST
                VALUE   (LST)  VALUE       VALUE  FROM      YEAR
                                                  NORMAL
..................................................................
TEMPERATURE (F)
 YESTERDAY
  MAXIMUM         57   1130 AM  76    1940  54      3       48
  MINIMUM         31   1159 PM  15    1880  35     -4       30
  AVERAGE         44                        44      0       39

PRECIPITATION (IN)
  YESTERDAY        0.01          1.26 2006   0.12  -0.11     0.00
  MONTH TO DATE    2.13                      2.40  -0.27     0.22
  SINCE SEP 1      7.07                      9.76  -2.69     5.36
  SINCE JAN 1     37.31                     37.61  -0.30    36.46

SNOWFALL (IN)
  YESTERDAY        0.0           2.0  1989   0.1   -0.1
  MONTH TO DATE    0.0                       0.2   -0.2
  SINCE JUL 1      0.0                       0.2   -0.2
  SNOW DEPTH       0

DEGREE DAYS
 HEATING
  YESTERDAY       21                        21      0       26
  MONTH TO DATE  392                       379     13      333
  SINCE SEP 1    583                       725   -142      546
  SINCE JUL 1    583                       726   -143      546

 COOLING
  YESTERDAY        0                         0      0        0
  MONTH TO DATE    0                         0      0        0
  SINCE SEP 1    224                       153     71      284
  SINCE JAN 1   1316                      1163    153     1551
..................................................................


WIND (MPH)
  HIGHEST WIND SPEED    29   HIGHEST WIND DIRECTION     W (290)
  HIGHEST GUST SPEED    37   HIGHEST GUST DIRECTION     W (290)
  AVERAGE WIND SPEED    10.1


SKY COVER
  POSSIBLE SUNSHINE  MM
  AVERAGE SKY COVER 0.5


WEATHER CONDITIONS
 THE FOLLOWING WEATHER WAS RECORDED YESTERDAY.
  LIGHT RAIN


RELATIVE HUMIDITY (PERCENT)
 HIGHEST   100           700 AM
 LOWEST     42           300 PM
 AVERAGE    71

..........................................................


THE BALTIMORE MD CLIMATE NORMALS FOR TODAY
                         NORMAL    RECORD    YEAR
 MAXIMUM TEMPERATURE (F)   53        74      1979
 MINIMUM TEMPERATURE (F)   35        16      1880


SUNRISE AND SUNSET
NOVEMBER 23 2017......SUNRISE   659 AM EST   SUNSET   447 PM EST
NOVEMBER 24 2017......SUNRISE   700 AM EST   SUNSET   447 PM EST


-  INDICATES NEGATIVE NUMBERS.
R  INDICATES RECORD WAS SET OR TIED.
MM INDICATES DATA IS MISSING.
T  INDICATES TRACE AMOUNT.




$$
