000
CDUS41 KLWX 290523
CLIBWI


CLIMATE REPORT
NATIONAL WEATHER SERVICE BALTIMORE MD/WASHINGTON DC
122 AM EDT TUE JUL 29 2014


...................................

...THE BALTIMORE MD CLIMATE SUMMARY FOR JULY 28 2014...

CLIMATE NORMAL PERIOD 1981 TO 2010
CLIMATE RECORD PERIOD 1870 TO 2014


WEATHER ITEM   OBSERVED TIME   RECORD YEAR NORMAL DEPARTURE LAST
                VALUE   (LST)  VALUE       VALUE  FROM      YEAR
                                                  NORMAL
..................................................................
TEMPERATURE (F)
 YESTERDAY
  MAXIMUM         86    203 PM 103    1941  87     -1       87
  MINIMUM         65   1159 PM  54    1962  67     -2       70
  AVERAGE         76                        77     -1       79

PRECIPITATION (IN)
  YESTERDAY        0.00          2.28 1871   0.13  -0.13      T
  MONTH TO DATE    2.80                      3.67  -0.87     2.77
  SINCE JUN 1      6.75                      7.13  -0.38    10.58
  SINCE JAN 1     30.37                     24.16   6.21    24.44

SNOWFALL (IN)
  YESTERDAY        0.0          MM      MM   0.0    0.0
  MONTH TO DATE    0.0                       0.0    0.0
  SINCE JUL 1      0.0                       0.0    0.0
  SNOW DEPTH       0

DEGREE DAYS
 HEATING
  YESTERDAY        0                         0      0        0
  MONTH TO DATE    0                         0      0        0
  SINCE JUN 1      2                        15    -13        0
  SINCE JUL 1      0                         0      0        0

 COOLING
  YESTERDAY       11                        12     -1       14
  MONTH TO DATE  321                       334    -13      421
  SINCE JUN 1    577                       572      5      698
  SINCE JAN 1    662                       656      6      829
..................................................................


WIND (MPH)
  HIGHEST WIND SPEED    29   HIGHEST WIND DIRECTION     W (270)
  HIGHEST GUST SPEED    39   HIGHEST GUST DIRECTION     W (280)
  AVERAGE WIND SPEED    11.6


SKY COVER
  POSSIBLE SUNSHINE  MM
  AVERAGE SKY COVER 0.6


WEATHER CONDITIONS
 THE FOLLOWING WEATHER WAS RECORDED YESTERDAY.
  NO SIGNIFICANT WEATHER WAS OBSERVED.


RELATIVE HUMIDITY (PERCENT)
 HIGHEST   100           300 AM
 LOWEST     32           200 PM
 AVERAGE    66

..........................................................


THE BALTIMORE MD CLIMATE NORMALS FOR TODAY
                         NORMAL    RECORD    YEAR
 MAXIMUM TEMPERATURE (F)   87       101      2011
 MINIMUM TEMPERATURE (F)   67        59      1978


SUNRISE AND SUNSET
JULY 29 2014..........SUNRISE   604 AM EDT   SUNSET   821 PM EDT
JULY 30 2014..........SUNRISE   605 AM EDT   SUNSET   820 PM EDT


-  INDICATES NEGATIVE NUMBERS.
R  INDICATES RECORD WAS SET OR TIED.
MM INDICATES DATA IS MISSING.
T  INDICATES TRACE AMOUNT.




$$
