354
CDUS41 KLWX 300525
CLIBWI


CLIMATE REPORT
NATIONAL WEATHER SERVICE BALTIMORE MD/WASHINGTON DC
125 AM EDT THU MAR 30 2017


...................................

...THE BALTIMORE MD CLIMATE SUMMARY FOR MARCH 29 2017...

CLIMATE NORMAL PERIOD 1981 TO 2010
CLIMATE RECORD PERIOD 1870 TO 2017


WEATHER ITEM   OBSERVED TIME   RECORD YEAR NORMAL DEPARTURE LAST
                VALUE   (LST)  VALUE       VALUE  FROM      YEAR
                                                  NORMAL
..................................................................
TEMPERATURE (F)
 YESTERDAY
  MAXIMUM         64    332 PM  90    1945  58      6       58
  MINIMUM         48   1156 PM  18    1923  37     11       38
  AVERAGE         56                        48      8       48

PRECIPITATION (IN)
  YESTERDAY        0.00          2.05 1942   0.14  -0.14     0.00
  MONTH TO DATE    2.37                      3.64  -1.27     2.10
  SINCE MAR 1      2.37                      3.64  -1.27     2.10
  SINCE JAN 1      6.52                      9.59  -3.07    11.30

SNOWFALL (IN)
  YESTERDAY        0.0          21.9  1942   0.0    0.0
  MONTH TO DATE    2.3                       1.9    0.4
  SINCE JUL 1      3.0                      20.1  -17.1
  SNOW DEPTH       0

DEGREE DAYS
 HEATING
  YESTERDAY        9                        17     -8       17
  MONTH TO DATE  610                       633    -23      437
  SINCE MAR 1    610                       633    -23      437
  SINCE JUL 1   3501                      4228   -727     3458

 COOLING
  YESTERDAY        0                         0      0        0
  MONTH TO DATE    0                         0      0        4
  SINCE MAR 1      0                         0      0        4
  SINCE JAN 1      0                         0      0        4
..................................................................


WIND (MPH)
  HIGHEST WIND SPEED    16   HIGHEST WIND DIRECTION    NE (30)
  HIGHEST GUST SPEED    25   HIGHEST GUST DIRECTION     N (360)
  AVERAGE WIND SPEED     9.0


SKY COVER
  POSSIBLE SUNSHINE  MM
  AVERAGE SKY COVER 0.5


WEATHER CONDITIONS
 THE FOLLOWING WEATHER WAS RECORDED YESTERDAY.
  NO SIGNIFICANT WEATHER WAS OBSERVED.


RELATIVE HUMIDITY (PERCENT)
 HIGHEST    80          1200 AM
 LOWEST     30           300 PM
 AVERAGE    55

..........................................................


THE BALTIMORE MD CLIMATE NORMALS FOR TODAY
                         NORMAL    RECORD    YEAR
 MAXIMUM TEMPERATURE (F)   59        89      1998
 MINIMUM TEMPERATURE (F)   38        21      1887


SUNRISE AND SUNSET
MARCH 30 2017.........SUNRISE   654 AM EDT   SUNSET   729 PM EDT
MARCH 31 2017.........SUNRISE   652 AM EDT   SUNSET   730 PM EDT


-  INDICATES NEGATIVE NUMBERS.
R  INDICATES RECORD WAS SET OR TIED.
MM INDICATES DATA IS MISSING.
T  INDICATES TRACE AMOUNT.




$$
