000
CDUS41 KLWX 280528
CLIBWI


CLIMATE REPORT
NATIONAL WEATHER SERVICE BALTIMORE MD/WASHINGTON DC
1228 AM EST FRI NOV 28 2014


...................................

...THE BALTIMORE MD CLIMATE SUMMARY FOR NOVEMBER 27 2014...

CLIMATE NORMAL PERIOD 1981 TO 2010
CLIMATE RECORD PERIOD 1870 TO 2014


WEATHER ITEM   OBSERVED TIME   RECORD YEAR NORMAL DEPARTURE LAST
                VALUE   (LST)  VALUE       VALUE  FROM      YEAR
                                                  NORMAL
..................................................................
TEMPERATURE (F)
 YESTERDAY
  MAXIMUM         46    116 PM  74    1896  52     -6       49
  MINIMUM         33    908 PM  18    1991  33      0       30
                                      1974
                                      1903
  AVERAGE         40                        42     -2       40

PRECIPITATION (IN)
  YESTERDAY        T             1.99 1944   0.11  -0.11     0.66
  MONTH TO DATE    3.36                      2.95   0.41     2.82
  SINCE SEP 1     10.73                     10.31   0.42    12.09
  SINCE JAN 1     49.00                     38.16  10.84    37.66

SNOWFALL (IN)
  YESTERDAY        T             3.5  1978   0.0    0.0
  MONTH TO DATE    0.3                       0.3    0.0
  SINCE JUL 1      0.3                       0.3    0.0
  SNOW DEPTH       0

DEGREE DAYS
 HEATING
  YESTERDAY       25                        23      2       25
  MONTH TO DATE  563                       488     75      535
  SINCE SEP 1    815                       834    -19      824
  SINCE JUL 1    815                       835    -20      824

 COOLING
  YESTERDAY        0                         0      0        0
  MONTH TO DATE    0                         0      0        0
  SINCE SEP 1    167                       153     14      194
  SINCE JAN 1   1084                      1163    -79     1339
..................................................................


WIND (MPH)
  HIGHEST WIND SPEED    14   HIGHEST WIND DIRECTION     W (280)
  HIGHEST GUST SPEED    20   HIGHEST GUST DIRECTION     W (270)
  AVERAGE WIND SPEED     5.6


SKY COVER
  POSSIBLE SUNSHINE  MM
  AVERAGE SKY COVER 0.7


WEATHER CONDITIONS
 THE FOLLOWING WEATHER WAS RECORDED YESTERDAY.
  LIGHT SNOW


RELATIVE HUMIDITY (PERCENT)
 HIGHEST    96           400 AM
 LOWEST     53           200 PM
 AVERAGE    75

..........................................................


THE BALTIMORE MD CLIMATE NORMALS FOR TODAY
                         NORMAL    RECORD    YEAR
 MAXIMUM TEMPERATURE (F)   51        73      1990
 MINIMUM TEMPERATURE (F)   33        15      1951


SUNRISE AND SUNSET
NOVEMBER 28 2014......SUNRISE   704 AM EST   SUNSET   445 PM EST
NOVEMBER 29 2014......SUNRISE   705 AM EST   SUNSET   445 PM EST


-  INDICATES NEGATIVE NUMBERS.
R  INDICATES RECORD WAS SET OR TIED.
MM INDICATES DATA IS MISSING.
T  INDICATES TRACE AMOUNT.




$$
