000
CDUS41 KLWX 090524
CLIBWI


CLIMATE REPORT
NATIONAL WEATHER SERVICE BALTIMORE MD/WASHINGTON DC
1224 AM EST FRI DEC 9 2016


...................................

...THE BALTIMORE MD CLIMATE SUMMARY FOR DECEMBER 8 2016...

CLIMATE NORMAL PERIOD 1981 TO 2010
CLIMATE RECORD PERIOD 1870 TO 2016


WEATHER ITEM   OBSERVED TIME   RECORD YEAR NORMAL DEPARTURE LAST
                VALUE   (LST)  VALUE       VALUE  FROM      YEAR
                                                  NORMAL
..................................................................
TEMPERATURE (F)
 YESTERDAY
  MAXIMUM         47    322 PM  74    1980  47      0       52
  MINIMUM         30    326 AM  10    1882  30      0       29
  AVERAGE         39                        39      0       41

PRECIPITATION (IN)
  YESTERDAY        T             1.56 1972   0.11  -0.11     0.00
  MONTH TO DATE    1.23                      0.94   0.29     1.01
  SINCE DEC 1      1.23                      0.94   0.29     1.01
  SINCE JAN 1     38.98                     39.45  -0.47    46.32

SNOWFALL (IN)
  YESTERDAY        0.0           4.1  1989   0.1   -0.1
  MONTH TO DATE    T                         0.6   -0.6
  SINCE JUL 1      T                         1.0   -1.0
  SNOW DEPTH       0

DEGREE DAYS
 HEATING
  YESTERDAY       26                        26      0       24
  MONTH TO DATE  144                       201    -57      170
  SINCE DEC 1    144                       201    -57      170
  SINCE JUL 1    843                      1105   -262      890

 COOLING
  YESTERDAY        0                         0      0        0
  MONTH TO DATE    0                         0      0        0
  SINCE DEC 1      0                         0      0        0
  SINCE JAN 1   1551                      1164    387     1416
..................................................................


WIND (MPH)
  HIGHEST WIND SPEED    24   HIGHEST WIND DIRECTION    NW (300)
  HIGHEST GUST SPEED    31   HIGHEST GUST DIRECTION    NW (320)
  AVERAGE WIND SPEED     9.5


SKY COVER
  POSSIBLE SUNSHINE  MM
  AVERAGE SKY COVER 0.7


WEATHER CONDITIONS
 THE FOLLOWING WEATHER WAS RECORDED YESTERDAY.
  NO SIGNIFICANT WEATHER WAS OBSERVED.


RELATIVE HUMIDITY (PERCENT)
 HIGHEST   100           100 AM
 LOWEST     33           400 PM
 AVERAGE    67

..........................................................


THE BALTIMORE MD CLIMATE NORMALS FOR TODAY
                         NORMAL    RECORD    YEAR
 MAXIMUM TEMPERATURE (F)   47        73      1966
 MINIMUM TEMPERATURE (F)   30         4      1876


SUNRISE AND SUNSET
DECEMBER  9 2016......SUNRISE   715 AM EST   SUNSET   444 PM EST
DECEMBER 10 2016......SUNRISE   716 AM EST   SUNSET   444 PM EST


-  INDICATES NEGATIVE NUMBERS.
R  INDICATES RECORD WAS SET OR TIED.
MM INDICATES DATA IS MISSING.
T  INDICATES TRACE AMOUNT.




$$
