000
CDUS45 KRIW 290728
CLIBYG


CLIMATE REPORT
NATIONAL WEATHER SERVICE RIVERTON WY
127 AM MDT MON MAY 29 2017


...................................

...THE BUFFALO WY CLIMATE SUMMARY FOR MAY 28 2017...

CLIMATE NORMAL PERIOD 1981 TO 2010
CLIMATE RECORD PERIOD 1998 TO 2017


WEATHER ITEM   OBSERVED TIME   RECORD YEAR NORMAL DEPARTURE LAST
                VALUE   (LST)  VALUE       VALUE  FROM      YEAR
                                                  NORMAL
..................................................................
TEMPERATURE (F)
 YESTERDAY
  MAXIMUM         69    203 PM  90    2014  67      2       64
  MINIMUM         49    509 AM  36    2012  43      6       45
                                      2011
  AVERAGE         59                        55      4       55

PRECIPITATION (IN)
  YESTERDAY        0.00          0.17 2007   0.07  -0.07     0.01
  MONTH TO DATE    2.65                      2.28   0.37     1.44
  SINCE MAR 1      7.85                      4.50   3.35     4.26
  SINCE JAN 1      8.28                      5.27   3.01     4.85

DEGREE DAYS
 HEATING
  YESTERDAY        6                        10     -4       10
  MONTH TO DATE  324                       380    -56      322
  SINCE MAR 1   1579                      1984   -405     1476
  SINCE JUL 1   6421                      7224   -803     5867

 COOLING
  YESTERDAY        0                         0      0        0
  MONTH TO DATE   11                         0     11        4
  SINCE MAR 1     11                         0     11        5
  SINCE JAN 1     11                         0     11        5
..................................................................


WIND (MPH)
  HIGHEST WIND SPEED    41   HIGHEST WIND DIRECTION     N (350)
  HIGHEST GUST SPEED    51   HIGHEST GUST DIRECTION     N (350)
  AVERAGE WIND SPEED    16.6


SKY COVER
  POSSIBLE SUNSHINE  MM
  AVERAGE SKY COVER 0.2


WEATHER CONDITIONS
 THE FOLLOWING WEATHER WAS RECORDED YESTERDAY.
  THUNDERSTORM


RELATIVE HUMIDITY (PERCENT)
 HIGHEST    59          1200 AM
 LOWEST     28           200 PM
 AVERAGE    44

..........................................................


THE BUFFALO WY CLIMATE NORMALS FOR TODAY
                         NORMAL    RECORD    YEAR
 MAXIMUM TEMPERATURE (F)   67        83      2003
 MINIMUM TEMPERATURE (F)   43        33      2012
                                             2011


SUNRISE AND SUNSET
MAY 29 2017...........SUNRISE   527 AM MDT   SUNSET   842 PM MDT
MAY 30 2017...........SUNRISE   527 AM MDT   SUNSET   843 PM MDT


-  INDICATES NEGATIVE NUMBERS.
R  INDICATES RECORD WAS SET OR TIED.
MM INDICATES DATA IS MISSING.
T  INDICATES TRACE AMOUNT.




$$
