049
CDUS45 KRIW 220735
CLIBYG


CLIMATE REPORT
NATIONAL WEATHER SERVICE RIVERTON WY
135 AM MDT FRI MAY 22 2015


...................................

...THE BUFFALO WY CLIMATE SUMMARY FOR MAY 21 2015...

CLIMATE NORMAL PERIOD 1981 TO 2010
CLIMATE RECORD PERIOD 1998 TO 2015


WEATHER ITEM   OBSERVED TIME   RECORD YEAR NORMAL DEPARTURE LAST
                VALUE   (LST)  VALUE       VALUE  FROM      YEAR
                                                  NORMAL
..................................................................
TEMPERATURE (F)
 YESTERDAY
  MAXIMUM         59    350 PM  85    2006  65     -6       62
  MINIMUM         36R   407 AM  37    2003  42     -6       46
  AVERAGE         48                        53     -5       54

PRECIPITATION (IN)
  YESTERDAY        0.00          0.57 2008   0.10  -0.10     0.02
  MONTH TO DATE    2.22                      1.72   0.50     1.51
  SINCE MAR 1      3.08                      3.94  -0.86     3.23
  SINCE JAN 1      3.72                      4.71  -0.99     3.59

DEGREE DAYS
 HEATING
  YESTERDAY       17                        12      5       11
  MONTH TO DATE  364                       302     62      360
  SINCE MAR 1   1619                      1906   -287     2018
  SINCE JUL 1   6315                      7146   -831     7262

 COOLING
  YESTERDAY        0                         0      0        0
  MONTH TO DATE    0                         0      0        0
  SINCE MAR 1      0                         0      0        0
  SINCE JAN 1      0                         0      0        0
..................................................................


WIND (MPH)
  HIGHEST WIND SPEED    20   HIGHEST WIND DIRECTION    SE (140)
  HIGHEST GUST SPEED    26   HIGHEST GUST DIRECTION    SE (150)
  AVERAGE WIND SPEED    14.1


SKY COVER
  POSSIBLE SUNSHINE  MM
  AVERAGE SKY COVER 0.5


WEATHER CONDITIONS
 THE FOLLOWING WEATHER WAS RECORDED YESTERDAY.
  NO SIGNIFICANT WEATHER WAS OBSERVED.


RELATIVE HUMIDITY (PERCENT)
 HIGHEST    92           100 AM
 LOWEST     53           100 PM
 AVERAGE    73

..........................................................


THE BUFFALO WY CLIMATE NORMALS FOR TODAY
                         NORMAL    RECORD    YEAR
 MAXIMUM TEMPERATURE (F)   65        87      2006
 MINIMUM TEMPERATURE (F)   42        31      2002


SUNRISE AND SUNSET
MAY 22 2015...........SUNRISE   533 AM MDT   SUNSET   835 PM MDT
MAY 23 2015...........SUNRISE   532 AM MDT   SUNSET   836 PM MDT


-  INDICATES NEGATIVE NUMBERS.
R  INDICATES RECORD WAS SET OR TIED.
MM INDICATES DATA IS MISSING.
T  INDICATES TRACE AMOUNT.




$$
