000
CDUS45 KRIW 200733
CLIBYG


CLIMATE REPORT
NATIONAL WEATHER SERVICE RIVERTON WY
129 AM MDT SAT SEP 20 2014


...................................

...THE BUFFALO WY CLIMATE SUMMARY FOR SEPTEMBER 19 2014...

CLIMATE NORMAL PERIOD 1981 TO 2010
CLIMATE RECORD PERIOD 1998 TO 2014


WEATHER ITEM   OBSERVED TIME   RECORD YEAR NORMAL DEPARTURE LAST
                VALUE   (LST)  VALUE       VALUE  FROM      YEAR
                                                  NORMAL
..................................................................
TEMPERATURE (F)
 YESTERDAY
  MAXIMUM         76    215 PM  94    2010  69      7       57
  MINIMUM         54   1154 PM  38    2010  43     11       44
                                      2000
  AVERAGE         65                        56      9       51

PRECIPITATION (IN)
  YESTERDAY        0.01          0.35 2000   0.05  -0.04     0.01
  MONTH TO DATE    0.84                      0.72   0.12     2.02
  SINCE SEP 1      0.84                      0.72   0.12     2.02
  SINCE JAN 1     11.05                     10.99   0.06     6.44

DEGREE DAYS
 HEATING
  YESTERDAY        0                         9     -9       14
  MONTH TO DATE  187                       117     70       29
  SINCE SEP 1    187                       117     70       29
  SINCE JUL 1    246                       182     64       30

 COOLING
  YESTERDAY        0                         1     -1        0
  MONTH TO DATE   26                        40    -14       93
  SINCE SEP 1     26                        40    -14       93
  SINCE JAN 1    360                       486   -126      707
..................................................................


WIND (MPH)
  HIGHEST WIND SPEED    20   HIGHEST WIND DIRECTION    NW (320)
  HIGHEST GUST SPEED    28   HIGHEST GUST DIRECTION    NW (330)
  AVERAGE WIND SPEED     9.3


SKY COVER
  POSSIBLE SUNSHINE  MM
  AVERAGE SKY COVER 0.3


WEATHER CONDITIONS
 THE FOLLOWING WEATHER WAS RECORDED YESTERDAY.
  LIGHT RAIN


RELATIVE HUMIDITY (PERCENT)
 HIGHEST    78          1200 AM
 LOWEST     38          1100 AM
 AVERAGE    58

..........................................................


THE BUFFALO WY CLIMATE NORMALS FOR TODAY
                         NORMAL    RECORD    YEAR
 MAXIMUM TEMPERATURE (F)   69        81      2007
 MINIMUM TEMPERATURE (F)   43        34      2000


SUNRISE AND SUNSET
SEPTEMBER 20 2014.....SUNRISE   652 AM MDT   SUNSET   708 PM MDT
SEPTEMBER 21 2014.....SUNRISE   653 AM MDT   SUNSET   706 PM MDT


-  INDICATES NEGATIVE NUMBERS.
R  INDICATES RECORD WAS SET OR TIED.
MM INDICATES DATA IS MISSING.
T  INDICATES TRACE AMOUNT.




$$
