303
CDUS45 KRIW 190740
CLIBYG


CLIMATE REPORT
NATIONAL WEATHER SERVICE RIVERTON WY
1239 AM MST SUN NOV 19 2017


...................................

...THE BUFFALO WY CLIMATE SUMMARY FOR NOVEMBER 18 2017...

CLIMATE NORMAL PERIOD 1981 TO 2010
CLIMATE RECORD PERIOD 1998 TO 2017


WEATHER ITEM   OBSERVED TIME   RECORD YEAR NORMAL DEPARTURE LAST
                VALUE   (LST)  VALUE       VALUE  FROM      YEAR
                                                  NORMAL
..................................................................
TEMPERATURE (F)
 YESTERDAY
  MAXIMUM         34    323 PM  68    2008  44    -10       29
  MINIMUM         19    746 AM  12    2000  22     -3       16
  AVERAGE         27                        33     -6       23

PRECIPITATION (IN)
  YESTERDAY        0.01          0.50 2011   0.01   0.00     0.00
  MONTH TO DATE    0.61                      0.31   0.30     0.49
  SINCE SEP 1      2.67                      2.55   0.12     5.72
  SINCE JAN 1     14.57                     12.82   1.75    12.04

DEGREE DAYS
 HEATING
  YESTERDAY       38                        32      6       42
  MONTH TO DATE  578                       506     72      240
  SINCE SEP 1   1380                      1347     33      814
  SINCE JUL 1   1402                      1412    -10      853

 COOLING
  YESTERDAY        0                         0      0        0
  MONTH TO DATE    0                         0      0        0
  SINCE SEP 1     90                        46     44       38
  SINCE JAN 1    622                       492    130      632
..................................................................


WIND (MPH)
  HIGHEST WIND SPEED    31   HIGHEST WIND DIRECTION    NW (330)
  HIGHEST GUST SPEED    39   HIGHEST GUST DIRECTION    NW (330)
  AVERAGE WIND SPEED     9.6


SKY COVER
  POSSIBLE SUNSHINE  MM
  AVERAGE SKY COVER 0.0


WEATHER CONDITIONS
 THE FOLLOWING WEATHER WAS RECORDED YESTERDAY.
  NO SIGNIFICANT WEATHER WAS OBSERVED.


RELATIVE HUMIDITY (PERCENT)
 HIGHEST    55           500 PM
 LOWEST     36           300 AM
 AVERAGE    46

..........................................................


THE BUFFALO WY CLIMATE NORMALS FOR TODAY
                         NORMAL    RECORD    YEAR
 MAXIMUM TEMPERATURE (F)   43        65      2003
 MINIMUM TEMPERATURE (F)   22        -5      2011


SUNRISE AND SUNSET
NOVEMBER 19 2017......SUNRISE   709 AM MST   SUNSET   436 PM MST
NOVEMBER 20 2017......SUNRISE   710 AM MST   SUNSET   435 PM MST


-  INDICATES NEGATIVE NUMBERS.
R  INDICATES RECORD WAS SET OR TIED.
MM INDICATES DATA IS MISSING.
T  INDICATES TRACE AMOUNT.




$$
