000
CDUS45 KRIW 270745
CLIBYG


CLIMATE REPORT
NATIONAL WEATHER SERVICE RIVERTON WY
127 AM MDT FRI MAR 27 2015


...................................

...THE BUFFALO WY CLIMATE SUMMARY FOR MARCH 26 2015...

CLIMATE NORMAL PERIOD 1981 TO 2010
CLIMATE RECORD PERIOD 1998 TO 2015


WEATHER ITEM   OBSERVED TIME   RECORD YEAR NORMAL DEPARTURE LAST
                VALUE   (LST)  VALUE       VALUE  FROM      YEAR
                                                  NORMAL
..................................................................
TEMPERATURE (F)
 YESTERDAY
  MAXIMUM         55    346 PM  73    2012  49      6       49
  MINIMUM         37    517 AM   8    2009  26     11       32
  AVERAGE         46                        37      9       41

PRECIPITATION (IN)
  YESTERDAY        T             0.37 2003   0.04  -0.04     0.02
  MONTH TO DATE    0.08                      0.71  -0.63     0.31
  SINCE MAR 1      0.08                      0.71  -0.63     0.31
  SINCE JAN 1      0.72                      1.48  -0.76     0.67

DEGREE DAYS
 HEATING
  YESTERDAY       19                        28     -9       24
  MONTH TO DATE  625                       815   -190      849
  SINCE MAR 1    625                       815   -190      849
  SINCE JUL 1   5321                      6055   -734     6093

 COOLING
  YESTERDAY        0                         0      0        0
  MONTH TO DATE    0                         0      0        0
  SINCE MAR 1      0                         0      0        0
  SINCE JAN 1      0                         0      0        0
..................................................................


WIND (MPH)
  HIGHEST WIND SPEED    26   HIGHEST WIND DIRECTION     N (340)
  HIGHEST GUST SPEED    39   HIGHEST GUST DIRECTION     N (340)
  AVERAGE WIND SPEED    10.5


SKY COVER
  POSSIBLE SUNSHINE  MM
  AVERAGE SKY COVER 1.0


WEATHER CONDITIONS
 THE FOLLOWING WEATHER WAS RECORDED YESTERDAY.
  NO SIGNIFICANT WEATHER WAS OBSERVED.


RELATIVE HUMIDITY (PERCENT)
 HIGHEST    73           700 AM
 LOWEST     46           200 PM
 AVERAGE    60

..........................................................


THE BUFFALO WY CLIMATE NORMALS FOR TODAY
                         NORMAL    RECORD    YEAR
 MAXIMUM TEMPERATURE (F)   49        67      2007
 MINIMUM TEMPERATURE (F)   26         7      2009


SUNRISE AND SUNSET
MARCH 27 2015.........SUNRISE   657 AM MDT   SUNSET   728 PM MDT
MARCH 28 2015.........SUNRISE   656 AM MDT   SUNSET   729 PM MDT


-  INDICATES NEGATIVE NUMBERS.
R  INDICATES RECORD WAS SET OR TIED.
MM INDICATES DATA IS MISSING.
T  INDICATES TRACE AMOUNT.




$$
