000
CDUS45 KRIW 270739
CLIBYG


CLIMATE REPORT
NATIONAL WEATHER SERVICE RIVERTON WY
138 AM MDT FRI MAY 27 2016


...................................

...THE BUFFALO WY CLIMATE SUMMARY FOR MAY 26 2016...

CLIMATE NORMAL PERIOD 1981 TO 2010
CLIMATE RECORD PERIOD 1998 TO 2016


WEATHER ITEM   OBSERVED TIME   RECORD YEAR NORMAL DEPARTURE LAST
                VALUE   (LST)  VALUE       VALUE  FROM      YEAR
                                                  NORMAL
..................................................................
TEMPERATURE (F)
 YESTERDAY
  MAXIMUM         63    129 PM  83    2006  66     -3       67
  MINIMUM         41    233 AM  31    2007  43     -2       42
  AVERAGE         52                        54     -2       55

PRECIPITATION (IN)
  YESTERDAY        T             0.78 2008   0.07  -0.07      T
  MONTH TO DATE    1.35                      2.14  -0.79     5.41
  SINCE MAR 1      4.17                      4.36  -0.19     6.27
  SINCE JAN 1      4.76                      5.13  -0.37     6.91

DEGREE DAYS
 HEATING
  YESTERDAY       13                        11      2       10
  MONTH TO DATE  300                       359    -59      434
  SINCE MAR 1   1454                      1963   -509     1689
  SINCE JUL 1   5845                      7203  -1358     6385

 COOLING
  YESTERDAY        0                         0      0        0
  MONTH TO DATE    4                         0      4        0
  SINCE MAR 1      5                         0      5        0
  SINCE JAN 1      5                         0      5        0
..................................................................


WIND (MPH)
  HIGHEST WIND SPEED    29   HIGHEST WIND DIRECTION    NW (300)
  HIGHEST GUST SPEED    35   HIGHEST GUST DIRECTION     W (290)
  AVERAGE WIND SPEED    10.4


SKY COVER
  POSSIBLE SUNSHINE  MM
  AVERAGE SKY COVER 0.5


WEATHER CONDITIONS
 THE FOLLOWING WEATHER WAS RECORDED YESTERDAY.
  THUNDERSTORM
  LIGHT RAIN


RELATIVE HUMIDITY (PERCENT)
 HIGHEST    83           200 AM
 LOWEST     43           200 PM
 AVERAGE    63

..........................................................


THE BUFFALO WY CLIMATE NORMALS FOR TODAY
                         NORMAL    RECORD    YEAR
 MAXIMUM TEMPERATURE (F)   67        84      2010
 MINIMUM TEMPERATURE (F)   43        33      2008


SUNRISE AND SUNSET
MAY 27 2016...........SUNRISE   528 AM MDT   SUNSET   840 PM MDT
MAY 28 2016...........SUNRISE   528 AM MDT   SUNSET   841 PM MDT


-  INDICATES NEGATIVE NUMBERS.
R  INDICATES RECORD WAS SET OR TIED.
MM INDICATES DATA IS MISSING.
T  INDICATES TRACE AMOUNT.




$$
