000
CDUS45 KRIW 040740
CLIBYG


CLIMATE REPORT
NATIONAL WEATHER SERVICE RIVERTON WY
138 AM MDT SAT JUL 4 2015


...................................

...THE BUFFALO WY CLIMATE SUMMARY FOR JULY 3 2015...

CLIMATE NORMAL PERIOD 1981 TO 2010
CLIMATE RECORD PERIOD 1998 TO 2015


WEATHER ITEM   OBSERVED TIME   RECORD YEAR NORMAL DEPARTURE LAST
                VALUE   (LST)  VALUE       VALUE  FROM      YEAR
                                                  NORMAL
..................................................................
TEMPERATURE (F)
 YESTERDAY
  MAXIMUM         86    427 PM 100    2012  82      4       88
  MINIMUM         56    512 AM  50    2008  54      2       51
  AVERAGE         71                        68      3       70

PRECIPITATION (IN)
  YESTERDAY        T             0.20 2006   0.05  -0.05     0.13
  MONTH TO DATE    0.07                      0.15  -0.08     0.13
  SINCE JUN 1      3.30                      2.43   0.87     3.04
  SINCE JAN 1     10.56                      7.95   2.61     6.80

DEGREE DAYS
 HEATING
  YESTERDAY        0                         2     -2        0
  MONTH TO DATE    0                         6     -6        8
  SINCE JUN 1     54                       169   -115      214
  SINCE JUL 1      0                         6     -6        8

 COOLING
  YESTERDAY        6                         5      1        5
  MONTH TO DATE   17                        13      4        5
  SINCE JUN 1     87                        64     23       10
  SINCE JAN 1     87                        71     16       21
..................................................................


WIND (MPH)
  HIGHEST WIND SPEED    13   HIGHEST WIND DIRECTION     S (190)
  HIGHEST GUST SPEED    16   HIGHEST GUST DIRECTION     S (200)
  AVERAGE WIND SPEED     4.9


SKY COVER
  POSSIBLE SUNSHINE  MM
  AVERAGE SKY COVER 0.1


WEATHER CONDITIONS
 THE FOLLOWING WEATHER WAS RECORDED YESTERDAY.
  NO SIGNIFICANT WEATHER WAS OBSERVED.


RELATIVE HUMIDITY (PERCENT)
 HIGHEST    80           200 AM
 LOWEST     25          1100 AM
 AVERAGE    53

..........................................................


THE BUFFALO WY CLIMATE NORMALS FOR TODAY
                         NORMAL    RECORD    YEAR
 MAXIMUM TEMPERATURE (F)   82        97      2002
 MINIMUM TEMPERATURE (F)   55        48      2005


SUNRISE AND SUNSET
JULY  4 2015..........SUNRISE   528 AM MDT   SUNSET   854 PM MDT
JULY  5 2015..........SUNRISE   529 AM MDT   SUNSET   854 PM MDT


-  INDICATES NEGATIVE NUMBERS.
R  INDICATES RECORD WAS SET OR TIED.
MM INDICATES DATA IS MISSING.
T  INDICATES TRACE AMOUNT.




$$
