000
CDUS45 KRIW 260730
CLIBYG


CLIMATE REPORT
NATIONAL WEATHER SERVICE RIVERTON WY
129 AM MDT WED JUL 26 2017


...................................

...THE BUFFALO WY CLIMATE SUMMARY FOR JULY 25 2017...

CLIMATE NORMAL PERIOD 1981 TO 2010
CLIMATE RECORD PERIOD 1998 TO 2017


WEATHER ITEM   OBSERVED TIME   RECORD YEAR NORMAL DEPARTURE LAST
                VALUE   (LST)  VALUE       VALUE  FROM      YEAR
                                                  NORMAL
..................................................................
TEMPERATURE (F)
 YESTERDAY
  MAXIMUM         78    746 AM  97    2016  86     -8       97
                                      2011
  MINIMUM         62   1056 PM  48    2004  58      4       60
  AVERAGE         70                        72     -2       79

PRECIPITATION (IN)
  YESTERDAY        0.13          1.24 2005   0.05   0.08     0.00
  MONTH TO DATE    1.03                      1.33  -0.30     0.14
  SINCE JUN 1      2.73                      3.61  -0.88     0.53
  SINCE JAN 1     11.01                      9.13   1.88     5.45

DEGREE DAYS
 HEATING
  YESTERDAY        0                         1     -1        0
  MONTH TO DATE    0                        28    -28        1
  SINCE JUN 1     98                       191    -93       16
  SINCE JUL 1      0                        28    -28        1

 COOLING
  YESTERDAY        5                         8     -3       14
  MONTH TO DATE  268                       158    110      201
  SINCE JUN 1    315                       209    106      336
  SINCE JAN 1    326                       216    110      341
..................................................................


WIND (MPH)
  HIGHEST WIND SPEED    20   HIGHEST WIND DIRECTION     N (350)
  HIGHEST GUST SPEED    25   HIGHEST GUST DIRECTION    NW (330)
  AVERAGE WIND SPEED     8.4


SKY COVER
  POSSIBLE SUNSHINE  MM
  AVERAGE SKY COVER 0.5


WEATHER CONDITIONS
 THE FOLLOWING WEATHER WAS RECORDED YESTERDAY.
  LIGHT RAIN


RELATIVE HUMIDITY (PERCENT)
 HIGHEST    84           800 PM
 LOWEST     33          1200 AM
 AVERAGE    59

..........................................................


THE BUFFALO WY CLIMATE NORMALS FOR TODAY
                         NORMAL    RECORD    YEAR
 MAXIMUM TEMPERATURE (F)   86        96      2010
                                             2008
 MINIMUM TEMPERATURE (F)   58        47      2005


SUNRISE AND SUNSET
JULY 26 2017..........SUNRISE   548 AM MDT   SUNSET   838 PM MDT
JULY 27 2017..........SUNRISE   549 AM MDT   SUNSET   837 PM MDT


-  INDICATES NEGATIVE NUMBERS.
R  INDICATES RECORD WAS SET OR TIED.
MM INDICATES DATA IS MISSING.
T  INDICATES TRACE AMOUNT.




$$
