000
CDUS45 KRIW 020736
CLIBYG


CLIMATE REPORT
NATIONAL WEATHER SERVICE RIVERTON WY
136 AM MDT WED SEP 2 2015


...................................

...THE BUFFALO WY CLIMATE SUMMARY FOR SEPTEMBER 1 2015...

CLIMATE NORMAL PERIOD 1981 TO 2010
CLIMATE RECORD PERIOD 1998 TO 2015


WEATHER ITEM   OBSERVED TIME   RECORD YEAR NORMAL DEPARTURE LAST
                VALUE   (LST)  VALUE       VALUE  FROM      YEAR
                                                  NORMAL
..................................................................
TEMPERATURE (F)
 YESTERDAY
  MAXIMUM         91    336 PM  93    2004  79     12       63
  MINIMUM         56    514 AM  39    2008  51      5       47
  AVERAGE         74                        65      9       55

PRECIPITATION (IN)
  YESTERDAY        0.00          0.35 1999   0.03  -0.03     0.06
  MONTH TO DATE    0.00                      0.03  -0.03     0.06
  SINCE SEP 1      0.00                      0.03  -0.03     0.06
  SINCE JAN 1     12.41                     10.30   2.11    10.27

DEGREE DAYS
 HEATING
  YESTERDAY        0                         3     -3       10
  MONTH TO DATE    0                         3     -3       10
  SINCE SEP 1      0                         3     -3       10
  SINCE JUL 1     79                        68     11       69

 COOLING
  YESTERDAY        9                         4      5        0
  MONTH TO DATE    9                         4      5        0
  SINCE SEP 1      9                         4      5        0
  SINCE JAN 1    452                       450      2      334
..................................................................


WIND (MPH)
  HIGHEST WIND SPEED    16   HIGHEST WIND DIRECTION    SW (240)
  HIGHEST GUST SPEED    21   HIGHEST GUST DIRECTION    SW (240)
  AVERAGE WIND SPEED     7.2


SKY COVER
  POSSIBLE SUNSHINE  MM
  AVERAGE SKY COVER 0.0


WEATHER CONDITIONS
 THE FOLLOWING WEATHER WAS RECORDED YESTERDAY.
  NO SIGNIFICANT WEATHER WAS OBSERVED.


RELATIVE HUMIDITY (PERCENT)
 HIGHEST    46           100 AM
 LOWEST     10           200 PM
 AVERAGE    28

..........................................................


THE BUFFALO WY CLIMATE NORMALS FOR TODAY
                         NORMAL    RECORD    YEAR
 MAXIMUM TEMPERATURE (F)   79        94      2013
                                             2007
 MINIMUM TEMPERATURE (F)   51        36      2008


SUNRISE AND SUNSET
SEPTEMBER  2 2015.....SUNRISE   631 AM MDT   SUNSET   742 PM MDT
SEPTEMBER  3 2015.....SUNRISE   632 AM MDT   SUNSET   740 PM MDT


-  INDICATES NEGATIVE NUMBERS.
R  INDICATES RECORD WAS SET OR TIED.
MM INDICATES DATA IS MISSING.
T  INDICATES TRACE AMOUNT.




$$
