000
CDUS45 KPIH 200742
CLIBYI


CLIMATE REPORT
NATIONAL WEATHER SERVICE POCATELLO ID
139 AM MDT WED AUG 20 2014


...................................

...THE BURLEY ID CLIMATE SUMMARY FOR AUGUST 19 2014...

CLIMATE NORMAL PERIOD 1981 TO 2010
CLIMATE RECORD PERIOD 1948 TO 2014


WEATHER ITEM   OBSERVED TIME   RECORD YEAR NORMAL DEPARTURE LAST
                VALUE   (LST)  VALUE       VALUE  FROM      YEAR
                                                  NORMAL
..................................................................
TEMPERATURE (F)
 YESTERDAY
  MAXIMUM         86    300 PM  98    1992  84      2       91
  MINIMUM         59   1224 AM  40    1995  51      8       55
  AVERAGE         73                        68      5       73

PRECIPITATION (IN)
  YESTERDAY        T             0.64 1968   0.01  -0.01     0.00
  MONTH TO DATE    1.40                      0.22   1.18      T
  SINCE OCT 1      8.78                      9.41  -0.63     5.93
  SINCE JAN 1      8.17                      6.58   1.59     2.33

SNOWFALL (IN)
  YESTERDAY       MM
  MONTH TO DATE   MM
  SINCE JUN 1     MM
  SINCE JUL 1     MM
  SNOW DEPTH      MM

DEGREE DAYS
 HEATING
  YESTERDAY        0                         1     -1        0
  MONTH TO DATE    1                        12    -11        0
  SINCE JUN 1    108                       168    -60      101
  SINCE JUL 1      4                        34    -30        0

 COOLING
  YESTERDAY        8                         4      4        8
  MONTH TO DATE  114                        97     17      123
  SINCE JUN 1    385                       304     81      487
  SINCE JAN 1    386                       310     76      497
..................................................................


WIND (MPH)
  HIGHEST WIND SPEED    23   HIGHEST WIND DIRECTION     S (200)
  HIGHEST GUST SPEED    29   HIGHEST GUST DIRECTION     S (180)
  AVERAGE WIND SPEED     9.1


SKY COVER
  POSSIBLE SUNSHINE  MM
  AVERAGE SKY COVER 0.1


WEATHER CONDITIONS
 THE FOLLOWING WEATHER WAS RECORDED YESTERDAY.
  LIGHT RAIN


RELATIVE HUMIDITY (PERCENT)
 HIGHEST    75          1200 AM
 LOWEST     27           300 PM
 AVERAGE    51

..........................................................


THE BURLEY ID CLIMATE NORMALS FOR TODAY
                         NORMAL    RECORD    YEAR
 MAXIMUM TEMPERATURE (F)   84        98      1995
 MINIMUM TEMPERATURE (F)   51        34      1964


SUNRISE AND SUNSET
AUGUST 20 2014........SUNRISE   647 AM MDT   SUNSET   829 PM MDT
AUGUST 21 2014........SUNRISE   648 AM MDT   SUNSET   827 PM MDT


-  INDICATES NEGATIVE NUMBERS.
R  INDICATES RECORD WAS SET OR TIED.
MM INDICATES DATA IS MISSING.
T  INDICATES TRACE AMOUNT.




$$
