000
CDUS45 KPIH 040729
CLIBYI


CLIMATE REPORT
NATIONAL WEATHER SERVICE POCATELLO ID
1229 AM MST SUN DEC 4 2016


...................................

...THE BURLEY ID CLIMATE SUMMARY FOR DECEMBER 3 2016...

CLIMATE NORMAL PERIOD 1981 TO 2010
CLIMATE RECORD PERIOD 1948 TO 2016


WEATHER ITEM   OBSERVED TIME   RECORD YEAR NORMAL DEPARTURE LAST
                VALUE   (LST)  VALUE       VALUE  FROM      YEAR
                                                  NORMAL
..................................................................
TEMPERATURE (F)
 YESTERDAY
  MAXIMUM         42    230 PM  61    1987  37      5       40
  MINIMUM         28   1217 AM   7    2011  20      8       22
  AVERAGE         35                        29      6       31

PRECIPITATION (IN)
  YESTERDAY        0.00          0.75 1950   0.04  -0.04     0.00
  MONTH TO DATE    T                         0.12  -0.12      T
  SINCE OCT 1      3.26                      1.82   1.44     1.95
  SINCE JAN 1     11.96                      9.13   2.83     8.82

SNOWFALL (IN)
  YESTERDAY       MM
  MONTH TO DATE   MM
  SINCE DEC 1     MM
  SINCE JUL 1     MM
  SNOW DEPTH      MM

DEGREE DAYS
 HEATING
  YESTERDAY       30                        36     -6       34
  MONTH TO DATE  101                       108     -7      142
  SINCE DEC 1    101                       108     -7      142
  SINCE JUL 1   1499                      1796   -297     1563

 COOLING
  YESTERDAY        0                         0      0        0
  MONTH TO DATE    0                         0      0        0
  SINCE DEC 1      0                         0      0        0
  SINCE JAN 1    353                       365    -12      472
..................................................................


WIND (MPH)
  HIGHEST WIND SPEED    24   HIGHEST WIND DIRECTION     W (250)
  HIGHEST GUST SPEED    29   HIGHEST GUST DIRECTION     W (260)
  AVERAGE WIND SPEED    12.4


SKY COVER
  POSSIBLE SUNSHINE  MM
  AVERAGE SKY COVER 0.7


WEATHER CONDITIONS
 THE FOLLOWING WEATHER WAS RECORDED YESTERDAY.
  NO SIGNIFICANT WEATHER WAS OBSERVED.


RELATIVE HUMIDITY (PERCENT)
 HIGHEST    75           700 PM
 LOWEST     52          1100 AM
 AVERAGE    64

..........................................................


THE BURLEY ID CLIMATE NORMALS FOR TODAY
                         NORMAL    RECORD    YEAR
 MAXIMUM TEMPERATURE (F)   37        58      1965
 MINIMUM TEMPERATURE (F)   20         1      1992


SUNRISE AND SUNSET
DECEMBER  4 2016......SUNRISE   749 AM MST   SUNSET   502 PM MST
DECEMBER  5 2016......SUNRISE   750 AM MST   SUNSET   502 PM MST


-  INDICATES NEGATIVE NUMBERS.
R  INDICATES RECORD WAS SET OR TIED.
MM INDICATES DATA IS MISSING.
T  INDICATES TRACE AMOUNT.




$$
