227
CDUS45 KPIH 180737
CLIBYI


CLIMATE REPORT
NATIONAL WEATHER SERVICE POCATELLO ID
1234 AM MST MON DEC 18 2017


...................................

...THE BURLEY ID CLIMATE SUMMARY FOR DECEMBER 17 2017...

CLIMATE NORMAL PERIOD 1981 TO 2010
CLIMATE RECORD PERIOD 1948 TO 2017


WEATHER ITEM   OBSERVED TIME   RECORD YEAR NORMAL DEPARTURE LAST
                VALUE   (LST)  VALUE       VALUE  FROM      YEAR
                                                  NORMAL
..................................................................
TEMPERATURE (F)
 YESTERDAY
  MAXIMUM         37    255 PM  56    1979  34      3       17
  MINIMUM         16    809 AM  -5    1984  18     -2        9
  AVERAGE         27                        26      1       13

PRECIPITATION (IN)
  YESTERDAY        0.00          0.21 1977   0.04  -0.04      T
  MONTH TO DATE    0.07                      0.64  -0.57     1.34
  SINCE OCT 1      1.32                      2.34  -1.02     4.60
  SINCE JAN 1     11.51                      9.65   1.86    13.30

SNOWFALL (IN)
  YESTERDAY       MM
  MONTH TO DATE   MM
  SINCE DEC 1     MM
  SINCE JUL 1     MM
  SNOW DEPTH      MM

DEGREE DAYS
 HEATING
  YESTERDAY       38                        39     -1       52
  MONTH TO DATE  544                       641    -97      650
  SINCE DEC 1    544                       641    -97      650
  SINCE JUL 1   2098                      2329   -231     2048

 COOLING
  YESTERDAY        0                         0      0        0
  MONTH TO DATE    0                         0      0        0
  SINCE DEC 1      0                         0      0        0
  SINCE JAN 1    601                       365    236      353
..................................................................


WIND (MPH)
  HIGHEST WIND SPEED    16   HIGHEST WIND DIRECTION     W (260)
  HIGHEST GUST SPEED    30   HIGHEST GUST DIRECTION     W (250)
  AVERAGE WIND SPEED     6.3


SKY COVER
  POSSIBLE SUNSHINE  MM
  AVERAGE SKY COVER 0.5


WEATHER CONDITIONS
 THE FOLLOWING WEATHER WAS RECORDED YESTERDAY.
  LIGHT RAIN


RELATIVE HUMIDITY (PERCENT)
 HIGHEST    78          1100 PM
 LOWEST     47           200 PM
 AVERAGE    63

..........................................................


THE BURLEY ID CLIMATE NORMALS FOR TODAY
                         NORMAL    RECORD    YEAR
 MAXIMUM TEMPERATURE (F)   34        58      1979
 MINIMUM TEMPERATURE (F)   18        -3      2008
                                             1965


SUNRISE AND SUNSET
DECEMBER 18 2017......SUNRISE   800 AM MST   SUNSET   504 PM MST
DECEMBER 19 2017......SUNRISE   801 AM MST   SUNSET   504 PM MST


-  INDICATES NEGATIVE NUMBERS.
R  INDICATES RECORD WAS SET OR TIED.
MM INDICATES DATA IS MISSING.
T  INDICATES TRACE AMOUNT.




$$
