000
CDUS45 KPIH 102321
CLIBYI


CLIMATE REPORT
NATIONAL WEATHER SERVICE POCATELLO ID
521 PM MDT THU JUL 10 2014


...................................

...THE BURLEY ID CLIMATE SUMMARY FOR JULY 10 2014...
VALID TODAY AS OF 0500 PM LOCAL TIME.

CLIMATE NORMAL PERIOD 1981 TO 2010
CLIMATE RECORD PERIOD 1948 TO 2014


WEATHER ITEM   OBSERVED TIME   RECORD YEAR NORMAL DEPARTURE LAST
                VALUE   (LST)  VALUE       VALUE  FROM      YEAR
                                                  NORMAL
..................................................................
TEMPERATURE (F)
 TODAY
  MAXIMUM         89    346 PM 102    1973  84      5      100
  MINIMUM         64    527 AM  43    1983  53     11       51
  AVERAGE         77                        69      8       76

PRECIPITATION (IN)
  TODAY            0.00          0.39 1950   0.01  -0.01     0.00
  MONTH TO DATE    T                         0.11  -0.11     0.01
  SINCE OCT 1      7.37                      9.00  -1.63     5.90
  SINCE JAN 1      6.76                      6.17   0.59     2.30

SNOWFALL (IN)
  TODAY           MM
  MONTH TO DATE   MM
  SINCE JUN 1     MM
  SINCE JUL 1     MM
  SNOW DEPTH      MM

DEGREE DAYS
 HEATING
  TODAY            0                         1     -1        0
  MONTH TO DATE    0                        12    -12        0
  SINCE JUN 1    104                       146    -42      101
  SINCE JUL 1      0                        12    -12        0

 COOLING
  TODAY           12                         5      7       11
  MONTH TO DATE   79                        39     40      110
  SINCE JUN 1     98                        86     12      196
  SINCE JAN 1     99                        92      7      206
..................................................................


WIND (MPH)
  HIGHEST WIND SPEED    14   HIGHEST WIND DIRECTION     W (260)
  HIGHEST GUST SPEED    18   HIGHEST GUST DIRECTION     W (280)
  AVERAGE WIND SPEED     8.2


SKY COVER
  POSSIBLE SUNSHINE  MM
  AVERAGE SKY COVER 0.2


WEATHER CONDITIONS
 THE FOLLOWING WEATHER WAS RECORDED TODAY.
  NO SIGNIFICANT WEATHER WAS OBSERVED.


RELATIVE HUMIDITY (PERCENT)
 HIGHEST    68           700 AM
 LOWEST     17           300 PM
 AVERAGE    43

..........................................................


THE BURLEY ID CLIMATE NORMALS FOR TOMORROW
                         NORMAL    RECORD    YEAR
 MAXIMUM TEMPERATURE (F)   85       100      2002
 MINIMUM TEMPERATURE (F)   53        40      1983


SUNRISE AND SUNSET
JULY 10 2014..........SUNRISE   607 AM MDT   SUNSET   913 PM MDT
JULY 11 2014..........SUNRISE   608 AM MDT   SUNSET   913 PM MDT


-  INDICATES NEGATIVE NUMBERS.
R  INDICATES RECORD WAS SET OR TIED.
MM INDICATES DATA IS MISSING.
T  INDICATES TRACE AMOUNT.




$$
