000
CDUS45 KPIH 280736
CLIBYI


CLIMATE REPORT
NATIONAL WEATHER SERVICE POCATELLO ID
1236 AM MST TUE FEB 28 2017


...................................

...THE BURLEY ID CLIMATE SUMMARY FOR FEBRUARY 27 2017...

CLIMATE NORMAL PERIOD 1981 TO 2010
CLIMATE RECORD PERIOD 1948 TO 2017


WEATHER ITEM   OBSERVED TIME   RECORD YEAR NORMAL DEPARTURE LAST
                VALUE   (LST)  VALUE       VALUE  FROM      YEAR
                                                  NORMAL
..................................................................
TEMPERATURE (F)
 YESTERDAY
  MAXIMUM         34    416 PM  67    1980  44    -10       52
  MINIMUM         23    554 AM  -4    1962  24     -1       33
  AVERAGE         29                        34     -5       43

PRECIPITATION (IN)
  YESTERDAY        0.01          0.14 1994   0.03  -0.02      T
  MONTH TO DATE    1.84                      0.74   1.10     0.25
  SINCE OCT 1      8.68                      4.48   4.20     4.13
  SINCE JAN 1      3.89                      1.65   2.24     1.33

SNOWFALL (IN)
  YESTERDAY       MM
  MONTH TO DATE   MM
  SINCE DEC 1     MM
  SINCE JUL 1     MM
  SNOW DEPTH      MM

DEGREE DAYS
 HEATING
  YESTERDAY       36                        31      5       22
  MONTH TO DATE  775                       926   -151      777
  SINCE DEC 1   3374                      3304     70     3038
  SINCE JUL 1   4772                      4992   -220     4459

 COOLING
  YESTERDAY        0                         0      0        0
  MONTH TO DATE    0                         0      0        0
  SINCE DEC 1      0                         0      0        0
  SINCE JAN 1      0                         0      0        0
..................................................................


WIND (MPH)
  HIGHEST WIND SPEED    26   HIGHEST WIND DIRECTION     W (270)
  HIGHEST GUST SPEED    34   HIGHEST GUST DIRECTION     W (280)
  AVERAGE WIND SPEED    10.1


SKY COVER
  POSSIBLE SUNSHINE  MM
  AVERAGE SKY COVER 0.4


WEATHER CONDITIONS
 THE FOLLOWING WEATHER WAS RECORDED YESTERDAY.
  LIGHT RAIN
  HEAVY SNOW
  SNOW
  LIGHT SNOW
  FOG
  FOG W/VISIBILITY <= 1/4 MILE
  HAZE


RELATIVE HUMIDITY (PERCENT)
 HIGHEST    88           600 AM
 LOWEST     51           500 PM
 AVERAGE    70

..........................................................


THE BURLEY ID CLIMATE NORMALS FOR TODAY
                         NORMAL    RECORD    YEAR
 MAXIMUM TEMPERATURE (F)   45        68      1992
 MINIMUM TEMPERATURE (F)   25        -7      1993


SUNRISE AND SUNSET
FEBRUARY 28 2017......SUNRISE   712 AM MST   SUNSET   624 PM MST
MARCH  1 2017.........SUNRISE   710 AM MST   SUNSET   625 PM MST


-  INDICATES NEGATIVE NUMBERS.
R  INDICATES RECORD WAS SET OR TIED.
MM INDICATES DATA IS MISSING.
T  INDICATES TRACE AMOUNT.




$$
