000
CDUS45 KPIH 270807
CLIBYI


CLIMATE REPORT
NATIONAL WEATHER SERVICE POCATELLO ID
204 AM MDT WED JUL 27 2016


...................................

...THE BURLEY ID CLIMATE SUMMARY FOR JULY 26 2016...

CLIMATE NORMAL PERIOD 1981 TO 2010
CLIMATE RECORD PERIOD 1948 TO 2016


WEATHER ITEM   OBSERVED TIME   RECORD YEAR NORMAL DEPARTURE LAST
                VALUE   (LST)  VALUE       VALUE  FROM      YEAR
                                                  NORMAL
..................................................................
TEMPERATURE (F)
 YESTERDAY
  MAXIMUM         94    342 PM 103    1994  87      7       84
  MINIMUM         48    540 AM  45    1953  55     -7       59
  AVERAGE         71                        71      0       72

PRECIPITATION (IN)
  YESTERDAY        0.00          0.18 1989   0.01  -0.01     0.00
  MONTH TO DATE    0.24                      0.25  -0.01     1.03
  SINCE OCT 1      8.17                      9.14  -0.97     8.25
  SINCE JAN 1      5.37                      6.31  -0.94     6.20

SNOWFALL (IN)
  YESTERDAY       MM
  MONTH TO DATE   MM
  SINCE JUN 1     MM
  SINCE JUL 1     MM
  SNOW DEPTH      MM

DEGREE DAYS
 HEATING
  YESTERDAY        0                         0      0        0
  MONTH TO DATE   26                        20      6        2
  SINCE JUN 1     76                       154    -78       28
  SINCE JUL 1     26                        20      6        2

 COOLING
  YESTERDAY        6                         6      0        7
  MONTH TO DATE   90                       130    -40      145
  SINCE JUN 1    190                       177     13      293
  SINCE JAN 1    194                       183     11      298
..................................................................


WIND (MPH)
  HIGHEST WIND SPEED    14   HIGHEST WIND DIRECTION     W (290)
  HIGHEST GUST SPEED    21   HIGHEST GUST DIRECTION     W (290)
  AVERAGE WIND SPEED     4.4


SKY COVER
  POSSIBLE SUNSHINE  MM
  AVERAGE SKY COVER 0.0


WEATHER CONDITIONS
 THE FOLLOWING WEATHER WAS RECORDED YESTERDAY.
  NO SIGNIFICANT WEATHER WAS OBSERVED.


RELATIVE HUMIDITY (PERCENT)
 HIGHEST    80           600 AM
 LOWEST     11           400 PM
 AVERAGE    46

..........................................................


THE BURLEY ID CLIMATE NORMALS FOR TODAY
                         NORMAL    RECORD    YEAR
 MAXIMUM TEMPERATURE (F)   87       103      1999
 MINIMUM TEMPERATURE (F)   55        43      1963


SUNRISE AND SUNSET
JULY 27 2016..........SUNRISE   623 AM MDT   SUNSET   900 PM MDT
JULY 28 2016..........SUNRISE   624 AM MDT   SUNSET   859 PM MDT


-  INDICATES NEGATIVE NUMBERS.
R  INDICATES RECORD WAS SET OR TIED.
MM INDICATES DATA IS MISSING.
T  INDICATES TRACE AMOUNT.




$$
