000
CDUS45 KPIH 302330
CLIBYI


CLIMATE REPORT
NATIONAL WEATHER SERVICE POCATELLO ID
528 PM MDT TUE JUN 30 2015


...................................

...THE BURLEY ID CLIMATE SUMMARY FOR JUNE 30 2015...
VALID TODAY AS OF 0500 PM LOCAL TIME.

CLIMATE NORMAL PERIOD 1981 TO 2010
CLIMATE RECORD PERIOD 1948 TO 2015


WEATHER ITEM   OBSERVED TIME   RECORD YEAR NORMAL DEPARTURE LAST
                VALUE   (LST)  VALUE       VALUE  FROM      YEAR
                                                  NORMAL
..................................................................
TEMPERATURE (F)
 TODAY
  MAXIMUM         95    347 PM  99    1990  81     14       76
  MINIMUM         64    503 AM  36    1963  51     13       50
  AVERAGE         80                        66     14       63

PRECIPITATION (IN)
  TODAY            0.00          0.10 2000   0.01  -0.01     0.00
  MONTH TO DATE    T                         0.87  -0.87     0.71
  SINCE OCT 1      7.22                      8.89  -1.67     7.37
  SINCE JAN 1      5.17                      6.06  -0.89     6.76

SNOWFALL (IN)
  TODAY           MM
  MONTH TO DATE   MM
  SINCE JUN 1     MM
  SINCE JUL 1     MM
  SNOW DEPTH      MM

DEGREE DAYS
 HEATING
  TODAY            0                         2     -2        2
  MONTH TO DATE   26                       135   -109      104
  SINCE JUN 1     26                       134   -108      104
  SINCE JUL 1   5391                      6865  -1474     6323

 COOLING
  TODAY           15                         3     12        0
  MONTH TO DATE  148                        47    101       19
  SINCE JUN 1    148                        47    101       19
  SINCE JAN 1    153                        53    100       20
..................................................................


WIND (MPH)
  HIGHEST WIND SPEED    10   HIGHEST WIND DIRECTION     W (250)
  HIGHEST GUST SPEED    15   HIGHEST GUST DIRECTION     W (270)
  AVERAGE WIND SPEED     5.6


SKY COVER
  POSSIBLE SUNSHINE  MM
  AVERAGE SKY COVER 0.0


WEATHER CONDITIONS
 THE FOLLOWING WEATHER WAS RECORDED TODAY.
  NO SIGNIFICANT WEATHER WAS OBSERVED.


RELATIVE HUMIDITY (PERCENT)
 HIGHEST    78           500 AM
 LOWEST     24           200 PM
 AVERAGE    51

..........................................................


THE BURLEY ID CLIMATE NORMALS FOR TOMORROW
                         NORMAL    RECORD    YEAR
 MAXIMUM TEMPERATURE (F)   82       101      2013
 MINIMUM TEMPERATURE (F)   51        39      1968


SUNRISE AND SUNSET
JUNE 30 2015..........SUNRISE   601 AM MDT   SUNSET   916 PM MDT
JULY  1 2015..........SUNRISE   601 AM MDT   SUNSET   916 PM MDT


-  INDICATES NEGATIVE NUMBERS.
R  INDICATES RECORD WAS SET OR TIED.
MM INDICATES DATA IS MISSING.
T  INDICATES TRACE AMOUNT.




$$
