000
CDUS45 KPIH 180731
CLIBYI


CLIMATE REPORT
NATIONAL WEATHER SERVICE POCATELLO ID
1229 AM MST WED JAN 18 2017


...................................

...THE BURLEY ID CLIMATE SUMMARY FOR JANUARY 17 2017...

CLIMATE NORMAL PERIOD 1981 TO 2010
CLIMATE RECORD PERIOD 1948 TO 2017


WEATHER ITEM   OBSERVED TIME   RECORD YEAR NORMAL DEPARTURE LAST
                VALUE   (LST)  VALUE       VALUE  FROM      YEAR
                                                  NORMAL
..................................................................
TEMPERATURE (F)
 YESTERDAY
  MAXIMUM         23    322 PM  55    1961  35    -12       42
  MINIMUM          5    822 AM -20    1984  19    -14       32
  AVERAGE         14                        27    -13       37

PRECIPITATION (IN)
  YESTERDAY        0.00          0.70 1950   0.03  -0.03      T
  MONTH TO DATE    1.29                      0.54   0.75     0.31
  SINCE OCT 1      6.08                      3.37   2.71     3.11
  SINCE JAN 1      1.29                      0.54   0.75     0.31

SNOWFALL (IN)
  YESTERDAY       MM
  MONTH TO DATE   MM
  SINCE DEC 1     MM
  SINCE JUL 1     MM
  SNOW DEPTH      MM

DEGREE DAYS
 HEATING
  YESTERDAY       51                        38     13       28
  MONTH TO DATE  783                       658    125      646
  SINCE DEC 1   2030                      1850    180     1809
  SINCE JUL 1   3428                      3538   -110     3230

 COOLING
  YESTERDAY        0                         0      0        0
  MONTH TO DATE    0                         0      0        0
  SINCE DEC 1      0                         0      0        0
  SINCE JAN 1      0                         0      0        0
..................................................................


WIND (MPH)
  HIGHEST WIND SPEED    18   HIGHEST WIND DIRECTION    NE (50)
  HIGHEST GUST SPEED    22   HIGHEST GUST DIRECTION    NE (40)
  AVERAGE WIND SPEED    11.1


SKY COVER
  POSSIBLE SUNSHINE  MM
  AVERAGE SKY COVER 0.0


WEATHER CONDITIONS
 THE FOLLOWING WEATHER WAS RECORDED YESTERDAY.
  NO SIGNIFICANT WEATHER WAS OBSERVED.


RELATIVE HUMIDITY (PERCENT)
 HIGHEST    83           800 AM
 LOWEST     62           100 PM
 AVERAGE    73

..........................................................


THE BURLEY ID CLIMATE NORMALS FOR TODAY
                         NORMAL    RECORD    YEAR
 MAXIMUM TEMPERATURE (F)   35        60      1994
 MINIMUM TEMPERATURE (F)   19       -23      1984


SUNRISE AND SUNSET
JANUARY 18 2017.......SUNRISE   800 AM MST   SUNSET   531 PM MST
JANUARY 19 2017.......SUNRISE   800 AM MST   SUNSET   533 PM MST


-  INDICATES NEGATIVE NUMBERS.
R  INDICATES RECORD WAS SET OR TIED.
MM INDICATES DATA IS MISSING.
T  INDICATES TRACE AMOUNT.




$$
