000
CDUS45 KTFX 251025
CLIBZN


CLIMATE REPORT
NATIONAL WEATHER SERVICE GREAT FALLS MT
424 AM MDT MON MAY 25 2015


...................................

...THE BOZEMAN/GALLATIN FIELD MT CLIMATE SUMMARY FOR MAY 24 2015...

CLIMATE NORMAL PERIOD 1981 TO 2010
CLIMATE RECORD PERIOD 1935 TO 2015


WEATHER ITEM   OBSERVED TIME   RECORD YEAR NORMAL DEPARTURE LAST
                VALUE   (LST)  VALUE       VALUE  FROM      YEAR
                                                  NORMAL
..................................................................
TEMPERATURE (F)
 YESTERDAY
  MAXIMUM         61    351 PM  87    1988  71    -10       77
  MINIMUM         42   1157 PM  28    1989  41      1       45
  AVERAGE         52                        56     -4       61

PRECIPITATION (IN)
  YESTERDAY        0.14          0.99 1997   0.09   0.05     0.01
  MONTH TO DATE    2.14                      1.79   0.35     1.53
  SINCE OCT 1      6.70                      7.62  -0.92     5.96
  SINCE JAN 1      4.77                      5.24  -0.47     4.91

SNOWFALL (IN)
  YESTERDAY        0.0           T    1975   0.1   -0.1      0.0
  MONTH TO DATE    0.0                       2.2   -2.2       T
  SINCE MAR 1      7.0                      17.4  -10.4      7.3
  SINCE JUL 1     37.4                      39.7   -2.3     32.3
  SNOW DEPTH       0

DEGREE DAYS
 HEATING
  YESTERDAY       13                         9      4        4
  MONTH TO DATE  386                       297     89      366
  SINCE MAR 1   1828                      1778     50     2009
  SINCE JUL 1   7410                      7358     52     8024

 COOLING
  YESTERDAY        0                         0      0        0
  MONTH TO DATE    0                         0      0        0
  SINCE MAR 1      0                         0      0        0
  SINCE JAN 1      0                         0      0        0
..................................................................


WIND (MPH)
  HIGHEST WIND SPEED    20   HIGHEST WIND DIRECTION    SE (120)
  HIGHEST GUST SPEED    23   HIGHEST GUST DIRECTION    SE (120)
  AVERAGE WIND SPEED     3.1


SKY COVER
  AVERAGE SKY COVER 0.8


WEATHER CONDITIONS
 THE FOLLOWING WEATHER WAS RECORDED YESTERDAY.
  RAIN
  LIGHT RAIN
  FOG


RELATIVE HUMIDITY (PERCENT)
 HIGHEST    93
 LOWEST     55
 AVERAGE    74

..........................................................


THE BOZEMAN/GALLATIN FIELD MT CLIMATE NORMALS FOR TODAY
                         NORMAL    RECORD    YEAR
 MAXIMUM TEMPERATURE (F)   71        86      1988
 MINIMUM TEMPERATURE (F)   42        25      1950


SUNRISE AND SUNSET
MAY 25 2015...........SUNRISE   543 AM MDT   SUNSET   900 PM MDT
MAY 26 2015...........SUNRISE   542 AM MDT   SUNSET   901 PM MDT


-  INDICATES NEGATIVE NUMBERS.
R  INDICATES RECORD WAS SET OR TIED.
MM INDICATES DATA IS MISSING.
T  INDICATES TRACE AMOUNT.




$$
