000
CDUS45 KTFX 300950
CLIBZN


CLIMATE REPORT
NATIONAL WEATHER SERVICE GREAT FALLS MT
350 AM MDT TUE SEP 30 2014


...................................

...THE BOZEMAN/GALLATIN FIELD MT CLIMATE SUMMARY FOR SEPTEMBER 29 2014...

CLIMATE NORMAL PERIOD 1981 TO 2010
CLIMATE RECORD PERIOD 1935 TO 2014


WEATHER ITEM   OBSERVED TIME   RECORD YEAR NORMAL DEPARTURE
                VALUE   (LST)  VALUE       VALUE  FROM
                                                  NORMAL
...............................................................
TEMPERATURE (F)
 YESTERDAY
  MAXIMUM         62    430 PM  88    1967  69     -7
  MINIMUM         36    404 AM  15    1985  36      0
  AVERAGE         49                        52     -3

PRECIPITATION (IN)
  YESTERDAY        0.00          0.59 1947   0.04  -0.04
  MONTH TO DATE    1.22                      1.07   0.15
  SINCE OCT 1     14.58                     13.95   0.63
  SINCE JAN 1     13.53                     11.57   1.96

SNOWFALL (IN)
  YESTERDAY        0.0           0.6  1950   0.0    0.0
  MONTH TO DATE    T                         0.3   -0.3
  SINCE SEP 1      T                         0.3   -0.3
  SINCE JUL 1      T                         0.3   -0.3
  SNOW DEPTH       0

DEGREE DAYS
 HEATING
  YESTERDAY       16                                3
  MONTH TO DATE  288                               62
  SINCE SEP 1    288                               62
  SINCE JUL 1    374                               81

 COOLING
  YESTERDAY        0                                0
  MONTH TO DATE    5                              -15
  SINCE SEP 1      5                              -15
  SINCE JAN 1    187                             -179
...............................................................


WIND (MPH)
  HIGHEST WIND SPEED    15   HIGHEST WIND DIRECTION     S (160)
  HIGHEST GUST SPEED    17   HIGHEST GUST DIRECTION     S (160)
  AVERAGE WIND SPEED     3.7



WEATHER CONDITIONS
 THE FOLLOWING WEATHER WAS RECORDED YESTERDAY.
  NO SIGNIFICANT WEATHER WAS OBSERVED.


RELATIVE HUMIDITY (PERCENT)
 HIGHEST   100
 LOWEST     51
 AVERAGE    76

..........................................................


THE BOZEMAN/GALLATIN FIELD MT CLIMATE NORMALS FOR TODAY
                         NORMAL    RECORD    YEAR
 MAXIMUM TEMPERATURE (F)   68        90      1963
 MINIMUM TEMPERATURE (F)   36        15      1985


SUNRISE AND SUNSET
SEPTEMBER 30 2014.....SUNRISE   722 AM MDT   SUNSET   707 PM MDT
OCTOBER  1 2014.......SUNRISE   723 AM MDT   SUNSET   705 PM MDT


-  INDICATES NEGATIVE NUMBERS.
R  INDICATES RECORD WAS SET OR TIED.
MM INDICATES DATA IS MISSING.
T  INDICATES TRACE AMOUNT.




$$
