000
CDUS45 KTFX 232225
CLIBZN


CLIMATE REPORT
NATIONAL WEATHER SERVICE GREAT FALLS MT
425 PM MDT TUE SEP 23 2014


...................................

...THE BOZEMAN/GALLATIN FIELD MT CLIMATE SUMMARY FOR SEPTEMBER 23 2014...
VALID TODAY AS OF 0400 PM LOCAL TIME.

CLIMATE NORMAL PERIOD 1981 TO 2010
CLIMATE RECORD PERIOD 1935 TO 2014


WEATHER ITEM   OBSERVED TIME   RECORD YEAR NORMAL DEPARTURE LAST
                VALUE   (LST)  VALUE       VALUE  FROM      YEAR
                                                  NORMAL
..................................................................
TEMPERATURE (F)
 TODAY
  MAXIMUM         80    259 PM  89    1966  71      9       65
  MINIMUM         41    640 AM  20    2000  38      3       39
  AVERAGE         61                        55      6       52

PRECIPITATION (IN)
  TODAY            0.00          0.95 1941   0.04  -0.04     0.00
  MONTH TO DATE    0.40                      0.83  -0.43     1.39
  SINCE OCT 1     13.76                     13.71   0.05    12.00
  SINCE JAN 1     12.71                     11.33   1.38     9.69

SNOWFALL (IN)
  TODAY            0.0           1.0  1985   0.1   -0.1      0.0
  MONTH TO DATE    T                         0.2   -0.2      0.0
  SINCE SEP 1      T                         0.2   -0.2      0.0
  SINCE JUL 1      T                         0.2   -0.2      0.0
  SNOW DEPTH       0

DEGREE DAYS
 HEATING
  TODAY            4                        11     -7       13
  MONTH TO DATE  246                       155     91       77
  SINCE SEP 1    246                       155     91       77
  SINCE JUL 1    332                       222    110       80

 COOLING
  TODAY            0                         0      0        0
  MONTH TO DATE    0                        20    -20       23
  SINCE SEP 1      0                        20    -20       23
  SINCE JAN 1    182                       366   -184      284
..................................................................


WIND (MPH)
  HIGHEST WIND SPEED     7   HIGHEST WIND DIRECTION     N (10)
  HIGHEST GUST SPEED     9   HIGHEST GUST DIRECTION     N (20)
  AVERAGE WIND SPEED     3.2


SKY COVER
  AVERAGE SKY COVER 0.0


WEATHER CONDITIONS
 THE FOLLOWING WEATHER WAS RECORDED TODAY.
  NO SIGNIFICANT WEATHER WAS OBSERVED.


RELATIVE HUMIDITY (PERCENT)
 HIGHEST    93          1200 AM
 LOWEST     36           200 PM
 AVERAGE    65

..........................................................


THE BOZEMAN/GALLATIN FIELD MT CLIMATE NORMALS FOR TOMORROW
                         NORMAL    RECORD    YEAR
 MAXIMUM TEMPERATURE (F)   71        91      2009
 MINIMUM TEMPERATURE (F)   38        16      2000


SUNRISE AND SUNSET
SEPTEMBER 23 2014.....SUNRISE   713 AM MDT   SUNSET   720 PM MDT
SEPTEMBER 24 2014.....SUNRISE   714 AM MDT   SUNSET   718 PM MDT


-  INDICATES NEGATIVE NUMBERS.
R  INDICATES RECORD WAS SET OR TIED.
MM INDICATES DATA IS MISSING.
T  INDICATES TRACE AMOUNT.




$$
