936
CDUS45 KTFX 281004
CLIBZN


CLIMATE REPORT
NATIONAL WEATHER SERVICE GREAT FALLS MT
404 AM MDT TUE MAR 28 2017


...................................

...THE BOZEMAN/GALLATIN FIELD MT CLIMATE SUMMARY FOR MARCH 27 2017...

CLIMATE NORMAL PERIOD 1981 TO 2010
CLIMATE RECORD PERIOD 1935 TO 2017


WEATHER ITEM   OBSERVED TIME   RECORD YEAR NORMAL DEPARTURE LAST
                VALUE   (LST)  VALUE       VALUE  FROM      YEAR
                                                  NORMAL
..................................................................
TEMPERATURE (F)
 YESTERDAY
  MAXIMUM         53    200 PM  74    2015  54     -1       56
  MINIMUM         33    644 AM -12    1955  27      6       21
  AVERAGE         43                        40      3       39

PRECIPITATION (IN)
  YESTERDAY        T             0.39 1997   0.04  -0.04     0.27
  MONTH TO DATE    0.85                      0.78   0.07     0.92
  SINCE OCT 1      4.75                      4.07   0.68     4.36
  SINCE JAN 1      1.42                      1.69  -0.27     1.51

SNOWFALL (IN)
  YESTERDAY        0.0           2.7  1985   0.3   -0.3     MM
  MONTH TO DATE    1.8                       6.6   -4.8      2.1
  SINCE MAR 1      1.8                       6.6   -4.8      2.1
  SINCE JUL 1     41.0                      28.9   12.1     25.7
  SNOW DEPTH       0

DEGREE DAYS
 HEATING
  YESTERDAY       22                        25     -3       26
  MONTH TO DATE  631                       787   -156      725
  SINCE MAR 1    631                       787   -156      725
  SINCE JUL 1   6824                      6367    457     6410

 COOLING
  YESTERDAY        0                         0      0        0
  MONTH TO DATE    0                         0      0        0
  SINCE MAR 1      0                         0      0        0
  SINCE JAN 1      0                         0      0        0
..................................................................


WIND (MPH)
  HIGHEST WIND SPEED    26   HIGHEST WIND DIRECTION    NW (310)
  HIGHEST GUST SPEED    31   HIGHEST GUST DIRECTION    NW (310)
  AVERAGE WIND SPEED     6.9


SKY COVER
  AVERAGE SKY COVER 0.8


WEATHER CONDITIONS
 THE FOLLOWING WEATHER WAS RECORDED YESTERDAY.
  LIGHT RAIN


RELATIVE HUMIDITY (PERCENT)
 HIGHEST    92
 LOWEST     41
 AVERAGE    67

..........................................................


THE BOZEMAN/GALLATIN FIELD MT CLIMATE NORMALS FOR TODAY
                         NORMAL    RECORD    YEAR
 MAXIMUM TEMPERATURE (F)   54        74      1986
 MINIMUM TEMPERATURE (F)   27       -10      1965


SUNRISE AND SUNSET
MARCH 28 2017.........SUNRISE   712 AM MDT   SUNSET   748 PM MDT
MARCH 29 2017.........SUNRISE   710 AM MDT   SUNSET   750 PM MDT


-  INDICATES NEGATIVE NUMBERS.
R  INDICATES RECORD WAS SET OR TIED.
MM INDICATES DATA IS MISSING.
T  INDICATES TRACE AMOUNT.




$$
