000
CDUS45 KTFX 241038
CLIBZN


CLIMATE REPORT
NATIONAL WEATHER SERVICE GREAT FALLS MT
437 AM MDT WED AUG 24 2016


...................................

...THE BOZEMAN/GALLATIN FIELD MT CLIMATE SUMMARY FOR AUGUST 23 2016...

CLIMATE NORMAL PERIOD 1981 TO 2010
CLIMATE RECORD PERIOD 1935 TO 2016


WEATHER ITEM   OBSERVED TIME   RECORD YEAR NORMAL DEPARTURE LAST
                VALUE   (LST)  VALUE       VALUE  FROM      YEAR
                                                  NORMAL
..................................................................
TEMPERATURE (F)
 YESTERDAY
  MAXIMUM         74    404 PM  98    1969  86    -12       81
  MINIMUM         41    606 AM  32    2015  48     -7       32
  AVERAGE         58                        67     -9       57

PRECIPITATION (IN)
  YESTERDAY        0.00          0.78 2014   0.04  -0.04     0.00
  MONTH TO DATE    1.11                      0.79   0.32     0.60
  SINCE OCT 1     11.64                     12.59  -0.95    10.87
  SINCE JAN 1      8.79                     10.21  -1.42     8.94

SNOWFALL (IN)
  YESTERDAY        0.0           T    1992   0.0    0.0      0.0
                                      1994
  MONTH TO DATE    0.0                       0.0    0.0      0.0
  SINCE JUN 1      0.0                       0.0    0.0      0.0
  SINCE JUL 1      0.0                       0.0    0.0      0.0
  SNOW DEPTH       0

DEGREE DAYS
 HEATING
  YESTERDAY        7                         2      5        8
  MONTH TO DATE   33                        19     14       62
  SINCE JUN 1    174                       188    -14      165
  SINCE JUL 1     75                        47     28       93

 COOLING
  YESTERDAY        0                         3     -3        0
  MONTH TO DATE   39                       117    -78       59
  SINCE JUN 1    209                       321   -112      207
  SINCE JAN 1    209                       325   -116      207
..................................................................


WIND (MPH)
  HIGHEST WIND SPEED    15   HIGHEST WIND DIRECTION    SW (220)
  HIGHEST GUST SPEED    20   HIGHEST GUST DIRECTION    SW (240)
  AVERAGE WIND SPEED     6.0


SKY COVER
  AVERAGE SKY COVER 0.0


WEATHER CONDITIONS
 THE FOLLOWING WEATHER WAS RECORDED YESTERDAY.
  NO SIGNIFICANT WEATHER WAS OBSERVED.


RELATIVE HUMIDITY (PERCENT)
 HIGHEST    71
 LOWEST     17
 AVERAGE    44

..........................................................


THE BOZEMAN/GALLATIN FIELD MT CLIMATE NORMALS FOR TODAY
                         NORMAL    RECORD    YEAR
 MAXIMUM TEMPERATURE (F)   85       102      1969
 MINIMUM TEMPERATURE (F)   48        32      1992


SUNRISE AND SUNSET
AUGUST 24 2016........SUNRISE   636 AM MDT   SUNSET   816 PM MDT
AUGUST 25 2016........SUNRISE   638 AM MDT   SUNSET   814 PM MDT


-  INDICATES NEGATIVE NUMBERS.
R  INDICATES RECORD WAS SET OR TIED.
MM INDICATES DATA IS MISSING.
T  INDICATES TRACE AMOUNT.




$$
