000
CDUS42 KCAE 240531
CLICAE


CLIMATE REPORT
NATIONAL WEATHER SERVICE COLUMBIA SC
130 AM EDT FRI OCT 24 2014


...................................

...THE COLUMBIA METRO AIRPORT SC CLIMATE SUMMARY FOR OCTOBER 23 2014...

CLIMATE NORMAL PERIOD 1981 TO 2010
CLIMATE RECORD PERIOD 1887 TO 2014


WEATHER ITEM   OBSERVED TIME   RECORD YEAR NORMAL DEPARTURE LAST
                VALUE   (LST)  VALUE       VALUE  FROM      YEAR
                                                  NORMAL
..................................................................
TEMPERATURE (F)
 YESTERDAY
  MAXIMUM         72    334 PM  90    2007  74     -2       74
                                      1941
  MINIMUM         41    700 AM  27    1987  49     -8       47
                                      1974
  AVERAGE         57                        62     -5       61

PRECIPITATION (IN)
  YESTERDAY        0.00          1.96 1919   0.10  -0.10     0.00
  MONTH TO DATE    3.04                      2.47   0.57     1.98
  SINCE SEP 1      5.85                      6.01  -0.16     4.02
  SINCE JAN 1     33.93                     37.93  -4.00    47.53

SNOWFALL (IN)
  YESTERDAY        0.0          MM      MM   0.0             0.0
  MONTH TO DATE    0.0                       0.0             0.0
  SINCE SEP 1      0.0                       0.0             0.0
  SINCE JUL 1      0.0                       0.0             0.0

DEGREE DAYS
 HEATING
  YESTERDAY        8                         5      3        4
  MONTH TO DATE   40                        65    -25       14
  SINCE SEP 1     44                        73    -29       14
  SINCE JUL 1     44                        73    -29       14

 COOLING
  YESTERDAY        0                         2     -2        0
  MONTH TO DATE  115                        76     39      117
  SINCE SEP 1    477                       375    102      462
  SINCE JAN 1   2511                      2143    368     2155
..................................................................


WIND (MPH)
  HIGHEST WIND SPEED    14   HIGHEST WIND DIRECTION     W (290)
  HIGHEST GUST SPEED    19   HIGHEST GUST DIRECTION     W (290)
  AVERAGE WIND SPEED     4.6


SKY COVER
  AVERAGE SKY COVER 0.1


WEATHER CONDITIONS
 THE FOLLOWING WEATHER WAS RECORDED YESTERDAY.
  FOG


RELATIVE HUMIDITY (PERCENT)
 HIGHEST    86           700 AM
 LOWEST     29           300 PM
 AVERAGE    58

..........................................................


THE COLUMBIA METRO AIRPORT SC CLIMATE NORMALS FOR TODAY
                         NORMAL    RECORD    YEAR
 MAXIMUM TEMPERATURE (F)   74        89      2001
 MINIMUM TEMPERATURE (F)   49        31      2006


SUNRISE AND SUNSET
OCTOBER 24 2014.......SUNRISE   737 AM EDT   SUNSET   640 PM EDT
OCTOBER 25 2014.......SUNRISE   738 AM EDT   SUNSET   639 PM EDT


-  INDICATES NEGATIVE NUMBERS.
R  INDICATES RECORD WAS SET OR TIED.
MM INDICATES DATA IS MISSING.
T  INDICATES TRACE AMOUNT.




$$
