000
CDUS42 KCAE 170621
CLICAE


CLIMATE REPORT
NATIONAL WEATHER SERVICE COLUMBIA SC
120 AM EST SAT FEB 17 2018


...................................

...THE COLUMBIA METRO AIRPORT SC CLIMATE SUMMARY FOR FEBRUARY 16 2018...

CLIMATE NORMAL PERIOD 1981 TO 2010
CLIMATE RECORD PERIOD 1887 TO 2018


WEATHER ITEM   OBSERVED TIME   RECORD YEAR NORMAL DEPARTURE LAST
                VALUE   (LST)  VALUE       VALUE  FROM      YEAR
                                                  NORMAL
..................................................................
TEMPERATURE (F)
 YESTERDAY
  MAXIMUM         83    357 PM  84    1990  61     22       64
                                      1989
  MINIMUM         64    701 AM  16    1905  37     27       32
  AVERAGE         74                        49     25       48

PRECIPITATION (IN)
  YESTERDAY        0.00          1.43 1987   0.14  -0.14     0.00
  MONTH TO DATE    1.24                      2.01  -0.77     1.59
  SINCE DEC 1      6.95                      8.81  -1.86    11.98
  SINCE JAN 1      3.66                      5.59  -1.93     8.63

SNOWFALL (IN)
  YESTERDAY        0.0           0.5  1996   0.0             0.0
  MONTH TO DATE    0.0                       0.3             0.0
  SINCE DEC 1      T                         1.2             0.1
  SINCE JUL 1      T                         1.2             0.1

DEGREE DAYS
 HEATING
  YESTERDAY        0                        16    -16       17
  MONTH TO DATE  167                       284   -117      159
  SINCE DEC 1   1316                      1479   -163      973
  SINCE JUL 1   1694                      1920   -226     1275

 COOLING
  YESTERDAY        9                         0      9        0
  MONTH TO DATE   16                         0     16        5
  SINCE DEC 1     18                         4     14       12
  SINCE JAN 1     18                         1     17        9
..................................................................


WIND (MPH)
  HIGHEST WIND SPEED    28   HIGHEST WIND DIRECTION     W (270)
  HIGHEST GUST SPEED    38   HIGHEST GUST DIRECTION     W (280)
  AVERAGE WIND SPEED    13.6


SKY COVER
  AVERAGE SKY COVER 0.4


WEATHER CONDITIONS
 THE FOLLOWING WEATHER WAS RECORDED YESTERDAY.
  NO SIGNIFICANT WEATHER WAS OBSERVED.


RELATIVE HUMIDITY (PERCENT)
 HIGHEST    93           400 AM
 LOWEST     46           300 PM
 AVERAGE    70

..........................................................


THE COLUMBIA METRO AIRPORT SC CLIMATE NORMALS FOR TODAY
                         NORMAL    RECORD    YEAR
 MAXIMUM TEMPERATURE (F)   61        81      1976
                                             1927
 MINIMUM TEMPERATURE (F)   37        11      1958


SUNRISE AND SUNSET
FEBRUARY 17 2018......SUNRISE   707 AM EST   SUNSET   610 PM EST
FEBRUARY 18 2018......SUNRISE   706 AM EST   SUNSET   611 PM EST


-  INDICATES NEGATIVE NUMBERS.
R  INDICATES RECORD WAS SET OR TIED.
MM INDICATES DATA IS MISSING.
T  INDICATES TRACE AMOUNT.




$$
