000
CDUS42 KCAE 250540
CLICAE


CLIMATE REPORT
NATIONAL WEATHER SERVICE COLUMBIA SC
140 AM EDT THU MAY 25 2017


...................................

...THE COLUMBIA METRO AIRPORT SC CLIMATE SUMMARY FOR MAY 24 2017...

CLIMATE NORMAL PERIOD 1981 TO 2010
CLIMATE RECORD PERIOD 1887 TO 2017


WEATHER ITEM   OBSERVED TIME   RECORD YEAR NORMAL DEPARTURE LAST
                VALUE   (LST)  VALUE       VALUE  FROM      YEAR
                                                  NORMAL
..................................................................
TEMPERATURE (F)
 YESTERDAY
  MAXIMUM         79   1204 PM  98    1953  86     -7       88
  MINIMUM         63   1129 PM  46    1931  62      1       57
  AVERAGE         71                        74     -3       73

PRECIPITATION (IN)
  YESTERDAY        1.38          2.00 1966   0.11   1.27     0.00
  MONTH TO DATE    6.18                      2.22   3.96     2.10
  SINCE MAR 1     14.67                      8.57   6.10     6.78
  SINCE JAN 1     23.31                     15.76   7.55    13.41

SNOWFALL (IN)
  YESTERDAY        0.0          MM      MM   0.0             0.0
  MONTH TO DATE    0.0                       0.0             0.0
  SINCE MAR 1      T                         0.1             0.0
  SINCE JUL 1      0.1                       1.5              T

DEGREE DAYS
 HEATING
  YESTERDAY        0                         0      0        0
  MONTH TO DATE   12                        18     -6        6
  SINCE MAR 1    324                       450   -126      228
  SINCE JUL 1   1665                      2549   -884     1791

 COOLING
  YESTERDAY        6                         9     -3        8
  MONTH TO DATE  204                       154     50      167
  SINCE MAR 1    430                       245    185      350
  SINCE JAN 1    448                       249    199      354
..................................................................


WIND (MPH)
  HIGHEST WIND SPEED    33   HIGHEST WIND DIRECTION    SW (240)
  HIGHEST GUST SPEED    41   HIGHEST GUST DIRECTION    SW (220)
  AVERAGE WIND SPEED     7.1


SKY COVER
  AVERAGE SKY COVER 0.9


WEATHER CONDITIONS
 THE FOLLOWING WEATHER WAS RECORDED YESTERDAY.
  THUNDERSTORM
  HEAVY RAIN
  RAIN
  LIGHT RAIN
  FOG


RELATIVE HUMIDITY (PERCENT)
 HIGHEST    93          1200 AM
 LOWEST     71          1100 AM
 AVERAGE    82

..........................................................


THE COLUMBIA METRO AIRPORT SC CLIMATE NORMALS FOR TODAY
                         NORMAL    RECORD    YEAR
 MAXIMUM TEMPERATURE (F)   86       101      2000
 MINIMUM TEMPERATURE (F)   63        45      2013
                                             1967


SUNRISE AND SUNSET
MAY 25 2017...........SUNRISE   617 AM EDT   SUNSET   826 PM EDT
MAY 26 2017...........SUNRISE   617 AM EDT   SUNSET   827 PM EDT


-  INDICATES NEGATIVE NUMBERS.
R  INDICATES RECORD WAS SET OR TIED.
MM INDICATES DATA IS MISSING.
T  INDICATES TRACE AMOUNT.




$$
