000
CDUS42 KCAE 210630
CLICAE


CLIMATE REPORT
NATIONAL WEATHER SERVICE COLUMBIA SC
229 AM EDT THU AUG 21 2014


...................................

...THE COLUMBIA METRO AIRPORT SC CLIMATE SUMMARY FOR AUGUST 20 2014...

CLIMATE NORMAL PERIOD 1981 TO 2010
CLIMATE RECORD PERIOD 1887 TO 2014


WEATHER ITEM   OBSERVED TIME   RECORD YEAR NORMAL DEPARTURE LAST
                VALUE   (LST)  VALUE       VALUE  FROM      YEAR
                                                  NORMAL
..................................................................
TEMPERATURE (F)
 YESTERDAY
  MAXIMUM         97    437 PM 106    1900  90      7       85
  MINIMUM         72    604 AM  62    1943  71      1       73
  AVERAGE         85                        81      4       79

PRECIPITATION (IN)
  YESTERDAY        0.00          2.13 2006   0.18  -0.18      T
  MONTH TO DATE    4.79                      3.57   1.22     7.21
  SINCE JUN 1      9.03                     13.72  -4.69    24.59
  SINCE JAN 1     27.99                     30.23  -2.24    43.21

SNOWFALL (IN)
  YESTERDAY        0.0          MM      MM   0.0             0.0
  MONTH TO DATE    0.0                       0.0             0.0
  SINCE JUN 1      0.0                       0.0             0.0
  SINCE JUL 1      0.0                       0.0             0.0

DEGREE DAYS
 HEATING
  YESTERDAY        0                         0      0        0
  MONTH TO DATE    0                         0      0        0
  SINCE JUN 1      0                         1     -1        0
  SINCE JUL 1      0                         0      0        0

 COOLING
  YESTERDAY       20                        16      4       14
  MONTH TO DATE  334                       330      4      295
  SINCE JUN 1   1421                      1286    135     1217
  SINCE JAN 1   1835                      1607    228     1537
..................................................................


WIND (MPH)
  HIGHEST WIND SPEED    13   HIGHEST WIND DIRECTION     W (280)
  HIGHEST GUST SPEED    16   HIGHEST GUST DIRECTION     W (270)
  AVERAGE WIND SPEED     3.9


SKY COVER
  AVERAGE SKY COVER 0.4


WEATHER CONDITIONS
 THE FOLLOWING WEATHER WAS RECORDED YESTERDAY.
  FOG


RELATIVE HUMIDITY (PERCENT)
 HIGHEST    93           600 AM
 LOWEST     33           300 PM
 AVERAGE    63

..........................................................


THE COLUMBIA METRO AIRPORT SC CLIMATE NORMALS FOR TODAY
                         NORMAL    RECORD    YEAR
 MAXIMUM TEMPERATURE (F)   90       107      1983
 MINIMUM TEMPERATURE (F)   71        59      1998


SUNRISE AND SUNSET
AUGUST 21 2014........SUNRISE   650 AM EDT   SUNSET   804 PM EDT
AUGUST 22 2014........SUNRISE   651 AM EDT   SUNSET   803 PM EDT


-  INDICATES NEGATIVE NUMBERS.
R  INDICATES RECORD WAS SET OR TIED.
MM INDICATES DATA IS MISSING.
T  INDICATES TRACE AMOUNT.




$$
