000
CDUS42 KCAE 270643
CLICAE


CLIMATE REPORT
NATIONAL WEATHER SERVICE COLUMBIA SC
243 AM EDT FRI MAR 27 2015


...................................

...THE COLUMBIA METRO AIRPORT SC CLIMATE SUMMARY FOR MARCH 26 2015...

CLIMATE NORMAL PERIOD 1981 TO 2010
CLIMATE RECORD PERIOD 1887 TO 2015


WEATHER ITEM   OBSERVED TIME   RECORD YEAR NORMAL DEPARTURE LAST
                VALUE   (LST)  VALUE       VALUE  FROM      YEAR
                                                  NORMAL
..................................................................
TEMPERATURE (F)
 YESTERDAY
  MAXIMUM         78    341 PM  88    1929  71      7       55
  MINIMUM         63    648 AM  25    1983  45     18       32
  AVERAGE         71                        58     13       44

PRECIPITATION (IN)
  YESTERDAY        0.00          2.64 1901   0.12  -0.12     0.00
  MONTH TO DATE    2.57                      3.16  -0.59     3.36
  SINCE MAR 1      2.57                      3.16  -0.59     3.36
  SINCE JAN 1      9.93                     10.35  -0.42     9.68

SNOWFALL (IN)
  YESTERDAY        0.0          MM      MM   0.0             0.0
  MONTH TO DATE    0.0                       0.1             0.0
  SINCE MAR 1      0.0                       0.1             0.0
  SINCE JUL 1      T                         1.5             4.2

DEGREE DAYS
 HEATING
  YESTERDAY        0                         8     -8       21
  MONTH TO DATE  160                       274   -114      348
  SINCE MAR 1    160                       274   -114      348
  SINCE JUL 1   2349                      2373    -24     2432

 COOLING
  YESTERDAY        6                         1      5        0
  MONTH TO DATE   25                        14     11        0
  SINCE MAR 1     25                        14     11        0
  SINCE JAN 1     25                        18      7        7
..................................................................


WIND (MPH)
  HIGHEST WIND SPEED    21   HIGHEST WIND DIRECTION    SW (240)
  HIGHEST GUST SPEED    25   HIGHEST GUST DIRECTION    SW (210)
  AVERAGE WIND SPEED     8.4


SKY COVER
  AVERAGE SKY COVER 0.9


WEATHER CONDITIONS
 THE FOLLOWING WEATHER WAS RECORDED YESTERDAY.
  NO SIGNIFICANT WEATHER WAS OBSERVED.


RELATIVE HUMIDITY (PERCENT)
 HIGHEST    93           100 AM
 LOWEST     47           200 PM
 AVERAGE    70

..........................................................


THE COLUMBIA METRO AIRPORT SC CLIMATE NORMALS FOR TODAY
                         NORMAL    RECORD    YEAR
 MAXIMUM TEMPERATURE (F)   71        88      1994
 MINIMUM TEMPERATURE (F)   46        23      1955


SUNRISE AND SUNSET
MARCH 27 2015.........SUNRISE   719 AM EDT   SUNSET   741 PM EDT
MARCH 28 2015.........SUNRISE   718 AM EDT   SUNSET   742 PM EDT


-  INDICATES NEGATIVE NUMBERS.
R  INDICATES RECORD WAS SET OR TIED.
MM INDICATES DATA IS MISSING.
T  INDICATES TRACE AMOUNT.




$$
