000
CDUS42 KCAE 110645
CLICAE


CLIMATE REPORT
NATIONAL WEATHER SERVICE COLUMBIA SC
245 AM EDT FRI JUL 11 2014


...................................

...THE COLUMBIA METRO AIRPORT SC CLIMATE SUMMARY FOR JULY 10 2014...

CLIMATE NORMAL PERIOD 1981 TO 2010
CLIMATE RECORD PERIOD 1887 TO 2014


WEATHER ITEM   OBSERVED TIME   RECORD YEAR NORMAL DEPARTURE LAST
                VALUE   (LST)  VALUE       VALUE  FROM      YEAR
                                                  NORMAL
..................................................................
TEMPERATURE (F)
 YESTERDAY
  MAXIMUM         94    403 PM 105    1990  93      1       90
  MINIMUM         73    552 AM  59    1972  72      1       73
  AVERAGE         84                        82      2       82

PRECIPITATION (IN)
  YESTERDAY        1.32          1.41 1892   0.17   1.15      T
  MONTH TO DATE    1.51                      1.61  -0.10     2.82
  SINCE JUN 1      2.92                      6.30  -3.38     8.99
  SINCE JAN 1     21.88                     22.81  -0.93    27.61

SNOWFALL (IN)
  YESTERDAY        0.0          MM      MM   0.0             0.0
  MONTH TO DATE    0.0                       0.0             0.0
  SINCE JUN 1      0.0                       0.0             0.0
  SINCE JUL 1      0.0                       0.0             0.0

DEGREE DAYS
 HEATING
  YESTERDAY        0                         0      0        0
  MONTH TO DATE    0                         0      0        0
  SINCE JUN 1      0                         1     -1        0
  SINCE JUL 1      0                         0      0        0

 COOLING
  YESTERDAY       19                        17      2       17
  MONTH TO DATE  188                       170     18      148
  SINCE JUN 1    708                       594    114      582
  SINCE JAN 1   1122                       915    207      902
..................................................................


WIND (MPH)
  HIGHEST WIND SPEED    16   HIGHEST WIND DIRECTION     S (170)
  HIGHEST GUST SPEED    21   HIGHEST GUST DIRECTION    NE (50)
  AVERAGE WIND SPEED     4.6


SKY COVER
  AVERAGE SKY COVER 0.6


WEATHER CONDITIONS
 THE FOLLOWING WEATHER WAS RECORDED YESTERDAY.
  THUNDERSTORM
  HEAVY RAIN
  LIGHT RAIN
  FOG
  HAZE


RELATIVE HUMIDITY (PERCENT)
 HIGHEST    87           400 AM
 LOWEST     41           400 PM
 AVERAGE    64

..........................................................


THE COLUMBIA METRO AIRPORT SC CLIMATE NORMALS FOR TODAY
                         NORMAL    RECORD    YEAR
 MAXIMUM TEMPERATURE (F)   93       102      1993
                                             1990
                                             1986
 MINIMUM TEMPERATURE (F)   72        58      1963
                                             1961


SUNRISE AND SUNSET
JULY 11 2014..........SUNRISE   622 AM EDT   SUNSET   838 PM EDT
JULY 12 2014..........SUNRISE   623 AM EDT   SUNSET   837 PM EDT


-  INDICATES NEGATIVE NUMBERS.
R  INDICATES RECORD WAS SET OR TIED.
MM INDICATES DATA IS MISSING.
T  INDICATES TRACE AMOUNT.




$$
