000
CDUS42 KCAE 280628
CLICAE


CLIMATE REPORT
NATIONAL WEATHER SERVICE COLUMBIA SC
228 AM EDT SAT MAY 28 2016


...................................

...THE COLUMBIA METRO AIRPORT SC CLIMATE SUMMARY FOR MAY 27 2016...

CLIMATE NORMAL PERIOD 1981 TO 2010
CLIMATE RECORD PERIOD 1887 TO 2016


WEATHER ITEM   OBSERVED TIME   RECORD YEAR NORMAL DEPARTURE LAST
                VALUE   (LST)  VALUE       VALUE  FROM      YEAR
                                                  NORMAL
..................................................................
TEMPERATURE (F)
 YESTERDAY
  MAXIMUM         89    429 PM  99    1916  86      3       87
  MINIMUM         66    454 AM  42    1979  63      3       67
  AVERAGE         78                        75      3       77

PRECIPITATION (IN)
  YESTERDAY        0.00          1.39 2009   0.10  -0.10      T
  MONTH TO DATE    2.10                      2.53  -0.43     1.71
  SINCE MAR 1      6.78                      8.88  -2.10     8.52
  SINCE JAN 1     13.41                     16.07  -2.66    15.88

SNOWFALL (IN)
  YESTERDAY        0.0          MM      MM   0.0             0.0
  MONTH TO DATE    0.0                       0.0             0.0
  SINCE MAR 1      0.0                       0.1             0.0
  SINCE JUL 1      T                         1.5              T

DEGREE DAYS
 HEATING
  YESTERDAY        0                         0      0        0
  MONTH TO DATE    6                        18    -12        6
  SINCE MAR 1    228                       450   -222      274
  SINCE JUL 1   1791                      2549   -758     2463

 COOLING
  YESTERDAY       13                        10      3       12
  MONTH TO DATE  204                       183     21      228
  SINCE MAR 1    387                       274    113      371
  SINCE JAN 1    391                       278    113      371
..................................................................


WIND (MPH)
  HIGHEST WIND SPEED    16   HIGHEST WIND DIRECTION    SE (130)
  HIGHEST GUST SPEED    22   HIGHEST GUST DIRECTION     E (100)
  AVERAGE WIND SPEED     4.9


SKY COVER
  AVERAGE SKY COVER 0.3


WEATHER CONDITIONS
 THE FOLLOWING WEATHER WAS RECORDED YESTERDAY.
  NO SIGNIFICANT WEATHER WAS OBSERVED.


RELATIVE HUMIDITY (PERCENT)
 HIGHEST    81           500 AM
 LOWEST     39           800 PM
 AVERAGE    60

..........................................................


THE COLUMBIA METRO AIRPORT SC CLIMATE NORMALS FOR TODAY
                         NORMAL    RECORD    YEAR
 MAXIMUM TEMPERATURE (F)   87        99      1914
 MINIMUM TEMPERATURE (F)   64        41      1961


SUNRISE AND SUNSET
MAY 28 2016...........SUNRISE   616 AM EDT   SUNSET   828 PM EDT
MAY 29 2016...........SUNRISE   615 AM EDT   SUNSET   829 PM EDT


-  INDICATES NEGATIVE NUMBERS.
R  INDICATES RECORD WAS SET OR TIED.
MM INDICATES DATA IS MISSING.
T  INDICATES TRACE AMOUNT.




$$
