197
CDUS45 KGJT 272346
CLICAG


CLIMATE REPORT
NATIONAL WEATHER SERVICE GRAND JUNCTION CO
544 PM MDT SAT AUG 27 2016


...................................

...THE CRAIG CO CLIMATE SUMMARY FOR AUGUST 27 2016...
VALID TODAY AS OF 0500 PM LOCAL TIME.

CLIMATE NORMAL PERIOD 1981 TO 2010
CLIMATE RECORD PERIOD 9999 TO 9999


WEATHER ITEM   OBSERVED TIME   RECORD YEAR NORMAL DEPARTURE LAST
                VALUE   (LST)  VALUE       VALUE  FROM      YEAR
                                                  NORMAL
..................................................................
TEMPERATURE (F)
 TODAY
  MAXIMUM         80    256 PM  MM      MM  81     -1       80
  MINIMUM         40    610 AM  MM      MM  44     -4       52
  AVERAGE         60                        62     -2       66

PRECIPITATION (IN)
  TODAY            0.00         MM      MM   0.06  -0.06     0.57
  MONTH TO DATE    0.63                      1.18  -0.55     1.34
  SINCE JUN 1      1.60                      3.66  -2.06     3.49
  SINCE JAN 1      7.98                      9.85  -1.87    10.71

SNOWFALL (IN)
  TODAY           MM            MM      MM  MM     MM       MM
  MONTH TO DATE   MM                        MM     MM       MM
  SINCE JUN 1     MM                        MM     MM       MM
  SINCE JUL 1     MM                        MM     MM       MM
  SNOW DEPTH      MM

DEGREE DAYS
 HEATING
  TODAY            5                         3      2        0
  MONTH TO DATE   43                        38      5       26
  SINCE JUN 1    116                       238   -122      124
  SINCE JUL 1     57                        63     -6       51

 COOLING
  TODAY            0                         0      0        1
  MONTH TO DATE   43                        51     -8       65
  SINCE JUN 1    190                       140     50      182
  SINCE JAN 1    190                       140     50      182
..................................................................


WIND (MPH)
  HIGHEST WIND SPEED    16   HIGHEST WIND DIRECTION     W (290)
  HIGHEST GUST SPEED    22   HIGHEST GUST DIRECTION     W (290)
  AVERAGE WIND SPEED     4.6


SKY COVER
  POSSIBLE SUNSHINE  MM
  AVERAGE SKY COVER 0.1


WEATHER CONDITIONS
 THE FOLLOWING WEATHER WAS RECORDED TODAY.
  NO SIGNIFICANT WEATHER WAS OBSERVED.


RELATIVE HUMIDITY (PERCENT)
 HIGHEST    86           300 AM
 LOWEST     13           300 PM
 AVERAGE    50

..........................................................


THE CRAIG CO CLIMATE NORMALS FOR TOMORROW
                         NORMAL    RECORD    YEAR
 MAXIMUM TEMPERATURE (F)   81        MM        MM
 MINIMUM TEMPERATURE (F)   43        MM        MM


SUNRISE AND SUNSET
AUGUST 27 2016........SUNRISE   633 AM MDT   SUNSET   749 PM MDT
AUGUST 28 2016........SUNRISE   634 AM MDT   SUNSET   748 PM MDT


-  INDICATES NEGATIVE NUMBERS.
R  INDICATES RECORD WAS SET OR TIED.
MM INDICATES DATA IS MISSING.
T  INDICATES TRACE AMOUNT.




$$
