000
CDUS45 KGJT 230742
CLICAG


CLIMATE REPORT
NATIONAL WEATHER SERVICE GRAND JUNCTION CO
138 AM MDT FRI JUN 23 2017


...................................

...THE CRAIG CO CLIMATE SUMMARY FOR JUNE 22 2017...

CLIMATE NORMAL PERIOD 1981 TO 2010
CLIMATE RECORD PERIOD 9999 TO 9999


WEATHER ITEM   OBSERVED TIME   RECORD YEAR NORMAL DEPARTURE LAST
                VALUE   (LST)  VALUE       VALUE  FROM      YEAR
                                                  NORMAL
..................................................................
TEMPERATURE (F)
 YESTERDAY
  MAXIMUM         92    228 PM  MM      MM  81     11       92
  MINIMUM         49    422 AM  MM      MM  42      7       47
  AVERAGE         71                        61     10       70

PRECIPITATION (IN)
  YESTERDAY        T            MM      MM   0.04  -0.04      T
  MONTH TO DATE    0.39                      1.06  -0.67     0.14
  SINCE JUN 1      0.39                      1.06  -0.67     0.14
  SINCE JAN 1      8.18                      7.25   0.93     6.52

SNOWFALL (IN)
  YESTERDAY       MM            MM      MM  MM     MM       MM
  MONTH TO DATE   MM                        MM     MM       MM
  SINCE JUN 1     MM                        MM     MM       MM
  SINCE JUL 1     MM                        MM     MM       MM
  SNOW DEPTH      MM

DEGREE DAYS
 HEATING
  YESTERDAY        0                         4     -4        0
  MONTH TO DATE   71                       152    -81       55
  SINCE JUN 1     71                       152    -81       55
  SINCE JUL 1   7467                      8611  -1144     8351

 COOLING
  YESTERDAY        6                         0      6        5
  MONTH TO DATE   25                         0     25       18
  SINCE JUN 1     25                         0     25       18
  SINCE JAN 1     25                         0     25       18
..................................................................


WIND (MPH)
  HIGHEST WIND SPEED    33   HIGHEST WIND DIRECTION     S (190)
  HIGHEST GUST SPEED    42   HIGHEST GUST DIRECTION     S (160)
  AVERAGE WIND SPEED     8.2


SKY COVER
  POSSIBLE SUNSHINE  MM
  AVERAGE SKY COVER 0.0


WEATHER CONDITIONS
 THE FOLLOWING WEATHER WAS RECORDED YESTERDAY.
  THUNDERSTORM
  LIGHT RAIN


RELATIVE HUMIDITY (PERCENT)
 HIGHEST    77           500 AM
 LOWEST      9           500 PM
 AVERAGE    43

..........................................................


THE CRAIG CO CLIMATE NORMALS FOR TODAY
                         NORMAL    RECORD    YEAR
 MAXIMUM TEMPERATURE (F)   82        MM        MM
 MINIMUM TEMPERATURE (F)   42        MM        MM


SUNRISE AND SUNSET
JUNE 23 2017..........SUNRISE   540 AM MDT   SUNSET   844 PM MDT
JUNE 24 2017..........SUNRISE   541 AM MDT   SUNSET   845 PM MDT


-  INDICATES NEGATIVE NUMBERS.
R  INDICATES RECORD WAS SET OR TIED.
MM INDICATES DATA IS MISSING.
T  INDICATES TRACE AMOUNT.




$$
