000
CDUS45 KGJT 040739
CLICAG


CLIMATE REPORT
NATIONAL WEATHER SERVICE GRAND JUNCTION CO
130 AM MDT TUE AUG 4 2015


...................................

...THE CRAIG CO CLIMATE SUMMARY FOR AUGUST 3 2015...

CLIMATE NORMAL PERIOD 1981 TO 2010
CLIMATE RECORD PERIOD 9999 TO 9999


WEATHER ITEM   OBSERVED TIME   RECORD YEAR NORMAL DEPARTURE LAST
                VALUE   (LST)  VALUE       VALUE  FROM      YEAR
                                                  NORMAL
..................................................................
TEMPERATURE (F)
 YESTERDAY
  MAXIMUM         82    140 PM  MM      MM  88     -6       89
  MINIMUM         54   1137 PM  MM      MM  48      6       38
  AVERAGE         68                        68      0       64

PRECIPITATION (IN)
  YESTERDAY        0.10         MM      MM   0.03   0.07     0.00
  MONTH TO DATE    0.28                      0.10   0.18      T
  SINCE JUN 1      2.43                      2.58  -0.15     1.87
  SINCE JAN 1      9.65                      8.77   0.88     6.19

SNOWFALL (IN)
  YESTERDAY       MM            MM      MM  MM     MM       MM
  MONTH TO DATE   MM                        MM     MM       MM
  SINCE JUN 1     MM                        MM     MM       MM
  SINCE JUL 1     MM                        MM     MM       MM
  SNOW DEPTH      MM

DEGREE DAYS
 HEATING
  YESTERDAY        0                         1     -1        1
  MONTH TO DATE    0                         1     -1        3
  SINCE JUN 1     98                       201   -103      233
  SINCE JUL 1     25                        26     -1       47

 COOLING
  YESTERDAY        3                         3      0        0
  MONTH TO DATE    9                         9      0        0
  SINCE JUN 1    126                        98     28       41
  SINCE JAN 1    126                        98     28       41
..................................................................


WIND (MPH)
  HIGHEST WIND SPEED    25   HIGHEST WIND DIRECTION     S (180)
  HIGHEST GUST SPEED    35   HIGHEST GUST DIRECTION    SW (220)
  AVERAGE WIND SPEED     4.7


SKY COVER
  POSSIBLE SUNSHINE  MM
  AVERAGE SKY COVER 0.7


WEATHER CONDITIONS
 THE FOLLOWING WEATHER WAS RECORDED YESTERDAY.
  THUNDERSTORM
  RAIN
  LIGHT RAIN


RELATIVE HUMIDITY (PERCENT)
 HIGHEST    93          1100 PM
 LOWEST     40           100 PM
 AVERAGE    67

..........................................................


THE CRAIG CO CLIMATE NORMALS FOR TODAY
                         NORMAL    RECORD    YEAR
 MAXIMUM TEMPERATURE (F)   87        MM        MM
 MINIMUM TEMPERATURE (F)   47        MM        MM


SUNRISE AND SUNSET
AUGUST  4 2015........SUNRISE   610 AM MDT   SUNSET   822 PM MDT
AUGUST  5 2015........SUNRISE   611 AM MDT   SUNSET   821 PM MDT


-  INDICATES NEGATIVE NUMBERS.
R  INDICATES RECORD WAS SET OR TIED.
MM INDICATES DATA IS MISSING.
T  INDICATES TRACE AMOUNT.




$$
