000
CDUS41 KCLE 090539
CLICAK


CLIMATE REPORT
NATIONAL WEATHER SERVICE CLEVELAND OH
1238 AM EST FRI DEC 9 2016


...................................

...THE AKRON CANTON OH CLIMATE SUMMARY FOR DECEMBER 8 2016...

CLIMATE NORMAL PERIOD 1981 TO 2010
CLIMATE RECORD PERIOD 1887 TO 2016


WEATHER ITEM   OBSERVED TIME   RECORD YEAR NORMAL DEPARTURE LAST
                VALUE   (LST)  VALUE       VALUE  FROM      YEAR
                                                  NORMAL
..................................................................
TEMPERATURE (F)
 YESTERDAY
  MAXIMUM         32    211 AM  67    1966  39     -7       48
  MINIMUM         22   1159 PM   6    1977  26     -4       28
                                      1942
  AVERAGE         27                        33     -6       38

PRECIPITATION (IN)
  YESTERDAY        T                         0.10  -0.10     0.00
  MONTH TO DATE    0.59                      0.79  -0.20     0.15
  SINCE DEC 1      0.59                      0.79  -0.20     0.15
  SINCE JAN 1     36.24                     37.57  -1.33    37.68

SNOWFALL (IN)
  YESTERDAY        T                         0.3   -0.3      0.0
  MONTH TO DATE    0.1                       2.1   -2.0      0.2
  SINCE DEC 1      0.1                       2.1   -2.0      0.2
  SINCE JUL 1      2.2                       5.5   -3.3      0.2
  SNOW DEPTH       0

DEGREE DAYS
 HEATING
  YESTERDAY       38                        32      6       27
  MONTH TO DATE  240                       248     -8      208
  SINCE DEC 1    240                       248     -8      208
  SINCE JUL 1   1118                      1507   -389     1088

 COOLING
  YESTERDAY        0                         0      0        0
  MONTH TO DATE    0                         0      0        0
  SINCE DEC 1      0                         0      0        0
  SINCE JAN 1   1133                       652    481      958
..................................................................


WIND (MPH)
  HIGHEST WIND SPEED    25   HIGHEST WIND DIRECTION     W (270)
  HIGHEST GUST SPEED    34   HIGHEST GUST DIRECTION     W (270)
  AVERAGE WIND SPEED    13.6


SKY COVER
  POSSIBLE SUNSHINE  MM
  AVERAGE SKY COVER 1.0


WEATHER CONDITIONS
 THE FOLLOWING WEATHER WAS RECORDED YESTERDAY.
  LIGHT SNOW
  HAZE


RELATIVE HUMIDITY (PERCENT)
 HIGHEST    77          1100 PM
 LOWEST     60          1100 AM
 AVERAGE    69

..........................................................


THE AKRON CANTON OH CLIMATE NORMALS FOR TODAY
                         NORMAL    RECORD    YEAR
 MAXIMUM TEMPERATURE (F)   39        62      1952
 MINIMUM TEMPERATURE (F)   26        -7      1917


SUNRISE AND SUNSET
DECEMBER  9 2016......SUNRISE   739 AM EST   SUNSET   458 PM EST
DECEMBER 10 2016......SUNRISE   740 AM EST   SUNSET   458 PM EST


-  INDICATES NEGATIVE NUMBERS.
R  INDICATES RECORD WAS SET OR TIED.
MM INDICATES DATA IS MISSING.
T  INDICATES TRACE AMOUNT.




$$
