000
CDUS41 KCLE 040546
CLICAK


CLIMATE REPORT
NATIONAL WEATHER SERVICE CLEVELAND OH
145 AM EDT FRI SEP 4 2015


...................................

...THE AKRON CANTON OH CLIMATE SUMMARY FOR SEPTEMBER 3 2015...

CLIMATE NORMAL PERIOD 1981 TO 2010
CLIMATE RECORD PERIOD 1887 TO 2015


WEATHER ITEM   OBSERVED TIME   RECORD YEAR NORMAL DEPARTURE LAST
                VALUE   (LST)  VALUE       VALUE  FROM      YEAR
                                                  NORMAL
..................................................................
TEMPERATURE (F)
 YESTERDAY
  MAXIMUM         89   1250 PM  99    1953  78     11       84
  MINIMUM         67    926 PM  41    1946  58      9       60
  AVERAGE         78                        68     10       72

PRECIPITATION (IN)
  YESTERDAY        0.19                      0.12   0.07     0.00
  MONTH TO DATE    0.19                      0.36  -0.17     0.02
  SINCE SEP 1      0.19                      0.36  -0.17     0.02
  SINCE JAN 1     29.53                     27.56   1.97    35.81

SNOWFALL (IN)
  YESTERDAY        0.0                       0.0    0.0      0.0
  MONTH TO DATE    0.0                       0.0    0.0      0.0
  SINCE SEP 1      0.0                       0.0    0.0      0.0
  SINCE JUL 1      0.0                       0.0    0.0      0.0
  SNOW DEPTH       0

DEGREE DAYS
 HEATING
  YESTERDAY        0                         1     -1        0
  MONTH TO DATE    0                         3     -3        0
  SINCE SEP 1      0                         3     -3        0
  SINCE JUL 1      9                        23    -14       16

 COOLING
  YESTERDAY       13                         4      9        7
  MONTH TO DATE   41                        12     29       27
  SINCE SEP 1     41                        12     29       27
  SINCE JAN 1    825                       594    231      663
..................................................................


WIND (MPH)
  HIGHEST WIND SPEED    24   HIGHEST WIND DIRECTION     W (290)
  HIGHEST GUST SPEED    31   HIGHEST GUST DIRECTION     W (290)
  AVERAGE WIND SPEED     5.4


SKY COVER
  POSSIBLE SUNSHINE  MM
  AVERAGE SKY COVER 0.6


WEATHER CONDITIONS
 THE FOLLOWING WEATHER WAS RECORDED YESTERDAY.
  THUNDERSTORM
  LIGHT RAIN
  FOG
  HAZE


RELATIVE HUMIDITY (PERCENT)
 HIGHEST    93           900 PM
 LOWEST     50          1200 PM
 AVERAGE    72

..........................................................


THE AKRON CANTON OH CLIMATE NORMALS FOR TODAY
                         NORMAL    RECORD    YEAR
 MAXIMUM TEMPERATURE (F)   77        95      1953
 MINIMUM TEMPERATURE (F)   57        43      1997
                                             1946


SUNRISE AND SUNSET
SEPTEMBER  4 2015.....SUNRISE   655 AM EDT   SUNSET   754 PM EDT
SEPTEMBER  5 2015.....SUNRISE   656 AM EDT   SUNSET   752 PM EDT


-  INDICATES NEGATIVE NUMBERS.
R  INDICATES RECORD WAS SET OR TIED.
MM INDICATES DATA IS MISSING.
T  INDICATES TRACE AMOUNT.




$$
