000
CDUS45 KABQ 200833
CLICAO


CLIMATE REPORT
NATIONAL WEATHER SERVICE ALBUQUERQUE NM
133 AM MST FRI JAN 20 2017


...................................

...THE CLAYTON  NM CLIMATE SUMMARY FOR JANUARY 19 2017...

CLIMATE NORMAL PERIOD 1981 TO 2010
CLIMATE RECORD PERIOD 1896 TO 2017


WEATHER ITEM   OBSERVED TIME   RECORD YEAR NORMAL DEPARTURE
                VALUE   (LST)  VALUE       VALUE  FROM
                                                  NORMAL
...............................................................
TEMPERATURE (F)
 YESTERDAY
  MAXIMUM         62    308 PM  76    1986  49     13
                                      1920
  MINIMUM         26    411 AM -15    1943  22      4
  AVERAGE         44                        36      8

PRECIPITATION (IN)
  YESTERDAY        0.00          0.17 1990   0.01  -0.01
  MONTH TO DATE    1.03                      0.16   0.87
  SINCE DEC 1      1.24                      0.52   0.72
  SINCE JAN 1      1.03                      0.16   0.87

SNOWFALL (IN)
  YESTERDAY        0.0
  MONTH TO DATE    6.3
  SINCE DEC 1      8.9
  SINCE JUL 1      8.9

DEGREE DAYS
 HEATING
  YESTERDAY       21                        29     -8
  MONTH TO DATE  581                       566     15
  SINCE DEC 1   1491                      1502    -11
  SINCE JUL 1   2159                      2554   -395

 COOLING
  YESTERDAY        0                         0      0
  MONTH TO DATE    0                         0      0
  SINCE DEC 1      0                         0      0
  SINCE JAN 1      0                         0      0
...............................................................


WIND (MPH)
  HIGHEST WIND SPEED    28   HIGHEST WIND DIRECTION    NW (320)
  HIGHEST GUST SPEED    33   HIGHEST GUST DIRECTION    NW (310)
  AVERAGE WIND SPEED     9.6


SKY COVER
  AVERAGE SKY COVER 0.1


WEATHER CONDITIONS
 THE FOLLOWING WEATHER WAS RECORDED YESTERDAY.
  NO SIGNIFICANT WEATHER WAS OBSERVED.


RELATIVE HUMIDITY (PERCENT)
 HIGHEST    85          1100 PM
 LOWEST     17          1200 PM
 AVERAGE    51

..........................................................


THE CLAYTON  NM CLIMATE NORMALS FOR TODAY
                         NORMAL    RECORD    YEAR
 MAXIMUM TEMPERATURE (F)   49        75      1986
 MINIMUM TEMPERATURE (F)   22        -6      1984


SUNRISE AND SUNSET
JANUARY 20 2017.......SUNRISE   701 AM MST   SUNSET   506 PM MST
JANUARY 21 2017.......SUNRISE   701 AM MST   SUNSET   507 PM MST


-  INDICATES NEGATIVE NUMBERS.
R  INDICATES RECORD WAS SET OR TIED.
MM INDICATES DATA IS MISSING.
T  INDICATES TRACE AMOUNT.




$$
