140
CDUS45 KABQ 290835
CLICAO


CLIMATE REPORT
NATIONAL WEATHER SERVICE ALBUQUERQUE NM
232 AM MDT SAT APR 29 2017


...................................

...THE CLAYTON  NM CLIMATE SUMMARY FOR APRIL 28 2017...

CLIMATE NORMAL PERIOD 1981 TO 2010
CLIMATE RECORD PERIOD 1896 TO 2017


WEATHER ITEM   OBSERVED TIME   RECORD YEAR NORMAL DEPARTURE
                VALUE   (LST)  VALUE       VALUE  FROM
                                                  NORMAL
...............................................................
TEMPERATURE (F)
 YESTERDAY
  MAXIMUM         55   1029 AM  89    1910  71    -16
  MINIMUM         38   1159 PM  27    1917  42     -4
  AVERAGE         47                        56     -9

PRECIPITATION (IN)
  YESTERDAY        1.10          1.54 1944   0.04   1.06
  MONTH TO DATE    2.82                      0.87   1.95
  SINCE MAR 1      3.62                      1.82   1.80
  SINCE JAN 1      5.00                      2.44   2.56

SNOWFALL (IN)
  YESTERDAY        0.0
  MONTH TO DATE    6.1
  SINCE MAR 1      6.2
  SINCE JUL 1     17.6

DEGREE DAYS
 HEATING
  YESTERDAY       18                         9      9
  MONTH TO DATE  300                       367    -67
  SINCE MAR 1    722                      1011   -289
  SINCE JUL 1   3742                      4688   -946

 COOLING
  YESTERDAY        0                         0      0
  MONTH TO DATE   12                         0     12
  SINCE MAR 1     18                         1     17
  SINCE JAN 1     20                         1     19
...............................................................


WIND (MPH)
  HIGHEST WIND SPEED    20   HIGHEST WIND DIRECTION    SW (240)
  HIGHEST GUST SPEED    27   HIGHEST GUST DIRECTION    SW (220)
  AVERAGE WIND SPEED     7.0


SKY COVER
  AVERAGE SKY COVER 0.8


WEATHER CONDITIONS
 THE FOLLOWING WEATHER WAS RECORDED YESTERDAY.
  THUNDERSTORM
  HEAVY RAIN
  RAIN
  LIGHT RAIN
  FOG


RELATIVE HUMIDITY (PERCENT)
 HIGHEST   100           400 PM
 LOWEST     27          1000 AM
 AVERAGE    64

..........................................................


THE CLAYTON  NM CLIMATE NORMALS FOR TODAY
                         NORMAL    RECORD    YEAR
 MAXIMUM TEMPERATURE (F)   71        87      1981
 MINIMUM TEMPERATURE (F)   42        24      1917


SUNRISE AND SUNSET
APRIL 29 2017.........SUNRISE   601 AM MDT   SUNSET   739 PM MDT
APRIL 30 2017.........SUNRISE   600 AM MDT   SUNSET   740 PM MDT


-  INDICATES NEGATIVE NUMBERS.
R  INDICATES RECORD WAS SET OR TIED.
MM INDICATES DATA IS MISSING.
T  INDICATES TRACE AMOUNT.

$$
