000
CDUS45 KABQ 050831
CLICAO


CLIMATE REPORT
NATIONAL WEATHER SERVICE ALBUQUERQUE NM
131 AM MST FRI FEB 5 2016


...................................

...THE CLAYTON  NM CLIMATE SUMMARY FOR FEBRUARY 4 2016...

CLIMATE NORMAL PERIOD 1981 TO 2010
CLIMATE RECORD PERIOD 1896 TO 2016


WEATHER ITEM   OBSERVED TIME   RECORD YEAR NORMAL DEPARTURE
                VALUE   (LST)  VALUE       VALUE  FROM
                                                  NORMAL
...............................................................
TEMPERATURE (F)
 YESTERDAY
  MAXIMUM         45    111 PM  76    1925  50     -5
  MINIMUM          9    347 AM  -8    1989  22    -13
  AVERAGE         27                        36     -9

PRECIPITATION (IN)
  YESTERDAY        0.00          0.33 1983   0.01  -0.01
  MONTH TO DATE    0.11                      0.04   0.07
  SINCE DEC 1      1.00                      0.68   0.32
  SINCE JAN 1      0.39                      0.32   0.07

SNOWFALL (IN)
  YESTERDAY        0.0
  MONTH TO DATE    0.9
  SINCE DEC 1     15.1
  SINCE JUL 1     22.2

DEGREE DAYS
 HEATING
  YESTERDAY       38                        29      9
  MONTH TO DATE  156                       116     40
  SINCE DEC 1   1880                      1970    -90
  SINCE JUL 1   2769                      3022   -253

 COOLING
  YESTERDAY        0                         0      0
  MONTH TO DATE    0                         0      0
  SINCE DEC 1      0                         0      0
  SINCE JAN 1      0                         0      0
...............................................................


WIND (MPH)
  HIGHEST WIND SPEED    17   HIGHEST WIND DIRECTION     W (260)
  HIGHEST GUST SPEED    22   HIGHEST GUST DIRECTION     W (260)
  AVERAGE WIND SPEED     9.2


SKY COVER
  AVERAGE SKY COVER 0.1


WEATHER CONDITIONS
 THE FOLLOWING WEATHER WAS RECORDED YESTERDAY.
  FOG
  HAZE


RELATIVE HUMIDITY (PERCENT)
 HIGHEST    84          1200 AM
 LOWEST     13          1200 PM
 AVERAGE    49

..........................................................


THE CLAYTON  NM CLIMATE NORMALS FOR TODAY
                         NORMAL    RECORD    YEAR
 MAXIMUM TEMPERATURE (F)   50        74      1898
 MINIMUM TEMPERATURE (F)   22       -12      1982


SUNRISE AND SUNSET
FEBRUARY  5 2016......SUNRISE   651 AM MST   SUNSET   523 PM MST
FEBRUARY  6 2016......SUNRISE   650 AM MST   SUNSET   524 PM MST


-  INDICATES NEGATIVE NUMBERS.
R  INDICATES RECORD WAS SET OR TIED.
MM INDICATES DATA IS MISSING.
T  INDICATES TRACE AMOUNT.




$$
