000
CDUS45 KABQ 220828
CLICAO


CLIMATE REPORT
NATIONAL WEATHER SERVICE ALBUQUERQUE NM
127 AM MST WED FEB 22 2017


...................................

...THE CLAYTON  NM CLIMATE SUMMARY FOR FEBRUARY 21 2017...

CLIMATE NORMAL PERIOD 1981 TO 2010
CLIMATE RECORD PERIOD 1896 TO 2017


WEATHER ITEM   OBSERVED TIME   RECORD YEAR NORMAL DEPARTURE
                VALUE   (LST)  VALUE       VALUE  FROM
                                                  NORMAL
...............................................................
TEMPERATURE (F)
 YESTERDAY
  MAXIMUM         79R   300 PM  75    1927  52     27
  MINIMUM         33    651 AM   3    1955  25      8
  AVERAGE         56                        38     18

PRECIPITATION (IN)
  YESTERDAY        0.00          0.36 1945   0.01  -0.01
  MONTH TO DATE    0.25                      0.23   0.02
  SINCE DEC 1      1.59                      0.87   0.72
  SINCE JAN 1      1.38                      0.51   0.87

SNOWFALL (IN)
  YESTERDAY        0.0
  MONTH TO DATE    1.0
  SINCE DEC 1     11.4
  SINCE JUL 1     11.4

DEGREE DAYS
 HEATING
  YESTERDAY        9                        27    -18
  MONTH TO DATE  384                       592   -208
  SINCE DEC 1   2198                      2446   -248
  SINCE JUL 1   2866                      3498   -632

 COOLING
  YESTERDAY        0                         0      0
  MONTH TO DATE    2                         0      2
  SINCE DEC 1      2                         0      2
  SINCE JAN 1      2                         0      2
...............................................................


WIND (MPH)
  HIGHEST WIND SPEED    25   HIGHEST WIND DIRECTION     N (340)
  HIGHEST GUST SPEED    30   HIGHEST GUST DIRECTION     N (340)
  AVERAGE WIND SPEED    11.0


SKY COVER
  AVERAGE SKY COVER 0.0


WEATHER CONDITIONS
 THE FOLLOWING WEATHER WAS RECORDED YESTERDAY.
  NO SIGNIFICANT WEATHER WAS OBSERVED.


RELATIVE HUMIDITY (PERCENT)
 HIGHEST    59           700 AM
 LOWEST      7           300 PM
 AVERAGE    33

..........................................................


THE CLAYTON  NM CLIMATE NORMALS FOR TODAY
                         NORMAL    RECORD    YEAR
 MAXIMUM TEMPERATURE (F)   53        75      1982
 MINIMUM TEMPERATURE (F)   25         3      1960


SUNRISE AND SUNSET
FEBRUARY 22 2017......SUNRISE   632 AM MST   SUNSET   541 PM MST
FEBRUARY 23 2017......SUNRISE   630 AM MST   SUNSET   542 PM MST


-  INDICATES NEGATIVE NUMBERS.
R  INDICATES RECORD WAS SET OR TIED.
MM INDICATES DATA IS MISSING.
T  INDICATES TRACE AMOUNT.




$$
