000
CDUS45 KABQ 280839
CLICAO


CLIMATE REPORT
NATIONAL WEATHER SERVICE ALBUQUERQUE NM
137 AM MST SUN DEC 28 2014


...................................

...THE CLAYTON  NM CLIMATE SUMMARY FOR DECEMBER 27 2014...

CLIMATE NORMAL PERIOD 1981 TO 2010
CLIMATE RECORD PERIOD 1896 TO 2014


WEATHER ITEM   OBSERVED TIME   RECORD YEAR NORMAL DEPARTURE
                VALUE   (LST)  VALUE       VALUE  FROM
                                                  NORMAL
...............................................................
TEMPERATURE (F)
 YESTERDAY
  MAXIMUM         32    248 PM  74    1928  47    -15
  MINIMUM         12    829 PM   1    1987  22    -10
                                      1924
  AVERAGE         22                        34    -12

PRECIPITATION (IN)
  YESTERDAY        0.00          0.30 1979   0.02  -0.02
  MONTH TO DATE    0.45                      0.32   0.13
  SINCE DEC 1      0.45                      0.32   0.13
  SINCE JAN 1     13.34                     15.75  -2.41

SNOWFALL (IN)
  YESTERDAY        0.0
  MONTH TO DATE    1.6
  SINCE DEC 1      1.6
  SINCE JUL 1      4.2

DEGREE DAYS
 HEATING
  YESTERDAY       43                        31     12
  MONTH TO DATE  703                       817   -114
  SINCE DEC 1    703                       817   -114
  SINCE JUL 1   1655                      1869   -214

 COOLING
  YESTERDAY        0                         0      0
  MONTH TO DATE    0                         0      0
  SINCE DEC 1      0                         0      0
  SINCE JAN 1   1130                       909    221
...............................................................


WIND (MPH)
  HIGHEST WIND SPEED    15   HIGHEST WIND DIRECTION    NW (300)
  HIGHEST GUST SPEED    19   HIGHEST GUST DIRECTION    NW (300)
  AVERAGE WIND SPEED     8.0


SKY COVER
  AVERAGE SKY COVER 0.2


WEATHER CONDITIONS
 THE FOLLOWING WEATHER WAS RECORDED YESTERDAY.
  NO SIGNIFICANT WEATHER WAS OBSERVED.


RELATIVE HUMIDITY (PERCENT)
 HIGHEST    88           100 AM
 LOWEST     53          1200 PM
 AVERAGE    71

..........................................................


THE CLAYTON  NM CLIMATE NORMALS FOR TODAY
                         NORMAL    RECORD    YEAR
 MAXIMUM TEMPERATURE (F)   47        74      1920
 MINIMUM TEMPERATURE (F)   22        -3      1983


SUNRISE AND SUNSET
DECEMBER 28 2014......SUNRISE   703 AM MST   SUNSET   445 PM MST
DECEMBER 29 2014......SUNRISE   704 AM MST   SUNSET   446 PM MST


-  INDICATES NEGATIVE NUMBERS.
R  INDICATES RECORD WAS SET OR TIED.
MM INDICATES DATA IS MISSING.
T  INDICATES TRACE AMOUNT.




$$
