000
CDUS45 KABQ 170826
CLICAO


CLIMATE REPORT
NATIONAL WEATHER SERVICE ALBUQUERQUE NM
225 AM MDT TUE OCT 17 2017


...................................

...THE CLAYTON  NM CLIMATE SUMMARY FOR OCTOBER 16 2017...

CLIMATE NORMAL PERIOD 1981 TO 2010
CLIMATE RECORD PERIOD 1896 TO 2017


WEATHER ITEM   OBSERVED TIME   RECORD YEAR NORMAL DEPARTURE
                VALUE   (LST)  VALUE       VALUE  FROM
                                                  NORMAL
...............................................................
TEMPERATURE (F)
 YESTERDAY
  MAXIMUM         71    252 PM  91    2016  68      3
  MINIMUM         39    607 AM  18    1899  41     -2
  AVERAGE         55                        55      0

PRECIPITATION (IN)
  YESTERDAY        0.00          0.55 1937   0.04  -0.04
  MONTH TO DATE    1.02                      0.62   0.40
  SINCE SEP 1      5.41                      2.29   3.12
  SINCE JAN 1     20.33                     14.49   5.84

SNOWFALL (IN)
  YESTERDAY        0.0
  MONTH TO DATE    T
  SINCE SEP 1      T
  SINCE JUL 1      T

DEGREE DAYS
 HEATING
  YESTERDAY       10                        11     -1
  MONTH TO DATE  117                       135    -18
  SINCE SEP 1    194                       213    -19
  SINCE JUL 1    198                       219    -21

 COOLING
  YESTERDAY        0                         0      0
  MONTH TO DATE    5                         6     -1
  SINCE SEP 1    117                       108      9
  SINCE JAN 1    827                       905    -78
...............................................................


WIND (MPH)
  HIGHEST WIND SPEED    26   HIGHEST WIND DIRECTION    SW (220)
  HIGHEST GUST SPEED    35   HIGHEST GUST DIRECTION    SW (210)
  AVERAGE WIND SPEED    13.4


SKY COVER
  AVERAGE SKY COVER 0.0


WEATHER CONDITIONS
 THE FOLLOWING WEATHER WAS RECORDED YESTERDAY.
  HAZE


RELATIVE HUMIDITY (PERCENT)
 HIGHEST    70           600 AM
 LOWEST     26           100 PM
 AVERAGE    48

..........................................................


THE CLAYTON  NM CLIMATE NORMALS FOR TODAY
                         NORMAL    RECORD    YEAR
 MAXIMUM TEMPERATURE (F)   68        93      1926
 MINIMUM TEMPERATURE (F)   41        16      1899


SUNRISE AND SUNSET
OCTOBER 17 2017.......SUNRISE   702 AM MDT   SUNSET   613 PM MDT
OCTOBER 18 2017.......SUNRISE   703 AM MDT   SUNSET   612 PM MDT


-  INDICATES NEGATIVE NUMBERS.
R  INDICATES RECORD WAS SET OR TIED.
MM INDICATES DATA IS MISSING.
T  INDICATES TRACE AMOUNT.




$$
