000
CDUS45 KABQ 260832
CLICAO


CLIMATE REPORT
NATIONAL WEATHER SERVICE ALBUQUERQUE NM
231 AM MDT SUN MAR 26 2017


...................................

...THE CLAYTON  NM CLIMATE SUMMARY FOR MARCH 25 2017...

CLIMATE NORMAL PERIOD 1981 TO 2010
CLIMATE RECORD PERIOD 1896 TO 2017


WEATHER ITEM   OBSERVED TIME   RECORD YEAR NORMAL DEPARTURE
                VALUE   (LST)  VALUE       VALUE  FROM
                                                  NORMAL
...............................................................
TEMPERATURE (F)
 YESTERDAY
  MAXIMUM         68    325 PM  85    2012  61      7
  MINIMUM         30    419 AM   8    1965  32     -2
  AVERAGE         49                        46      3

PRECIPITATION (IN)
  YESTERDAY        0.00          0.68 1941   0.03  -0.03
  MONTH TO DATE    0.03                      0.76  -0.73
  SINCE MAR 1      0.03                      0.76  -0.73
  SINCE JAN 1      1.41                      1.38   0.03

SNOWFALL (IN)
  YESTERDAY        0.0
  MONTH TO DATE    0.0
  SINCE MAR 1      0.0
  SINCE JUL 1     11.4

DEGREE DAYS
 HEATING
  YESTERDAY       16                        19     -3
  MONTH TO DATE  313                       538   -225
  SINCE MAR 1    313                       538   -225
  SINCE JUL 1   3333                      4215   -882

 COOLING
  YESTERDAY        0                         0      0
  MONTH TO DATE    6                         0      6
  SINCE MAR 1      6                         0      6
  SINCE JAN 1      8                         0      8
...............................................................


WIND (MPH)
  HIGHEST WIND SPEED    22   HIGHEST WIND DIRECTION     S (170)
  HIGHEST GUST SPEED    26   HIGHEST GUST DIRECTION     S (170)
  AVERAGE WIND SPEED     9.5


SKY COVER
  AVERAGE SKY COVER 0.0


WEATHER CONDITIONS
 THE FOLLOWING WEATHER WAS RECORDED YESTERDAY.
  NO SIGNIFICANT WEATHER WAS OBSERVED.


RELATIVE HUMIDITY (PERCENT)
 HIGHEST    92           100 AM
 LOWEST     22           200 PM
 AVERAGE    57

..........................................................


THE CLAYTON  NM CLIMATE NORMALS FOR TODAY
                         NORMAL    RECORD    YEAR
 MAXIMUM TEMPERATURE (F)   61        81      1971
                                             1956
 MINIMUM TEMPERATURE (F)   32         4      1931


SUNRISE AND SUNSET
MARCH 26 2017.........SUNRISE   647 AM MDT   SUNSET   710 PM MDT
MARCH 27 2017.........SUNRISE   646 AM MDT   SUNSET   711 PM MDT


-  INDICATES NEGATIVE NUMBERS.
R  INDICATES RECORD WAS SET OR TIED.
MM INDICATES DATA IS MISSING.
T  INDICATES TRACE AMOUNT.




$$
