000
CDUS45 KABQ 040826
CLICAO


CLIMATE REPORT
NATIONAL WEATHER SERVICE ALBUQUERQUE NM
226 AM MDT WED MAY 4 2016


...................................

...THE CLAYTON  NM CLIMATE SUMMARY FOR MAY 3 2016...

CLIMATE NORMAL PERIOD 1981 TO 2010
CLIMATE RECORD PERIOD 1896 TO 2016


WEATHER ITEM   OBSERVED TIME   RECORD YEAR NORMAL DEPARTURE
                VALUE   (LST)  VALUE       VALUE  FROM
                                                  NORMAL
...............................................................
TEMPERATURE (F)
 YESTERDAY
  MAXIMUM         69    300 PM  90    1947  72     -3
                                      1940
  MINIMUM         39   1220 AM  24    1954  43     -4
  AVERAGE         54                        58     -4

PRECIPITATION (IN)
  YESTERDAY        0.00          1.96 1928   0.04  -0.04
  MONTH TO DATE    0.18                      0.12   0.06
  SINCE MAR 1      2.28                      2.01   0.27
  SINCE JAN 1      2.72                      2.63   0.09

SNOWFALL (IN)
  YESTERDAY        0.0
  MONTH TO DATE    0.5
  SINCE MAR 1      2.1
  SINCE JUL 1     25.5

DEGREE DAYS
 HEATING
  YESTERDAY       11                         8      3
  MONTH TO DATE   58                        24     34
  SINCE MAR 1    931                      1053   -122
  SINCE JUL 1   4181                      4730   -549

 COOLING
  YESTERDAY        0                         1     -1
  MONTH TO DATE    0                         2     -2
  SINCE MAR 1      0                         8     -8
  SINCE JAN 1      0                         8     -8
...............................................................


WIND (MPH)
  HIGHEST WIND SPEED    30   HIGHEST WIND DIRECTION     N (340)
  HIGHEST GUST SPEED    39   HIGHEST GUST DIRECTION     N (360)
  AVERAGE WIND SPEED    12.9


SKY COVER
  AVERAGE SKY COVER 0.3


WEATHER CONDITIONS
 THE FOLLOWING WEATHER WAS RECORDED YESTERDAY.
  HAZE


RELATIVE HUMIDITY (PERCENT)
 HIGHEST    76           400 AM
 LOWEST     24          1200 PM
 AVERAGE    50

..........................................................


THE CLAYTON  NM CLIMATE NORMALS FOR TODAY
                         NORMAL    RECORD    YEAR
 MAXIMUM TEMPERATURE (F)   72        90      2014
                                             2012
 MINIMUM TEMPERATURE (F)   44        26      1899


SUNRISE AND SUNSET
MAY  4 2016...........SUNRISE   555 AM MDT   SUNSET   744 PM MDT
MAY  5 2016...........SUNRISE   554 AM MDT   SUNSET   745 PM MDT


-  INDICATES NEGATIVE NUMBERS.
R  INDICATES RECORD WAS SET OR TIED.
MM INDICATES DATA IS MISSING.
T  INDICATES TRACE AMOUNT.




$$
