000
CDUS41 KCAR 210551
CLICAR


CLIMATE REPORT
NATIONAL WEATHER SERVICE CARIBOU, ME
1251 AM EST WED FEB 21 2018


...................................

...THE CARIBOU ME CLIMATE SUMMARY FOR FEBRUARY 20 2018...

CLIMATE NORMAL PERIOD 1981 TO 2010
CLIMATE RECORD PERIOD 1939 TO 2018


WEATHER ITEM   OBSERVED TIME   RECORD YEAR NORMAL DEPARTURE LAST
                VALUE   (LST)  VALUE       VALUE  FROM      YEAR
                                                  NORMAL
..................................................................
TEMPERATURE (F)
 YESTERDAY
  MAXIMUM         38    326 PM  59    1994  26     12       30
  MINIMUM         31   1159 PM -31    1966   6     25       14
  AVERAGE         35                        16     19       22

PRECIPITATION (IN)
  YESTERDAY        0.08          0.72 2013   0.07   0.01      T
  MONTH TO DATE    1.97                      1.55   0.42     1.48
  SINCE DEC 1     11.39                      7.53   3.86     9.13
  SINCE JAN 1      7.27                      4.26   3.01     4.93

SNOWFALL (IN)
  YESTERDAY        0.1           6.2  2013   0.8   -0.7       T
  MONTH TO DATE   22.9                      16.0    6.9     15.8
  SINCE DEC 1     96.0                      64.1   31.9     76.4
  SINCE JUL 1     99.9                      76.3   23.6     96.6
  SNOW DEPTH      31

DEGREE DAYS
 HEATING
  YESTERDAY       30                        49    -19       43
  MONTH TO DATE  961                      1043    -82     1082
  SINCE DEC 1   4186                      4192     -6     4023
  SINCE JUL 1   5890                      6337   -447     5710

 COOLING
  YESTERDAY        0                         0      0        0
  MONTH TO DATE    0                         0      0        0
  SINCE DEC 1      0                         0      0        0
  SINCE JAN 1      0                         0      0        0
..................................................................


WIND (MPH)
  HIGHEST WIND SPEED    15   HIGHEST WIND DIRECTION    SE (140)
  HIGHEST GUST SPEED    21   HIGHEST GUST DIRECTION     E (100)
  AVERAGE WIND SPEED     5.1


SKY COVER
  POSSIBLE SUNSHINE  MM
  AVERAGE SKY COVER 1.0


WEATHER CONDITIONS
 THE FOLLOWING WEATHER WAS RECORDED YESTERDAY.
  LIGHT RAIN
  LIGHT SNOW
  FOG


RELATIVE HUMIDITY (PERCENT)
 HIGHEST    92           600 AM
 LOWEST     70          1100 AM
 AVERAGE    81

..........................................................


THE CARIBOU ME CLIMATE NORMALS FOR TODAY
                         NORMAL    RECORD    YEAR
 MAXIMUM TEMPERATURE (F)   26        50      1994
 MINIMUM TEMPERATURE (F)    6       -28      1993


SUNRISE AND SUNSET
FEBRUARY 21 2018......SUNRISE   626 AM EST   SUNSET   506 PM EST
FEBRUARY 22 2018......SUNRISE   624 AM EST   SUNSET   507 PM EST


-  INDICATES NEGATIVE NUMBERS.
R  INDICATES RECORD WAS SET OR TIED.
MM INDICATES DATA IS MISSING.
T  INDICATES TRACE AMOUNT.




$$
