389
CDUS41 KCAR 280537
CLICAR


CLIMATE REPORT
NATIONAL WEATHER SERVICE CARIBOU, ME
131 AM EDT THU APR 28 2016


...................................

...THE CARIBOU ME CLIMATE SUMMARY FOR APRIL 27 2016...

CLIMATE NORMAL PERIOD 1981 TO 2010
CLIMATE RECORD PERIOD 1939 TO 2016


WEATHER ITEM   OBSERVED TIME   RECORD YEAR NORMAL DEPARTURE LAST
                VALUE   (LST)  VALUE       VALUE  FROM      YEAR
                                                  NORMAL
..................................................................
TEMPERATURE (F)
 YESTERDAY
  MAXIMUM         42    233 PM  86    1990  54    -12       53
  MINIMUM         24   1130 PM  17    1966  34    -10       37
  AVERAGE         33                        44    -11       45

PRECIPITATION (IN)
  YESTERDAY        T             1.29 2012   0.08  -0.08     0.10
  MONTH TO DATE    2.80                      2.38   0.42     2.34
  SINCE MAR 1      7.50                      4.89   2.61     3.99
  SINCE JAN 1     12.97                      9.81   3.16     8.09

SNOWFALL (IN)
  YESTERDAY        T             2.8  1947   0.1   -0.1      0.0
                                      2000
  MONTH TO DATE    2.8                       7.2   -4.4      8.6
  SINCE MAR 1     30.0                      25.5    4.5     33.5
  SINCE JUL 1     90.0                     108.0  -18.0    141.8
  SNOW DEPTH       0

DEGREE DAYS
 HEATING
  YESTERDAY       32                        21     11       20
  MONTH TO DATE  780                       736     44      783
  SINCE MAR 1   2037                      1990     47     2185
  SINCE JUL 1   7779                      8711   -932     8926

 COOLING
  YESTERDAY        0                         0      0        0
  MONTH TO DATE    0                         0      0        0
  SINCE MAR 1      0                         0      0        0
  SINCE JAN 1      0                         0      0        0
..................................................................


WIND (MPH)
  HIGHEST WIND SPEED    18   HIGHEST WIND DIRECTION     N (350)
  HIGHEST GUST SPEED    26   HIGHEST GUST DIRECTION     N (360)
  AVERAGE WIND SPEED     8.7


SKY COVER
  POSSIBLE SUNSHINE  MM
  AVERAGE SKY COVER 0.4


WEATHER CONDITIONS
 THE FOLLOWING WEATHER WAS RECORDED YESTERDAY.
  LIGHT SNOW


RELATIVE HUMIDITY (PERCENT)
 HIGHEST    68           500 AM
 LOWEST     23           100 PM
 AVERAGE    46

..........................................................


THE CARIBOU ME CLIMATE NORMALS FOR TODAY
                         NORMAL    RECORD    YEAR
 MAXIMUM TEMPERATURE (F)   55        76      2009
 MINIMUM TEMPERATURE (F)   35        13      1947


SUNRISE AND SUNSET
APRIL 28 2016.........SUNRISE   521 AM EDT   SUNSET   739 PM EDT
APRIL 29 2016.........SUNRISE   519 AM EDT   SUNSET   740 PM EDT


-  INDICATES NEGATIVE NUMBERS.
R  INDICATES RECORD WAS SET OR TIED.
MM INDICATES DATA IS MISSING.
T  INDICATES TRACE AMOUNT.




$$
