000
CDUS41 KCAR 312028
CLICAR

CLIMATE REPORT
NATIONAL WEATHER SERVICE CARIBOU, ME
427 PM EDT THU JUL 31 2014


...................................

...THE CARIBOU ME CLIMATE SUMMARY FOR JULY 31 2014...
VALID TODAY AS OF 0400 PM LOCAL TIME.

CLIMATE NORMAL PERIOD 1981 TO 2010
CLIMATE RECORD PERIOD 1939 TO 2014


WEATHER ITEM   OBSERVED TIME   RECORD YEAR NORMAL DEPARTURE LAST
                VALUE   (LST)  VALUE       VALUE  FROM      YEAR
                                                  NORMAL
..................................................................
TEMPERATURE (F)
 TODAY
  MAXIMUM         77    250 PM  90    1995  76      1       78
  MINIMUM         58    537 AM  41    1978  55      3       51
  AVERAGE         68                        66      2       65

PRECIPITATION (IN)
  TODAY            0.00          1.66 1949   0.12  -0.12     0.00
  MONTH TO DATE    7.05                      4.08   2.97     7.27
  SINCE JUN 1      9.66                      7.56   2.10    13.33
  SINCE JAN 1     26.86                     20.98   5.88    27.35

SNOWFALL (IN)
  TODAY            0.0           0.0  2002   0.0    0.0      0.0
                                      2001
  MONTH TO DATE    0.0                       0.0    0.0      0.0
  SINCE JUN 1      0.0                       0.0    0.0      0.0
  SINCE JUL 1      0.0                       0.0    0.0      0.0
  SNOW DEPTH       0

DEGREE DAYS
 HEATING
  TODAY            0                         2     -2        0
  MONTH TO DATE   24                        64    -40       28
  SINCE JUN 1    113                       223   -110      206
  SINCE JUL 1     24                        58    -34       28

 COOLING
  TODAY            3                         3      0        0
  MONTH TO DATE  130                        77     53      119
  SINCE JUN 1    166                       111     55      142
  SINCE JAN 1    169                       116     53      150
..................................................................


WIND (MPH)
  HIGHEST WIND SPEED    15   HIGHEST WIND DIRECTION     S (190)
  HIGHEST GUST SPEED    20   HIGHEST GUST DIRECTION    SE (140)
  AVERAGE WIND SPEED     5.1


SKY COVER
  POSSIBLE SUNSHINE  MM
  AVERAGE SKY COVER 0.8


WEATHER CONDITIONS
 THE FOLLOWING WEATHER WAS RECORDED TODAY.
  FOG
  FOG W/VISIBILITY <= 1/4 MILE


RELATIVE HUMIDITY (PERCENT)
 HIGHEST   100           100 AM
 LOWEST     58           100 PM
 AVERAGE    79

..........................................................


THE CARIBOU ME CLIMATE NORMALS FOR TOMORROW
                         NORMAL    RECORD    YEAR
 MAXIMUM TEMPERATURE (F)   76        93      1995
 MINIMUM TEMPERATURE (F)   55        41      1961


SUNRISE AND SUNSET
JULY 31 2014..........SUNRISE   511 AM EDT   SUNSET   806 PM EDT
AUGUST  1 2014........SUNRISE   512 AM EDT   SUNSET   804 PM EDT


-  INDICATES NEGATIVE NUMBERS.
R  INDICATES RECORD WAS SET OR TIED.
MM INDICATES DATA IS MISSING.
T  INDICATES TRACE AMOUNT.

.........................................................

THE CARIBOU ME 4 INCH SOIL TEMPERATURE FOR JULY 31 2014

MAXIMUM SOIL TEMPERATURE (F)...74
MINIMUM SOIL TEMPERATURE (F)...69


$$
