000
CDUS41 KCAR 180537
CLICAR


CLIMATE REPORT
NATIONAL WEATHER SERVICE CARIBOU, ME
132 AM EDT WED OCT 18 2017


...................................

...THE CARIBOU ME CLIMATE SUMMARY FOR OCTOBER 17 2017...

CLIMATE NORMAL PERIOD 1981 TO 2010
CLIMATE RECORD PERIOD 1939 TO 2017


WEATHER ITEM   OBSERVED TIME   RECORD YEAR NORMAL DEPARTURE LAST
                VALUE   (LST)  VALUE       VALUE  FROM      YEAR
                                                  NORMAL
..................................................................
TEMPERATURE (F)
 YESTERDAY
  MAXIMUM         51    247 PM  79    1947  52     -1       55
  MINIMUM         30    611 AM  22    2009  34     -4       38
                                      2000
  AVERAGE         41                        43     -2       47

PRECIPITATION (IN)
  YESTERDAY        0.00          1.73 2014   0.11  -0.11     0.00
  MONTH TO DATE    1.66                      1.93  -0.27     0.84
  SINCE SEP 1      4.79                      5.25  -0.46     3.32
  SINCE JAN 1     30.65                     29.99   0.66    34.43

SNOWFALL (IN)
  YESTERDAY        0.0           4.9  1970   0.1   -0.1      0.0
  MONTH TO DATE    0.0                       0.4   -0.4      0.0
  SINCE SEP 1      0.0                       0.5   -0.5      0.0
  SINCE JUL 1      0.0                       0.5   -0.5      0.0
  SNOW DEPTH       0

DEGREE DAYS
 HEATING
  YESTERDAY       24                        22      2       18
  MONTH TO DATE  227                       325    -98      260
  SINCE SEP 1    373                       638   -265      465
  SINCE JUL 1    497                       792   -295      545

 COOLING
  YESTERDAY        0                         0      0        0
  MONTH TO DATE    0                         0      0        0
  SINCE SEP 1     34                        11     23       22
  SINCE JAN 1    221                       180     41      275
..................................................................


WIND (MPH)
  HIGHEST WIND SPEED    15   HIGHEST WIND DIRECTION    SW (240)
  HIGHEST GUST SPEED    19   HIGHEST GUST DIRECTION     S (190)
  AVERAGE WIND SPEED     6.5


SKY COVER
  POSSIBLE SUNSHINE  MM
  AVERAGE SKY COVER 0.6


WEATHER CONDITIONS
 THE FOLLOWING WEATHER WAS RECORDED YESTERDAY.
  NO SIGNIFICANT WEATHER WAS OBSERVED.


RELATIVE HUMIDITY (PERCENT)
 HIGHEST    85           500 AM
 LOWEST     45          1100 AM
 AVERAGE    65

..........................................................


THE CARIBOU ME CLIMATE NORMALS FOR TODAY
                         NORMAL    RECORD    YEAR
 MAXIMUM TEMPERATURE (F)   51        79      1968
 MINIMUM TEMPERATURE (F)   34        17      1972


SUNRISE AND SUNSET
OCTOBER 18 2017.......SUNRISE   654 AM EDT   SUNSET   539 PM EDT
OCTOBER 19 2017.......SUNRISE   656 AM EDT   SUNSET   537 PM EDT


-  INDICATES NEGATIVE NUMBERS.
R  INDICATES RECORD WAS SET OR TIED.
MM INDICATES DATA IS MISSING.
T  INDICATES TRACE AMOUNT.




$$
