000
CDUS41 KCAR 120527
CLICAR


CLIMATE REPORT
NATIONAL WEATHER SERVICE CARIBOU, ME
1226 AM EST TUE DEC 12 2017


...................................

...THE CARIBOU ME CLIMATE SUMMARY FOR DECEMBER 11 2017...

CLIMATE NORMAL PERIOD 1981 TO 2010
CLIMATE RECORD PERIOD 1939 TO 2017


WEATHER ITEM   OBSERVED TIME   RECORD YEAR NORMAL DEPARTURE LAST
                VALUE   (LST)  VALUE       VALUE  FROM      YEAR
                                                  NORMAL
..................................................................
TEMPERATURE (F)
 YESTERDAY
  MAXIMUM         16    419 AM  56    1969  28    -12       17
  MINIMUM         -8   1149 PM -16    1988  13    -21       -2
                                      1958
  AVERAGE          4                        20    -16        8

PRECIPITATION (IN)
  YESTERDAY        0.06          1.66 1993   0.11  -0.05      T
  MONTH TO DATE    1.36                      1.27   0.09     1.28
  SINCE DEC 1      1.36                      1.27   0.09     1.28
  SINCE JAN 1     40.25                     36.49   3.76    41.04

SNOWFALL (IN)
  YESTERDAY        2.5           6.2  1994   0.7    1.8       T
  MONTH TO DATE   10.6                       7.3    3.3     13.9
  SINCE DEC 1     10.6                       7.3    3.3     13.9
  SINCE JUL 1     14.5                      19.5   -5.0     34.1
  SNOW DEPTH       8

DEGREE DAYS
 HEATING
  YESTERDAY       61                        45     16       57
  MONTH TO DATE  416                       468    -52      507
  SINCE DEC 1    416                       468    -52      507
  SINCE JUL 1   2120                      2613   -493     2194

 COOLING
  YESTERDAY        0                         0      0        0
  MONTH TO DATE    0                         0      0        0
  SINCE DEC 1      0                         0      0        0
  SINCE JAN 1    222                       180     42      275
..................................................................


WIND (MPH)
  HIGHEST WIND SPEED    13   HIGHEST WIND DIRECTION     N (10)
  HIGHEST GUST SPEED    17   HIGHEST GUST DIRECTION     N (10)
  AVERAGE WIND SPEED     4.4


SKY COVER
  POSSIBLE SUNSHINE  MM
  AVERAGE SKY COVER 0.6


WEATHER CONDITIONS
 THE FOLLOWING WEATHER WAS RECORDED YESTERDAY.
  LIGHT SNOW
  FOG
  HAZE


RELATIVE HUMIDITY (PERCENT)
 HIGHEST    87          1000 PM
 LOWEST     66           200 PM
 AVERAGE    77

..........................................................


THE CARIBOU ME CLIMATE NORMALS FOR TODAY
                         NORMAL    RECORD    YEAR
 MAXIMUM TEMPERATURE (F)   27        58      1950
 MINIMUM TEMPERATURE (F)   12       -16      1965


SUNRISE AND SUNSET
DECEMBER 12 2017......SUNRISE   708 AM EST   SUNSET   343 PM EST
DECEMBER 13 2017......SUNRISE   709 AM EST   SUNSET   344 PM EST


-  INDICATES NEGATIVE NUMBERS.
R  INDICATES RECORD WAS SET OR TIED.
MM INDICATES DATA IS MISSING.
T  INDICATES TRACE AMOUNT.




$$
