000
CDAK48 PACD 290051
CLICDB


CLIMATE REPORT
NATIONAL WEATHER SERVICE ANCHORAGE, AK
451 PM AKDT FRI APR 28 2017


...................................

...THE COLD BAY CLIMATE SUMMARY FOR APRIL 28 2017...
VALID TODAY AS OF 0400 PM LOCAL TIME.

CLIMATE NORMAL PERIOD 1981 TO 2010
CLIMATE RECORD PERIOD 1942 TO 2017


WEATHER ITEM   OBSERVED TIME   RECORD YEAR NORMAL DEPARTURE LAST
                VALUE   (LST)  VALUE       VALUE  FROM      YEAR
                                                  NORMAL
..................................................................
TEMPERATURE (F)
 TODAY
  MAXIMUM         47    100 PM  52    1993  42      5       49
  MINIMUM         33        MM  15    1976  32      1       30
  AVERAGE         40                        37      3       40

PRECIPITATION (IN)
  TODAY            0.01          1.16 1977   0.08  -0.07     0.03
  MONTH TO DATE    0.96                      2.27  -1.31     2.96
  SINCE MAR 1      1.00                      4.97  -3.97     4.15
  SINCE JAN 1      7.98                     11.11  -3.13    10.63

SNOWFALL (IN)
  TODAY            0.0           2.5  1988   0.2   -0.2     MM
  MONTH TO DATE    2.6                       6.4   -3.8     MM
  SINCE MAR 1      2.9                      19.4  -16.5      0.0
  SINCE JUL 1     39.5                      71.6  -32.1     38.3
  SNOW DEPTH       0

DEGREE DAYS
 HEATING
  TODAY           25                        28     -3       25
  MONTH TO DATE  809                       874    -65      645
  SINCE MAR 1   2005                      1956     49     1562
  SINCE JUL 1   7565                      8174   -609     6778

 COOLING
  TODAY            0                         0      0        0
  MONTH TO DATE    0                         0      0        0
  SINCE MAR 1      0                         0      0        0
  SINCE JAN 1      0                         0      0        0
..................................................................


WIND (MPH)
  RESULTANT WIND SPEED  10   RESULTANT WIND DIRECTION  SE (150)
  HIGHEST WIND SPEED    18   HIGHEST WIND DIRECTION    SE (150)
  HIGHEST GUST SPEED    MM   HIGHEST GUST DIRECTION    MM
  AVERAGE WIND SPEED    10.3



WEATHER CONDITIONS
 THE FOLLOWING WEATHER WAS RECORDED TODAY.
  LIGHT RAIN


RELATIVE HUMIDITY (PERCENT)
 HIGHEST   100
 LOWEST     70
 AVERAGE    85

..........................................................


THE COLD BAY CLIMATE NORMALS FOR TOMORROW
                         NORMAL    RECORD    YEAR
 MAXIMUM TEMPERATURE (F)   42        53      1981
 MINIMUM TEMPERATURE (F)   32        21      1971


SUNRISE AND SUNSET
APRIL 28 2017.........SUNRISE   715 AM AKDT  SUNSET  1022 PM AKDT
APRIL 29 2017.........SUNRISE   713 AM AKDT  SUNSET  1024 PM AKDT


-  INDICATES NEGATIVE NUMBERS.
R  INDICATES RECORD WAS SET OR TIED.
MM INDICATES DATA IS MISSING.
T  INDICATES TRACE AMOUNT.




$$
