246
CDAK48 PAFC 190050
CLICDB


CLIMATE REPORT
NATIONAL WEATHER SERVICE ANCHORAGE, AK
449 PM AKDT WED OCT 18 2017


...................................

...THE COLD BAY CLIMATE SUMMARY FOR OCTOBER 18 2017...
VALID TODAY AS OF 0400 PM LOCAL TIME.

CLIMATE NORMAL PERIOD 1981 TO 2010
CLIMATE RECORD PERIOD 1942 TO 2017


WEATHER ITEM   OBSERVED TIME   RECORD YEAR NORMAL DEPARTURE LAST
                VALUE   (LST)  VALUE       VALUE  FROM      YEAR
                                                  NORMAL
..................................................................
TEMPERATURE (F)
 TODAY
  MAXIMUM         45        MM  58    2004  45      0       41
  MINIMUM         37        MM  22    2007  35      2       26
  AVERAGE         41                        40      1       34

PRECIPITATION (IN)
  TODAY            0.02          0.60 1981   0.16  -0.14     0.41
  MONTH TO DATE    2.38                      2.81  -0.43     4.03
  SINCE SEP 1      5.50                      7.54  -2.04     9.84
  SINCE JAN 1     25.06                     30.28  -5.22    29.14

SNOWFALL (IN)
  TODAY            0.0           1.5  2016   0.0    0.0      1.5
  MONTH TO DATE    0.0                       0.7   -0.7      1.5
  SINCE SEP 1      0.0                       0.7   -0.7      1.5
  SINCE JUL 1      0.0                       0.7   -0.7      1.5
  SNOW DEPTH       0

DEGREE DAYS
 HEATING
  TODAY           24                        25     -1       31
  MONTH TO DATE  356                       414    -58      321
  SINCE SEP 1    857                       921    -64      729
  SINCE JUL 1   1608                      1760   -152     1200

 COOLING
  TODAY            0                         0      0        0
  MONTH TO DATE    0                         0      0        0
  SINCE SEP 1      0                         0      0        0
  SINCE JAN 1      0                         0      0        0
..................................................................


WIND (MPH)
  RESULTANT WIND SPEED  20   RESULTANT WIND DIRECTION  NW (310)
  HIGHEST WIND SPEED    27   HIGHEST WIND DIRECTION    NW (300)
  HIGHEST GUST SPEED    37   HIGHEST GUST DIRECTION    NW (300)
  AVERAGE WIND SPEED    20.1



WEATHER CONDITIONS
 THE FOLLOWING WEATHER WAS RECORDED TODAY.
  RAIN
  SLEET


RELATIVE HUMIDITY (PERCENT)
 HIGHEST    85
 LOWEST     70
 AVERAGE    78

..........................................................


THE COLD BAY CLIMATE NORMALS FOR TOMORROW
                         NORMAL    RECORD    YEAR
 MAXIMUM TEMPERATURE (F)   45        55      1957
 MINIMUM TEMPERATURE (F)   35        25      2007


SUNRISE AND SUNSET
OCTOBER 18 2017.......SUNRISE   928 AM AKDT  SUNSET   743 PM AKDT
OCTOBER 19 2017.......SUNRISE   930 AM AKDT  SUNSET   741 PM AKDT


-  INDICATES NEGATIVE NUMBERS.
R  INDICATES RECORD WAS SET OR TIED.
MM INDICATES DATA IS MISSING.
T  INDICATES TRACE AMOUNT.




$$
