000
CDAK48 PACD 310007
CLICDB

CLIMATE REPORT
NATIONAL WEATHER SERVICE COLD BAY, AK
407 PM AKDT THU JUL 30 2015

...................................
...THE COLD BAY AP CLIMATE SUMMARY FOR JULY 30 2015...
VALID TODAY AS OF 2:00 PM LOCAL TIME

CLIMATE NORMAL PERIOD  1981 TO  2010
CLIMATE RECORD PERIOD  1942 TO  2015

WEATHER ITEM   OBSERVED TIME    RECORD YEAR NORMAL DEPARTURE LAST
               VALUE    (LST)   VALUE       VALUE  FROM      YEAR
                                                   NORMAL
...................................................................
TEMPERATURE
TODAY
 MAXIMUM            61  0307 PM    70  2014     57       4     70
 MINIMUM            50  0757 AM    38  1982     48       2     47
 AVERAGE            56                          52       4     59

PRECIPITATION
(INCHES)
 TODAY            0.03           0.88  2000   0.10   -0.07   0.00
 MONTH TO DATE    2.47                        2.39    0.08   2.13
 SINCE JUN 1      3.58                        5.11   -1.53   3.18
 SINCE JAN 1     16.43                       18.97   -2.54  15.16

SNOWFALL
(INCHES)
 TODAY             0.0            0.0  2015    0.0     0.0    0.0
 MONTH TO DATE     0.0                         0.0     0.0    0.0
 SINCE JUN 1       0.0                         0.0     0.0    0.0
 SINCE JUL 1       0.0                         0.0     0.0    0.0
 SNOW DEPTH (IN)     0                                          0

DEGREE DAYS
 HEATING
  TODAY              9                          13      -4      6
  MONTH TO DATE    390                         425     -35    275
  SINCE JUN 1      850                         987    -137    720
  SINCE JUL 1      390                         425     -35    275

 COOLING
  TODAY              0                           0       0      0
  MONTH TO DATE      0                           0       0      0
  SINCE JUN 1        0                           0       0      0
  SINCE JAN 1        0                           0       0      0
...................................................................

WIND (MPH)
 HIGHEST WIND SPEED    10     HIGHEST WIND DIRECTION    350
 HIGHEST GUST SPEED    13     HIGHEST GUST DIRECTION    350
 AVERAGE WIND SPEED    MM

WEATHER CONDITIONS
 THE FOLLOWING WEATHER WAS RECORDED TODAY.
  RAIN

...................................................................

THE COLD BAY CLIMATE NORMALS FOR TOMORROW
                        NORMAL    RECORD   YEAR
 MAXIMUM TEMPERATURE      57        76     1961
 MINIMUM TEMPERATURE      48        36     1982

SUNRISE AND SUNSET
 JUL 30 2015..........SUNRISE  6:56 AM      SUNSET 10:59 PM
 JUL 31 2015..........SUNRISE  6:57 AM      SUNSET 10:57 PM

-  INDICATES NEGATIVE NUMBERS.
R  INDICATES RECORD HAS BEEN SET OR TIED.
MM INDICATES DATA IS MISSING.
T  INDICATES TRACE OF PRECIPITATION.

&&
-------------------------------------------------------------------

AMOUNT OF DAYLIGHT TODAY  (HOUR:MIN)........16 HOURS 3 MINUTES
LOSS SINCE YESTERDAY (HOUR:MIN:SEC).........-0:03:37

$$
DK JUL 15
