864
CDAK48 PACD 101111
CLICDB

CLIMATE REPORT
NATIONAL WEATHER SERVICE COLD BAY, AK
211 AM AKST WED FEB 10 2016

...................................
...THE COLD BAY AP CLIMATE SUMMARY FOR FEBRUARY 9 2016...

CLIMATE NORMAL PERIOD  1981 TO  2010
CLIMATE RECORD PERIOD  1942 TO  2016

WEATHER ITEM   OBSERVED TIME    RECORD YEAR NORMAL DEPARTURE LAST
               VALUE    (LST)   VALUE       VALUE  FROM      YEAR
                                                   NORMAL
...................................................................
TEMPERATURE
YESTERDAY
 MAXIMUM            41  0241 PM    45  2003     33       8     33
 MINIMUM            35  1159 PM    -5  1999     24      11     16
 AVERAGE            38                          29       9     25

PRECIPITATION
(INCHES)
 YESTERDAY        0.04           0.62  1981   0.11   -0.07   0.02
 MONTH TO DATE    0.45                        0.95   -0.50   0.09
 SINCE DEC 1     12.21                        8.57    3.64   4.42
 SINCE JAN 1      4.94                        4.11    0.83   1.50

SNOWFALL
(INCHES)
 YESTERDAY         0.0            2.4  1996    0.4    -0.4    0.2
 MONTH TO DATE     0.3                         4.1    -3.8    0.9
 SINCE DEC 1      33.7                        30.8     2.9    4.7
 SINCE JUL 1      39.0                        43.4    -4.4    8.6
 SNOW DEPTH (IN)     0                                          T

DEGREE DAYS
 HEATING
  YESTERDAY         27                          36      -9     40
  MONTH TO DATE    275                         329     -54    323
  SINCE DEC 1     2261                        2519    -258   2334
  SINCE JUL 1     5117                        5545    -428   4846

 COOLING
  YESTERDAY          0                           0       0      0
  MONTH TO DATE      0                           0       0      0
  SINCE DEC 1        0                           0       0      0
  SINCE JAN 1        0                           0       0      0
...................................................................

WIND (MPH)
 HIGHEST WIND SPEED    37     HIGHEST WIND DIRECTION    120
 HIGHEST GUST SPEED    45     HIGHEST GUST DIRECTION    120
 AVERAGE WIND SPEED  18.9

WEATHER CONDITIONS
 THE FOLLOWING WEATHER WAS RECORDED YESTERDAY.
  RAIN

...................................................................

THE COLD BAY CLIMATE NORMALS FOR TODAY
                           NORMAL    RECORD   YEAR
 MAXIMUM TEMPERATURE (F)     33        44     2001
 MINIMUM TEMPERATURE (F)     24        -1     1968

SUNRISE AND SUNSET
 FEB 10 2016..........SUNRISE  9:26 AM      SUNSET  6:46 PM
 FEB 11 2016..........SUNRISE  9:24 AM      SUNSET  6:49 PM

-  INDICATES NEGATIVE NUMBERS.
R  INDICATES RECORD HAS BEEN SET OR TIED.
MM INDICATES DATA IS MISSING.
T  INDICATES TRACE OF PRECIPITATION.

&&
-------------------------------------------------------------------

AMOUNT OF DAYLIGHT TODAY  (HOUR:MIN)........9 HOURS 20 MINUTES
GAIN SINCE YESTERDAY (HOUR:MIN:SEC).........+0:04:12

$$

RCS FEB 16
