000
CDAK48 PACD 251256
CLICDB


CLIMATE REPORT
NATIONAL WEATHER SERVICE ANCHORAGE, AK
455 AM AKDT SUN JUN 25 2017


...................................

...THE COLD BAY CLIMATE SUMMARY FOR JUNE 24 2017...

CLIMATE NORMAL PERIOD 1981 TO 2010
CLIMATE RECORD PERIOD 1942 TO 2017


WEATHER ITEM   OBSERVED TIME   RECORD YEAR NORMAL DEPARTURE LAST
                VALUE   (LST)  VALUE       VALUE  FROM      YEAR
                                                  NORMAL
..................................................................
TEMPERATURE (F)
 YESTERDAY
  MAXIMUM         57        MM  69    1953  53      4       MM
  MINIMUM         43        MM  37    1959  43      0       MM
                                      1956
  AVERAGE         50                        48      2       MM

PRECIPITATION (IN)
  YESTERDAY        T             0.83 1960   0.08  -0.08     0.06
  MONTH TO DATE    1.39                      2.22  -0.83     1.61
  SINCE JUN 1      1.39                      2.22  -0.83     1.61
  SINCE JAN 1     11.36                     16.08  -4.72    14.02

SNOWFALL (IN)
  YESTERDAY        0.0          MM      MM   0.0    0.0     MM
  MONTH TO DATE    0.0                       0.0    0.0      0.0
  SINCE JUN 1      0.0                       0.0    0.0      0.0
  SINCE JUL 1     39.5                      73.1  -33.6     38.3
  SNOW DEPTH       0

DEGREE DAYS
 HEATING
  YESTERDAY       15                        17     -2       MM
  MONTH TO DATE  411                       463    -52      356
  SINCE JUN 1    411                       463    -52      356
  SINCE JUL 1   8733                      9459   -726     7768

 COOLING
  YESTERDAY        0                         0      0       MM
  MONTH TO DATE    0                         0      0        0
  SINCE JUN 1      0                         0      0        0
  SINCE JAN 1      0                         0      0        0
..................................................................


WIND (MPH)
  RESULTANT WIND SPEED  19   RESULTANT WIND DIRECTION  SE (150)
  HIGHEST WIND SPEED    30   HIGHEST WIND DIRECTION    SE (150)
  HIGHEST GUST SPEED    40   HIGHEST GUST DIRECTION    SE (150)
  AVERAGE WIND SPEED    19.2



WEATHER CONDITIONS
 THE FOLLOWING WEATHER WAS RECORDED YESTERDAY.
  LIGHT RAIN


RELATIVE HUMIDITY (PERCENT)
 HIGHEST    96
 LOWEST     61
 AVERAGE    79

..........................................................


THE COLD BAY CLIMATE NORMALS FOR TODAY
                         NORMAL    RECORD    YEAR
 MAXIMUM TEMPERATURE (F)   53        63      1953
 MINIMUM TEMPERATURE (F)   44        38      1984
                                             1959


SUNRISE AND SUNSET
JUNE 25 2017..........SUNRISE   611 AM AKDT  SUNSET  1136 PM AKDT
JUNE 26 2017..........SUNRISE   612 AM AKDT  SUNSET  1136 PM AKDT


-  INDICATES NEGATIVE NUMBERS.
R  INDICATES RECORD WAS SET OR TIED.
MM INDICATES DATA IS MISSING.
T  INDICATES TRACE AMOUNT.




$$
