000
CDAK48 PACD 311109
CLICDB

CLIMATE REPORT
NATIONAL WEATHER SERVICE COLD BAY, AK
210 AM AKST SAT JAN 31 2015

...................................
...THE COLD BAY AP CLIMATE SUMMARY FOR JANUARY 30 2015...

CLIMATE NORMAL PERIOD  1981 TO  2010
CLIMATE RECORD PERIOD  1942 TO  2015

WEATHER ITEM   OBSERVED TIME    RECORD YEAR NORMAL DEPARTURE LAST
               VALUE    (LST)   VALUE       VALUE  FROM      YEAR
                                                   NORMAL
...................................................................
TEMPERATURE
YESTERDAY
 MAXIMUM            26  1159 PM    44  1994     33      -7     42
 MINIMUM            21  0929 AM   -13  2000     24      -3     35
 AVERAGE            24                          28      -4     39

PRECIPITATION
(INCHES)
 YESTERDAY        0.00           0.57  1988   0.10   -0.10   0.09
 MONTH TO DATE    1.41                        3.06   -1.65   4.15
 SINCE DEC 1      4.33                        7.52   -3.19   8.46
 SINCE JAN 1      1.41                        3.06   -1.65   4.15

SNOWFALL
(INCHES)
 YESTERDAY         0.0            4.6  1970    0.4    -0.4    0.0
 MONTH TO DATE     1.5                        13.7   -12.2    3.6
 SINCE DEC 1       3.8                        26.3   -22.5   10.9
 SINCE JUL 1       7.7                        38.9   -31.2   14.5
 SNOW DEPTH (IN)     0                                          0

DEGREE DAYS
 HEATING
  YESTERDAY         41                          37       4     26
  MONTH TO DATE   1011                        1102     -91    814
  SINCE DEC 1     1977                        2153    -176   1644
  SINCE JUL 1     4489                        5179    -690   4160

 COOLING
  YESTERDAY          0                           0       0      0
  MONTH TO DATE      0                           0       0      0
  SINCE DEC 1        0                           0       0      0
  SINCE JAN 1        0                           0       0      0
...................................................................

WIND (MPH)
 HIGHEST WIND SPEED    37     HIGHEST WIND DIRECTION     20
 HIGHEST GUST SPEED    45     HIGHEST GUST DIRECTION     20
 AVERAGE WIND SPEED  23.8


WEATHER CONDITIONS
 THE FOLLOWING WEATHER WAS RECORDED YESTERDAY.
  NO SIGNIFICANT WEATHER WAS OBSERVED.

...................................................................

THE COLD BAY CLIMATE NORMALS FOR TODAY
                           NORMAL    RECORD   YEAR
 MAXIMUM TEMPERATURE (F)     33        44     1985
 MINIMUM TEMPERATURE (F)     24        -4     1993

SUNRISE AND SUNSET
 JAN 31 2015..........SUNRISE  9:45 AM      SUNSET  6:26 PM
 FEB 01 2015..........SUNRISE  9:43 AM      SUNSET  6:28 PM

-  INDICATES NEGATIVE NUMBERS.
R  INDICATES RECORD HAS BEEN SET OR TIED.
MM INDICATES DATA IS MISSING.
T  INDICATES TRACE OF PRECIPITATION.

&&
-------------------------------------------------------------------

AMOUNT OF DAYLIGHT TODAY  (HOUR:MIN)........8 HOURS 41 MINUTES
GAIN SINCE YESTERDAY (HOUR:MIN:SEC).........+0:03:52

$$

RCS JAN 15
