986
CDAK48 PAFC 201003
CLICDB


CLIMATE REPORT
NATIONAL WEATHER SERVICE ANCHORAGE, AK
203 AM AKDT SUN AUG 20 2017


...................................

...THE COLD BAY CLIMATE SUMMARY FOR AUGUST 19 2017...

CLIMATE NORMAL PERIOD 1981 TO 2010
CLIMATE RECORD PERIOD 1942 TO 2017


WEATHER ITEM   OBSERVED TIME   RECORD YEAR NORMAL DEPARTURE LAST
                VALUE   (LST)  VALUE       VALUE  FROM      YEAR
                                                  NORMAL
..................................................................
TEMPERATURE (F)
 YESTERDAY
  MAXIMUM         57    300 PM  66    2014  57      0       65
  MINIMUM         47    356 AM  38    1963  48     -1       53
  AVERAGE         52                        52      0       59

PRECIPITATION (IN)
  YESTERDAY        0.01          1.06 2006   0.12  -0.11     0.00
  MONTH TO DATE    4.86                      2.12   2.74     2.33
  SINCE JUN 1      8.56                      7.32   1.24     6.08
  SINCE JAN 1     18.53                     21.18  -2.65    18.49

SNOWFALL (IN)
  YESTERDAY        0.0          MM      MM   0.0    0.0      0.0
  MONTH TO DATE    0.0                       0.0    0.0      0.0
  SINCE JUN 1      0.0                       T      0.0      0.0
  SINCE JUL 1      0.0                       0.0    0.0      0.0
  SNOW DEPTH       0

DEGREE DAYS
 HEATING
  YESTERDAY       13                        13      0        6
  MONTH TO DATE  210                       247    -37      149
  SINCE JUN 1   1092                      1247   -155      826
  SINCE JUL 1    591                       686    -95      392

 COOLING
  YESTERDAY        0                         0      0        0
  MONTH TO DATE    0                         0      0        0
  SINCE JUN 1      0                         0      0        0
  SINCE JAN 1      0                         0      0        0
..................................................................


WIND (MPH)
  RESULTANT WIND SPEED   5   RESULTANT WIND DIRECTION  NE (40)
  HIGHEST WIND SPEED    20   HIGHEST WIND DIRECTION     N (20)
  HIGHEST GUST SPEED    24   HIGHEST GUST DIRECTION     N (20)
  AVERAGE WIND SPEED     8.5



WEATHER CONDITIONS
 THE FOLLOWING WEATHER WAS RECORDED YESTERDAY.
  LIGHT RAIN
  FOG


RELATIVE HUMIDITY (PERCENT)
 HIGHEST   100
 LOWEST     72
 AVERAGE    86

..........................................................


THE COLD BAY CLIMATE NORMALS FOR TODAY
                         NORMAL    RECORD    YEAR
 MAXIMUM TEMPERATURE (F)   57        68      1954
                                             1947
 MINIMUM TEMPERATURE (F)   48        38      2015


SUNRISE AND SUNSET
AUGUST 20 2017........SUNRISE   735 AM AKDT  SUNSET  1012 PM AKDT
AUGUST 21 2017........SUNRISE   737 AM AKDT  SUNSET  1010 PM AKDT


-  INDICATES NEGATIVE NUMBERS.
R  INDICATES RECORD WAS SET OR TIED.
MM INDICATES DATA IS MISSING.
T  INDICATES TRACE AMOUNT.




$$
