000
CDAK48 PACD 040010
CLICDB

CLIMATE REPORT
NATIONAL WEATHER SERVICE COLD BAY, AK
410 PM AKDT FRI JUL 3 2015

...................................
...THE COLD BAY AP CLIMATE SUMMARY FOR JULY 3 2015...
VALID TODAY AS OF 2:00 PM LOCAL TIME

CLIMATE NORMAL PERIOD  1981 TO  2010
CLIMATE RECORD PERIOD  1942 TO  2015

WEATHER ITEM   OBSERVED TIME    RECORD YEAR NORMAL DEPARTURE LAST
               VALUE    (LST)   VALUE       VALUE  FROM      YEAR
                                                   NORMAL
...................................................................
TEMPERATURE
TODAY
 MAXIMUM            59  0222 PM    63  1980     54       5     61
 MINIMUM            48  1222 AM    36  1999     45       3     50
 AVERAGE            54                          49       5     56

PRECIPITATION
(INCHES)
 TODAY               T           0.66  1966   0.08   -0.08   0.00
 MONTH TO DATE       T                        0.23   -0.23   0.00
 SINCE JUN 1      1.11                        2.95   -1.84   1.05
 SINCE JAN 1     13.96                       16.81   -2.85  13.03

SNOWFALL
(INCHES)
 TODAY             0.0            0.0  2015    0.0     0.0    0.0
 MONTH TO DATE     0.0                         0.0     0.0    0.0
 SINCE JUN 1       0.0                         0.0     0.0    0.0
 SINCE JUL 1       0.0                         0.0     0.0    0.0
 SNOW DEPTH (IN)     0                                          0

DEGREE DAYS
 HEATING
  TODAY             11                          16      -5      9
  MONTH TO DATE     34                          48     -14     32
  SINCE JUN 1      494                         610    -116    477
  SINCE JUL 1       34                          48     -14     32

 COOLING
  TODAY              0                           0       0      0
  MONTH TO DATE      0                           0       0      0
  SINCE JUN 1        0                           0       0      0
  SINCE JAN 1        0                           0       0      0
...................................................................

WIND (MPH)
 HIGHEST WIND SPEED    36     HIGHEST WIND DIRECTION     90
 HIGHEST GUST SPEED    48     HIGHEST GUST DIRECTION     90
 AVERAGE WIND SPEED    MM

WEATHER CONDITIONS
 THE FOLLOWING WEATHER WAS RECORDED TODAY.
  RAIN
...................................................................

THE COLD BAY CLIMATE NORMALS FOR TOMORROW
                        NORMAL    RECORD   YEAR
 MAXIMUM TEMPERATURE      54        70     1991
 MINIMUM TEMPERATURE      45        38     1982

SUNRISE AND SUNSET
 JUL 3 2015..........SUNRISE  6:17 AM      SUNSET 11:34 PM
 JUL 4 2015..........SUNRISE  6:18 AM      SUNSET 11:33 PM

-  INDICATES NEGATIVE NUMBERS.
R  INDICATES RECORD HAS BEEN SET OR TIED.
MM INDICATES DATA IS MISSING.
T  INDICATES TRACE OF PRECIPITATION.

&&
-------------------------------------------------------------------

AMOUNT OF DAYLIGHT TODAY  (HOUR:MIN)........17 HOURS 17 MINUTES
LOSS SINCE YESTERDAY  (HOUR:MIN:SEC)........-0:01:25

$$
DAB JUL 15
