000
CDAK48 PACD 261205
CLICDB

CLIMATE REPORT
NATIONAL WEATHER SERVICE COLD BAY, AK
406 AM AKDT SAT JUL 26 2014

...................................
...THE COLD BAY AP CLIMATE SUMMARY FOR JULY 25 2014...

CLIMATE NORMAL PERIOD  1981 TO  2010
CLIMATE RECORD PERIOD  1955 TO  2014

WEATHER ITEM   OBSERVED TIME    RECORD YEAR NORMAL DEPARTURE LAST
               VALUE    (LST)   VALUE       VALUE  FROM      YEAR
                                                   NORMAL
...................................................................
TEMPERATURE
YESTERDAY
 MAXIMUM            62  0352 PM    72  1968     56       6     60
 MINIMUM            52  0425 AM    41  1974     47       5     49
 AVERAGE            57                          52       5     55

PRECIPITATION
(INCHES)
 YESTERDAY        0.03           0.59  1977   0.09   -0.06      T
 MONTH TO DATE    2.06                        1.94    0.12   2.93
 SINCE JUN 1      3.11                        4.66   -1.55   5.75
 SINCE JAN 1     15.09                       18.52   -3.43  19.66

SNOWFALL
(INCHES)
 YESTERDAY         0.0            0.0  2014    0.0     0.0    0.0
 MONTH TO DATE     0.0                         0.0     0.0    0.0
 SINCE JUN 1       0.0                         0.0     0.0    0.0
 SINCE JUL 1       0.0                         0.0     0.0    0.0
 SNOW DEPTH (IN)     0                                          0

DEGREE DAYS
 HEATING
  YESTERDAY          8                          13      -5     10
  MONTH TO DATE    233                         360    -127    298
  SINCE JUN 1      678                         922    -244    807
  SINCE JUL 1      233                         360    -127    298

 COOLING
  YESTERDAY          0                           0       0      0
  MONTH TO DATE      0                           0       0      0
  SINCE JUN 1        0                           0       0      0
  SINCE JAN 1        0                           0       0      0
...................................................................

WIND (MPH)
 HIGHEST WIND SPEED    21     HIGHEST WIND DIRECTION    340
 HIGHEST GUST SPEED    26     HIGHEST GUST DIRECTION    320
 AVERAGE WIND SPEED  14.8


WEATHER CONDITIONS
 THE FOLLOWING WEATHER WAS RECORDED YESTERDAY.
  FOG
  RAIN

...................................................................

THE COLD BAY CLIMATE NORMALS FOR TODAY
                           NORMAL    RECORD   YEAR
 MAXIMUM TEMPERATURE (F)     56        69     1987
 MINIMUM TEMPERATURE (F)     47        39     1974

SUNRISE AND SUNSET
 JUL 26 2014..........SUNRISE  6:49 AM      SUNSET 11:06 PM
 JUL 27 2014..........SUNRISE  6:51 AM      SUNSET 11:04 PM

-  INDICATES NEGATIVE NUMBERS.
R  INDICATES RECORD HAS BEEN SET OR TIED.
MM INDICATES DATA IS MISSING.
T  INDICATES TRACE OF PRECIPITATION.

&&
-------------------------------------------------------------------

AMOUNT OF DAYLIGHT TODAY  (HOUR:MIN)........16 HOURS 17 MINUTES
LOSS SINCE YESTERDAY (HOUR:MIN:SEC).........-0:03:25

$$

RCS JUL 14
