000
CDAK48 PAFC 201342 RRA
CLICDB

CLIMATE REPORT
NATIONAL WEATHER SERVICE ANCHORAGE, AK
436 AM AKST FRI JAN 20 2017


...................................

...THE COLD BAY CLIMATE SUMMARY FOR JANUARY 19 2017...

CLIMATE NORMAL PERIOD 1981 TO 2010
CLIMATE RECORD PERIOD 1942 TO 2017


WEATHER ITEM   OBSERVED TIME   RECORD YEAR NORMAL DEPARTURE LAST
                VALUE   (LST)  VALUE       VALUE  FROM      YEAR
                                                  NORMAL
..................................................................
TEMPERATURE (F)
 YESTERDAY
  MAXIMUM         32    224 PM  45    2011  33     -1       35
  MINIMUM         24   1102 PM   2    2009  23      1       29
                                      1980
                                      1947
  AVERAGE         28                        28      0       32

PRECIPITATION (IN)
  YESTERDAY        0.03          1.63 1982   0.10  -0.07     0.10
  MONTH TO DATE    2.31                      1.96   0.35     3.23
  SINCE DEC 1      7.98                      6.42   1.56    10.49
  SINCE JAN 1      2.31                      1.96   0.35     3.23

SNOWFALL (IN)
  YESTERDAY        0.3           2.8  2004   0.5   -0.2      0.1
  MONTH TO DATE    4.2                       8.6   -4.4      7.2
  SINCE DEC 1     19.2                      21.2   -2.0     31.2
  SINCE JUL 1     21.0                      33.8  -12.8     36.5
  SNOW DEPTH       3

DEGREE DAYS
 HEATING
  YESTERDAY       37                        37      0       33
  MONTH TO DATE  742                       695     47      611
  SINCE DEC 1   1722                      1746    -24     1517
  SINCE JUL 1   4072                      4766   -694     4010

 COOLING
  YESTERDAY        0                         0      0        0
  MONTH TO DATE    0                         0      0        0
  SINCE DEC 1      0                         0      0        0
  SINCE JAN 1      0                         0      0        0
..................................................................


WIND (MPH)
  RESULTANT WIND SPEED  13   RESULTANT WIND DIRECTION   S (200)
  HIGHEST WIND SPEED    33   HIGHEST WIND DIRECTION     S (160)
  HIGHEST GUST SPEED    40   HIGHEST GUST DIRECTION     S (160)
  AVERAGE WIND SPEED    15.9



WEATHER CONDITIONS
 THE FOLLOWING WEATHER WAS RECORDED YESTERDAY.
  LIGHT SNOW
  FOG


RELATIVE HUMIDITY (PERCENT)
 HIGHEST    92
 LOWEST     58
 AVERAGE    75

..........................................................


THE COLD BAY CLIMATE NORMALS FOR TODAY
                         NORMAL    RECORD    YEAR
 MAXIMUM TEMPERATURE (F)   33        46      2003
 MINIMUM TEMPERATURE (F)   23        -2      1947


SUNRISE AND SUNSET
JANUARY 20 2017.......SUNRISE  1001 AM AKST  SUNSET   604 PM AKST
JANUARY 21 2017.......SUNRISE  1000 AM AKST  SUNSET   606 PM AKST

CIVIL TWILIGHT
JANUARY 20 2017         START    919 AM GMT     END    647 PM GMT
JANUARY 21 2017         START    918 AM GMT     END    648 PM GMT



-  INDICATES NEGATIVE NUMBERS.
R  INDICATES RECORD WAS SET OR TIED.
MM INDICATES DATA IS MISSING.
T  INDICATES TRACE AMOUNT.




$$
&&
------------------------------------------------------
AMOUNT OF DAYLIGHT TODAY  (HOUR:MIN)........ 8:03
GAIN/LOSS SINCE YESTERDAY (HOUR:MIN:SEC)....+0:03:16

$$
