000
CDUS45 KSLC 080037
CLICDC


CLIMATE REPORT
NATIONAL WEATHER SERVICE SALT LAKE CITY UT
537 PM MST SUN FEB 7 2016


...................................

...THE CEDAR CITY UT CLIMATE SUMMARY FOR FEBRUARY 7 2016...
VALID TODAY AS OF 0500 PM LOCAL TIME.

CLIMATE NORMAL PERIOD 1981 TO 2010
CLIMATE RECORD PERIOD 1928 TO 2016


WEATHER ITEM   OBSERVED TIME   RECORD YEAR NORMAL DEPARTURE LAST
                VALUE   (LST)  VALUE       VALUE  FROM      YEAR
                                                  NORMAL
..................................................................
TEMPERATURE (F)
 TODAY
  MAXIMUM         39    338 PM  66    1963  44     -5       63
  MINIMUM          5    723 AM -21    1989  19    -14       40
  AVERAGE         22                        32    -10       52

PRECIPITATION (IN)
  TODAY            0.00          0.42 1973   0.03  -0.03     0.00
  MONTH TO DATE    0.33                      0.22   0.11     0.00
  SINCE OCT 1      4.99                      4.19   0.80     2.66
  SINCE JAN 1      1.43                      1.08   0.35     0.53

DEGREE DAYS
 HEATING
  TODAY           43                        33     10       13
  MONTH TO DATE  348                       237    111      133
  SINCE DEC 1   2600                      2470    130     2081
  SINCE JUL 1   3832                      3912    -80     3272

 COOLING
  TODAY            0                         0      0        0
  MONTH TO DATE    0                         0      0        0
  SINCE DEC 1      0                         0      0        0
  SINCE JAN 1      0                         0      0        0
..................................................................


WIND (MPH)
  RESULTANT WIND SPEED   2   RESULTANT WIND DIRECTION  NE (40)
  HIGHEST WIND SPEED     9   HIGHEST WIND DIRECTION    SE (120)
  HIGHEST GUST SPEED    10   HIGHEST GUST DIRECTION    SE (120)
  AVERAGE WIND SPEED     2.8



WEATHER CONDITIONS
 THE FOLLOWING WEATHER WAS RECORDED TODAY.
  FOG


RELATIVE HUMIDITY (PERCENT)
 HIGHEST    92           100 AM
 LOWEST     52           400 PM
 AVERAGE    72

..........................................................


THE CEDAR CITY UT CLIMATE NORMALS FOR TOMORROW
                         NORMAL    RECORD    YEAR
 MAXIMUM TEMPERATURE (F)   44        70      1996
 MINIMUM TEMPERATURE (F)   19       -16      1949


SUNRISE AND SUNSET
FEBRUARY  7 2016......SUNRISE   731 AM MST   SUNSET   602 PM MST
FEBRUARY  8 2016......SUNRISE   730 AM MST   SUNSET   604 PM MST


-  INDICATES NEGATIVE NUMBERS.
R  INDICATES RECORD WAS SET OR TIED.
MM INDICATES DATA IS MISSING.
T  INDICATES TRACE AMOUNT.




$$
