000
CDUS45 KSLC 301216
CLICDC


CLIMATE REPORT
NATIONAL WEATHER SERVICE SALT LAKE CITY UT
616 AM MDT SAT MAY 30 2015


...................................

...THE CEDAR CITY UT CLIMATE SUMMARY FOR MAY 29 2015...

CLIMATE NORMAL PERIOD 1981 TO 2010
CLIMATE RECORD PERIOD 1928 TO 2015


WEATHER ITEM   OBSERVED TIME   RECORD YEAR NORMAL DEPARTURE LAST
                VALUE   (LST)  VALUE       VALUE  FROM      YEAR
                                                  NORMAL
..................................................................
TEMPERATURE (F)
 YESTERDAY
  MAXIMUM         78    252 PM  96    1984  77      1       83
  MINIMUM         48    451 AM  28    1953  42      6       53
  AVERAGE         63                        60      3       68

PRECIPITATION (IN)
  YESTERDAY        T             0.41 2004   0.02  -0.02     0.00
                                      1988
  MONTH TO DATE    3.12                      0.72   2.40     1.38
  SINCE OCT 1      8.94                      8.10   0.84     5.37
  SINCE JAN 1      6.81                      4.99   1.82     3.43

DEGREE DAYS
 HEATING
  YESTERDAY        2                         6     -4        0
  MONTH TO DATE  332                       280     52      268
  SINCE MAR 1   1500                      1604   -104     1502
  SINCE JUL 1   5338                      6166   -828     6089

 COOLING
  YESTERDAY        0                         1     -1        3
  MONTH TO DATE    0                         3     -3       23
  SINCE MAR 1      0                         3     -3       23
  SINCE JAN 1      0                         3     -3       23
..................................................................


WIND (MPH)
  RESULTANT WIND SPEED   3   RESULTANT WIND DIRECTION  NE (60)
  HIGHEST WIND SPEED    32   HIGHEST WIND DIRECTION    SE (150)
  HIGHEST GUST SPEED    38   HIGHEST GUST DIRECTION    SE (150)
  AVERAGE WIND SPEED     6.0



WEATHER CONDITIONS
 THE FOLLOWING WEATHER WAS RECORDED YESTERDAY.
  THUNDERSTORM


RELATIVE HUMIDITY (PERCENT)
 HIGHEST    86           500 AM
 LOWEST     27           200 PM
 AVERAGE    57

..........................................................


THE CEDAR CITY UT CLIMATE NORMALS FOR TODAY
                         NORMAL    RECORD    YEAR
 MAXIMUM TEMPERATURE (F)   77        94      2002
 MINIMUM TEMPERATURE (F)   43        31      2007
                                             2006


SUNRISE AND SUNSET
MAY 30 2015...........SUNRISE   613 AM MDT   SUNSET   847 PM MDT
MAY 31 2015...........SUNRISE   613 AM MDT   SUNSET   848 PM MDT


-  INDICATES NEGATIVE NUMBERS.
R  INDICATES RECORD WAS SET OR TIED.
MM INDICATES DATA IS MISSING.
T  INDICATES TRACE AMOUNT.




$$
