000
CDUS45 KSLC 020019
CLICDC


CLIMATE REPORT
NATIONAL WEATHER SERVICE SALT LAKE CITY UT
519 PM MST SUN MAR 1 2015


...................................

...THE CEDAR CITY UT CLIMATE SUMMARY FOR MARCH 1 2015...
VALID TODAY AS OF 0500 PM LOCAL TIME.

CLIMATE NORMAL PERIOD 1981 TO 2010
CLIMATE RECORD PERIOD 1928 TO 2015


WEATHER ITEM   OBSERVED TIME   RECORD YEAR NORMAL DEPARTURE LAST
                VALUE   (LST)  VALUE       VALUE  FROM      YEAR
                                                  NORMAL
..................................................................
TEMPERATURE (F)
 TODAY
  MAXIMUM         37    352 PM  70    1986  50    -13       49
  MINIMUM         19    541 AM   3    1962  24     -5       30
  AVERAGE         28                        37     -9       40

PRECIPITATION (IN)
  TODAY            0.00          0.25 1995   0.04  -0.04     0.09
  MONTH TO DATE    0.00                      0.04  -0.04     0.09
  SINCE OCT 1      4.05                      5.01  -0.96     2.97
  SINCE JAN 1      1.92                      1.90   0.02     1.03

DEGREE DAYS
 HEATING
  TODAY           37                        28      9       25
  MONTH TO DATE   37                        28      9       25
  SINCE MAR 1     37                        28      9       25
  SINCE JUL 1   3875                      4590   -715     4612

 COOLING
  TODAY            0                         0      0        0
  MONTH TO DATE    0                         0      0        0
  SINCE MAR 1      0                         0      0        0
  SINCE JAN 1      0                         0      0        0
..................................................................


WIND (MPH)
  RESULTANT WIND SPEED   0   RESULTANT WIND DIRECTION   N (20)
  HIGHEST WIND SPEED    10   HIGHEST WIND DIRECTION     E (110)
  HIGHEST GUST SPEED    12   HIGHEST GUST DIRECTION    SE (120)
  AVERAGE WIND SPEED     2.8



WEATHER CONDITIONS
 THE FOLLOWING WEATHER WAS RECORDED TODAY.
  LIGHT SNOW
  FOG


RELATIVE HUMIDITY (PERCENT)
 HIGHEST    92           400 AM
 LOWEST     69          1100 AM
 AVERAGE    81

..........................................................


THE CEDAR CITY UT CLIMATE NORMALS FOR TOMORROW
                         NORMAL    RECORD    YEAR
 MAXIMUM TEMPERATURE (F)   51        68      2009
 MINIMUM TEMPERATURE (F)   24         5      1971


SUNRISE AND SUNSET
MARCH  1 2015.........SUNRISE   704 AM MST   SUNSET   626 PM MST
MARCH  2 2015.........SUNRISE   703 AM MST   SUNSET   627 PM MST


-  INDICATES NEGATIVE NUMBERS.
R  INDICATES RECORD WAS SET OR TIED.
MM INDICATES DATA IS MISSING.
T  INDICATES TRACE AMOUNT.




$$
