000
CDUS45 KSLC 211243
CLICDC


CLIMATE REPORT
NATIONAL WEATHER SERVICE SALT LAKE CITY UT
542 AM MST SUN DEC 21 2014


...................................

...THE CEDAR CITY UT CLIMATE SUMMARY FOR DECEMBER 20 2014...

CLIMATE NORMAL PERIOD 1981 TO 2010
CLIMATE RECORD PERIOD 1928 TO 2014


WEATHER ITEM   OBSERVED TIME   RECORD YEAR NORMAL DEPARTURE LAST
                VALUE   (LST)  VALUE       VALUE  FROM      YEAR
                                                  NORMAL
..................................................................
TEMPERATURE (F)
 YESTERDAY
  MAXIMUM         43    113 PM  61    1981  41      2       31
  MINIMUM         21    636 AM -10    2012  16      5       12
  AVERAGE         32                        28      4       22

PRECIPITATION (IN)
  YESTERDAY        0.00          0.96 2010   0.02  -0.02     0.06
  MONTH TO DATE    0.44                      0.52  -0.08     0.91
  SINCE OCT 1      1.79                      2.79  -1.00     1.94
  SINCE JAN 1      9.47                     10.99  -1.52    14.98

DEGREE DAYS
 HEATING
  YESTERDAY       33                        37     -4       43
  MONTH TO DATE  529                       715   -186      920
  SINCE DEC 1    529                       715   -186      920
  SINCE JUL 1   1720                      2157   -437     2448

 COOLING
  YESTERDAY        0                         0      0        0
  MONTH TO DATE    0                         0      0        0
  SINCE DEC 1      0                         0      0        0
  SINCE JAN 1    607                       588     19      667
..................................................................


WIND (MPH)
  RESULTANT WIND SPEED   5   RESULTANT WIND DIRECTION   S (200)
  HIGHEST WIND SPEED    21   HIGHEST WIND DIRECTION     S (180)
  HIGHEST GUST SPEED    25   HIGHEST GUST DIRECTION     S (180)
  AVERAGE WIND SPEED     5.7



WEATHER CONDITIONS
 THE FOLLOWING WEATHER WAS RECORDED YESTERDAY.
  NO SIGNIFICANT WEATHER WAS OBSERVED.


RELATIVE HUMIDITY (PERCENT)
 HIGHEST    88           700 AM
 LOWEST     57           200 PM
 AVERAGE    73

..........................................................


THE CEDAR CITY UT CLIMATE NORMALS FOR TODAY
                         NORMAL    RECORD    YEAR
 MAXIMUM TEMPERATURE (F)   41        61      2005
 MINIMUM TEMPERATURE (F)   16       -13      1990


SUNRISE AND SUNSET
DECEMBER 21 2014......SUNRISE   744 AM MST   SUNSET   517 PM MST
DECEMBER 22 2014......SUNRISE   744 AM MST   SUNSET   518 PM MST


-  INDICATES NEGATIVE NUMBERS.
R  INDICATES RECORD WAS SET OR TIED.
MM INDICATES DATA IS MISSING.
T  INDICATES TRACE AMOUNT.




$$
