000
CDUS45 KSLC 271229
CLICDC


CLIMATE REPORT
NATIONAL WEATHER SERVICE SALT LAKE CITY UT
629 AM MDT THU APR 27 2017


...................................

...THE CEDAR CITY UT CLIMATE SUMMARY FOR APRIL 26 2017...

CLIMATE NORMAL PERIOD 1981 TO 2010
CLIMATE RECORD PERIOD 1928 TO 2017


WEATHER ITEM   OBSERVED TIME   RECORD YEAR NORMAL DEPARTURE LAST
                VALUE   (LST)  VALUE       VALUE  FROM      YEAR
                                                  NORMAL
..................................................................
TEMPERATURE (F)
 YESTERDAY
  MAXIMUM         64    320 PM  80    2000  65     -1       53
  MINIMUM         26    534 AM  20    1984  34     -8       35
  AVERAGE         45                        50     -5       44

PRECIPITATION (IN)
  YESTERDAY        T             0.69 2014   0.03  -0.03     0.21
  MONTH TO DATE    0.86                      0.94  -0.08     1.03
  SINCE OCT 1      7.43                      7.26   0.17     7.01
  SINCE JAN 1      4.60                      4.15   0.45     3.45

DEGREE DAYS
 HEATING
  YESTERDAY       20                        15      5       21
  MONTH TO DATE  454                       494    -40      425
  SINCE MAR 1   1045                      1266   -221     1085
  SINCE JUL 1   5066                      5828   -762     5499

 COOLING
  YESTERDAY        0                         0      0        0
  MONTH TO DATE    0                         0      0        0
  SINCE MAR 1      0                         0      0        0
  SINCE JAN 1      0                         0      0        0
..................................................................


WIND (MPH)
  RESULTANT WIND SPEED   4   RESULTANT WIND DIRECTION   S (200)
  HIGHEST WIND SPEED    28   HIGHEST WIND DIRECTION    SW (210)
  HIGHEST GUST SPEED    33   HIGHEST GUST DIRECTION    SW (210)
  AVERAGE WIND SPEED     7.5



WEATHER CONDITIONS
 THE FOLLOWING WEATHER WAS RECORDED YESTERDAY.
  NO SIGNIFICANT WEATHER WAS OBSERVED.


RELATIVE HUMIDITY (PERCENT)
 HIGHEST    81           600 AM
 LOWEST     27           300 PM
 AVERAGE    54

..........................................................


THE CEDAR CITY UT CLIMATE NORMALS FOR TODAY
                         NORMAL    RECORD    YEAR
 MAXIMUM TEMPERATURE (F)   65        83      2000
 MINIMUM TEMPERATURE (F)   35        20      2011
                                             2008
                                             1984


SUNRISE AND SUNSET
APRIL 27 2017.........SUNRISE   641 AM MDT   SUNSET   819 PM MDT
APRIL 28 2017.........SUNRISE   640 AM MDT   SUNSET   820 PM MDT


-  INDICATES NEGATIVE NUMBERS.
R  INDICATES RECORD WAS SET OR TIED.
MM INDICATES DATA IS MISSING.
T  INDICATES TRACE AMOUNT.




$$
