000
CDUS45 KSLC 201232
CLICDC


CLIMATE REPORT
NATIONAL WEATHER SERVICE SALT LAKE CITY UT
632 AM MDT SUN APR 20 2014


...................................

...THE CEDAR CITY UT CLIMATE SUMMARY FOR APRIL 19 2014...

CLIMATE NORMAL PERIOD 1981 TO 2010
CLIMATE RECORD PERIOD 1928 TO 2014


WEATHER ITEM   OBSERVED TIME   RECORD YEAR NORMAL DEPARTURE LAST
                VALUE   (LST)  VALUE       VALUE  FROM      YEAR
                                                  NORMAL
..................................................................
TEMPERATURE (F)
 YESTERDAY
  MAXIMUM         73    220 PM  82    1989  62     11       62
  MINIMUM         44    636 AM  16    2007  32     12       22
  AVERAGE         59                        47     12       42

PRECIPITATION (IN)
  YESTERDAY        0.00          0.37 1949   0.03  -0.03     0.00
  MONTH TO DATE    T                         0.73  -0.73     0.91
  SINCE OCT 1      3.30                      7.05  -3.75     6.43
  SINCE JAN 1      1.36                      3.94  -2.58     3.72

DEGREE DAYS
 HEATING
  YESTERDAY        6                        18    -12       23
  MONTH TO DATE  324                       380    -56      401
  SINCE MAR 1   1054                      1152    -98     1061
  SINCE JUL 1   5641                      5714    -73     5681

 COOLING
  YESTERDAY        0                         0      0        0
  MONTH TO DATE    0                         0      0        0
  SINCE MAR 1      0                         0      0        0
  SINCE JAN 1      0                         0      0        0
..................................................................


WIND (MPH)
  RESULTANT WIND SPEED   4   RESULTANT WIND DIRECTION   S (190)
  HIGHEST WIND SPEED    17   HIGHEST WIND DIRECTION    SW (210)
  HIGHEST GUST SPEED    25   HIGHEST GUST DIRECTION    SW (210)
  AVERAGE WIND SPEED     6.5



WEATHER CONDITIONS
 THE FOLLOWING WEATHER WAS RECORDED YESTERDAY.
  NO SIGNIFICANT WEATHER WAS OBSERVED.


RELATIVE HUMIDITY (PERCENT)
 HIGHEST    53           700 AM
 LOWEST     22          1200 PM
 AVERAGE    38

..........................................................


THE CEDAR CITY UT CLIMATE NORMALS FOR TODAY
                         NORMAL    RECORD    YEAR
 MAXIMUM TEMPERATURE (F)   63        81      1994
 MINIMUM TEMPERATURE (F)   33         8      1966


SUNRISE AND SUNSET
APRIL 20 2014.........SUNRISE   650 AM MDT   SUNSET   813 PM MDT
APRIL 21 2014.........SUNRISE   649 AM MDT   SUNSET   814 PM MDT


-  INDICATES NEGATIVE NUMBERS.
R  INDICATES RECORD WAS SET OR TIED.
MM INDICATES DATA IS MISSING.
T  INDICATES TRACE AMOUNT.




$$
