000
CDUS45 KSLC 271230
CLICDC


CLIMATE REPORT
NATIONAL WEATHER SERVICE SALT LAKE CITY UT
630 AM MDT THU AUG 27 2015


...................................

...THE CEDAR CITY UT CLIMATE SUMMARY FOR AUGUST 26 2015...

CLIMATE NORMAL PERIOD 1981 TO 2010
CLIMATE RECORD PERIOD 1928 TO 2015


WEATHER ITEM   OBSERVED TIME   RECORD YEAR NORMAL DEPARTURE LAST
                VALUE   (LST)  VALUE       VALUE  FROM      YEAR
                                                  NORMAL
..................................................................
TEMPERATURE (F)
 YESTERDAY
  MAXIMUM         80    314 PM  94    2001  86     -6       77
  MINIMUM         57   1159 PM  44    1992  53      4       53
  AVERAGE         69                        69      0       65

PRECIPITATION (IN)
  YESTERDAY        0.22          0.91 1953   0.03   0.19     0.15
  MONTH TO DATE    0.98                      0.98   0.00     1.24
  SINCE OCT 1     11.04                     10.50   0.54     7.05
  SINCE JAN 1      8.91                      7.39   1.52     5.11

DEGREE DAYS
 HEATING
  YESTERDAY        0                         0      0        0
  MONTH TO DATE    0                         0      0        3
  SINCE JUN 1     26                        79    -53       30
  SINCE JUL 1      1                         3     -2        3

 COOLING
  YESTERDAY        4                         5     -1        0
  MONTH TO DATE  192                       175     17      109
  SINCE JUN 1    584                       520     64      504
  SINCE JAN 1    586                       528     58      529
..................................................................


WIND (MPH)
  RESULTANT WIND SPEED   2   RESULTANT WIND DIRECTION   S (200)
  HIGHEST WIND SPEED    24   HIGHEST WIND DIRECTION     W (260)
  HIGHEST GUST SPEED    37   HIGHEST GUST DIRECTION     W (260)
  AVERAGE WIND SPEED     3.5



WEATHER CONDITIONS
 THE FOLLOWING WEATHER WAS RECORDED YESTERDAY.
  THUNDERSTORM
  LIGHT RAIN
  FOG


RELATIVE HUMIDITY (PERCENT)
 HIGHEST   100          1100 PM
 LOWEST     36           300 PM
 AVERAGE    68

..........................................................


THE CEDAR CITY UT CLIMATE NORMALS FOR TODAY
                         NORMAL    RECORD    YEAR
 MAXIMUM TEMPERATURE (F)   85        95      2001
 MINIMUM TEMPERATURE (F)   53        40      1992


SUNRISE AND SUNSET
AUGUST 27 2015........SUNRISE   658 AM MDT   SUNSET   809 PM MDT
AUGUST 28 2015........SUNRISE   659 AM MDT   SUNSET   808 PM MDT


-  INDICATES NEGATIVE NUMBERS.
R  INDICATES RECORD WAS SET OR TIED.
MM INDICATES DATA IS MISSING.
T  INDICATES TRACE AMOUNT.




$$
