000
CDUS45 KCYS 100426
CLICDR


CLIMATE REPORT
NATIONAL WEATHER SERVICE CHEYENNE WY
926 PM MST TUE FEB 9 2016


...................................

...THE CHADRON NE AIRPORT CLIMATE SUMMARY FOR FEBRUARY 9 2016...
VALID TODAY AS OF 0900 PM LOCAL TIME.

CLIMATE NORMAL PERIOD 1981 TO 2010
CLIMATE RECORD PERIOD 1895 TO 2016


WEATHER ITEM   OBSERVED TIME   RECORD YEAR NORMAL DEPARTURE LAST
                VALUE   (LST)  VALUE       VALUE  FROM      YEAR
                                                  NORMAL
..................................................................
TEMPERATURE (F)
 TODAY
  MAXIMUM         53    349 PM  70    2015  40     13       70
  MINIMUM         26    531 AM -27    1982  12     14       25
  AVERAGE         40                        26     14       48

PRECIPITATION (IN)
  TODAY            0.00          0.32 1953   0.02  -0.02     0.00
  MONTH TO DATE    0.03                      0.16  -0.13     0.21
  SINCE JAN 1      0.20                      0.52  -0.32     0.57

DEGREE DAYS
 HEATING
  TODAY           25                        39    -14       17
  MONTH TO DATE  328                       356    -28      264
  SINCE DEC 1   2866                      2871     -5     2645
  SINCE JUL 1   4246                      4555   -309     4250
..................................................................


WIND (MPH)
  HIGHEST WIND SPEED    22   HIGHEST WIND DIRECTION     W (290)
  HIGHEST GUST SPEED    27   HIGHEST GUST DIRECTION    NW (300)
  AVERAGE WIND SPEED    11.1


SKY COVER
  AVERAGE SKY COVER 0.6


WEATHER CONDITIONS
 THE FOLLOWING WEATHER WAS RECORDED TODAY.
  NO SIGNIFICANT WEATHER WAS OBSERVED.


RELATIVE HUMIDITY (PERCENT)
 HIGHEST    85           500 AM
 LOWEST     48           400 PM
 AVERAGE    67

..........................................................


THE CHADRON NE AIRPORT CLIMATE NORMALS FOR TOMORROW
                         NORMAL    RECORD    YEAR
 MAXIMUM TEMPERATURE (F)   41        73      1962
 MINIMUM TEMPERATURE (F)   12       -25      1986


SUNRISE AND SUNSET
FEBRUARY  9 2016......SUNRISE   658 AM MST   SUNSET   515 PM MST
FEBRUARY 10 2016......SUNRISE   657 AM MST   SUNSET   517 PM MST


-  INDICATES NEGATIVE NUMBERS.
R  INDICATES RECORD WAS SET OR TIED.
MM INDICATES DATA IS MISSING.
T  INDICATES TRACE AMOUNT.




$$
