532
CDUS45 KCYS 270728
CLICDR


CLIMATE REPORT
NATIONAL WEATHER SERVICE CHEYENNE WY
128 AM MDT TUE SEP 27 2016


...................................

...THE CHADRON NE AIRPORT CLIMATE SUMMARY FOR SEPTEMBER 26 2016...

CLIMATE NORMAL PERIOD 1981 TO 2010
CLIMATE RECORD PERIOD 1895 TO 2016


WEATHER ITEM   OBSERVED TIME   RECORD YEAR NORMAL DEPARTURE LAST
                VALUE   (LST)  VALUE       VALUE  FROM      YEAR
                                                  NORMAL
..................................................................
TEMPERATURE (F)
 YESTERDAY
  MAXIMUM         75    233 PM  94    2014  73      2       86
  MINIMUM         38    223 AM  18    1970  39     -1       55
  AVERAGE         57                        56      1       71

PRECIPITATION (IN)
  YESTERDAY        0.00          1.22 1915   0.05  -0.05     0.00
  MONTH TO DATE    1.23                      1.52  -0.29     0.22
  SINCE JAN 1     13.31                     15.39  -2.08    16.32

DEGREE DAYS
 HEATING
  YESTERDAY        8                        10     -2        0
  MONTH TO DATE   98                       139    -41       55
  SINCE SEP 1     98                       139    -41       55
  SINCE JUL 1    115                       169    -54       91

 COOLING
  YESTERDAY        0                         1     -1        6
  MONTH TO DATE   61                        61      0      109
  SINCE SEP 1     61                        61      0      109
  SINCE JAN 1    878                       708    170      707
..................................................................


WIND (MPH)
  HIGHEST WIND SPEED    24   HIGHEST WIND DIRECTION    NW (300)
  HIGHEST GUST SPEED    31   HIGHEST GUST DIRECTION    NW (310)
  AVERAGE WIND SPEED     9.3


SKY COVER
  AVERAGE SKY COVER 0.0


WEATHER CONDITIONS
 THE FOLLOWING WEATHER WAS RECORDED YESTERDAY.
  NO SIGNIFICANT WEATHER WAS OBSERVED.


RELATIVE HUMIDITY (PERCENT)
 HIGHEST    89          1100 PM
 LOWEST     29           100 PM
 AVERAGE    59

..........................................................


THE CHADRON NE AIRPORT CLIMATE NORMALS FOR TODAY
                         NORMAL    RECORD    YEAR
 MAXIMUM TEMPERATURE (F)   72        94      1952
 MINIMUM TEMPERATURE (F)   39        20      1927


SUNRISE AND SUNSET
SEPTEMBER 27 2016.....SUNRISE   646 AM MDT   SUNSET   640 PM MDT
SEPTEMBER 28 2016.....SUNRISE   647 AM MDT   SUNSET   638 PM MDT


-  INDICATES NEGATIVE NUMBERS.
R  INDICATES RECORD WAS SET OR TIED.
MM INDICATES DATA IS MISSING.
T  INDICATES TRACE AMOUNT.




$$
