000
CDUS45 KCYS 300728
CLICDR


CLIMATE REPORT
NATIONAL WEATHER SERVICE CHEYENNE WY
128 AM MDT TUE SEP 30 2014


...................................

...THE CHADRON NE AIRPORT CLIMATE SUMMARY FOR SEPTEMBER 29 2014...

CLIMATE NORMAL PERIOD 1981 TO 2010
CLIMATE RECORD PERIOD 1895 TO 2014


WEATHER ITEM   OBSERVED TIME   RECORD YEAR NORMAL DEPARTURE LAST
                VALUE   (LST)  VALUE       VALUE  FROM      YEAR
                                                  NORMAL
..................................................................
TEMPERATURE (F)
 YESTERDAY
  MAXIMUM         58   1151 PM  93    1933  71    -13       82
  MINIMUM         51    819 AM  17    1984  38     13       41
  AVERAGE         55                        55      0       62

PRECIPITATION (IN)
  YESTERDAY        2.61R         0.50 1977   0.05   2.56     0.00
  MONTH TO DATE    3.23                      1.68   1.55     2.69
  SINCE JAN 1     17.75                     15.55   2.20    15.05

DEGREE DAYS
 HEATING
  YESTERDAY       10                        11     -1        3
  MONTH TO DATE  145                       170    -25       89
  SINCE SEP 1    145                       170    -25       89
  SINCE JUL 1    159                       200    -41       89

 COOLING
  YESTERDAY        0                         0      0        0
  MONTH TO DATE   62                        63     -1      149
  SINCE SEP 1     62                        63     -1      149
  SINCE JAN 1    647                       710    -63      917
..................................................................


WIND (MPH)
  HIGHEST WIND SPEED    26   HIGHEST WIND DIRECTION    NE (40)
  HIGHEST GUST SPEED    30   HIGHEST GUST DIRECTION    NE (50)
  AVERAGE WIND SPEED    10.4


SKY COVER
  AVERAGE SKY COVER 1.0


WEATHER CONDITIONS
 THE FOLLOWING WEATHER WAS RECORDED YESTERDAY.
  THUNDERSTORM
  HEAVY RAIN
  RAIN
  LIGHT RAIN
  FOG
  FOG W/VISIBILITY <= 1/4 MILE


RELATIVE HUMIDITY (PERCENT)
 HIGHEST   100          1200 AM
 LOWEST     93           400 AM
 AVERAGE    97

..........................................................


THE CHADRON NE AIRPORT CLIMATE NORMALS FOR TODAY
                         NORMAL    RECORD    YEAR
 MAXIMUM TEMPERATURE (F)   71        95      1980
 MINIMUM TEMPERATURE (F)   38        19      1984


SUNRISE AND SUNSET
SEPTEMBER 30 2014.....SUNRISE   649 AM MDT   SUNSET   635 PM MDT
OCTOBER  1 2014.......SUNRISE   650 AM MDT   SUNSET   634 PM MDT


-  INDICATES NEGATIVE NUMBERS.
R  INDICATES RECORD WAS SET OR TIED.
MM INDICATES DATA IS MISSING.
T  INDICATES TRACE AMOUNT.




$$
