246
CDUS45 KCYS 300731
CLICDR


CLIMATE REPORT
NATIONAL WEATHER SERVICE CHEYENNE WY
130 AM MDT SAT APR 30 2016


...................................

...THE CHADRON NE AIRPORT CLIMATE SUMMARY FOR APRIL 29 2016...

CLIMATE NORMAL PERIOD 1981 TO 2010
CLIMATE RECORD PERIOD 1895 TO 2016


WEATHER ITEM   OBSERVED TIME   RECORD YEAR NORMAL DEPARTURE LAST
                VALUE   (LST)  VALUE       VALUE  FROM      YEAR
                                                  NORMAL
..................................................................
TEMPERATURE (F)
 YESTERDAY
  MAXIMUM         44    214 PM  84    1951  65    -21       77
                                      1934
                                      1926
  MINIMUM         37   1159 PM  17    1956  34      3       34
  AVERAGE         41                        50     -9       56

PRECIPITATION (IN)
  YESTERDAY        0.09          1.05 1953   0.09   0.00     0.00
  MONTH TO DATE    3.06                      1.89   1.17     1.43
  SINCE JAN 1      5.85                      4.09   1.76     2.62

DEGREE DAYS
 HEATING
  YESTERDAY       24                        16      8        9
  MONTH TO DATE  482                       591   -109      532
  SINCE MAR 1   1192                      1496   -304     1209
  SINCE JUL 1   5924                      6748   -824     6154

 COOLING
  YESTERDAY        0                         0      0        0
  MONTH TO DATE    2                         0      2        0
  SINCE MAR 1      2                         0      2        0
  SINCE JAN 1      2                         0      2        0
..................................................................


WIND (MPH)
  HIGHEST WIND SPEED    18   HIGHEST WIND DIRECTION     E (70)
  HIGHEST GUST SPEED    22   HIGHEST GUST DIRECTION     E (70)
  AVERAGE WIND SPEED     9.0


SKY COVER
  AVERAGE SKY COVER 1.0


WEATHER CONDITIONS
 THE FOLLOWING WEATHER WAS RECORDED YESTERDAY.
  LIGHT RAIN
  FOG


RELATIVE HUMIDITY (PERCENT)
 HIGHEST    92          1200 AM
 LOWEST     70          1100 AM
 AVERAGE    81

..........................................................


THE CHADRON NE AIRPORT CLIMATE NORMALS FOR TODAY
                         NORMAL    RECORD    YEAR
 MAXIMUM TEMPERATURE (F)   65        88      1939
 MINIMUM TEMPERATURE (F)   35        12      1950


SUNRISE AND SUNSET
APRIL 30 2016.........SUNRISE   547 AM MDT   SUNSET   753 PM MDT
MAY  1 2016...........SUNRISE   546 AM MDT   SUNSET   754 PM MDT


-  INDICATES NEGATIVE NUMBERS.
R  INDICATES RECORD WAS SET OR TIED.
MM INDICATES DATA IS MISSING.
T  INDICATES TRACE AMOUNT.




$$
