000
CDUS45 KCYS 230733
CLICDR


CLIMATE REPORT
NATIONAL WEATHER SERVICE CHEYENNE WY
131 AM MDT WED APR 23 2014


...................................

...THE CHADRON NE AIRPORT CLIMATE SUMMARY FOR APRIL 22 2014...

CLIMATE NORMAL PERIOD 1981 TO 2010
CLIMATE RECORD PERIOD 1895 TO 2014


WEATHER ITEM   OBSERVED TIME   RECORD YEAR NORMAL DEPARTURE LAST
                VALUE   (LST)  VALUE       VALUE  FROM      YEAR
                                                  NORMAL
..................................................................
TEMPERATURE (F)
 YESTERDAY
  MAXIMUM         80    325 PM  88    1939  62     18       40
  MINIMUM         51    605 AM  13    1951  32     19       16
  AVERAGE         66                        47     19       28

PRECIPITATION (IN)
  YESTERDAY        0.03          0.72 1988   0.07  -0.04     0.15
  MONTH TO DATE    0.95                      1.31  -0.36     2.99
  SINCE JAN 1      2.53                      3.51  -0.98     4.53

DEGREE DAYS
 HEATING
  YESTERDAY        0                        18    -18       37
  MONTH TO DATE  417                       474    -57      643
  SINCE MAR 1   1315                      1379    -64     1516
  SINCE JUL 1   6789                      6631    158     6412

 COOLING
  YESTERDAY        1                         0      1        0
  MONTH TO DATE    1                         0      1        0
  SINCE MAR 1      1                         0      1        0
  SINCE JAN 1      1                         0      1        0
..................................................................


WIND (MPH)
  HIGHEST WIND SPEED    33   HIGHEST WIND DIRECTION     S (170)
  HIGHEST GUST SPEED    41   HIGHEST GUST DIRECTION     S (170)
  AVERAGE WIND SPEED    19.0


SKY COVER
  AVERAGE SKY COVER 0.1


WEATHER CONDITIONS
 THE FOLLOWING WEATHER WAS RECORDED YESTERDAY.
  THUNDERSTORM
  LIGHT RAIN


RELATIVE HUMIDITY (PERCENT)
 HIGHEST    67           600 PM
 LOWEST     31           400 PM
 AVERAGE    49

..........................................................


THE CHADRON NE AIRPORT CLIMATE NORMALS FOR TODAY
                         NORMAL    RECORD    YEAR
 MAXIMUM TEMPERATURE (F)   63        89      2012
 MINIMUM TEMPERATURE (F)   32        15      2013


SUNRISE AND SUNSET
APRIL 23 2014.........SUNRISE   558 AM MDT   SUNSET   744 PM MDT
APRIL 24 2014.........SUNRISE   557 AM MDT   SUNSET   745 PM MDT


-  INDICATES NEGATIVE NUMBERS.
R  INDICATES RECORD WAS SET OR TIED.
MM INDICATES DATA IS MISSING.
T  INDICATES TRACE AMOUNT.




$$
