000
CDUS45 KCYS 300727
CLICDR


CLIMATE REPORT
NATIONAL WEATHER SERVICE CHEYENNE WY
127 AM MDT THU JUL 30 2015


...................................

...THE CHADRON NE AIRPORT CLIMATE SUMMARY FOR JULY 29 2015...

CLIMATE NORMAL PERIOD 1981 TO 2010
CLIMATE RECORD PERIOD 1895 TO 2015


WEATHER ITEM   OBSERVED TIME   RECORD YEAR NORMAL DEPARTURE LAST
                VALUE   (LST)  VALUE       VALUE  FROM      YEAR
                                                  NORMAL
..................................................................
TEMPERATURE (F)
 YESTERDAY
  MAXIMUM         88    405 PM 106    2006  91     -3       78
                                      1980
  MINIMUM         43R   433 AM  43    2004  59    -16       56
  AVERAGE         66                        75     -9       67

PRECIPITATION (IN)
  YESTERDAY        0.00          1.12 1923   0.05  -0.05     0.02
  MONTH TO DATE    2.41                      1.99   0.42     0.66
  SINCE JAN 1     15.36                     12.17   3.19    11.79

DEGREE DAYS
 HEATING
  YESTERDAY        0                         0      0        0
  MONTH TO DATE    3                         5     -2       11
  SINCE JUN 1     12                        86    -74       94
  SINCE JUL 1      3                         5     -2       11

 COOLING
  YESTERDAY        1                        10     -9        2
  MONTH TO DATE  210                       256    -46      251
  SINCE JUN 1    343                       364    -21      305
  SINCE JAN 1    343                       384    -41      336
..................................................................


WIND (MPH)
  HIGHEST WIND SPEED    15   HIGHEST WIND DIRECTION     S (190)
  HIGHEST GUST SPEED    19   HIGHEST GUST DIRECTION     S (200)
  AVERAGE WIND SPEED     4.8


SKY COVER
  AVERAGE SKY COVER 0.0


WEATHER CONDITIONS
 THE FOLLOWING WEATHER WAS RECORDED YESTERDAY.
  NO SIGNIFICANT WEATHER WAS OBSERVED.


RELATIVE HUMIDITY (PERCENT)
 HIGHEST    86           200 AM
 LOWEST     26          1200 PM
 AVERAGE    56

..........................................................


THE CHADRON NE AIRPORT CLIMATE NORMALS FOR TODAY
                         NORMAL    RECORD    YEAR
 MAXIMUM TEMPERATURE (F)   91       105      2006
 MINIMUM TEMPERATURE (F)   59        38      1971


SUNRISE AND SUNSET
JULY 30 2015..........SUNRISE   541 AM MDT   SUNSET   816 PM MDT
JULY 31 2015..........SUNRISE   542 AM MDT   SUNSET   814 PM MDT


-  INDICATES NEGATIVE NUMBERS.
R  INDICATES RECORD WAS SET OR TIED.
MM INDICATES DATA IS MISSING.
T  INDICATES TRACE AMOUNT.




$$
