000
CDUS45 KCYS 030738
CLICDR


CLIMATE REPORT
NATIONAL WEATHER SERVICE CHEYENNE WY
132 AM MDT THU SEP 3 2015


...................................

...THE CHADRON NE AIRPORT CLIMATE SUMMARY FOR SEPTEMBER 2 2015...

CLIMATE NORMAL PERIOD 1981 TO 2010
CLIMATE RECORD PERIOD 1895 TO 2015


WEATHER ITEM   OBSERVED TIME   RECORD YEAR NORMAL DEPARTURE LAST
                VALUE   (LST)  VALUE       VALUE  FROM      YEAR
                                                  NORMAL
..................................................................
TEMPERATURE (F)
 YESTERDAY
  MAXIMUM         99    330 PM 101    1960  85     14       86
  MINIMUM         53    325 AM  34    1952  50      3       43
  AVERAGE         76                        67      9       65

PRECIPITATION (IN)
  YESTERDAY        0.00          1.25 1999   0.05  -0.05     0.00
  MONTH TO DATE    0.00                      0.10  -0.10     0.02
  SINCE JAN 1     16.10                     13.97   2.13    14.54

DEGREE DAYS
 HEATING
  YESTERDAY        0                         2     -2        0
  MONTH TO DATE    0                         4     -4        4
  SINCE SEP 1      0                         4     -4        4
  SINCE JUL 1     36                        34      2       18

 COOLING
  YESTERDAY       11                         4      7        0
  MONTH TO DATE   22                         9     13        0
  SINCE SEP 1     22                         9     13        0
  SINCE JAN 1    620                       656    -36      585
..................................................................


WIND (MPH)
  HIGHEST WIND SPEED    13   HIGHEST WIND DIRECTION     S (170)
  HIGHEST GUST SPEED    18   HIGHEST GUST DIRECTION    SW (230)
  AVERAGE WIND SPEED     5.9


SKY COVER
  AVERAGE SKY COVER 0.0


WEATHER CONDITIONS
 THE FOLLOWING WEATHER WAS RECORDED YESTERDAY.
  HAZE


RELATIVE HUMIDITY (PERCENT)
 HIGHEST    72          1200 AM
 LOWEST     15           300 PM
 AVERAGE    44

..........................................................


THE CHADRON NE AIRPORT CLIMATE NORMALS FOR TODAY
                         NORMAL    RECORD    YEAR
 MAXIMUM TEMPERATURE (F)   84       100      2013
                                             2007
 MINIMUM TEMPERATURE (F)   50        35      2010


SUNRISE AND SUNSET
SEPTEMBER  3 2015.....SUNRISE   619 AM MDT   SUNSET   724 PM MDT
SEPTEMBER  4 2015.....SUNRISE   620 AM MDT   SUNSET   722 PM MDT


-  INDICATES NEGATIVE NUMBERS.
R  INDICATES RECORD WAS SET OR TIED.
MM INDICATES DATA IS MISSING.
T  INDICATES TRACE AMOUNT.




$$
