000
CDUS46 KEKA 281217
CLICEC


CLIMATE REPORT
NATIONAL WEATHER SERVICE EUREKA CA
514 AM PDT TUE JUL 28 2015


...................................

...THE CRESCENT CITY CA CLIMATE SUMMARY FOR JULY 27 2015...

CLIMATE NORMAL PERIOD 1981 TO 2010
CLIMATE RECORD PERIOD 1894 TO 2015


WEATHER ITEM   OBSERVED TIME   RECORD YEAR NORMAL DEPARTURE LAST
                VALUE   (LST)  VALUE       VALUE  FROM      YEAR
                                                  NORMAL
..................................................................
TEMPERATURE (F)
 YESTERDAY
  MAXIMUM         67    155 PM  74    2000  62      5       67
  MINIMUM         51    551 AM  44    1959  52     -1       52
  AVERAGE         59                        57      2       60

PRECIPITATION (IN)
  YESTERDAY        0.00          0.22 1955   0.01  -0.01     0.00
  MONTH TO DATE    0.07                      0.39  -0.32     0.20
  SINCE OCT 1     41.84                     62.56 -20.72    28.73
  SINCE JAN 1     21.01                     37.32 -16.31    24.79

SNOWFALL (IN)
  YESTERDAY        0.0          MM      MM  MM     MM        0.0
  MONTH TO DATE    0.0                      MM     MM        0.0
  SINCE JUN 1      0.0                      MM     MM        0.0
  SINCE JUL 1      0.0                      MM     MM        0.0
  SNOW DEPTH       0

DEGREE DAYS
 HEATING
  YESTERDAY        6                         8     -2        5
  MONTH TO DATE  135                       240   -105      178
  SINCE JUN 1    417                       549   -132      499
  SINCE JUL 1    135                       240   -105      178

 COOLING
  YESTERDAY        0                         0      0        0
  MONTH TO DATE    0                         0      0        0
  SINCE JUN 1      0                         0      0        0
  SINCE JAN 1      0                         0      0        0
..................................................................


WIND (MPH)
  HIGHEST WIND SPEED    29   HIGHEST WIND DIRECTION     N (340)
  HIGHEST GUST SPEED    43   HIGHEST GUST DIRECTION    NW (330)
  AVERAGE WIND SPEED    13.7


SKY COVER
  AVERAGE SKY COVER 0.1


WEATHER CONDITIONS
 THE FOLLOWING WEATHER WAS RECORDED YESTERDAY.
  FOG
  FOG W/VISIBILITY <= 1/4 MILE


RELATIVE HUMIDITY (PERCENT)
 HIGHEST    96
 LOWEST     63
 AVERAGE    80

..........................................................


THE CRESCENT CITY CA CLIMATE NORMALS FOR TODAY
                         NORMAL    RECORD    YEAR
 MAXIMUM TEMPERATURE (F)   62        72      2000
 MINIMUM TEMPERATURE (F)   52        43      1949


SUNRISE AND SUNSET
JULY 28 2015..........SUNRISE   607 AM PDT   SUNSET   839 PM PDT
JULY 29 2015..........SUNRISE   608 AM PDT   SUNSET   838 PM PDT


-  INDICATES NEGATIVE NUMBERS.
R  INDICATES RECORD WAS SET OR TIED.
MM INDICATES DATA IS MISSING.
T  INDICATES TRACE AMOUNT.




$$
