081
CDUS46 KEKA 281209
CLICEC


CLIMATE REPORT
NATIONAL WEATHER SERVICE EUREKA CA
509 AM PDT WED JUN 28 2017


...................................

...THE CRESCENT CITY CA CLIMATE SUMMARY FOR JUNE 27 2017...

CLIMATE NORMAL PERIOD 1981 TO 2010
CLIMATE RECORD PERIOD 1894 TO 2017


WEATHER ITEM   OBSERVED TIME   RECORD YEAR NORMAL DEPARTURE LAST
                VALUE   (LST)  VALUE       VALUE  FROM      YEAR
                                                  NORMAL
..................................................................
TEMPERATURE (F)
 YESTERDAY
  MAXIMUM         62    112 PM  79    2003  61      1       61
  MINIMUM         52    838 PM  41    1965  50      2       53
  AVERAGE         57                        55      2       57

PRECIPITATION (IN)
  YESTERDAY        0.00          0.85 2001   0.05  -0.05     0.00
  MONTH TO DATE    1.64                      1.57   0.07     0.28
  SINCE OCT 1     94.29                     62.01  32.28    66.43
  SINCE JAN 1     49.19                     36.77  12.42    31.75

SNOWFALL (IN)
  YESTERDAY        0.0          MM      MM  MM     MM        0.0
  MONTH TO DATE    0.0                      MM     MM        0.0
  SINCE JUN 1      0.0                      MM     MM        0.0
  SINCE JUL 1      0.0                      MM     MM        0.0
  SNOW DEPTH       0

DEGREE DAYS
 HEATING
  YESTERDAY        8                        10     -2        8
  MONTH TO DATE  253                       281    -28      232
  SINCE JUN 1    253                       281    -28      232
  SINCE JUL 1   4437                      4832   -395     3800

 COOLING
  YESTERDAY        0                         0      0        0
  MONTH TO DATE    0                         0      0        0
  SINCE JUN 1      0                         0      0        0
  SINCE JAN 1      0                         0      0        0
..................................................................


WIND (MPH)
  HIGHEST WIND SPEED    14   HIGHEST WIND DIRECTION     S (170)
  HIGHEST GUST SPEED    18   HIGHEST GUST DIRECTION     S (160)
  AVERAGE WIND SPEED     7.5


SKY COVER
  AVERAGE SKY COVER 0.6


WEATHER CONDITIONS
 THE FOLLOWING WEATHER WAS RECORDED YESTERDAY.
  FOG


RELATIVE HUMIDITY (PERCENT)
 HIGHEST   100
 LOWEST     75
 AVERAGE    88

..........................................................


THE CRESCENT CITY CA CLIMATE NORMALS FOR TODAY
                         NORMAL    RECORD    YEAR
 MAXIMUM TEMPERATURE (F)   61        77      2003
 MINIMUM TEMPERATURE (F)   50        42      1998


SUNRISE AND SUNSET
JUNE 28 2017..........SUNRISE   445 AM PST   SUNSET   756 PM PST
JUNE 29 2017..........SUNRISE   445 AM PST   SUNSET   756 PM PST


-  INDICATES NEGATIVE NUMBERS.
R  INDICATES RECORD WAS SET OR TIED.
MM INDICATES DATA IS MISSING.
T  INDICATES TRACE AMOUNT.




$$
