000
CDUS46 KEKA 261215
CLICEC


CLIMATE REPORT
NATIONAL WEATHER SERVICE EUREKA CA
414 AM PST FRI DEC 26 2014


...................................

...THE CRESCENT CITY CA CLIMATE SUMMARY FOR DECEMBER 25 2014...

CLIMATE NORMAL PERIOD 1981 TO 2010
CLIMATE RECORD PERIOD 1894 TO 2014


WEATHER ITEM   OBSERVED TIME   RECORD YEAR NORMAL DEPARTURE LAST
                VALUE   (LST)  VALUE       VALUE  FROM      YEAR
                                                  NORMAL
..................................................................
TEMPERATURE (F)
 YESTERDAY
  MAXIMUM         54    254 PM  67    1980  55     -1       53
  MINIMUM         37   1058 PM  30    1997  41     -4       33
  AVERAGE         46                        48     -2       43

PRECIPITATION (IN)
  YESTERDAY        T             4.88 2006   0.43  -0.43     0.00
  MONTH TO DATE   10.59                      8.90   1.69     1.31
  SINCE JUL 1     24.32                     24.73  -0.41     8.99
  SINCE JAN 1     48.91                     61.66 -12.75    28.92

SNOWFALL (IN)
  YESTERDAY       MM            MM      MM  MM     MM        0.0
  MONTH TO DATE    0.0                      MM     MM        0.0
  SINCE DEC 1      0.0                      MM     MM        0.0
  SINCE JUL 1      0.0                      MM     MM        0.0
  SNOW DEPTH       0

DEGREE DAYS
 HEATING
  YESTERDAY       19                        17      2       22
  MONTH TO DATE  246                       437   -191      543
  SINCE DEC 1    246                       437   -191      543
  SINCE JUL 1   1353                      2054   -701     2135

 COOLING
  YESTERDAY        0                         0      0        0
  MONTH TO DATE    0                         0      0        0
  SINCE DEC 1      0                         0      0        0
  SINCE JAN 1      1                         0      1        4
..................................................................


WIND (MPH)
  HIGHEST WIND SPEED    15   HIGHEST WIND DIRECTION     N (360)
  HIGHEST GUST SPEED    21   HIGHEST GUST DIRECTION     N (360)
  AVERAGE WIND SPEED     5.8


SKY COVER
  AVERAGE SKY COVER 0.3


WEATHER CONDITIONS
 THE FOLLOWING WEATHER WAS RECORDED YESTERDAY.
  LIGHT RAIN
  HAZE


RELATIVE HUMIDITY (PERCENT)
 HIGHEST   100
 LOWEST     59
 AVERAGE    80

..........................................................


THE CRESCENT CITY CA CLIMATE NORMALS FOR TODAY
                         NORMAL    RECORD    YEAR
 MAXIMUM TEMPERATURE (F)   55        65      1986
 MINIMUM TEMPERATURE (F)   41        28      1988


SUNRISE AND SUNSET
DECEMBER 26 2014......SUNRISE   743 AM PST   SUNSET   452 PM PST
DECEMBER 27 2014......SUNRISE   743 AM PST   SUNSET   453 PM PST


-  INDICATES NEGATIVE NUMBERS.
R  INDICATES RECORD WAS SET OR TIED.
MM INDICATES DATA IS MISSING.
T  INDICATES TRACE AMOUNT.




$$
