000
CDUS46 KEKA 191211
CLICEC


CLIMATE REPORT
NATIONAL WEATHER SERVICE EUREKA CA
511 AM PDT SAT AUG 19 2017


...................................

...THE CRESCENT CITY CA CLIMATE SUMMARY FOR AUGUST 18 2017...

CLIMATE NORMAL PERIOD 1981 TO 2010
CLIMATE RECORD PERIOD 1894 TO 2017


WEATHER ITEM   OBSERVED TIME   RECORD YEAR NORMAL DEPARTURE LAST
                VALUE   (LST)  VALUE       VALUE  FROM      YEAR
                                                  NORMAL
..................................................................
TEMPERATURE (F)
 YESTERDAY
  MAXIMUM         60    154 PM  86    1915  63     -3       60
  MINIMUM         47    603 AM  40    1906  52     -5       50
                                      1902
  AVERAGE         54                        57     -3       55

PRECIPITATION (IN)
  YESTERDAY        0.00          1.35 1924   0.02  -0.02     0.00
  MONTH TO DATE    0.02                      0.26  -0.24     0.00
  SINCE OCT 1     94.31                     62.84  31.47    67.46
  SINCE JAN 1     49.21                     37.60  11.61    32.78

SNOWFALL (IN)
  YESTERDAY        0.0          MM      MM  MM     MM        0.0
  MONTH TO DATE    0.0                      MM     MM        0.0
  SINCE JUN 1      0.0                      MM     MM        0.0
  SINCE JUL 1      0.0                      MM     MM        0.0
  SNOW DEPTH       0

DEGREE DAYS
 HEATING
  YESTERDAY       11                         8      3       10
  MONTH TO DATE  115                       144    -29      155
  SINCE JUN 1    679                       727    -48      642
  SINCE JUL 1    396                       418    -22      385

 COOLING
  YESTERDAY        0                         0      0        0
  MONTH TO DATE    0                         0      0        0
  SINCE JUN 1      0                         0      0        0
  SINCE JAN 1      0                         0      0        0
..................................................................


WIND (MPH)
  HIGHEST WIND SPEED    20   HIGHEST WIND DIRECTION     N (340)
  HIGHEST GUST SPEED    26   HIGHEST GUST DIRECTION     N (340)
  AVERAGE WIND SPEED     6.3


SKY COVER
  AVERAGE SKY COVER 1.0


WEATHER CONDITIONS
 THE FOLLOWING WEATHER WAS RECORDED YESTERDAY.
  FOG
  FOG W/VISIBILITY <= 1/4 MILE
  HAZE


RELATIVE HUMIDITY (PERCENT)
 HIGHEST   100
 LOWEST     80
 AVERAGE    90

..........................................................


THE CRESCENT CITY CA CLIMATE NORMALS FOR TODAY
                         NORMAL    RECORD    YEAR
 MAXIMUM TEMPERATURE (F)   63        73      1995
 MINIMUM TEMPERATURE (F)   52        42      1996


SUNRISE AND SUNSET
AUGUST 19 2017........SUNRISE   630 AM PDT   SUNSET   810 PM PDT
AUGUST 20 2017........SUNRISE   631 AM PDT   SUNSET   809 PM PDT


-  INDICATES NEGATIVE NUMBERS.
R  INDICATES RECORD WAS SET OR TIED.
MM INDICATES DATA IS MISSING.
T  INDICATES TRACE AMOUNT.




$$
