000
CDUS46 KEKA 191213
CLICEC


CLIMATE REPORT
NATIONAL WEATHER SERVICE EUREKA CA
513 AM PDT FRI SEP 19 2014


...................................

...THE CRESCENT CITY CA CLIMATE SUMMARY FOR SEPTEMBER 18 2014...

CLIMATE NORMAL PERIOD 1981 TO 2010
CLIMATE RECORD PERIOD 1894 TO 2014


WEATHER ITEM   OBSERVED TIME   RECORD YEAR NORMAL DEPARTURE LAST
                VALUE   (LST)  VALUE       VALUE  FROM      YEAR
                                                  NORMAL
..................................................................
TEMPERATURE (F)
 YESTERDAY
  MAXIMUM         72    112 PM  82    2000  62     10       64
  MINIMUM         56   1120 PM  41    1949  49      7       46
  AVERAGE         64                        55      9       55

PRECIPITATION (IN)
  YESTERDAY        0.17          2.33 1966   0.03   0.14     0.00
  MONTH TO DATE    0.42                      0.42   0.00     0.35
  SINCE JUL 1      0.66                      1.35  -0.69     0.59
  SINCE JAN 1     25.25                     38.28 -13.03    20.52

SNOWFALL (IN)
  YESTERDAY        0.0          MM      MM  MM     MM        0.0
  MONTH TO DATE    0.0                      MM     MM        0.0
  SINCE SEP 1      0.0                      MM     MM        0.0
  SINCE JUL 1      0.0                      MM     MM        0.0
  SNOW DEPTH       0

DEGREE DAYS
 HEATING
  YESTERDAY        1                        10     -9       10
  MONTH TO DATE  139                       161    -22       93
  SINCE SEP 1    139                       161    -22       93
  SINCE JUL 1    561                       681   -120      598

 COOLING
  YESTERDAY        0                         0      0        0
  MONTH TO DATE    0                         0      0        0
  SINCE SEP 1      0                         0      0        0
  SINCE JAN 1      0                         0      0        4
..................................................................


WIND (MPH)
  HIGHEST WIND SPEED    14   HIGHEST WIND DIRECTION    NW (330)
  HIGHEST GUST SPEED    17   HIGHEST GUST DIRECTION     N (340)
  AVERAGE WIND SPEED     5.6


SKY COVER
  AVERAGE SKY COVER 0.3


WEATHER CONDITIONS
 THE FOLLOWING WEATHER WAS RECORDED YESTERDAY.
  RAIN
  LIGHT RAIN
  FOG
  HAZE


RELATIVE HUMIDITY (PERCENT)
 HIGHEST   100
 LOWEST     78
 AVERAGE    89

..........................................................


THE CRESCENT CITY CA CLIMATE NORMALS FOR TODAY
                         NORMAL    RECORD    YEAR
 MAXIMUM TEMPERATURE (F)   62        87      1983
 MINIMUM TEMPERATURE (F)   49        43      2001


SUNRISE AND SUNSET
SEPTEMBER 19 2014.....SUNRISE   701 AM PDT   SUNSET   719 PM PDT
SEPTEMBER 20 2014.....SUNRISE   702 AM PDT   SUNSET   717 PM PDT


-  INDICATES NEGATIVE NUMBERS.
R  INDICATES RECORD WAS SET OR TIED.
MM INDICATES DATA IS MISSING.
T  INDICATES TRACE AMOUNT.




$$
