000
CDUS46 KEKA 051212
CLICEC


CLIMATE REPORT
NATIONAL WEATHER SERVICE EUREKA CA
411 AM PST MON DEC 5 2016


...................................

...THE CRESCENT CITY CA CLIMATE SUMMARY FOR DECEMBER 4 2016...

CLIMATE NORMAL PERIOD 1981 TO 2010
CLIMATE RECORD PERIOD 1894 TO 2016


WEATHER ITEM   OBSERVED TIME   RECORD YEAR NORMAL DEPARTURE LAST
                VALUE   (LST)  VALUE       VALUE  FROM      YEAR
                                                  NORMAL
..................................................................
TEMPERATURE (F)
 YESTERDAY
  MAXIMUM         52   1028 AM  66    1949  54     -2       53
  MINIMUM         39   1159 PM  30    2013  42     -3       46
  AVERAGE         46                        48     -2       50

PRECIPITATION (IN)
  YESTERDAY        0.06          2.85 1996   0.27  -0.21     0.34
  MONTH TO DATE    0.06                      1.06  -1.00     2.62
  SINCE OCT 1     32.02                     15.03  16.99    13.12
  SINCE JAN 1     64.80                     53.82  10.98    36.12

SNOWFALL (IN)
  YESTERDAY       MM            MM      MM  MM     MM       MM
  MONTH TO DATE    0.0                      MM     MM        0.0
  SINCE DEC 1      0.0                      MM     MM        0.0
  SINCE JUL 1      0.0                      MM     MM        0.0
  SNOW DEPTH       0

DEGREE DAYS
 HEATING
  YESTERDAY       19                        17      2       15
  MONTH TO DATE   71                        68      3       46
  SINCE DEC 1     71                        68      3       46
  SINCE JUL 1   1404                      1685   -281     1215

 COOLING
  YESTERDAY        0                         0      0        0
  MONTH TO DATE    0                         0      0        0
  SINCE DEC 1      0                         0      0        0
  SINCE JAN 1      0                         0      0        5
..................................................................


WIND (MPH)
  HIGHEST WIND SPEED    21   HIGHEST WIND DIRECTION     N (340)
  HIGHEST GUST SPEED    30   HIGHEST GUST DIRECTION    NW (330)
  AVERAGE WIND SPEED    10.1


SKY COVER
  AVERAGE SKY COVER 0.7


WEATHER CONDITIONS
 THE FOLLOWING WEATHER WAS RECORDED YESTERDAY.
  RAIN
  LIGHT RAIN
  FOG
  HAZE


RELATIVE HUMIDITY (PERCENT)
 HIGHEST    93
 LOWEST     71
 AVERAGE    82

..........................................................


THE CRESCENT CITY CA CLIMATE NORMALS FOR TODAY
                         NORMAL    RECORD    YEAR
 MAXIMUM TEMPERATURE (F)   54        69      1959
 MINIMUM TEMPERATURE (F)   42        28      1972


SUNRISE AND SUNSET
DECEMBER  5 2016......SUNRISE   729 AM PST   SUNSET   446 PM PST
DECEMBER  6 2016......SUNRISE   730 AM PST   SUNSET   446 PM PST


-  INDICATES NEGATIVE NUMBERS.
R  INDICATES RECORD WAS SET OR TIED.
MM INDICATES DATA IS MISSING.
T  INDICATES TRACE AMOUNT.




$$
